INSERT INTO `formation_item` (`id`, `parent_id`, `formation_id`, `name`, `standard_duration`, `max_duration`, `type`, `description`, `goals`, `position`, `extra_lesson_id`, `config_isexpended`, `formation_item_from_list_id`, `notation_id`, `min_rating_id`, `classroom_id`, `subname`, `is_theoretical`, `min_visibility`, `min_weather`, `ceiling`, `technical_ref`, `groupe`, `is_important`, `expected_value_id`) VALUES
(22038, 22079, NULL, 'Exercice 18c : Radionavigation', NULL, NULL, 'item_exercises_group', NULL, NULL, 1, NULL, 1, 'ckroyjqhu005i3h5zp98u165y', NULL, NULL, NULL, NULL, NULL, NULL, NULL, NULL, NULL, NULL, NULL, NULL),
(22039, 22080, NULL, 'Exercice 5 a : Roulage au sol', NULL, NULL, 'item_exercises_group', NULL, NULL, 0, NULL, 1, 'ckroyjqhu005k3h5zetteh6k9', NULL, NULL, NULL, NULL, NULL, NULL, NULL, NULL, NULL, NULL, NULL, NULL),
(22040, 22080, NULL, 'Exercice 18a : Navigation', NULL, NULL, 'item_exercises_group', NULL, NULL, 1, NULL, 1, 'ckroyjqhv005m3h5zyo0rvbwz', NULL, NULL, NULL, NULL, NULL, NULL, NULL, NULL, NULL, NULL, NULL, NULL),
(22041, 22080, NULL, 'Exercice 18b : Problèmes de navigation à basse altitude et par visibilité réduite', NULL, NULL, 'item_exercises_group', NULL, NULL, 2, NULL, 1, 'ckroyjqhv005o3h5ziysfxwl4', NULL, NULL, NULL, NULL, NULL, NULL, NULL, NULL, NULL, NULL, NULL, NULL),
(22042, 22081, NULL, 'Exercice 17 : Atterrissage de précaution', NULL, NULL, 'item_exercises_group', NULL, NULL, 0, NULL, 1, 'ckroyjqhv005q3h5zj19d3zx7', NULL, NULL, NULL, NULL, NULL, NULL, NULL, NULL, NULL, NULL, NULL, NULL),
(22043, 22081, NULL, 'Exercice 18a : Navigation', NULL, NULL, 'item_exercises_group', NULL, NULL, 1, NULL, 1, 'ckroyjqhv005s3h5zxtb2xae9', NULL, NULL, NULL, NULL, NULL, NULL, NULL, NULL, NULL, NULL, NULL, NULL),
(22044, 22082, NULL, 'Exercice 8 : Vol en descente', NULL, NULL, 'item_exercises_group', NULL, NULL, 0, NULL, 1, 'ckroyjqhv005u3h5z7x8wp4x9', NULL, NULL, NULL, NULL, NULL, NULL, NULL, NULL, NULL, NULL, NULL, NULL),
(22045, 22082, NULL, 'Exercice 13 : Circuit, approche et atterrissage', NULL, NULL, 'item_exercises_group', NULL, NULL, 1, NULL, 1, 'ckroyjqhv005w3h5zz0hiaiua', NULL, NULL, NULL, NULL, NULL, NULL, NULL, NULL, NULL, NULL, NULL, NULL),
(22046, 22083, NULL, 'Exercice 19 : Pilotage de base aux instruments', NULL, NULL, 'item_exercises_group', NULL, NULL, 0, NULL, 1, 'ckroyjqhv005y3h5zg45yrq15', NULL, NULL, NULL, NULL, NULL, NULL, NULL, NULL, NULL, NULL, NULL, NULL),
(22047, 22084, NULL, 'Exercice 19 : Pilotage de base aux instruments', NULL, NULL, 'item_exercises_group', NULL, NULL, 0, NULL, 1, 'ckroyjqhv00603h5zs2kf7dee', NULL, NULL, NULL, NULL, NULL, NULL, NULL, NULL, NULL, NULL, NULL, NULL),
(22048, 22090, NULL, 'M1 - Mise en œuvre, roulage et vol d’accoutumance / Assiette - Inclinaison - Ligne droite', NULL, NULL, 'item_lesson', NULL, 'Découverte de l’avion et de la 3ème dimension', 0, NULL, 1, 'ckroyjqht00063h5zt4mjyuza', NULL, NULL, NULL, NULL, 0, NULL, NULL, NULL, NULL, 0, NULL, NULL),
(22049, 22090, NULL, 'M2 - Utilisation du moteur et compensation', NULL, NULL, 'item_lesson', NULL, 'Pilotage de l’assiette, Vi', 1, NULL, 0, 'ckroyjqht00083h5zebibh6xz', NULL, NULL, NULL, NULL, 0, NULL, NULL, NULL, NULL, 0, NULL, NULL),
(22050, 22090, NULL, 'M3 - Assiette - Trajectoire / Assiette - Vitesse & Relation Puissance - Vitesse - Incidence', NULL, NULL, 'item_lesson', NULL, 'Instruments primaires', 2, NULL, 0, 'ckroyjqht000a3h5zd8kblztu', NULL, NULL, NULL, NULL, 0, NULL, NULL, NULL, NULL, 0, NULL, NULL),
(22051, 22090, NULL, 'M4 - Palier - Montée - Descente / Alignement et décollage', NULL, NULL, 'item_lesson', NULL, 'Tenue des paramètres', 3, NULL, 0, 'ckroyjqht000c3h5zvdq1unz7', NULL, NULL, NULL, NULL, 0, NULL, NULL, NULL, NULL, 0, NULL, NULL),
(22052, 22090, NULL, 'M5 - Virage symétrique en palier, montée, descente', NULL, NULL, 'item_lesson', NULL, 'Pilotage de l’assiette !', 4, NULL, 0, 'ckroyjqht000e3h5zo8tiy7tn', NULL, NULL, NULL, NULL, 0, NULL, NULL, NULL, NULL, 0, NULL, NULL),
(22053, 22090, NULL, 'M6 - Contrôle du cap -Relation dans le virage - Vent et traj. sol', NULL, NULL, 'item_lesson', NULL, 'Sortie à des caps donnés et sur des alignements précis', 5, NULL, 0, 'ckroyjqht000g3h5zvhxtgjti', NULL, NULL, NULL, NULL, 0, NULL, NULL, NULL, NULL, 0, NULL, NULL),
(22054, 22090, NULL, 'M7 - Virages à grande inclinaison et virages engagés', NULL, NULL, 'item_lesson', NULL, 'Limitations avion !', 6, NULL, 0, 'ckroyjqht000i3h5zjpixfy3k', NULL, NULL, NULL, NULL, 0, NULL, NULL, NULL, NULL, 0, NULL, NULL),
(22055, 22090, NULL, 'M8 - Vol lent à différentes config. - Décrochage - Vrille', NULL, NULL, 'item_lesson', NULL, 'Limitations avion !', 7, NULL, 0, 'ckroyjqht000k3h5zjp8ci6v0', NULL, NULL, NULL, NULL, 0, NULL, NULL, NULL, NULL, 0, NULL, NULL),
(22056, 22090, NULL, 'M9 - Approche 1,3 Vs et approche interrompue - Atterrissage', NULL, NULL, 'item_lesson', NULL, NULL, 8, NULL, 0, 'ckroyjqht000m3h5zcudtha3f', NULL, NULL, NULL, NULL, 0, NULL, NULL, NULL, NULL, 0, NULL, NULL),
(22057, 22090, NULL, 'M10 - Circuit de piste (tour de piste rectangulaire)', NULL, NULL, 'item_lesson', NULL, NULL, 9, NULL, 0, 'ckroyjqht000o3h5z0v62m29s', NULL, NULL, NULL, NULL, 0, NULL, NULL, NULL, NULL, 0, NULL, NULL),
(22058, 22090, NULL, 'M11 - Circuit de piste (tour de piste standard)', NULL, NULL, 'item_lesson', NULL, NULL, 10, NULL, 0, 'ckroyjqht000q3h5zaapy0lyg', NULL, NULL, NULL, NULL, 0, NULL, NULL, NULL, NULL, 0, NULL, NULL),
(22059, 22090, NULL, 'M12 - Circuit de piste (tour de piste rectangulaire et standard)', NULL, NULL, 'item_lesson', NULL, NULL, 11, NULL, NULL, 'ckroyjqht000s3h5zrb6wihjx', NULL, NULL, NULL, NULL, 0, NULL, NULL, NULL, NULL, 0, NULL, NULL),
(22060, 22090, NULL, 'M13 - Circuit de piste (tour de piste basse hauteur)', NULL, NULL, 'item_lesson', NULL, NULL, 12, NULL, NULL, 'ckroyjqht000u3h5zd8mfv1l8', NULL, NULL, NULL, NULL, 0, NULL, NULL, NULL, NULL, 0, NULL, NULL),
(22061, 22090, NULL, 'M14 - Panne en phase de décollage - Procédures de secours et d’urgence', NULL, NULL, 'item_lesson', NULL, NULL, 13, NULL, 0, '/api/lessons/11896', NULL, NULL, NULL, NULL, 0, NULL, NULL, NULL, NULL, 0, NULL, NULL),
(22062, 22090, NULL, 'M15 - Le vol moteur réduit - Procédures de secours et d’urgence', NULL, NULL, 'item_lesson', NULL, 'Encadrement sur aérodrome', 14, NULL, 0, 'ckroyjqht000y3h5ze9dyuf7h', NULL, NULL, NULL, NULL, 0, NULL, NULL, NULL, NULL, 0, NULL, NULL),
(22063, 22090, NULL, 'M16 - Circuit de piste', NULL, NULL, 'item_lesson', NULL, NULL, 15, NULL, 0, 'ckroyjqht00103h5z6pn3vgc6', NULL, NULL, NULL, NULL, 0, NULL, NULL, NULL, NULL, 0, NULL, NULL),
(22064, 22090, NULL, 'M17 - Circuit de piste - Panne en phase de décollage - Vol moteur réduit - Procédures de secours et d’urgence', NULL, NULL, 'item_lesson', NULL, NULL, 16, NULL, 0, 'ckroyjqht00123h5zp4u5o06i', NULL, NULL, NULL, NULL, 0, NULL, NULL, NULL, NULL, 0, NULL, NULL),
(22065, 22090, NULL, 'M18 - Circuit de piste ', NULL, NULL, 'item_lesson', NULL, NULL, 17, NULL, NULL, 'ckroyjqht00143h5zkuk60qmw', NULL, NULL, NULL, NULL, 0, NULL, NULL, NULL, NULL, 0, NULL, NULL),
(22066, 22090, NULL, 'Contrôle de compétence avant \"lâcher\"', NULL, NULL, 'item_lesson', NULL, 'Piloter son avion lors des évolutions au sol et en tour de piste, dont :\n- assurer la sécurité du vol dans toutes ces phases,\n- assurer les communications radios associées,\n- être capable de gérer des pannes mineures et majeures en tour de piste,\n- être capable de décider et de réaliser une remise des gaz', 18, NULL, NULL, 'ckrq6tqnv01663h5zflkfaqew', NULL, NULL, NULL, NULL, 0, NULL, NULL, NULL, NULL, 0, NULL, NULL),
(22067, 22090, NULL, 'M19 - Circuit de piste - Lâcher', NULL, NULL, 'item_lesson', NULL, 'CDB, félicitations !', 19, NULL, 0, 'ckroyjqht00163h5zoqqjjnxg', NULL, NULL, NULL, NULL, 0, NULL, NULL, NULL, NULL, 0, NULL, NULL),
(22068, 22090, NULL, 'M20 - Vol DC + Vol solo 2', NULL, NULL, 'item_lesson', NULL, NULL, 20, NULL, 0, 'ckroyjqht00183h5z6dmqjgz8', NULL, NULL, NULL, NULL, 0, NULL, NULL, NULL, NULL, 0, NULL, NULL),
(22069, 22090, NULL, 'M21 - Vol DC + Vol solo 3', NULL, NULL, 'item_lesson', NULL, NULL, 21, NULL, NULL, 'ckroyjqht001a3h5zautuvl16', NULL, NULL, NULL, NULL, 0, NULL, NULL, NULL, NULL, 0, NULL, NULL),
(22070, 22090, NULL, 'M22 - Vol solo 4', NULL, NULL, 'item_lesson', NULL, NULL, 22, NULL, NULL, 'ckroyjqht001c3h5zjcezc2i2', NULL, NULL, NULL, NULL, 0, NULL, NULL, NULL, NULL, 0, NULL, NULL),
(22071, 22090, NULL, 'M23 - Vol solo 5', NULL, NULL, 'item_lesson', NULL, NULL, 23, NULL, NULL, 'ckroyjqht001e3h5ze899s03d', NULL, NULL, NULL, NULL, 0, NULL, NULL, NULL, NULL, 0, NULL, NULL),
(22072, 22090, NULL, 'M24 - Vol solo 6', NULL, NULL, 'item_lesson', NULL, NULL, 24, NULL, NULL, 'ckroyjqht001g3h5z25xvowy8', NULL, NULL, NULL, NULL, 0, NULL, NULL, NULL, NULL, 0, NULL, NULL),
(22073, 22091, NULL, 'M-37 - Navigation solo 2 (150 NM / 2 Escales)', NULL, NULL, 'item_lesson', NULL, NULL, 0, NULL, NULL, 'ckroyjqhu00263h5zsfgvvw4d', NULL, NULL, NULL, NULL, 0, NULL, NULL, NULL, NULL, 0, NULL, NULL),
(22074, 22091, NULL, 'MNA - Révision « Maniabilité PPL »', NULL, NULL, 'item_lesson', NULL, '« Mania » PPL(A)', 1, NULL, NULL, 'ckroyjqhu00283h5zlpndjz3m', NULL, NULL, NULL, NULL, 0, NULL, NULL, NULL, NULL, 0, NULL, NULL),
(22075, 22091, NULL, 'NAV - Révision « Navigation PPL »', NULL, NULL, 'item_lesson', NULL, '« Navigation » PPL(A)', 2, NULL, NULL, 'ckroyjqhu002a3h5zi8f5ww3d', NULL, NULL, NULL, NULL, 0, NULL, NULL, NULL, NULL, 0, NULL, NULL),
(22076, 22091, NULL, 'PPL - Contrôle de compétence « Test PPL(A) »', NULL, NULL, 'item_lesson', '« Test blanc PPL(A) »', 'Piloter son avion selon les privilèges associés au PPL, dont :\n- assurer la sécurité du vol et ses passagers,\n- assurer les communications radios,\n- évoluer dans les espaces aériens autorisés,\n- gérer l’ensemble de son vol, notamment en navigation,\n- maîtriser les bases du pilotage sans visibilité.', 3, NULL, NULL, 'ckroyjqhu002c3h5z12ohz4t8', NULL, NULL, NULL, NULL, 0, NULL, NULL, NULL, NULL, 0, NULL, NULL),
(22077, 22092, NULL, 'M-25 - L’estime élémentaire - Le cheminement', NULL, NULL, 'item_lesson', NULL, '1ère navigation', 0, NULL, 0, 'ckroyjqht001i3h5zshg84vvn', NULL, NULL, NULL, NULL, 0, NULL, NULL, NULL, NULL, 0, NULL, NULL),
(22078, 22092, NULL, 'M-26 - Navigation', NULL, NULL, 'item_lesson', NULL, '2ème navigation', 1, NULL, 0, 'ckroyjqht001k3h5z0k0k674k', NULL, NULL, NULL, NULL, 0, NULL, NULL, NULL, NULL, 0, NULL, NULL),
(22079, 22092, NULL, 'M-27 - Navigation - Radionavigation (axe directeur)', NULL, NULL, 'item_lesson', NULL, '3ème navigation', 2, NULL, 0, 'ckroyjqht001m3h5ze3m5j3a9', NULL, NULL, NULL, NULL, 0, NULL, NULL, NULL, NULL, 0, NULL, NULL),
(22080, 22092, NULL, 'M-28 - Application au voyage - Radionavigation (axe directeur & flanquement)', NULL, NULL, 'item_lesson', NULL, '4ème navigation', 3, NULL, 0, 'ckroyjqht001o3h5zji1q9rfs', NULL, NULL, NULL, NULL, 0, NULL, NULL, NULL, NULL, 0, NULL, NULL),
(22081, 22092, NULL, 'M-29 - IVV - Radionavigation (organisation des moyens radios) - Egarement', NULL, NULL, 'item_lesson', '', '5ème navigation', 4, NULL, 0, 'ckroyjqht001q3h5zxo7xpbqj', NULL, NULL, NULL, NULL, 0, NULL, NULL, NULL, NULL, 0, NULL, NULL),
(22082, 22092, NULL, 'M-30 - Vol moteur réduit - Application au voyage - Radionav', NULL, NULL, 'item_lesson', NULL, '6ème navigation', 5, NULL, 0, 'ckroyjqhu001s3h5zpp545tpv', NULL, NULL, NULL, NULL, 0, NULL, NULL, NULL, NULL, 0, NULL, NULL),
(22083, 22092, NULL, 'M-31 -  IVV - Perte de référence extérieures (VSV)', NULL, NULL, 'item_lesson', NULL, 'VSV – pilotage', 6, NULL, 0, 'ckroyjqhu001u3h5zd59icpst', NULL, NULL, NULL, NULL, 0, NULL, NULL, NULL, NULL, 0, NULL, NULL),
(22084, 22092, NULL, 'M-32 - IVV - Perte de référence extérieures (VSV) - Radionavigation (VSV)', NULL, NULL, 'item_lesson', NULL, 'VSV – retour aux\nVMC', 7, NULL, 0, 'ckroyjqhu001w3h5zntvlm9l4', NULL, NULL, NULL, NULL, 0, NULL, NULL, NULL, NULL, 0, NULL, NULL),
(22085, 22092, NULL, 'M-33 -  Navigation - Application au voyage - Radionav', NULL, NULL, 'item_lesson', NULL, '7ème navigation', 8, NULL, NULL, 'ckroyjqhu001y3h5z4r3j7uio', NULL, NULL, NULL, NULL, 0, NULL, NULL, NULL, NULL, 0, NULL, NULL),
(22086, 22092, NULL, 'M-34 - Application au voyage - Radionav - Vol moteur réduit - Procédures anormales et d’urgence', NULL, NULL, 'item_lesson', NULL, '8ème navigation', 9, NULL, NULL, 'ckroyjqhu00203h5zpno7hj07', NULL, NULL, NULL, NULL, 0, NULL, NULL, NULL, NULL, 0, NULL, NULL),
(22087, 22092, NULL, 'Contrôle de compétence avant \"navigation solo\"', NULL, NULL, 'item_lesson', NULL, 'Piloter son avion lors de vol en navigation, dont :\n- assurer la sécurité du vol dans toutes ces phases,\n- assurer les communications radios associées,\n- être capable d’utiliser les techniques et moyens de navigation disponibles,\n- être capable de décider et de réaliser un déroutement ou une interruption\nvolontaire du vol.', 10, NULL, 0, 'ckrq6tqnv01683h5zz0bztqfw', NULL, NULL, NULL, NULL, 0, NULL, NULL, NULL, NULL, 0, NULL, NULL),
(22088, 22092, NULL, 'M-35 - Navigation solo 1', NULL, NULL, 'item_lesson', NULL, 'Navigation solo', 11, NULL, NULL, 'ckroyjqhu00223h5z21wl7o0l', NULL, NULL, NULL, NULL, 0, NULL, NULL, NULL, NULL, 0, NULL, NULL),
(22089, 22092, NULL, 'M-36 - Navigation solo 2', NULL, NULL, 'item_lesson', NULL, 'Navigation solo', 12, NULL, NULL, 'ckroyjqhu00243h5zj4q2cjdv', NULL, NULL, NULL, NULL, 0, NULL, NULL, NULL, NULL, 0, NULL, NULL),
(22090, NULL, 247, 'MANIABILITE', NULL, NULL, 'item_module', NULL, NULL, 0, NULL, 1, 'ckroyjqht00003h5zb32ekjpe', NULL, NULL, NULL, NULL, 0, NULL, NULL, NULL, NULL, NULL, NULL, NULL),
(22091, NULL, 247, 'PERFECTIONNEMENT', NULL, NULL, 'item_module', NULL, NULL, 2, NULL, 1, 'ckroyjqht00043h5zl0yk64x8', NULL, NULL, NULL, NULL, 0, NULL, NULL, NULL, NULL, NULL, NULL, NULL),
(22092, NULL, 247, 'NAVIGATION', NULL, NULL, 'item_module', NULL, NULL, 1, NULL, 1, 'ckroyjqht00023h5ze2zkx8no', NULL, NULL, NULL, NULL, 0, NULL, NULL, NULL, NULL, NULL, NULL, NULL),
(22928, NULL, 248, 'M1', 0, 0, 'item_modules_group', '', '', 0, NULL, 1, 'cktegwbor01y53g5zwa88efsm', NULL, NULL, NULL, NULL, NULL, NULL, NULL, NULL, NULL, NULL, NULL, NULL),
(22929, 22932, NULL, 'Pilotage d’une inclinaison', NULL, NULL, 'item_exercise', NULL, NULL, 0, NULL, NULL, 'ckrjccw9q01er3h5ztepaeqwx', NULL, NULL, NULL, NULL, NULL, NULL, NULL, NULL, NULL, NULL, NULL, NULL),
(22930, 22932, NULL, 'Tenue de la ligne droite et surveillance du ciel', NULL, NULL, 'item_exercise', NULL, NULL, 1, NULL, NULL, 'ckrjccw9q01et3h5zmovwlsg4', NULL, NULL, NULL, NULL, NULL, NULL, NULL, NULL, NULL, NULL, NULL, NULL),
(22931, 22932, NULL, 'Pilotage d’une assiette', NULL, NULL, 'item_exercise', NULL, NULL, 2, NULL, NULL, 'ckrjccw9q01ep3h5zafr288s0', NULL, NULL, NULL, NULL, NULL, NULL, NULL, NULL, NULL, NULL, NULL, NULL),
(22932, 22933, NULL, 'MANIA1 - Mise en œuvre, roulage, vol d\'accoutumance / Assiette-Inclinaison-Ligne droite', NULL, NULL, 'item_lesson', NULL, NULL, 0, NULL, 1, 'ckrjccw9p019z3h5zw084dayv', NULL, NULL, NULL, NULL, 0, NULL, NULL, NULL, NULL, 0, NULL, NULL),
(22933, 22928, NULL, 'PHASE 1 : MANIA/TOURS DE PISTE', NULL, NULL, 'item_module', NULL, NULL, 0, NULL, 1, 'ckrjccw9p019n3h5zcr8mfxtb', NULL, NULL, NULL, NULL, 0, NULL, NULL, NULL, NULL, NULL, NULL, NULL),
(22934, 22928, NULL, 'PHASE 2 : PANNES EN TOURS DE PISTE', NULL, NULL, 'item_module', NULL, NULL, 1, NULL, NULL, 'ckrjccw9p019p3h5znodvxi50', NULL, NULL, NULL, NULL, 0, NULL, NULL, NULL, NULL, NULL, NULL, NULL),
(22976, NULL, 251, 'M1', NULL, NULL, 'item_module', NULL, NULL, 0, NULL, 1, 'ckujq32cy003a3e60vkyts93k', NULL, NULL, NULL, NULL, 0, NULL, NULL, NULL, NULL, NULL, NULL, NULL),
(22977, NULL, 251, 'M2', NULL, NULL, 'item_module', NULL, NULL, 1, NULL, 1, 'ckujq32cy003c3e60zyh5aobn', NULL, NULL, NULL, NULL, 0, NULL, NULL, NULL, NULL, NULL, NULL, NULL),
(22978, NULL, 251, 'M3', NULL, NULL, 'item_module', NULL, NULL, 2, NULL, 1, 'ckujq32cy003e3e60cq0m8csc', NULL, NULL, NULL, NULL, 0, NULL, NULL, NULL, NULL, NULL, NULL, NULL),
(22979, 22994, NULL, 'Ex1', NULL, NULL, 'item_exercise', NULL, NULL, 0, NULL, NULL, 'ckujq32cy003w3e60hpo7hhk8', NULL, NULL, NULL, NULL, NULL, NULL, NULL, NULL, NULL, NULL, NULL, NULL),
(22980, 22994, NULL, 'Ex2', NULL, NULL, 'item_exercise', NULL, NULL, 1, NULL, NULL, 'ckujq32cy003y3e6090djqdi5', NULL, NULL, NULL, NULL, NULL, NULL, NULL, NULL, NULL, NULL, NULL, NULL),
(22981, 22995, NULL, 'Ex3', NULL, NULL, 'item_exercise', NULL, NULL, 0, NULL, NULL, 'ckujq32cy00403e60m825uo8y', 57, NULL, NULL, NULL, NULL, NULL, NULL, NULL, NULL, NULL, NULL, NULL),
(22982, 22995, NULL, 'Ex4', NULL, NULL, 'item_exercise', NULL, NULL, 1, NULL, NULL, 'ckujq32cy00423e60lgsb8w3m', NULL, NULL, NULL, NULL, NULL, NULL, NULL, NULL, NULL, NULL, NULL, NULL),
(22983, 22996, NULL, 'Ex5', NULL, NULL, 'item_exercise', NULL, NULL, 0, NULL, 1, 'ckujq32cy00463e60xh34oxmh', 57, NULL, NULL, NULL, NULL, NULL, NULL, NULL, NULL, NULL, NULL, NULL),
(22984, 22996, NULL, 'Ex6', NULL, NULL, 'item_exercise', NULL, NULL, 1, NULL, NULL, 'ckujq32cy00483e60gsggx069', NULL, NULL, NULL, NULL, NULL, NULL, NULL, NULL, NULL, NULL, NULL, NULL),
(22985, 22997, NULL, 'Ex7', NULL, NULL, 'item_exercise', NULL, NULL, 0, NULL, NULL, 'ckujq32cy004a3e603hgniq13', NULL, NULL, NULL, NULL, NULL, NULL, NULL, NULL, NULL, NULL, NULL, NULL),
(22986, 22997, NULL, 'Ex8', NULL, NULL, 'item_exercise', NULL, NULL, 1, NULL, NULL, 'ckujq32cy004c3e60ifz6yly5', NULL, NULL, NULL, NULL, NULL, NULL, NULL, NULL, NULL, NULL, NULL, NULL),
(22987, 22998, NULL, 'Ex9', NULL, NULL, 'item_exercise', NULL, NULL, 0, NULL, NULL, 'ckujq32cy004e3e60gt9qypuy', NULL, NULL, NULL, NULL, NULL, NULL, NULL, NULL, NULL, NULL, NULL, NULL),
(22988, 22998, NULL, 'Ex10', NULL, NULL, 'item_exercise', NULL, NULL, 1, NULL, NULL, 'ckujq32cy004g3e60wzf965qy', NULL, NULL, NULL, NULL, NULL, NULL, NULL, NULL, NULL, NULL, NULL, NULL),
(22989, 22999, NULL, 'Ex11', NULL, NULL, 'item_exercise', NULL, NULL, 0, NULL, NULL, 'ckujq32cy004i3e60bbpjve4b', NULL, NULL, NULL, NULL, NULL, NULL, NULL, NULL, NULL, NULL, NULL, NULL),
(22990, 22999, NULL, 'Ex12', NULL, NULL, 'item_exercise', NULL, NULL, 1, NULL, NULL, 'ckujq32cy004k3e60t05ltiq8', NULL, NULL, NULL, NULL, NULL, NULL, NULL, NULL, NULL, NULL, NULL, NULL),
(22991, 23000, NULL, 'Ex13', NULL, NULL, 'item_exercise', NULL, NULL, 0, NULL, NULL, 'ckujq32cy004m3e60hvlf0wqd', NULL, NULL, NULL, NULL, NULL, NULL, NULL, NULL, NULL, NULL, NULL, NULL),
(22992, 23000, NULL, 'Ex14', NULL, NULL, 'item_exercise', NULL, NULL, 1, NULL, NULL, 'ckujq32cy004o3e60a5h3qckb', NULL, NULL, NULL, NULL, NULL, NULL, NULL, NULL, NULL, NULL, NULL, NULL),
(22993, 23001, NULL, 'Ex15', NULL, NULL, 'item_exercise', NULL, NULL, 0, NULL, NULL, 'ckujq32cy004q3e608vm5tdhz', NULL, NULL, NULL, NULL, NULL, NULL, NULL, NULL, NULL, NULL, NULL, NULL),
(22994, 22976, NULL, 'L1', 60, 90, 'item_lesson', 'Description', 'Objectifs', 0, NULL, 1, 'ckujq32cy003g3e60a2pb11p0', NULL, NULL, NULL, NULL, 0, 'Visibilité minimum', 'Météo', 'Plafond', 'Référence technique', 0, NULL, NULL),
(22995, 22976, NULL, 'L2', NULL, NULL, 'item_lesson', NULL, NULL, 1, NULL, 1, 'ckujq32cy003i3e60oo7rupw9', NULL, NULL, NULL, NULL, 0, NULL, NULL, NULL, NULL, 0, NULL, NULL),
(22996, 22976, NULL, 'L3', NULL, NULL, 'item_lesson', NULL, NULL, 2, NULL, 1, 'ckujq32cy003k3e60va6bjjrx', NULL, NULL, NULL, NULL, 0, NULL, NULL, NULL, NULL, 0, NULL, NULL),
(22997, 22977, NULL, 'L4', NULL, NULL, 'item_lesson', NULL, NULL, 0, NULL, 1, 'ckujq32cy003m3e607913477m', NULL, NULL, NULL, NULL, 0, NULL, NULL, NULL, NULL, 0, NULL, NULL),
(22998, 22977, NULL, 'L5', NULL, NULL, 'item_lesson', NULL, NULL, 1, NULL, 1, 'ckujq32cy003o3e60lv5y75xb', NULL, NULL, NULL, NULL, 0, NULL, NULL, NULL, NULL, 0, NULL, NULL),
(22999, 22978, NULL, 'L6', NULL, NULL, 'item_lesson', NULL, NULL, 0, NULL, 1, 'ckujq32cy003q3e60a01yrx88', NULL, NULL, NULL, NULL, 0, NULL, NULL, NULL, NULL, 0, NULL, NULL),
(23000, 22978, NULL, 'L7', NULL, NULL, 'item_lesson', NULL, NULL, 1, NULL, 1, 'ckujq32cy003s3e600pwwfotd', NULL, NULL, NULL, NULL, 0, NULL, NULL, NULL, NULL, 0, NULL, NULL),
(23001, 22978, NULL, 'L8', NULL, NULL, 'item_lesson', NULL, NULL, 2, NULL, 1, 'ckujq32cy003u3e60q7bojjwy', NULL, NULL, NULL, NULL, 0, NULL, NULL, NULL, NULL, 0, NULL, NULL),
(23002, 23017, NULL, 'Ex1', NULL, NULL, 'item_exercise', NULL, NULL, 0, NULL, NULL, 'ckujq32cy003w3e60hpo7hhk8', NULL, NULL, NULL, NULL, NULL, NULL, NULL, NULL, NULL, NULL, NULL, NULL),
(23003, 23017, NULL, 'Ex2', NULL, NULL, 'item_exercise', NULL, NULL, 1, NULL, NULL, 'ckujq32cy003y3e6090djqdi5', NULL, NULL, NULL, NULL, NULL, NULL, NULL, NULL, NULL, NULL, NULL, NULL),
(23004, 23018, NULL, 'Ex3', NULL, NULL, 'item_exercise', NULL, NULL, 0, NULL, NULL, 'ckujq32cy00403e60m825uo8y', 57, NULL, NULL, NULL, NULL, NULL, NULL, NULL, NULL, NULL, NULL, NULL),
(23005, 23018, NULL, 'Ex4', NULL, NULL, 'item_exercise', NULL, NULL, 1, NULL, NULL, 'ckujq32cy00423e60lgsb8w3m', NULL, NULL, NULL, NULL, NULL, NULL, NULL, NULL, NULL, NULL, NULL, NULL),
(23006, 23019, NULL, 'Ex5', NULL, NULL, 'item_exercise', NULL, NULL, 0, NULL, 1, 'ckujq32cy00463e60xh34oxmh', 57, NULL, NULL, NULL, NULL, NULL, NULL, NULL, NULL, NULL, NULL, NULL),
(23007, 23019, NULL, 'Ex6', NULL, NULL, 'item_exercise', NULL, NULL, 1, NULL, NULL, 'ckujq32cy00483e60gsggx069', NULL, NULL, NULL, NULL, NULL, NULL, NULL, NULL, NULL, NULL, NULL, NULL),
(23008, 23020, NULL, 'Ex7', NULL, NULL, 'item_exercise', NULL, NULL, 0, NULL, NULL, 'ckujq32cy004a3e603hgniq13', NULL, NULL, NULL, NULL, NULL, NULL, NULL, NULL, NULL, NULL, NULL, NULL),
(23009, 23020, NULL, 'Ex8', NULL, NULL, 'item_exercise', NULL, NULL, 1, NULL, NULL, 'ckujq32cy004c3e60ifz6yly5', NULL, NULL, NULL, NULL, NULL, NULL, NULL, NULL, NULL, NULL, NULL, NULL),
(23010, 23021, NULL, 'Ex9', NULL, NULL, 'item_exercise', NULL, NULL, 0, NULL, NULL, 'ckujq32cy004e3e60gt9qypuy', NULL, NULL, NULL, NULL, NULL, NULL, NULL, NULL, NULL, NULL, NULL, NULL),
(23011, 23021, NULL, 'Ex10', NULL, NULL, 'item_exercise', NULL, NULL, 1, NULL, NULL, 'ckujq32cy004g3e60wzf965qy', NULL, NULL, NULL, NULL, NULL, NULL, NULL, NULL, NULL, NULL, NULL, NULL),
(23012, 23022, NULL, 'Ex11', NULL, NULL, 'item_exercise', NULL, NULL, 0, NULL, NULL, 'ckujq32cy004i3e60bbpjve4b', NULL, NULL, NULL, NULL, NULL, NULL, NULL, NULL, NULL, NULL, NULL, NULL),
(23013, 23022, NULL, 'Ex12', NULL, NULL, 'item_exercise', NULL, NULL, 1, NULL, NULL, 'ckujq32cy004k3e60t05ltiq8', NULL, NULL, NULL, NULL, NULL, NULL, NULL, NULL, NULL, NULL, NULL, NULL),
(23014, 23023, NULL, 'Ex13', NULL, NULL, 'item_exercise', NULL, NULL, 0, NULL, NULL, 'ckujq32cy004m3e60hvlf0wqd', NULL, NULL, NULL, NULL, NULL, NULL, NULL, NULL, NULL, NULL, NULL, NULL),
(23015, 23023, NULL, 'Ex14', NULL, NULL, 'item_exercise', NULL, NULL, 1, NULL, NULL, 'ckujq32cy004o3e60a5h3qckb', NULL, NULL, NULL, NULL, NULL, NULL, NULL, NULL, NULL, NULL, NULL, NULL),
(23016, 23024, NULL, 'Ex15', NULL, NULL, 'item_exercise', NULL, NULL, 0, NULL, NULL, 'ckujq32cy004q3e608vm5tdhz', NULL, NULL, NULL, NULL, NULL, NULL, NULL, NULL, NULL, NULL, NULL, NULL),
(23017, 23025, NULL, 'L1', NULL, NULL, 'item_lesson', NULL, NULL, 0, NULL, 1, 'ckujq32cy003g3e60a2pb11p0', NULL, NULL, NULL, NULL, 0, NULL, NULL, NULL, NULL, 0, NULL, NULL),
(23018, 23025, NULL, 'L2', NULL, NULL, 'item_lesson', NULL, NULL, 1, NULL, 1, 'ckujq32cy003i3e60oo7rupw9', NULL, NULL, NULL, NULL, 0, NULL, NULL, NULL, NULL, 0, NULL, NULL),
(23019, 23025, NULL, 'L3', NULL, NULL, 'item_lesson', NULL, NULL, 2, NULL, 1, 'ckujq32cy003k3e60va6bjjrx', NULL, NULL, NULL, NULL, 0, NULL, NULL, NULL, NULL, 0, NULL, NULL),
(23020, 23026, NULL, 'L4', NULL, NULL, 'item_lesson', NULL, NULL, 0, NULL, 1, 'ckujq32cy003m3e607913477m', NULL, NULL, NULL, NULL, 0, NULL, NULL, NULL, NULL, 0, NULL, NULL),
(23021, 23026, NULL, 'L5', NULL, NULL, 'item_lesson', NULL, NULL, 1, NULL, 1, 'ckujq32cy003o3e60lv5y75xb', NULL, NULL, NULL, NULL, 0, NULL, NULL, NULL, NULL, 0, NULL, NULL),
(23022, 23027, NULL, 'L6', NULL, NULL, 'item_lesson', NULL, NULL, 0, NULL, 1, 'ckujq32cy003q3e60a01yrx88', NULL, NULL, NULL, NULL, 0, NULL, NULL, NULL, NULL, 0, NULL, NULL),
(23023, 23027, NULL, 'L7', NULL, NULL, 'item_lesson', NULL, NULL, 1, NULL, 1, 'ckujq32cy003s3e600pwwfotd', NULL, NULL, NULL, NULL, 0, NULL, NULL, NULL, NULL, 0, NULL, NULL),
(23024, 23027, NULL, 'L8', NULL, NULL, 'item_lesson', NULL, NULL, 2, NULL, 1, 'ckujq32cy003u3e60q7bojjwy', NULL, NULL, NULL, NULL, 0, NULL, NULL, NULL, NULL, 0, NULL, NULL),
(23025, NULL, 252, 'M1', NULL, NULL, 'item_module', NULL, NULL, 0, NULL, 1, 'ckujq32cy003a3e60vkyts93k', NULL, NULL, NULL, NULL, 0, NULL, NULL, NULL, NULL, NULL, NULL, NULL),
(23026, NULL, 252, 'M2', NULL, NULL, 'item_module', NULL, NULL, 1, NULL, 1, 'ckujq32cy003c3e60zyh5aobn', NULL, NULL, NULL, NULL, 0, NULL, NULL, NULL, NULL, NULL, NULL, NULL),
(23027, NULL, 252, 'M3', NULL, NULL, 'item_module', NULL, NULL, 2, NULL, 1, 'ckujq32cy003e3e60cq0m8csc', NULL, NULL, NULL, NULL, 0, NULL, NULL, NULL, NULL, NULL, NULL, NULL),
(23035, 23050, NULL, 'Ex1', NULL, NULL, 'item_exercise', NULL, NULL, 1, NULL, NULL, 'ckujq32cy003w3e60hpo7hhk8', NULL, NULL, NULL, NULL, NULL, NULL, NULL, NULL, NULL, NULL, NULL, NULL),
(23036, 23050, NULL, 'Ex2', NULL, NULL, 'item_exercise', NULL, NULL, 2, NULL, NULL, 'ckujq32cy003y3e6090djqdi5', NULL, NULL, NULL, NULL, NULL, NULL, NULL, NULL, NULL, NULL, NULL, NULL),
(23037, 23051, NULL, 'Ex3', NULL, NULL, 'item_exercise', NULL, NULL, 1, NULL, NULL, 'ckujq32cy00403e60m825uo8y', 57, NULL, NULL, NULL, NULL, NULL, NULL, NULL, NULL, NULL, NULL, NULL),
(23038, 23051, NULL, 'Ex4', NULL, NULL, 'item_exercise', NULL, NULL, 2, NULL, NULL, 'ckujq32cy00423e60lgsb8w3m', NULL, NULL, NULL, NULL, NULL, NULL, NULL, NULL, NULL, NULL, NULL, NULL),
(23039, 23052, NULL, 'Ex5', NULL, NULL, 'item_exercise', NULL, NULL, 1, NULL, 1, 'ckujq32cy00463e60xh34oxmh', 57, NULL, NULL, NULL, NULL, NULL, NULL, NULL, NULL, NULL, NULL, NULL),
(23040, 23052, NULL, 'Ex6', NULL, NULL, 'item_exercise', NULL, NULL, 2, NULL, NULL, 'ckujq32cy00483e60gsggx069', NULL, NULL, NULL, NULL, NULL, NULL, NULL, NULL, NULL, NULL, NULL, NULL),
(23041, 23053, NULL, 'Ex7', NULL, NULL, 'item_exercise', NULL, NULL, 0, NULL, NULL, 'ckujq32cy004a3e603hgniq13', NULL, NULL, NULL, NULL, NULL, NULL, NULL, NULL, NULL, NULL, NULL, NULL),
(23042, 23053, NULL, 'Ex8', NULL, NULL, 'item_exercise', NULL, NULL, 1, NULL, NULL, 'ckujq32cy004c3e60ifz6yly5', NULL, NULL, NULL, NULL, NULL, NULL, NULL, NULL, NULL, NULL, NULL, NULL),
(23043, 23054, NULL, 'Ex9', NULL, NULL, 'item_exercise', NULL, NULL, 0, NULL, NULL, 'ckujq32cy004e3e60gt9qypuy', NULL, NULL, NULL, NULL, NULL, NULL, NULL, NULL, NULL, NULL, NULL, NULL),
(23044, 23054, NULL, 'Ex10', NULL, NULL, 'item_exercise', NULL, NULL, 1, NULL, NULL, 'ckujq32cy004g3e60wzf965qy', NULL, NULL, NULL, NULL, NULL, NULL, NULL, NULL, NULL, NULL, NULL, NULL),
(23045, 23055, NULL, 'Ex11', NULL, NULL, 'item_exercise', NULL, NULL, 0, NULL, NULL, 'ckujq32cy004i3e60bbpjve4b', NULL, NULL, NULL, NULL, NULL, NULL, NULL, NULL, NULL, NULL, NULL, NULL),
(23046, 23055, NULL, 'Ex12', NULL, NULL, 'item_exercise', NULL, NULL, 1, NULL, NULL, 'ckujq32cy004k3e60t05ltiq8', NULL, NULL, NULL, NULL, NULL, NULL, NULL, NULL, NULL, NULL, NULL, NULL),
(23047, 23056, NULL, 'Ex13', NULL, NULL, 'item_exercise', NULL, NULL, 0, NULL, NULL, 'ckujq32cy004m3e60hvlf0wqd', NULL, NULL, NULL, NULL, NULL, NULL, NULL, NULL, NULL, NULL, NULL, NULL),
(23048, 23056, NULL, 'Ex14', NULL, NULL, 'item_exercise', NULL, NULL, 1, NULL, NULL, 'ckujq32cy004o3e60a5h3qckb', NULL, NULL, NULL, NULL, NULL, NULL, NULL, NULL, NULL, NULL, NULL, NULL),
(23049, 23057, NULL, 'Ex15', NULL, NULL, 'item_exercise', NULL, NULL, 0, NULL, NULL, 'ckujq32cy004q3e608vm5tdhz', NULL, NULL, NULL, NULL, NULL, NULL, NULL, NULL, NULL, NULL, NULL, NULL),
(23050, 23058, NULL, 'L1', 60, 90, 'item_lesson', 'Description', 'Objectifs', 0, NULL, 1, 'ckujq32cy003g3e60a2pb11p0', NULL, NULL, NULL, NULL, 0, 'Visibilité minimum', 'Météo', 'Plafond', 'Référence technique', 0, NULL, NULL),
(23051, 23058, NULL, 'L2', NULL, NULL, 'item_lesson', NULL, NULL, 1, NULL, 1, 'ckujq32cy003i3e60oo7rupw9', NULL, NULL, NULL, NULL, 0, NULL, NULL, NULL, NULL, 0, NULL, NULL),
(23052, 23058, NULL, 'L3', NULL, NULL, 'item_lesson', NULL, NULL, 2, NULL, 1, 'ckujq32cy003k3e60va6bjjrx', NULL, NULL, NULL, NULL, 0, NULL, NULL, NULL, NULL, 0, NULL, NULL),
(23053, 23059, NULL, 'L4', NULL, NULL, 'item_lesson', NULL, NULL, 0, NULL, 1, 'ckujq32cy003m3e607913477m', NULL, NULL, NULL, NULL, 0, NULL, NULL, NULL, NULL, 0, NULL, NULL),
(23054, 23059, NULL, 'L5', NULL, NULL, 'item_lesson', NULL, NULL, 1, NULL, 1, 'ckujq32cy003o3e60lv5y75xb', NULL, NULL, NULL, NULL, 0, NULL, NULL, NULL, NULL, 0, NULL, NULL),
(23055, 23060, NULL, 'L6', NULL, NULL, 'item_lesson', NULL, NULL, 0, NULL, 1, 'ckujq32cy003q3e60a01yrx88', NULL, NULL, NULL, NULL, 0, NULL, NULL, NULL, NULL, 0, NULL, NULL),
(23056, 23060, NULL, 'L7', NULL, NULL, 'item_lesson', NULL, NULL, 1, NULL, 1, 'ckujq32cy003s3e600pwwfotd', NULL, NULL, NULL, NULL, 0, NULL, NULL, NULL, NULL, 0, NULL, NULL),
(23057, 23060, NULL, 'L8', NULL, NULL, 'item_lesson', NULL, NULL, 2, NULL, 1, 'ckujq32cy003u3e60q7bojjwy', NULL, NULL, NULL, NULL, 0, NULL, NULL, NULL, NULL, 0, NULL, NULL),
(23058, NULL, 255, 'M1', NULL, NULL, 'item_module', NULL, NULL, 0, NULL, 1, 'ckujq32cy003a3e60vkyts93k', NULL, NULL, NULL, NULL, 0, NULL, NULL, NULL, NULL, NULL, NULL, NULL),
(23059, NULL, 255, 'M2', NULL, NULL, 'item_module', NULL, NULL, 1, NULL, 0, 'ckujq32cy003c3e60zyh5aobn', NULL, NULL, NULL, NULL, 0, NULL, NULL, NULL, NULL, NULL, NULL, NULL),
(23060, NULL, 255, 'M3', NULL, NULL, 'item_module', NULL, NULL, 2, NULL, 1, 'ckujq32cy003e3e60cq0m8csc', NULL, NULL, NULL, NULL, 0, NULL, NULL, NULL, NULL, NULL, NULL, NULL),
(23063, 23050, NULL, 'Ajout exercice', 0, 0, 'item_exercise', '', '', 0, NULL, NULL, 'ckv3lng98003u3e646vgp9r72', NULL, NULL, NULL, NULL, NULL, NULL, NULL, NULL, NULL, NULL, NULL, NULL),
(23064, 23051, NULL, 'Ajout exercice', 0, 0, 'item_exercise', '', '', 0, NULL, NULL, 'ckv3lng98003u3e646vgp9r72', NULL, NULL, NULL, NULL, NULL, NULL, NULL, NULL, NULL, NULL, NULL, NULL),
(23065, 23052, NULL, 'Ajout exercice', 0, 0, 'item_exercise', '', '', 0, NULL, NULL, 'ckv3lng98003u3e646vgp9r72', NULL, NULL, NULL, NULL, NULL, NULL, NULL, NULL, NULL, NULL, NULL, NULL),
(23069, 23085, NULL, 'Ajout exercice', 0, 0, 'item_exercise', '', '', 0, NULL, NULL, 'ckv3lng98003u3e646vgp9r72', NULL, NULL, NULL, NULL, NULL, NULL, NULL, NULL, NULL, NULL, NULL, NULL),
(23070, 23085, NULL, 'Ex3', NULL, NULL, 'item_exercise', NULL, NULL, 1, NULL, NULL, 'ckujq32cy00403e60m825uo8y', 57, NULL, NULL, NULL, NULL, NULL, NULL, NULL, NULL, NULL, NULL, NULL),
(23071, 23085, NULL, 'Ex4', NULL, NULL, 'item_exercise', NULL, NULL, 2, NULL, NULL, 'ckujq32cy00423e60lgsb8w3m', NULL, NULL, NULL, NULL, NULL, NULL, NULL, NULL, NULL, NULL, NULL, NULL),
(23072, 23086, NULL, 'Ajout exercice', 0, 0, 'item_exercise', '', '', 0, NULL, NULL, 'ckv3lng98003u3e646vgp9r72', NULL, NULL, NULL, NULL, NULL, NULL, NULL, NULL, NULL, NULL, NULL, NULL),
(23073, 23086, NULL, 'Ex5', NULL, NULL, 'item_exercise', NULL, NULL, 1, NULL, 1, 'ckujq32cy00463e60xh34oxmh', 57, NULL, NULL, NULL, NULL, NULL, NULL, NULL, NULL, NULL, NULL, NULL),
(23074, 23086, NULL, 'Ex6', NULL, NULL, 'item_exercise', NULL, NULL, 2, NULL, NULL, 'ckujq32cy00483e60gsggx069', NULL, NULL, NULL, NULL, NULL, NULL, NULL, NULL, NULL, NULL, NULL, NULL),
(23075, 23087, NULL, 'Ex7', NULL, NULL, 'item_exercise', NULL, NULL, 0, NULL, NULL, 'ckujq32cy004a3e603hgniq13', NULL, NULL, NULL, NULL, NULL, NULL, NULL, NULL, NULL, NULL, NULL, NULL),
(23076, 23087, NULL, 'Ex8', NULL, NULL, 'item_exercise', NULL, NULL, 1, NULL, NULL, 'ckujq32cy004c3e60ifz6yly5', NULL, NULL, NULL, NULL, NULL, NULL, NULL, NULL, NULL, NULL, NULL, NULL),
(23077, 23088, NULL, 'Ex9', NULL, NULL, 'item_exercise', NULL, NULL, 0, NULL, NULL, 'ckujq32cy004e3e60gt9qypuy', NULL, NULL, NULL, NULL, NULL, NULL, NULL, NULL, NULL, NULL, NULL, NULL),
(23078, 23088, NULL, 'Ex10', NULL, NULL, 'item_exercise', NULL, NULL, 1, NULL, NULL, 'ckujq32cy004g3e60wzf965qy', NULL, NULL, NULL, NULL, NULL, NULL, NULL, NULL, NULL, NULL, NULL, NULL),
(23079, 23089, NULL, 'Ex11', NULL, NULL, 'item_exercise', NULL, NULL, 0, NULL, NULL, 'ckujq32cy004i3e60bbpjve4b', NULL, NULL, NULL, NULL, NULL, NULL, NULL, NULL, NULL, NULL, NULL, NULL),
(23080, 23089, NULL, 'Ex12', NULL, NULL, 'item_exercise', NULL, NULL, 1, NULL, NULL, 'ckujq32cy004k3e60t05ltiq8', NULL, NULL, NULL, NULL, NULL, NULL, NULL, NULL, NULL, NULL, NULL, NULL),
(23081, 23090, NULL, 'Ex13', NULL, NULL, 'item_exercise', NULL, NULL, 0, NULL, NULL, 'ckujq32cy004m3e60hvlf0wqd', NULL, NULL, NULL, NULL, NULL, NULL, NULL, NULL, NULL, NULL, NULL, NULL),
(23082, 23090, NULL, 'Ex14', NULL, NULL, 'item_exercise', NULL, NULL, 1, NULL, NULL, 'ckujq32cy004o3e60a5h3qckb', NULL, NULL, NULL, NULL, NULL, NULL, NULL, NULL, NULL, NULL, NULL, NULL),
(23083, 23091, NULL, 'Ex15', NULL, NULL, 'item_exercise', NULL, NULL, 0, NULL, NULL, 'ckujq32cy004q3e608vm5tdhz', NULL, NULL, NULL, NULL, NULL, NULL, NULL, NULL, NULL, NULL, NULL, NULL),
(23084, 23092, NULL, 'L1', 60, 90, 'item_lesson', 'Description', 'Objectifs', 0, NULL, 1, 'ckujq32cy003g3e60a2pb11p0', NULL, NULL, NULL, NULL, 0, 'Visibilité minimum', 'Météo', 'Plafond', 'Référence technique', 0, NULL, NULL),
(23085, 23092, NULL, 'L2', NULL, NULL, 'item_lesson', NULL, NULL, 1, NULL, 1, 'ckujq32cy003i3e60oo7rupw9', NULL, NULL, NULL, NULL, 0, NULL, NULL, NULL, NULL, 0, NULL, NULL),
(23086, 23092, NULL, 'L3', NULL, NULL, 'item_lesson', NULL, NULL, 2, NULL, 1, 'ckujq32cy003k3e60va6bjjrx', NULL, NULL, NULL, NULL, 0, NULL, NULL, NULL, NULL, 0, NULL, NULL),
(23087, 23093, NULL, 'L4', NULL, NULL, 'item_lesson', NULL, NULL, 0, NULL, 1, 'ckujq32cy003m3e607913477m', NULL, NULL, NULL, NULL, 0, NULL, NULL, NULL, NULL, 0, NULL, NULL),
(23088, 23093, NULL, 'L5', NULL, NULL, 'item_lesson', NULL, NULL, 1, NULL, 1, 'ckujq32cy003o3e60lv5y75xb', NULL, NULL, NULL, NULL, 0, NULL, NULL, NULL, NULL, 0, NULL, NULL),
(23089, 23094, NULL, 'L6', NULL, NULL, 'item_lesson', NULL, NULL, 0, NULL, 1, 'ckujq32cy003q3e60a01yrx88', NULL, NULL, NULL, NULL, 0, NULL, NULL, NULL, NULL, 0, NULL, NULL),
(23090, 23094, NULL, 'L7', NULL, NULL, 'item_lesson', NULL, NULL, 1, NULL, 1, 'ckujq32cy003s3e600pwwfotd', NULL, NULL, NULL, NULL, 0, NULL, NULL, NULL, NULL, 0, NULL, NULL),
(23091, 23094, NULL, 'L8', NULL, NULL, 'item_lesson', NULL, NULL, 2, NULL, 1, 'ckujq32cy003u3e60q7bojjwy', NULL, NULL, NULL, NULL, 0, NULL, NULL, NULL, NULL, 0, NULL, NULL),
(23092, NULL, 256, 'M1', NULL, NULL, 'item_module', NULL, NULL, 0, NULL, 1, 'ckujq32cy003a3e60vkyts93k', NULL, NULL, NULL, NULL, 0, NULL, NULL, NULL, NULL, NULL, NULL, NULL),
(23093, NULL, 256, 'M2', NULL, NULL, 'item_module', NULL, NULL, 1, NULL, 0, 'ckujq32cy003c3e60zyh5aobn', NULL, NULL, NULL, NULL, 0, NULL, NULL, NULL, NULL, NULL, NULL, NULL),
(23094, NULL, 256, 'M3', NULL, NULL, 'item_module', NULL, NULL, 2, NULL, 1, 'ckujq32cy003e3e60cq0m8csc', NULL, NULL, NULL, NULL, 0, NULL, NULL, NULL, NULL, NULL, NULL, NULL),
(23095, 23113, NULL, 'Ajout exercice', 0, 0, 'item_exercise', '', '', 0, NULL, NULL, 'ckv3lng98003u3e646vgp9r72', NULL, NULL, NULL, NULL, NULL, NULL, NULL, NULL, NULL, NULL, NULL, NULL),
(23096, 23113, NULL, 'Ex1', NULL, NULL, 'item_exercise', NULL, NULL, 1, NULL, NULL, 'ckujq32cy003w3e60hpo7hhk8', NULL, NULL, NULL, NULL, NULL, NULL, NULL, NULL, NULL, NULL, NULL, NULL),
(23097, 23113, NULL, 'Ex2', NULL, NULL, 'item_exercise', NULL, NULL, 2, NULL, NULL, 'ckujq32cy003y3e6090djqdi5', NULL, NULL, NULL, NULL, NULL, NULL, NULL, NULL, NULL, NULL, NULL, NULL),
(23098, 23114, NULL, 'Ajout exercice', 0, 0, 'item_exercise', '', '', 0, NULL, NULL, 'ckv3lng98003u3e646vgp9r72', NULL, NULL, NULL, NULL, NULL, NULL, NULL, NULL, NULL, NULL, NULL, NULL),
(23099, 23114, NULL, 'Ex3', NULL, NULL, 'item_exercise', NULL, NULL, 1, NULL, NULL, 'ckujq32cy00403e60m825uo8y', 57, NULL, NULL, NULL, NULL, NULL, NULL, NULL, NULL, NULL, NULL, NULL),
(23100, 23114, NULL, 'Ex4', NULL, NULL, 'item_exercise', NULL, NULL, 2, NULL, NULL, 'ckujq32cy00423e60lgsb8w3m', NULL, NULL, NULL, NULL, NULL, NULL, NULL, NULL, NULL, NULL, NULL, NULL),
(23101, 23115, NULL, 'Ajout exercice', 0, 0, 'item_exercise', '', '', 0, NULL, NULL, 'ckv3lng98003u3e646vgp9r72', NULL, NULL, NULL, NULL, NULL, NULL, NULL, NULL, NULL, NULL, NULL, NULL),
(23102, 23115, NULL, 'Ex5', NULL, NULL, 'item_exercise', NULL, NULL, 1, NULL, 1, 'ckujq32cy00463e60xh34oxmh', 57, NULL, NULL, NULL, NULL, NULL, NULL, NULL, NULL, NULL, NULL, NULL),
(23103, 23115, NULL, 'Ex6', NULL, NULL, 'item_exercise', NULL, NULL, 2, NULL, NULL, 'ckujq32cy00483e60gsggx069', NULL, NULL, NULL, NULL, NULL, NULL, NULL, NULL, NULL, NULL, NULL, NULL),
(23104, 23116, NULL, 'Ex7', NULL, NULL, 'item_exercise', NULL, NULL, 0, NULL, NULL, 'ckujq32cy004a3e603hgniq13', NULL, NULL, NULL, NULL, NULL, NULL, NULL, NULL, NULL, NULL, NULL, NULL),
(23105, 23116, NULL, 'Ex8', NULL, NULL, 'item_exercise', NULL, NULL, 1, NULL, NULL, 'ckujq32cy004c3e60ifz6yly5', NULL, NULL, NULL, NULL, NULL, NULL, NULL, NULL, NULL, NULL, NULL, NULL),
(23106, 23117, NULL, 'Ex9', NULL, NULL, 'item_exercise', NULL, NULL, 0, NULL, NULL, 'ckujq32cy004e3e60gt9qypuy', NULL, NULL, NULL, NULL, NULL, NULL, NULL, NULL, NULL, NULL, NULL, NULL),
(23107, 23117, NULL, 'Ex10', NULL, NULL, 'item_exercise', NULL, NULL, 1, NULL, NULL, 'ckujq32cy004g3e60wzf965qy', NULL, NULL, NULL, NULL, NULL, NULL, NULL, NULL, NULL, NULL, NULL, NULL),
(23108, 23118, NULL, 'Ex11', NULL, NULL, 'item_exercise', NULL, NULL, 0, NULL, NULL, 'ckujq32cy004i3e60bbpjve4b', NULL, NULL, NULL, NULL, NULL, NULL, NULL, NULL, NULL, NULL, NULL, NULL),
(23109, 23118, NULL, 'Ex12', NULL, NULL, 'item_exercise', NULL, NULL, 1, NULL, NULL, 'ckujq32cy004k3e60t05ltiq8', NULL, NULL, NULL, NULL, NULL, NULL, NULL, NULL, NULL, NULL, NULL, NULL),
(23110, 23119, NULL, 'Ex13', NULL, NULL, 'item_exercise', NULL, NULL, 0, NULL, NULL, 'ckujq32cy004m3e60hvlf0wqd', NULL, NULL, NULL, NULL, NULL, NULL, NULL, NULL, NULL, NULL, NULL, NULL),
(23111, 23119, NULL, 'Ex14', NULL, NULL, 'item_exercise', NULL, NULL, 1, NULL, NULL, 'ckujq32cy004o3e60a5h3qckb', NULL, NULL, NULL, NULL, NULL, NULL, NULL, NULL, NULL, NULL, NULL, NULL),
(23112, 23120, NULL, 'Ex15', NULL, NULL, 'item_exercise', NULL, NULL, 0, NULL, NULL, 'ckujq32cy004q3e608vm5tdhz', NULL, NULL, NULL, NULL, NULL, NULL, NULL, NULL, NULL, NULL, NULL, NULL),
(23113, 23121, NULL, 'L1', 60, 90, 'item_lesson', 'Description', 'Objectifs', 0, NULL, 1, 'ckujq32cy003g3e60a2pb11p0', NULL, NULL, NULL, NULL, 0, 'Visibilité minimum', 'Météo', 'Plafond', 'Référence technique', 0, NULL, NULL),
(23114, 23121, NULL, 'L2', NULL, NULL, 'item_lesson', NULL, NULL, 1, NULL, 1, 'ckujq32cy003i3e60oo7rupw9', NULL, NULL, NULL, NULL, 0, NULL, NULL, NULL, NULL, 0, NULL, NULL),
(23115, 23121, NULL, 'L3', NULL, NULL, 'item_lesson', NULL, NULL, 2, NULL, 1, 'ckujq32cy003k3e60va6bjjrx', NULL, NULL, NULL, NULL, 0, NULL, NULL, NULL, NULL, 0, NULL, NULL),
(23116, 23122, NULL, 'L4', NULL, NULL, 'item_lesson', NULL, NULL, 0, NULL, 1, 'ckujq32cy003m3e607913477m', NULL, NULL, NULL, NULL, 0, NULL, NULL, NULL, NULL, 0, NULL, NULL),
(23117, 23122, NULL, 'L5', NULL, NULL, 'item_lesson', NULL, NULL, 1, NULL, 1, 'ckujq32cy003o3e60lv5y75xb', NULL, NULL, NULL, NULL, 0, NULL, NULL, NULL, NULL, 0, NULL, NULL),
(23118, 23123, NULL, 'L6', NULL, NULL, 'item_lesson', NULL, NULL, 0, NULL, 1, 'ckujq32cy003q3e60a01yrx88', NULL, NULL, NULL, NULL, 0, NULL, NULL, NULL, NULL, 0, NULL, NULL),
(23119, 23123, NULL, 'L7', NULL, NULL, 'item_lesson', NULL, NULL, 1, NULL, 1, 'ckujq32cy003s3e600pwwfotd', NULL, NULL, NULL, NULL, 0, NULL, NULL, NULL, NULL, 0, NULL, NULL),
(23120, 23123, NULL, 'L8', NULL, NULL, 'item_lesson', NULL, NULL, 2, NULL, 1, 'ckujq32cy003u3e60q7bojjwy', NULL, NULL, NULL, NULL, 0, NULL, NULL, NULL, NULL, 0, NULL, NULL),
(23121, NULL, 257, 'M1', NULL, NULL, 'item_module', NULL, NULL, 0, NULL, 1, 'ckujq32cy003a3e60vkyts93k', NULL, NULL, NULL, NULL, 0, NULL, NULL, NULL, NULL, NULL, NULL, NULL),
(23122, NULL, 257, 'M2', NULL, NULL, 'item_module', NULL, NULL, 1, NULL, 0, 'ckujq32cy003c3e60zyh5aobn', NULL, NULL, NULL, NULL, 0, NULL, NULL, NULL, NULL, NULL, NULL, NULL),
(23123, NULL, 257, 'M3', NULL, NULL, 'item_module', NULL, NULL, 2, NULL, 1, 'ckujq32cy003e3e60cq0m8csc', NULL, NULL, NULL, NULL, 0, NULL, NULL, NULL, NULL, NULL, NULL, NULL),
(23124, 23142, NULL, 'Ajout exercice', 0, 0, 'item_exercise', '', '', 0, NULL, NULL, 'ckv3lng98003u3e646vgp9r72', NULL, NULL, NULL, NULL, NULL, NULL, NULL, NULL, NULL, NULL, NULL, NULL),
(23125, 23142, NULL, 'Ex1', NULL, NULL, 'item_exercise', NULL, NULL, 1, NULL, NULL, 'ckujq32cy003w3e60hpo7hhk8', NULL, NULL, NULL, NULL, NULL, NULL, NULL, NULL, NULL, NULL, NULL, NULL),
(23126, 23142, NULL, 'Ex2', NULL, NULL, 'item_exercise', NULL, NULL, 2, NULL, NULL, 'ckujq32cy003y3e6090djqdi5', NULL, NULL, NULL, NULL, NULL, NULL, NULL, NULL, NULL, NULL, NULL, NULL),
(23127, 23143, NULL, 'Ajout exercice', 0, 0, 'item_exercise', '', '', 0, NULL, NULL, 'ckv3lng98003u3e646vgp9r72', NULL, NULL, NULL, NULL, NULL, NULL, NULL, NULL, NULL, NULL, NULL, NULL),
(23128, 23143, NULL, 'Ex3', NULL, NULL, 'item_exercise', NULL, NULL, 1, NULL, NULL, 'ckujq32cy00403e60m825uo8y', 57, NULL, NULL, NULL, NULL, NULL, NULL, NULL, NULL, NULL, NULL, NULL),
(23129, 23143, NULL, 'Ex4', NULL, NULL, 'item_exercise', NULL, NULL, 2, NULL, NULL, 'ckujq32cy00423e60lgsb8w3m', NULL, NULL, NULL, NULL, NULL, NULL, NULL, NULL, NULL, NULL, NULL, NULL),
(23130, 23144, NULL, 'Ajout exercice', 0, 0, 'item_exercise', '', '', 0, NULL, NULL, 'ckv3lng98003u3e646vgp9r72', NULL, NULL, NULL, NULL, NULL, NULL, NULL, NULL, NULL, NULL, NULL, NULL),
(23131, 23144, NULL, 'Ex5', NULL, NULL, 'item_exercise', NULL, NULL, 1, NULL, 1, 'ckujq32cy00463e60xh34oxmh', 57, NULL, NULL, NULL, NULL, NULL, NULL, NULL, NULL, NULL, NULL, NULL),
(23132, 23144, NULL, 'Ex6', NULL, NULL, 'item_exercise', NULL, NULL, 2, NULL, NULL, 'ckujq32cy00483e60gsggx069', NULL, NULL, NULL, NULL, NULL, NULL, NULL, NULL, NULL, NULL, NULL, NULL),
(23133, 23145, NULL, 'Ex7', NULL, NULL, 'item_exercise', NULL, NULL, 0, NULL, NULL, 'ckujq32cy004a3e603hgniq13', NULL, NULL, NULL, NULL, NULL, NULL, NULL, NULL, NULL, NULL, NULL, NULL),
(23134, 23145, NULL, 'Ex8', NULL, NULL, 'item_exercise', NULL, NULL, 1, NULL, NULL, 'ckujq32cy004c3e60ifz6yly5', NULL, NULL, NULL, NULL, NULL, NULL, NULL, NULL, NULL, NULL, NULL, NULL),
(23135, 23146, NULL, 'Ex9', NULL, NULL, 'item_exercise', NULL, NULL, 0, NULL, NULL, 'ckujq32cy004e3e60gt9qypuy', NULL, NULL, NULL, NULL, NULL, NULL, NULL, NULL, NULL, NULL, NULL, NULL),
(23136, 23146, NULL, 'Ex10', NULL, NULL, 'item_exercise', NULL, NULL, 1, NULL, NULL, 'ckujq32cy004g3e60wzf965qy', NULL, NULL, NULL, NULL, NULL, NULL, NULL, NULL, NULL, NULL, NULL, NULL),
(23137, 23147, NULL, 'Ex11', NULL, NULL, 'item_exercise', NULL, NULL, 0, NULL, NULL, 'ckujq32cy004i3e60bbpjve4b', NULL, NULL, NULL, NULL, NULL, NULL, NULL, NULL, NULL, NULL, NULL, NULL),
(23138, 23147, NULL, 'Ex12', NULL, NULL, 'item_exercise', NULL, NULL, 1, NULL, NULL, 'ckujq32cy004k3e60t05ltiq8', NULL, NULL, NULL, NULL, NULL, NULL, NULL, NULL, NULL, NULL, NULL, NULL),
(23139, 23148, NULL, 'Ex13', NULL, NULL, 'item_exercise', NULL, NULL, 0, NULL, NULL, 'ckujq32cy004m3e60hvlf0wqd', NULL, NULL, NULL, NULL, NULL, NULL, NULL, NULL, NULL, NULL, NULL, NULL),
(23140, 23148, NULL, 'Ex14', NULL, NULL, 'item_exercise', NULL, NULL, 1, NULL, NULL, 'ckujq32cy004o3e60a5h3qckb', NULL, NULL, NULL, NULL, NULL, NULL, NULL, NULL, NULL, NULL, NULL, NULL),
(23141, 23149, NULL, 'Ex15', NULL, NULL, 'item_exercise', NULL, NULL, 0, NULL, NULL, 'ckujq32cy004q3e608vm5tdhz', NULL, NULL, NULL, NULL, NULL, NULL, NULL, NULL, NULL, NULL, NULL, NULL),
(23142, 23150, NULL, 'L1', 60, 90, 'item_lesson', 'Description', 'Objectifs', 0, NULL, 1, 'ckujq32cy003g3e60a2pb11p0', NULL, NULL, NULL, NULL, 0, 'Visibilité minimum', 'Météo', 'Plafond', 'Référence technique', 0, NULL, NULL),
(23143, 23150, NULL, 'L2', NULL, NULL, 'item_lesson', NULL, NULL, 1, NULL, 1, 'ckujq32cy003i3e60oo7rupw9', NULL, NULL, NULL, NULL, 0, NULL, NULL, NULL, NULL, 0, NULL, NULL),
(23144, 23150, NULL, 'L3', NULL, NULL, 'item_lesson', NULL, NULL, 2, NULL, 1, 'ckujq32cy003k3e60va6bjjrx', NULL, NULL, NULL, NULL, 0, NULL, NULL, NULL, NULL, 0, NULL, NULL),
(23145, 23151, NULL, 'L4', NULL, NULL, 'item_lesson', NULL, NULL, 0, NULL, 1, 'ckujq32cy003m3e607913477m', NULL, NULL, NULL, NULL, 0, NULL, NULL, NULL, NULL, 0, NULL, NULL),
(23146, 23151, NULL, 'L5', NULL, NULL, 'item_lesson', NULL, NULL, 1, NULL, 1, 'ckujq32cy003o3e60lv5y75xb', NULL, NULL, NULL, NULL, 0, NULL, NULL, NULL, NULL, 0, NULL, NULL),
(23147, 23152, NULL, 'L6', NULL, NULL, 'item_lesson', NULL, NULL, 0, NULL, 1, 'ckujq32cy003q3e60a01yrx88', NULL, NULL, NULL, NULL, 0, NULL, NULL, NULL, NULL, 0, NULL, NULL),
(23148, 23152, NULL, 'L7', NULL, NULL, 'item_lesson', NULL, NULL, 1, NULL, 1, 'ckujq32cy003s3e600pwwfotd', NULL, NULL, NULL, NULL, 0, NULL, NULL, NULL, NULL, 0, NULL, NULL),
(23149, 23152, NULL, 'L8', NULL, NULL, 'item_lesson', NULL, NULL, 2, NULL, 1, 'ckujq32cy003u3e60q7bojjwy', NULL, NULL, NULL, NULL, 0, NULL, NULL, NULL, NULL, 0, NULL, NULL),
(23150, NULL, 258, 'M1', NULL, NULL, 'item_module', NULL, NULL, 0, NULL, 1, 'ckujq32cy003a3e60vkyts93k', NULL, NULL, NULL, NULL, 0, NULL, NULL, NULL, NULL, NULL, NULL, NULL),
(23151, NULL, 258, 'M2', NULL, NULL, 'item_module', NULL, NULL, 1, NULL, 0, 'ckujq32cy003c3e60zyh5aobn', NULL, NULL, NULL, NULL, 0, NULL, NULL, NULL, NULL, NULL, NULL, NULL),
(23152, NULL, 258, 'M3', NULL, NULL, 'item_module', NULL, NULL, 2, NULL, 1, 'ckujq32cy003e3e60cq0m8csc', NULL, NULL, NULL, NULL, 0, NULL, NULL, NULL, NULL, NULL, NULL, NULL),
(23155, NULL, 260, 'L1', 0, 0, 'item_lesson', '', '', 0, NULL, NULL, NULL, NULL, NULL, NULL, NULL, 0, '', '', '', '', 0, NULL, NULL),
(23156, NULL, 260, 'L2', 0, 0, 'item_lesson', '', '', 1, NULL, NULL, NULL, NULL, NULL, NULL, NULL, 0, '', '', '', '', 0, NULL, NULL),
(23157, 23175, NULL, 'Ajout exercice', 0, 0, 'item_exercise', '', '', 0, NULL, NULL, 'ckv3lng98003u3e646vgp9r72', NULL, NULL, NULL, NULL, NULL, NULL, NULL, NULL, NULL, NULL, NULL, NULL),
(23158, 23175, NULL, 'Ex1', NULL, NULL, 'item_exercise', NULL, NULL, 1, NULL, NULL, 'ckujq32cy003w3e60hpo7hhk8', NULL, NULL, NULL, NULL, NULL, NULL, NULL, NULL, NULL, NULL, NULL, NULL),
(23159, 23175, NULL, 'Ex2', NULL, NULL, 'item_exercise', NULL, NULL, 2, NULL, NULL, 'ckujq32cy003y3e6090djqdi5', NULL, NULL, NULL, NULL, NULL, NULL, NULL, NULL, NULL, NULL, NULL, NULL),
(23160, 23176, NULL, 'Ajout exercice', 0, 0, 'item_exercise', '', '', 0, NULL, NULL, 'ckv3lng98003u3e646vgp9r72', NULL, NULL, NULL, NULL, NULL, NULL, NULL, NULL, NULL, NULL, NULL, NULL),
(23161, 23176, NULL, 'Ex3', NULL, NULL, 'item_exercise', NULL, NULL, 1, NULL, NULL, 'ckujq32cy00403e60m825uo8y', 57, NULL, NULL, NULL, NULL, NULL, NULL, NULL, NULL, NULL, NULL, NULL),
(23162, 23176, NULL, 'Ex4', NULL, NULL, 'item_exercise', NULL, NULL, 2, NULL, NULL, 'ckujq32cy00423e60lgsb8w3m', NULL, NULL, NULL, NULL, NULL, NULL, NULL, NULL, NULL, NULL, NULL, NULL),
(23163, 23177, NULL, 'Ajout exercice', 0, 0, 'item_exercise', '', '', 0, NULL, NULL, 'ckv3lng98003u3e646vgp9r72', NULL, NULL, NULL, NULL, NULL, NULL, NULL, NULL, NULL, NULL, NULL, NULL),
(23164, 23177, NULL, 'Ex5', NULL, NULL, 'item_exercise', NULL, NULL, 1, NULL, 1, 'ckujq32cy00463e60xh34oxmh', 57, NULL, NULL, NULL, NULL, NULL, NULL, NULL, NULL, NULL, NULL, NULL),
(23165, 23177, NULL, 'Ex6', NULL, NULL, 'item_exercise', NULL, NULL, 2, NULL, NULL, 'ckujq32cy00483e60gsggx069', NULL, NULL, NULL, NULL, NULL, NULL, NULL, NULL, NULL, NULL, NULL, NULL),
(23166, 23178, NULL, 'Ex7', NULL, NULL, 'item_exercise', NULL, NULL, 0, NULL, NULL, 'ckujq32cy004a3e603hgniq13', NULL, NULL, NULL, NULL, NULL, NULL, NULL, NULL, NULL, NULL, NULL, NULL),
(23167, 23178, NULL, 'Ex8', NULL, NULL, 'item_exercise', NULL, NULL, 1, NULL, NULL, 'ckujq32cy004c3e60ifz6yly5', NULL, NULL, NULL, NULL, NULL, NULL, NULL, NULL, NULL, NULL, NULL, NULL),
(23168, 23179, NULL, 'Ex9', NULL, NULL, 'item_exercise', NULL, NULL, 0, NULL, NULL, 'ckujq32cy004e3e60gt9qypuy', NULL, NULL, NULL, NULL, NULL, NULL, NULL, NULL, NULL, NULL, NULL, NULL),
(23169, 23179, NULL, 'Ex10', NULL, NULL, 'item_exercise', NULL, NULL, 1, NULL, NULL, 'ckujq32cy004g3e60wzf965qy', NULL, NULL, NULL, NULL, NULL, NULL, NULL, NULL, NULL, NULL, NULL, NULL),
(23170, 23180, NULL, 'Ex11', NULL, NULL, 'item_exercise', NULL, NULL, 0, NULL, NULL, 'ckujq32cy004i3e60bbpjve4b', NULL, NULL, NULL, NULL, NULL, NULL, NULL, NULL, NULL, NULL, NULL, NULL),
(23171, 23180, NULL, 'Ex12', NULL, NULL, 'item_exercise', NULL, NULL, 1, NULL, NULL, 'ckujq32cy004k3e60t05ltiq8', NULL, NULL, NULL, NULL, NULL, NULL, NULL, NULL, NULL, NULL, NULL, NULL),
(23172, 23181, NULL, 'Ex13', NULL, NULL, 'item_exercise', NULL, NULL, 0, NULL, NULL, 'ckujq32cy004m3e60hvlf0wqd', NULL, NULL, NULL, NULL, NULL, NULL, NULL, NULL, NULL, NULL, NULL, NULL),
(23173, 23181, NULL, 'Ex14', NULL, NULL, 'item_exercise', NULL, NULL, 1, NULL, NULL, 'ckujq32cy004o3e60a5h3qckb', NULL, NULL, NULL, NULL, NULL, NULL, NULL, NULL, NULL, NULL, NULL, NULL),
(23174, 23182, NULL, 'Ex15', NULL, NULL, 'item_exercise', NULL, NULL, 0, NULL, NULL, 'ckujq32cy004q3e608vm5tdhz', NULL, NULL, NULL, NULL, NULL, NULL, NULL, NULL, NULL, NULL, NULL, NULL),
(23175, 23183, NULL, 'L1', 60, 90, 'item_lesson', 'Description', 'Objectifs', 0, NULL, 1, 'ckujq32cy003g3e60a2pb11p0', NULL, NULL, NULL, NULL, 0, 'Visibilité minimum', 'Météo', 'Plafond', 'Référence technique', 0, NULL, NULL),
(23176, 23183, NULL, 'L2', NULL, NULL, 'item_lesson', NULL, NULL, 1, NULL, 1, 'ckujq32cy003i3e60oo7rupw9', NULL, NULL, NULL, NULL, 0, NULL, NULL, NULL, NULL, 0, NULL, NULL),
(23177, 23183, NULL, 'L3', NULL, NULL, 'item_lesson', NULL, NULL, 2, NULL, 1, 'ckujq32cy003k3e60va6bjjrx', NULL, NULL, NULL, NULL, 0, NULL, NULL, NULL, NULL, 0, NULL, NULL),
(23178, 23184, NULL, 'L4', NULL, NULL, 'item_lesson', NULL, NULL, 0, NULL, 1, 'ckujq32cy003m3e607913477m', NULL, NULL, NULL, NULL, 0, NULL, NULL, NULL, NULL, 0, NULL, NULL),
(23179, 23184, NULL, 'L5', NULL, NULL, 'item_lesson', NULL, NULL, 1, NULL, 1, 'ckujq32cy003o3e60lv5y75xb', NULL, NULL, NULL, NULL, 0, NULL, NULL, NULL, NULL, 0, NULL, NULL),
(23180, 23185, NULL, 'L6', NULL, NULL, 'item_lesson', NULL, NULL, 0, NULL, 1, 'ckujq32cy003q3e60a01yrx88', NULL, NULL, NULL, NULL, 0, NULL, NULL, NULL, NULL, 0, NULL, NULL);
INSERT INTO `formation_item` (`id`, `parent_id`, `formation_id`, `name`, `standard_duration`, `max_duration`, `type`, `description`, `goals`, `position`, `extra_lesson_id`, `config_isexpended`, `formation_item_from_list_id`, `notation_id`, `min_rating_id`, `classroom_id`, `subname`, `is_theoretical`, `min_visibility`, `min_weather`, `ceiling`, `technical_ref`, `groupe`, `is_important`, `expected_value_id`) VALUES
(23181, 23185, NULL, 'L7', NULL, NULL, 'item_lesson', NULL, NULL, 1, NULL, 1, 'ckujq32cy003s3e600pwwfotd', NULL, NULL, NULL, NULL, 0, NULL, NULL, NULL, NULL, 0, NULL, NULL),
(23182, 23185, NULL, 'L8', NULL, NULL, 'item_lesson', NULL, NULL, 2, NULL, 1, 'ckujq32cy003u3e60q7bojjwy', NULL, NULL, NULL, NULL, 0, NULL, NULL, NULL, NULL, 0, NULL, NULL),
(23183, NULL, 261, 'M1', NULL, NULL, 'item_module', NULL, NULL, 0, NULL, 1, 'ckujq32cy003a3e60vkyts93k', NULL, NULL, NULL, NULL, 0, NULL, NULL, NULL, NULL, NULL, NULL, NULL),
(23184, NULL, 261, 'M2', NULL, NULL, 'item_module', NULL, NULL, 1, NULL, 0, 'ckujq32cy003c3e60zyh5aobn', NULL, NULL, NULL, NULL, 0, NULL, NULL, NULL, NULL, NULL, NULL, NULL),
(23185, NULL, 261, 'M3', NULL, NULL, 'item_module', NULL, NULL, 2, NULL, 1, 'ckujq32cy003e3e60cq0m8csc', NULL, NULL, NULL, NULL, 0, NULL, NULL, NULL, NULL, NULL, NULL, NULL),
(23186, NULL, 268, 'L1', 0, 0, 'item_lesson', '', '', 0, NULL, 1, 'ckxoht9p500013f655vznxsyc', NULL, NULL, NULL, NULL, 0, '', '', '', '', 0, NULL, NULL),
(23187, NULL, 268, 'L2', 0, 0, 'item_lesson', '', '', 1, NULL, 1, 'ckxohtd7x00073f65ugwpwmrl', NULL, NULL, NULL, NULL, 0, '', '', '', '', 0, NULL, NULL),
(23188, NULL, 268, 'L3', 0, 0, 'item_lesson', '', '', 2, NULL, 1, 'ckxohtgoc000b3f65ch7fjed2', NULL, NULL, NULL, NULL, 0, '', '', '', '', 0, NULL, NULL),
(23189, NULL, 268, 'L4', 0, 0, 'item_lesson', '', '', 3, NULL, 1, 'ckxohtk45000f3f65byuicwt9', 58, NULL, NULL, NULL, 0, '', '', '', '', 0, NULL, NULL),
(23190, 23186, NULL, 'L1-E1', 0, 0, 'item_exercise', '', '', 0, NULL, NULL, 'ckxohtqi0000j3f65tx4nadrw', NULL, NULL, NULL, NULL, NULL, NULL, NULL, NULL, NULL, NULL, NULL, NULL),
(23191, 23186, NULL, 'L1-E2', 0, 0, 'item_exercise', '', '', 1, NULL, NULL, 'ckxohtuwt000n3f65ka4psym4', NULL, NULL, NULL, NULL, NULL, NULL, NULL, NULL, NULL, NULL, NULL, NULL),
(23192, 23186, NULL, 'L1-E3', 0, 0, 'item_exercise', '', '', 2, NULL, NULL, 'ckxohtyoo000r3f65pd1i8b2t', NULL, NULL, NULL, NULL, NULL, NULL, NULL, NULL, NULL, NULL, NULL, NULL),
(23193, 23186, NULL, 'L1-E4', 0, 0, 'item_exercise', '', '', 3, NULL, NULL, 'ckxohu1yz000v3f65ogs5oojb', NULL, NULL, NULL, NULL, NULL, NULL, NULL, NULL, NULL, NULL, NULL, NULL),
(23194, 23186, NULL, 'L1-E5', 0, 0, 'item_exercise', '', '', 4, NULL, NULL, 'ckxohu5nw000z3f65hm9xcv7m', NULL, NULL, NULL, NULL, NULL, NULL, NULL, NULL, NULL, NULL, NULL, NULL),
(23195, 23187, NULL, 'L2-E1', 0, 0, 'item_exercise', '', '', 0, NULL, NULL, 'ckxohubka00133f659eajbtk4', NULL, NULL, NULL, NULL, NULL, NULL, NULL, NULL, NULL, NULL, NULL, NULL),
(23196, 23187, NULL, 'L2-E2', 0, 0, 'item_exercise', '', '', 1, NULL, NULL, 'ckxohufqs00173f65bobkt1kn', NULL, NULL, NULL, NULL, NULL, NULL, NULL, NULL, NULL, NULL, NULL, NULL),
(23197, 23187, NULL, 'L2-E3', 0, 0, 'item_exercise', '', '', 2, NULL, NULL, 'ckxohujfp001b3f65j23u86sg', NULL, NULL, NULL, NULL, NULL, NULL, NULL, NULL, NULL, NULL, NULL, NULL),
(23198, 23187, NULL, 'L2-E4', 0, 0, 'item_exercise', '', '', 3, NULL, NULL, 'ckxohumys001f3f65iiyvmvjj', NULL, NULL, NULL, NULL, NULL, NULL, NULL, NULL, NULL, NULL, NULL, NULL),
(23199, 23188, NULL, 'L3-E1', 0, 0, 'item_exercise', '', '', 0, NULL, NULL, 'ckxohusqf001j3f6529q6d3wc', NULL, NULL, NULL, NULL, NULL, NULL, NULL, NULL, NULL, NULL, NULL, NULL),
(23200, 23188, NULL, 'L3-E2', 0, 0, 'item_exercise', '', '', 1, NULL, NULL, 'ckxohv0sx001n3f651wdsra3q', NULL, NULL, NULL, NULL, NULL, NULL, NULL, NULL, NULL, NULL, NULL, NULL),
(23201, 23188, NULL, 'L3-E3', 0, 0, 'item_exercise', '', '', 2, NULL, NULL, 'ckxohv4rz001r3f65pmr6x5mq', NULL, NULL, NULL, NULL, NULL, NULL, NULL, NULL, NULL, NULL, NULL, NULL),
(23202, 23188, NULL, 'L3-E4', 0, 0, 'item_exercise', '', '', 3, NULL, NULL, 'ckxohv8zm001v3f65hz79smgr', NULL, NULL, NULL, NULL, NULL, NULL, NULL, NULL, NULL, NULL, NULL, NULL),
(23203, 23188, NULL, 'L3-E5', 0, 0, 'item_exercise', '', '', 4, NULL, NULL, 'ckxohvczg001z3f65ta458v7z', NULL, NULL, NULL, NULL, NULL, NULL, NULL, NULL, NULL, NULL, NULL, NULL),
(23204, 23189, NULL, 'L4-E1', 0, 0, 'item_exercise', '', '', 0, NULL, NULL, 'ckxohvlc000233f654g9beepq', NULL, NULL, NULL, NULL, NULL, NULL, NULL, NULL, NULL, NULL, NULL, NULL),
(23205, 23189, NULL, 'L4-E2', 0, 0, 'item_exercise', '', '', 1, NULL, NULL, 'ckxohvoqp00273f65h9i2i5zj', NULL, NULL, NULL, NULL, NULL, NULL, NULL, NULL, NULL, NULL, NULL, NULL),
(23206, 23189, NULL, 'L4-E3', 0, 0, 'item_exercise', '', '', 2, NULL, NULL, 'ckxohvswn002b3f65e48qx1z3', NULL, NULL, NULL, NULL, NULL, NULL, NULL, NULL, NULL, NULL, NULL, NULL),
(23207, 23189, NULL, 'L4-E4', 0, 0, 'item_exercise', '', '', 3, NULL, NULL, 'ckxohvwll002f3f65l9u87fxp', NULL, NULL, NULL, NULL, NULL, NULL, NULL, NULL, NULL, NULL, NULL, NULL),
(23209, 23212, NULL, 'E1', 0, 0, 'item_exercise', '', '', 0, NULL, NULL, 'ckxoiayy800w43f65zkfnyjgk', NULL, NULL, NULL, NULL, NULL, NULL, NULL, NULL, NULL, NULL, NULL, NULL),
(23210, 23212, NULL, 'E2', 0, 0, 'item_exercise', '', '', 1, NULL, NULL, 'ckxoib2ud00w63f65ap6v7zt4', NULL, NULL, NULL, NULL, NULL, NULL, NULL, NULL, NULL, NULL, NULL, NULL),
(23211, 23212, NULL, 'E3', 0, 0, 'item_exercise', '', '', 2, NULL, NULL, 'ckxoib62i00wc3f65xno12u1f', NULL, NULL, NULL, NULL, NULL, NULL, NULL, NULL, NULL, NULL, NULL, NULL),
(23212, NULL, 270, 'L1', 0, 0, 'item_lesson', '', '', 0, NULL, 1, 'ckxoiavxj00w03f65xvlaab6q', NULL, NULL, NULL, NULL, 0, '', '', '', '', 0, NULL, NULL),
(60208, NULL, 273, 'S1', 0, 0, 'item_lesson', '', '', 0, NULL, 1, 'ckxrg19ac00bv3f65ieiwfwun', NULL, NULL, NULL, NULL, 0, '', '', '', '', 0, NULL, NULL),
(60209, NULL, 273, 'S2', 0, 0, 'item_lesson', '', '', 1, NULL, 1, 'ckxrg1dh500bz3f659kp6h1bv', NULL, NULL, NULL, NULL, 0, '', '', '', '', 0, NULL, NULL),
(60210, 60213, NULL, 'E11', 0, 0, 'item_exercise_item', '', '', 0, NULL, NULL, NULL, NULL, NULL, NULL, NULL, NULL, NULL, NULL, NULL, NULL, NULL, 1, NULL),
(60211, 60213, NULL, 'E111', 0, 0, 'item_exercise_item', '', '', 1, NULL, NULL, NULL, NULL, NULL, NULL, NULL, NULL, NULL, NULL, NULL, NULL, NULL, 0, NULL),
(60212, 60213, NULL, 'E1111', 0, 0, 'item_exercise_item', '', '', 2, NULL, NULL, NULL, NULL, NULL, NULL, NULL, NULL, NULL, NULL, NULL, NULL, NULL, 1, NULL),
(60213, 60208, NULL, 'E1', 0, 0, 'item_exercise', '', '', 0, NULL, NULL, 'ckxrg1imd00c33f65gqt11nxq', 60, NULL, NULL, NULL, NULL, NULL, NULL, NULL, NULL, NULL, NULL, NULL),
(60214, 60208, NULL, 'E2', 0, 0, 'item_exercise', '', '', 1, NULL, NULL, 'ckxrg1n2q00c53f65ykn3ykql', 60, NULL, NULL, NULL, NULL, NULL, NULL, NULL, NULL, NULL, NULL, NULL),
(60215, 60209, NULL, 'E3', 0, 0, 'item_exercise', '', '', 0, NULL, NULL, 'ckxrg1s2600cb3f651wp7eqcd', NULL, NULL, NULL, NULL, NULL, NULL, NULL, NULL, NULL, NULL, NULL, NULL),
(60216, 60209, NULL, 'E4', 0, 0, 'item_exercise', '', '', 1, NULL, NULL, 'ckxrg1v2e00cf3f65awlnj2pb', NULL, NULL, NULL, NULL, NULL, NULL, NULL, NULL, NULL, NULL, NULL, NULL),
(60217, 60214, NULL, 'E22', 0, 0, 'item_exercise_item', '', '', 0, NULL, NULL, NULL, 58, NULL, NULL, NULL, NULL, NULL, NULL, NULL, NULL, NULL, 1, NULL),
(60218, 60214, NULL, 'E222', 0, 0, 'item_exercise_item', '', '', 1, NULL, NULL, NULL, 57, NULL, NULL, NULL, NULL, NULL, NULL, NULL, NULL, NULL, 0, NULL),
(60219, NULL, 274, 'S1', 0, 0, 'item_lesson', '', '', 0, NULL, 1, 'cky5ysbg800bt3e67aq8y70e5', 58, NULL, NULL, NULL, 0, '', '', '', '', 0, NULL, NULL),
(60220, NULL, 274, 'S2', 0, 0, 'item_lesson', '', '', 1, NULL, 1, 'cky5ysf2000bx3e67yfslijhc', 58, NULL, NULL, NULL, 0, '', '', '', '', 0, NULL, NULL),
(60221, NULL, 274, 'S3', 0, 0, 'item_lesson', '', '', 2, NULL, 1, 'cky5ysi1e00c13e6700wrgde0', 58, NULL, NULL, NULL, 0, '', '', '', '', 0, NULL, NULL),
(60222, NULL, 274, 'S4', 0, 0, 'item_lesson', '', '', 3, NULL, 1, 'cky5ysqch00ci3e67g7203kpg', 58, NULL, NULL, NULL, 0, '', '', '', '', 0, NULL, NULL),
(60223, 60219, NULL, 'E1', 0, 0, 'item_exercise', '', '', 0, NULL, NULL, 'cky5yx0rk00db3e67sexulaxq', NULL, NULL, NULL, NULL, NULL, NULL, NULL, NULL, NULL, NULL, NULL, NULL),
(60224, 60219, NULL, 'E2', 0, 0, 'item_exercise', '', '', 1, NULL, NULL, 'cky5yx4l200df3e675g4te8lu', NULL, NULL, NULL, NULL, NULL, NULL, NULL, NULL, NULL, NULL, NULL, NULL),
(60225, 60220, NULL, 'E3', 0, 0, 'item_exercise', '', '', 0, NULL, NULL, 'cky5yx80n00dj3e677zxa7u7g', NULL, NULL, NULL, NULL, NULL, NULL, NULL, NULL, NULL, NULL, NULL, NULL),
(60226, 60220, NULL, 'E4', 0, 0, 'item_exercise', '', '', 1, NULL, NULL, 'cky5yxbev00dn3e67u2tizmjt', NULL, NULL, NULL, NULL, NULL, NULL, NULL, NULL, NULL, NULL, NULL, NULL),
(60227, 60221, NULL, 'E5', 0, 0, 'item_exercise', '', '', 0, NULL, NULL, 'cky5yxenj00dr3e678yqsut7c', NULL, NULL, NULL, NULL, NULL, NULL, NULL, NULL, NULL, NULL, NULL, NULL),
(60228, 60221, NULL, 'E6', 0, 0, 'item_exercise', '', '', 1, NULL, NULL, 'cky5yxi0c00dv3e67s5vlryt0', NULL, NULL, NULL, NULL, NULL, NULL, NULL, NULL, NULL, NULL, NULL, NULL),
(60229, 60222, NULL, 'E7', 0, 0, 'item_exercise', '', '', 0, NULL, NULL, 'cky5yxlfx00dz3e67tdxiv7ik', NULL, NULL, NULL, NULL, NULL, NULL, NULL, NULL, NULL, NULL, NULL, NULL),
(60230, 60222, NULL, 'E8', 0, 0, 'item_exercise', '', '', 1, NULL, NULL, 'cky5yxptu00e33e67jtz5jhfi', NULL, NULL, NULL, NULL, NULL, NULL, NULL, NULL, NULL, NULL, NULL, NULL),
(60231, 60239, NULL, 'exercice partie  1.1', NULL, NULL, 'item_exercise_item', NULL, NULL, 0, NULL, NULL, NULL, NULL, NULL, NULL, NULL, NULL, NULL, NULL, NULL, NULL, NULL, 0, NULL),
(60232, 60239, NULL, 'exercice partie  1.2', NULL, NULL, 'item_exercise_item', NULL, NULL, 1, NULL, NULL, NULL, NULL, NULL, NULL, NULL, NULL, NULL, NULL, NULL, NULL, NULL, 0, NULL),
(60233, 60239, NULL, 'exercice partie  1.3', NULL, NULL, 'item_exercise_item', NULL, NULL, 2, NULL, NULL, NULL, NULL, NULL, NULL, NULL, NULL, NULL, NULL, NULL, NULL, NULL, 0, NULL),
(60234, 60240, NULL, 'exercice partie  2.1', NULL, NULL, 'item_exercise_item', NULL, NULL, 0, NULL, NULL, NULL, NULL, NULL, NULL, NULL, NULL, NULL, NULL, NULL, NULL, NULL, 0, NULL),
(60235, 60240, NULL, 'exercice partie  2.2', NULL, NULL, 'item_exercise_item', NULL, NULL, 1, NULL, NULL, NULL, NULL, NULL, NULL, NULL, NULL, NULL, NULL, NULL, NULL, NULL, 0, NULL),
(60236, 60241, NULL, 'exercice partie  3.1', NULL, NULL, 'item_exercise_item', NULL, NULL, 0, NULL, NULL, NULL, NULL, NULL, NULL, NULL, NULL, NULL, NULL, NULL, NULL, NULL, 0, NULL),
(60237, 60241, NULL, 'exercice partie  3.2', NULL, NULL, 'item_exercise_item', NULL, NULL, 1, NULL, NULL, NULL, NULL, NULL, NULL, NULL, NULL, NULL, NULL, NULL, NULL, NULL, 0, NULL),
(60238, 60242, NULL, 'exercice partie  4.1', NULL, NULL, 'item_exercise_item', NULL, NULL, 0, NULL, NULL, NULL, NULL, NULL, NULL, NULL, NULL, NULL, NULL, NULL, NULL, NULL, 0, NULL),
(60239, 60243, NULL, 'Exercice 1', NULL, NULL, 'item_exercise', NULL, NULL, 0, NULL, NULL, 'cky6e9e2x000k3867iwbexlpu', 60, NULL, NULL, NULL, NULL, NULL, NULL, NULL, NULL, NULL, NULL, NULL),
(60240, 60243, NULL, 'Exercice 2', NULL, NULL, 'item_exercise', NULL, NULL, 1, NULL, NULL, 'cky6e9e2y000s386728623jul', 60, NULL, NULL, NULL, NULL, NULL, NULL, NULL, NULL, NULL, NULL, NULL),
(60241, 60244, NULL, 'Exercice 3', NULL, NULL, 'item_exercise', NULL, NULL, 0, NULL, NULL, 'cky6e9e2y000y3867pfayvwf8', 60, NULL, NULL, NULL, NULL, NULL, NULL, NULL, NULL, NULL, NULL, NULL),
(60242, 60244, NULL, 'Exercice 4', NULL, NULL, 'item_exercise', NULL, NULL, 1, NULL, NULL, 'cky6e9e2y00143867iewclihb', 60, NULL, NULL, NULL, NULL, NULL, NULL, NULL, NULL, NULL, NULL, NULL),
(60243, NULL, 275, 'Leçon 1', NULL, NULL, 'item_lesson', NULL, NULL, 0, NULL, 1, 'cky6e9e2x00003867r02lhuz1', NULL, NULL, NULL, NULL, 0, NULL, NULL, NULL, NULL, 0, NULL, NULL),
(60244, NULL, 275, 'Leçon 2', NULL, NULL, 'item_lesson', NULL, NULL, 1, NULL, 1, 'cky6e9e2x00023867eb012usm', NULL, NULL, NULL, NULL, 0, NULL, NULL, NULL, NULL, 0, NULL, NULL),
(62156, 62159, NULL, 'A1', 0, 0, 'item_exercise', '', '', 0, NULL, NULL, 'ckyk7tjsk00093e67cor22r5f', NULL, NULL, NULL, NULL, NULL, NULL, NULL, NULL, NULL, NULL, NULL, NULL),
(62157, 62159, NULL, 'A2', 0, 0, 'item_exercise', '', '', 1, NULL, NULL, 'ckyk7tnl4000d3e67w4ek4o5i', NULL, NULL, NULL, NULL, NULL, NULL, NULL, NULL, NULL, NULL, NULL, NULL),
(62158, 62160, NULL, 'A3', 0, 0, 'item_exercise', '', '', 0, NULL, NULL, 'ckyk7tqp6000h3e6756f2rm9z', NULL, NULL, NULL, NULL, NULL, NULL, NULL, NULL, NULL, NULL, NULL, NULL),
(62159, NULL, 276, 'C1', 0, 0, 'item_lesson', '', '', 0, NULL, 1, 'ckyk7t9mc00013e67bj62v8il', NULL, NULL, NULL, NULL, 0, '', '', '', '', 0, NULL, NULL),
(62160, NULL, 276, 'C2', 0, 0, 'item_lesson', '', '', 1, NULL, 1, 'ckyk7tdd300073e67phzfersp', NULL, NULL, NULL, NULL, 0, '', '', '', '', 0, NULL, NULL),
(62161, 62164, NULL, 'Sécurité extérieure', 0, 0, 'item_exercise', '', '', 0, NULL, NULL, 'ckykbohr3000o3e67w1nlavmf', NULL, NULL, NULL, NULL, NULL, NULL, NULL, NULL, NULL, NULL, NULL, NULL),
(62162, 62164, NULL, 'Hauteur de sécurité déterminée au préalable par le stagiaire qui ne connaît rien', 0, 0, 'item_exercise', '', '', 1, NULL, NULL, 'ckykbp18w000s3e67p9ib6bfs', NULL, NULL, NULL, NULL, NULL, NULL, NULL, NULL, NULL, NULL, NULL, NULL),
(62163, 62165, NULL, 'Gestion machine', 0, 0, 'item_exercise', '', '', 0, NULL, NULL, 'ckykbpaqk000w3e67211zjrhl', NULL, NULL, NULL, NULL, NULL, NULL, NULL, NULL, NULL, NULL, NULL, NULL),
(62164, NULL, 277, 'Approche du décrochage en virage et à une hauteur de sécurité déterminée', 0, 0, 'item_lesson', '', '', 0, NULL, 1, 'ckykbnl9f000g3e67o2bdldsd', NULL, NULL, NULL, NULL, 0, '', '', '', '', 0, NULL, NULL),
(62165, NULL, 277, 'Intégration sur aérodrome non controlé  🤦‍♂️', 0, 0, 'item_lesson', '', '', 1, NULL, 1, 'ckykbo76q000k3e675sljf2lc', NULL, NULL, NULL, NULL, 0, '', '', '', '', 0, NULL, NULL),
(62166, NULL, 278, 'Fev1', 0, 0, 'item_lesson', '', '', 0, NULL, 1, 'ckz5dck9w00013e676o97xrcb', NULL, NULL, NULL, NULL, 0, '', '', '', '', 0, NULL, NULL),
(62167, 62166, NULL, 'ExFev1', 0, 0, 'item_exercise', '', '', 0, NULL, NULL, 'ckz5dcybk000b3e6713uxwydd', 61, NULL, NULL, NULL, NULL, NULL, NULL, NULL, NULL, NULL, NULL, NULL),
(62168, 62166, NULL, 'ExFev1.1', 0, 0, 'item_exercise', '', '', 1, NULL, NULL, 'ckz5dd3xz000f3e6767xnwuzj', 62, NULL, NULL, NULL, NULL, NULL, NULL, NULL, NULL, NULL, NULL, NULL),
(62169, NULL, 278, 'Fev2', 0, 0, 'item_lesson', '', '', 1, NULL, 1, 'ckz5dcpn500073e670b13qduq', NULL, NULL, NULL, NULL, 0, '', '', '', '', 0, NULL, NULL),
(62170, 62169, NULL, 'ExFev2', 0, 0, 'item_exercise', '', '', 0, NULL, NULL, 'ckz5dd8e7000j3e67y5ty60tu', 64, NULL, NULL, NULL, NULL, NULL, NULL, NULL, NULL, NULL, NULL, NULL),
(62171, 62169, NULL, 'ExFev2.2', 0, 0, 'item_exercise', '', '', 1, NULL, NULL, 'ckz5ddca2000n3e67uxicub41', 71, NULL, NULL, NULL, NULL, NULL, NULL, NULL, NULL, NULL, NULL, NULL),
(62172, 62176, NULL, 'EX1FEVR4', 0, 0, 'item_exercise', '', '', 0, NULL, NULL, 'ckz8dj2ee000n3e677ajnmhih', 57, NULL, NULL, NULL, NULL, NULL, NULL, NULL, NULL, NULL, NULL, NULL),
(62173, 62176, NULL, 'EX2FEVR4', 0, 0, 'item_exercise', '', '', 1, NULL, NULL, 'ckz8djbdh000r3e67cvnzdxi8', 63, NULL, NULL, NULL, NULL, NULL, NULL, NULL, NULL, NULL, NULL, NULL),
(62174, 62177, NULL, 'EX3FEVR4', 0, 0, 'item_exercise', '', '', 0, NULL, NULL, 'ckz8djhfm000v3e67sc87iyb6', 63, NULL, NULL, NULL, NULL, NULL, NULL, NULL, NULL, NULL, NULL, NULL),
(62175, 62177, NULL, 'EX4FEVR4', 0, 0, 'item_exercise', '', '', 1, NULL, NULL, 'ckz8djndz000z3e673f71zhyt', 58, NULL, NULL, NULL, NULL, NULL, NULL, NULL, NULL, NULL, NULL, NULL),
(62176, NULL, 279, 'FEVR41', 0, 0, 'item_lesson', '', '', 0, NULL, 1, 'ckz8dinqm00013e67gsagj5dm', NULL, NULL, NULL, NULL, 0, '', '', '', '', 0, NULL, NULL),
(62177, NULL, 279, 'FEVR42', 0, 0, 'item_lesson', '', '', 1, NULL, 1, 'ckz8disll00073e67vzg29qgy', NULL, NULL, NULL, NULL, 0, '', '', '', '', 0, NULL, NULL),
(62178, NULL, 280, '1', 0, 0, 'item_lesson', '', '', 0, NULL, 0, 'ckzdxykab002c3e6858olw1bk', NULL, NULL, NULL, NULL, 0, '', '', '', '', 0, NULL, NULL),
(62179, NULL, 280, '2', 0, 0, 'item_lesson', '', '', 1, NULL, NULL, 'ckzdxynmb002g3e68532niogs', NULL, NULL, NULL, NULL, 0, '', '', '', '', 0, NULL, NULL),
(62180, NULL, 280, '3', 0, 0, 'item_lesson', '', '', 2, NULL, NULL, 'ckzdxyqzi002k3e68mq6c9x7t', NULL, NULL, NULL, NULL, 0, '', '', '', '', 0, NULL, NULL),
(62181, NULL, 281, 'Not1', 0, 0, 'item_lesson', '', '', 0, NULL, 1, 'ckze0clgj00013e686uvokks9', NULL, NULL, NULL, NULL, 0, '', '', '', '', 0, NULL, NULL),
(62182, 62181, NULL, 'ExNot1', 0, 0, 'item_exercise', '', '', 0, NULL, NULL, 'ckze0cucj00073e68s70uiodp', NULL, NULL, NULL, NULL, NULL, NULL, NULL, NULL, NULL, NULL, NULL, NULL),
(62183, 62181, NULL, 'ExNot2', 0, 0, 'item_exercise', '', '', 1, NULL, NULL, 'ckze0cz34000b3e683yymo31e', NULL, NULL, NULL, NULL, NULL, NULL, NULL, NULL, NULL, NULL, NULL, NULL),
(62184, 62185, NULL, 'exthéo1', 0, 0, 'item_exercise', '', '', 0, NULL, 1, 'ckze0mvp7001l3e68fk5759dt', 58, NULL, NULL, NULL, NULL, NULL, NULL, NULL, NULL, NULL, NULL, NULL),
(62185, NULL, 282, 'théo1', 0, 0, 'item_lesson', '', '', 0, NULL, 1, 'ckze0mpzj001h3e68qcr7mkby', 58, NULL, NULL, NULL, 1, '', '', '', '', 0, NULL, NULL),
(62186, 62188, NULL, 'Prat1.1', 0, 0, 'item_exercise', '', '', 0, NULL, NULL, 'ckze0udnu002q3e68wsdvki7m', 58, NULL, NULL, NULL, NULL, NULL, NULL, NULL, NULL, NULL, NULL, NULL),
(62187, 62189, NULL, 'Théo1.1', 0, 0, 'item_exercise', '', '', 0, NULL, NULL, 'ckze0ujss002u3e68x4xbjsvh', 58, NULL, NULL, NULL, NULL, NULL, NULL, NULL, NULL, NULL, NULL, NULL),
(62188, NULL, 283, 'Prat1', 0, 0, 'item_lesson', '', '', 0, NULL, 1, 'ckze0tzti002i3e68kl81jbnl', 58, NULL, NULL, NULL, 0, '', '', '', '', 0, NULL, NULL),
(62189, NULL, 283, 'Théo1', 0, 0, 'item_lesson', '', '', 1, NULL, 1, 'ckze0u7xw002m3e68q07r76ea', 58, NULL, NULL, NULL, 1, '', '', '', '', 0, NULL, NULL),
(62190, 62194, NULL, 'EP1', 0, 0, 'item_exercise', '', '', 0, NULL, NULL, 'ckze2dtda000b3e68enwor79n', NULL, NULL, NULL, NULL, NULL, NULL, NULL, NULL, NULL, NULL, NULL, NULL),
(62191, 62194, NULL, 'EP2', 0, 0, 'item_exercise', '', '', 1, NULL, NULL, 'ckze2dz9t000f3e681441qe24', NULL, NULL, NULL, NULL, NULL, NULL, NULL, NULL, NULL, NULL, NULL, NULL),
(62192, 62195, NULL, 'EP1', 0, 0, 'item_exercise', '', '', 0, NULL, NULL, 'ckze2dtda000b3e68enwor79n', NULL, NULL, NULL, NULL, NULL, NULL, NULL, NULL, NULL, NULL, NULL, NULL),
(62193, 62195, NULL, 'EP2', 0, 0, 'item_exercise', '', '', 1, NULL, NULL, 'ckze2dz9t000f3e681441qe24', NULL, NULL, NULL, NULL, NULL, NULL, NULL, NULL, NULL, NULL, NULL, NULL),
(62194, NULL, 284, 'P1', 0, 0, 'item_lesson', '', '', 0, NULL, 1, 'ckze2djf800013e68l6odpwcb', NULL, NULL, NULL, NULL, 0, '', '', '', '', 0, NULL, NULL),
(62195, NULL, 284, 'P2', 0, 0, 'item_lesson', '', '', 1, NULL, 1, 'ckze2doa500073e683icg3w3c', NULL, NULL, NULL, NULL, 0, '', '', '', '', 0, NULL, NULL),
(62199, NULL, 285, 'Groupe 1', 0, 0, 'item_modules_group', '', '', 0, NULL, 1, 'cl00v7p9f004w3968j9q842dm', NULL, NULL, NULL, NULL, NULL, NULL, NULL, NULL, NULL, NULL, NULL, NULL),
(62200, 62201, NULL, 'Exercice', 0, 0, 'item_exercise', '', '', 0, NULL, 1, 'cl00v8skf00773968ir8xzys1', NULL, NULL, NULL, NULL, NULL, NULL, NULL, NULL, NULL, NULL, NULL, NULL),
(62201, 62202, NULL, 'Gr_exercices 1', 0, 0, 'item_exercises_group', '', '', 1, NULL, 1, 'cl00v8jbx006k39682mn1wzhg', NULL, NULL, NULL, NULL, NULL, NULL, NULL, NULL, NULL, NULL, NULL, NULL),
(62202, 62203, NULL, 'Séance 1', 0, 0, 'item_lesson', '', '', 0, NULL, 1, 'cl00v88p4005z3968fg8ylcel', NULL, NULL, NULL, NULL, 0, '', '', '', '', 0, NULL, NULL),
(62203, 62199, NULL, 'Module 1', 0, 0, 'item_module', '', '', 0, NULL, 1, 'cl00v7uqa00553968d94zgfnw', NULL, NULL, NULL, '', 0, NULL, NULL, NULL, NULL, NULL, NULL, NULL),
(62204, 62201, NULL, 'Ex1', 0, 0, 'item_exercise', '', '', 1, NULL, NULL, 'cl00vvuq6001y2669eqqrenfy', NULL, NULL, NULL, NULL, NULL, NULL, NULL, NULL, NULL, NULL, NULL, NULL),
(62205, 62202, NULL, 'Gr2', 0, 0, 'item_exercises_group', '', '', 2, NULL, NULL, 'cl00vwc18003p2669plspv6rz', NULL, NULL, NULL, NULL, NULL, NULL, NULL, NULL, NULL, NULL, NULL, NULL),
(62206, 62202, NULL, 'Phase1', 0, 0, 'item_phase', '', '', 0, NULL, NULL, 'cl00wdx95001726692b6i3hff', NULL, NULL, NULL, NULL, NULL, NULL, NULL, NULL, NULL, NULL, NULL, NULL),
(62207, NULL, 286, 'Leçon 1', 0, 0, 'item_lesson', '', '', 0, NULL, 1, 'cl02h7lcr00013f68tlu25ghb', NULL, NULL, NULL, NULL, 0, '', '', '', '', 0, NULL, NULL),
(62208, NULL, 286, 'Leçon 2', 0, 0, 'item_lesson', '', '', 1, NULL, 1, 'cl02h7qqu00073f682gefyh2y', NULL, NULL, NULL, NULL, 0, '', '', '', '', 0, NULL, NULL),
(62209, NULL, 286, 'Leçon 3', 0, 0, 'item_lesson', '', '', 2, NULL, 1, 'cl02h7vh6000b3f68xmesn08i', NULL, NULL, NULL, NULL, 0, '', '', '', '', 0, NULL, NULL),
(62210, 62207, NULL, 'L1 ex', 0, 0, 'item_exercise', '', '', 1, NULL, 0, 'cl02h89fl000j3f682mixa9w1', 74, NULL, NULL, NULL, NULL, NULL, NULL, NULL, NULL, NULL, NULL, NULL),
(62211, 62207, NULL, 'L1 ex1', 0, 0, 'item_exercise', '', '', 0, NULL, NULL, 'cl02h844d000f3f68gpduydf7', 74, NULL, NULL, NULL, NULL, NULL, NULL, NULL, NULL, NULL, NULL, NULL),
(62212, 62207, NULL, 'L1 ex3', 0, 0, 'item_exercise', '', '', 2, NULL, NULL, 'cl02h8e1i000n3f68rruo9wfi', NULL, NULL, NULL, NULL, NULL, NULL, NULL, NULL, NULL, NULL, NULL, NULL),
(62213, 62208, NULL, 'L2 ex1', 0, 0, 'item_exercise', '', '', 0, NULL, NULL, 'cl02h8kfu000r3f68cs84oz5l', NULL, NULL, NULL, NULL, NULL, NULL, NULL, NULL, NULL, NULL, NULL, NULL),
(62214, 62208, NULL, 'L2 ex2', 0, 0, 'item_exercise', '', '', 1, NULL, NULL, 'cl02h8pcp000v3f68a6oddmtu', NULL, NULL, NULL, NULL, NULL, NULL, NULL, NULL, NULL, NULL, NULL, NULL),
(62215, 62208, NULL, 'L2 ex3', 0, 0, 'item_exercise', '', '', 2, NULL, NULL, 'cl02h8twr000z3f686eb52faa', NULL, NULL, NULL, NULL, NULL, NULL, NULL, NULL, NULL, NULL, NULL, NULL),
(62216, 62209, NULL, 'L3 ex1', 0, 0, 'item_exercise', '', '', 0, NULL, NULL, 'cl02h8y3300133f68jm0wg46h', NULL, NULL, NULL, NULL, NULL, NULL, NULL, NULL, NULL, NULL, NULL, NULL),
(62217, 62209, NULL, 'L3 ex2', 0, 0, 'item_exercise', '', '', 1, NULL, NULL, 'cl02h92dp00173f687b06u1b2', NULL, NULL, NULL, NULL, NULL, NULL, NULL, NULL, NULL, NULL, NULL, NULL),
(62218, 62209, NULL, 'L3 ex3', 0, 0, 'item_exercise', '', '', 2, NULL, NULL, 'cl02h98tb001b3f683afaobva', NULL, NULL, NULL, NULL, NULL, NULL, NULL, NULL, NULL, NULL, NULL, NULL),
(62219, 62228, NULL, 'Exercice 1', NULL, NULL, 'item_exercise', NULL, NULL, 0, NULL, NULL, 'cl02mxeby000w3f68nfehy97c', NULL, NULL, NULL, NULL, NULL, NULL, NULL, NULL, NULL, NULL, NULL, NULL),
(62220, 62228, NULL, 'Exercice 2', NULL, NULL, 'item_exercise', NULL, NULL, 1, NULL, NULL, 'cl02mxeby000y3f682hf81zsc', NULL, NULL, NULL, NULL, NULL, NULL, NULL, NULL, NULL, NULL, NULL, NULL),
(62221, 62228, NULL, 'Exercice 3', NULL, NULL, 'item_exercise', NULL, NULL, 2, NULL, NULL, 'cl02mxeby00103f68fe9khnhh', NULL, NULL, NULL, NULL, NULL, NULL, NULL, NULL, NULL, NULL, NULL, NULL),
(62222, 62229, NULL, 'Exercice 4', NULL, NULL, 'item_exercise', NULL, NULL, 0, NULL, NULL, 'cl02mxeby00123f68kkcd3gug', NULL, NULL, NULL, NULL, NULL, NULL, NULL, NULL, NULL, NULL, NULL, NULL),
(62223, 62229, NULL, 'Exercice 5', NULL, NULL, 'item_exercise', NULL, NULL, 1, NULL, NULL, 'cl02mxeby00143f68m9xa5tnj', NULL, NULL, NULL, NULL, NULL, NULL, NULL, NULL, NULL, NULL, NULL, NULL),
(62224, 62229, NULL, 'Exercice 6', NULL, NULL, 'item_exercise', NULL, NULL, 2, NULL, NULL, 'cl02mxeby00163f68pdnkjrg8', NULL, NULL, NULL, NULL, NULL, NULL, NULL, NULL, NULL, NULL, NULL, NULL),
(62225, 62230, NULL, 'Exercice 7', NULL, NULL, 'item_exercise', NULL, NULL, 0, 1, NULL, 'cl02mxebz00183f685xra3ipv', NULL, NULL, NULL, NULL, NULL, NULL, NULL, NULL, NULL, NULL, NULL, NULL),
(62226, 62230, NULL, 'Exercice 8', NULL, NULL, 'item_exercise', NULL, NULL, 1, 1, NULL, 'cl02mxebz001a3f68oyitkoro', NULL, NULL, NULL, NULL, NULL, NULL, NULL, NULL, NULL, NULL, NULL, NULL),
(62227, 62230, NULL, 'Exercice 9', NULL, NULL, 'item_exercise', NULL, NULL, 2, 1, NULL, 'cl02mxebz001c3f68njr3tsbg', NULL, NULL, NULL, NULL, NULL, NULL, NULL, NULL, NULL, NULL, NULL, NULL),
(62228, NULL, 287, 'Leçon 1', NULL, NULL, 'item_lesson', NULL, NULL, 0, NULL, 1, 'cl02mxeby000q3f68dycnwb1w', NULL, NULL, NULL, NULL, 0, NULL, NULL, NULL, NULL, 0, NULL, NULL),
(62229, NULL, 287, 'Leçon 2', NULL, NULL, 'item_lesson', NULL, NULL, 1, NULL, 1, 'cl02mxeby000s3f68iy0teo47', NULL, NULL, NULL, NULL, 0, NULL, NULL, NULL, NULL, 0, NULL, NULL),
(62230, NULL, 287, 'Leçon 3', NULL, NULL, 'item_lesson', NULL, NULL, 2, NULL, 1, 'cl02mxeby000u3f68153ue1bl', NULL, NULL, NULL, NULL, 0, NULL, NULL, NULL, NULL, 0, NULL, NULL),
(62231, 62240, NULL, 'Exercice 2', NULL, NULL, 'item_exercise', NULL, NULL, 1, NULL, NULL, 'cl0m8mvz300083e6ani56e8qu', NULL, NULL, NULL, NULL, NULL, NULL, NULL, NULL, NULL, NULL, NULL, NULL),
(62232, 62240, NULL, 'Exercice 1', NULL, NULL, 'item_exercise', NULL, NULL, 0, NULL, NULL, 'cl0m8mvz200063e6awtyacjsh', 74, NULL, NULL, NULL, NULL, NULL, NULL, NULL, NULL, NULL, NULL, NULL),
(62233, 62240, NULL, 'Exercice 3', NULL, NULL, 'item_exercise', NULL, NULL, 2, NULL, NULL, 'cl0m8mvz3000a3e6auy9qgm7n', NULL, NULL, NULL, NULL, NULL, NULL, NULL, NULL, NULL, NULL, NULL, NULL),
(62234, 62241, NULL, 'Exercice 4', NULL, NULL, 'item_exercise', NULL, NULL, 0, NULL, NULL, 'cl0m8mvz3000c3e6aed9cml4c', NULL, NULL, NULL, NULL, NULL, NULL, NULL, NULL, NULL, NULL, NULL, NULL),
(62235, 62241, NULL, 'Exercice 5', NULL, NULL, 'item_exercise', NULL, NULL, 1, NULL, NULL, 'cl0m8mvz3000e3e6advvn84fb', NULL, NULL, NULL, NULL, NULL, NULL, NULL, NULL, NULL, NULL, NULL, NULL),
(62236, 62241, NULL, 'Exercice 6', NULL, NULL, 'item_exercise', NULL, NULL, 2, NULL, NULL, 'cl0m8mvz3000g3e6ac31bp1l1', NULL, NULL, NULL, NULL, NULL, NULL, NULL, NULL, NULL, NULL, NULL, NULL),
(62237, 62242, NULL, 'Exercice 7', NULL, NULL, 'item_exercise', NULL, NULL, 0, NULL, NULL, 'cl0m8mvz3000i3e6ao6ey81cq', NULL, NULL, NULL, NULL, NULL, NULL, NULL, NULL, NULL, NULL, NULL, NULL),
(62238, 62242, NULL, 'Exercice 8', NULL, NULL, 'item_exercise', NULL, NULL, 1, NULL, NULL, 'cl0m8mvz3000k3e6anbzdza43', NULL, NULL, NULL, NULL, NULL, NULL, NULL, NULL, NULL, NULL, NULL, NULL),
(62239, 62242, NULL, 'Exercice 9', NULL, NULL, 'item_exercise', NULL, NULL, 2, NULL, NULL, 'cl0m8mvz3000m3e6a2ynr0yh5', NULL, NULL, NULL, NULL, NULL, NULL, NULL, NULL, NULL, NULL, NULL, NULL),
(62240, NULL, 288, 'Leçon 1', NULL, NULL, 'item_lesson', NULL, NULL, 0, NULL, 1, 'cl0m8mvz200003e6aadgfioa2', NULL, NULL, NULL, NULL, 0, NULL, NULL, NULL, NULL, 0, NULL, NULL),
(62241, NULL, 288, 'Leçon 2', NULL, NULL, 'item_lesson', NULL, NULL, 1, NULL, 1, 'cl0m8mvz200023e6an9gvdkxt', NULL, NULL, NULL, NULL, 0, NULL, NULL, NULL, NULL, 0, NULL, NULL),
(62242, NULL, 288, 'Leçon 3', NULL, NULL, 'item_lesson', NULL, NULL, 2, NULL, 1, 'cl0m8mvz200043e6ahnta335u', NULL, NULL, NULL, NULL, 0, NULL, NULL, NULL, NULL, 0, NULL, NULL),
(62243, 62249, NULL, 'Exercice 1', NULL, NULL, 'item_exercise', NULL, NULL, 0, NULL, NULL, 'cl0m9ncqy00063e6adhwlc01h', 75, 341, NULL, NULL, NULL, NULL, NULL, NULL, NULL, NULL, NULL, NULL),
(62244, 62249, NULL, 'Exercice 2', NULL, NULL, 'item_exercise', NULL, NULL, 1, NULL, NULL, 'cl0m9ncqy00083e6a04mkfhey', 75, 341, NULL, NULL, NULL, NULL, NULL, NULL, NULL, NULL, NULL, NULL),
(62245, 62250, NULL, 'Exercice 3', NULL, NULL, 'item_exercise', NULL, NULL, 0, NULL, NULL, 'cl0m9ncqy000a3e6aluqkud3f', 75, 341, NULL, NULL, NULL, NULL, NULL, NULL, NULL, NULL, NULL, NULL),
(62246, 62250, NULL, 'Exercice 4', NULL, NULL, 'item_exercise', NULL, NULL, 1, NULL, NULL, 'cl0m9ncqy000c3e6ae9kk03wk', 75, 341, NULL, NULL, NULL, NULL, NULL, NULL, NULL, NULL, NULL, NULL),
(62247, 62251, NULL, 'Exercice 5', NULL, NULL, 'item_exercise', NULL, NULL, 0, NULL, NULL, 'cl0m9ncqy000e3e6ae4tr9dww', 75, 341, NULL, NULL, NULL, NULL, NULL, NULL, NULL, NULL, NULL, NULL),
(62248, 62251, NULL, 'Exercice 6', NULL, NULL, 'item_exercise', NULL, NULL, 1, NULL, NULL, 'cl0m9ncqy000g3e6auv5tthbz', 75, 341, NULL, NULL, NULL, NULL, NULL, NULL, NULL, NULL, NULL, NULL),
(62249, NULL, 289, 'Leçon 1', NULL, NULL, 'item_lesson', NULL, NULL, 0, NULL, 1, 'cl0m9ncqx00003e6abi3apja2', NULL, NULL, NULL, NULL, 0, NULL, NULL, NULL, NULL, 0, NULL, NULL),
(62250, NULL, 289, 'Leçon 2', NULL, NULL, 'item_lesson', NULL, NULL, 1, NULL, 1, 'cl0m9ncqy00023e6ach93nqko', NULL, NULL, NULL, NULL, 0, NULL, NULL, NULL, NULL, 0, NULL, NULL),
(62251, NULL, 289, 'Leçon 3', NULL, NULL, 'item_lesson', NULL, NULL, 2, NULL, 1, 'cl0m9ncqy00043e6a6dx4f13o', NULL, NULL, NULL, NULL, 0, NULL, NULL, NULL, NULL, 0, NULL, NULL),
(62270, 62276, NULL, 'Exercice 1', NULL, NULL, 'item_exercise', NULL, NULL, 0, NULL, NULL, 'cl0m9ncqy00063e6adhwlc01h', 75, 341, NULL, NULL, NULL, NULL, NULL, NULL, NULL, NULL, NULL, NULL),
(62271, 62276, NULL, 'Exercice 2', NULL, NULL, 'item_exercise', NULL, NULL, 1, NULL, NULL, 'cl0m9ncqy00083e6a04mkfhey', 75, 341, NULL, NULL, NULL, NULL, NULL, NULL, NULL, NULL, NULL, NULL),
(62272, 62277, NULL, 'Exercice 3', NULL, NULL, 'item_exercise', NULL, NULL, 0, NULL, NULL, 'cl0m9ncqy000a3e6aluqkud3f', 75, 341, NULL, NULL, NULL, NULL, NULL, NULL, NULL, NULL, NULL, NULL),
(62273, 62277, NULL, 'Exercice 4', NULL, NULL, 'item_exercise', NULL, NULL, 1, NULL, NULL, 'cl0m9ncqy000c3e6ae9kk03wk', 75, 341, NULL, NULL, NULL, NULL, NULL, NULL, NULL, NULL, NULL, NULL),
(62274, 62278, NULL, 'Exercice 5', NULL, NULL, 'item_exercise', NULL, NULL, 0, NULL, NULL, 'cl0m9ncqy000e3e6ae4tr9dww', 75, 341, NULL, NULL, NULL, NULL, NULL, NULL, NULL, NULL, NULL, NULL),
(62275, 62278, NULL, 'Exercice 6', NULL, NULL, 'item_exercise', NULL, NULL, 1, NULL, NULL, 'cl0m9ncqy000g3e6auv5tthbz', 75, 341, NULL, NULL, NULL, NULL, NULL, NULL, NULL, NULL, NULL, NULL),
(62276, NULL, 292, 'Leçon 1', NULL, NULL, 'item_lesson', NULL, NULL, 0, NULL, 1, 'cl0m9ncqx00003e6abi3apja2', NULL, NULL, NULL, NULL, 0, NULL, NULL, NULL, NULL, 0, NULL, NULL),
(62277, NULL, 292, 'Leçon 2', NULL, NULL, 'item_lesson', NULL, NULL, 1, NULL, 1, 'cl0m9ncqy00023e6ach93nqko', NULL, NULL, NULL, NULL, 0, NULL, NULL, NULL, NULL, 0, NULL, NULL),
(62278, NULL, 292, 'Leçon 3', NULL, NULL, 'item_lesson', NULL, NULL, 2, NULL, 1, 'cl0m9ncqy00043e6a6dx4f13o', NULL, NULL, NULL, NULL, 0, NULL, NULL, NULL, NULL, 0, NULL, NULL),
(62279, NULL, 295, 'Leçon 1', NULL, NULL, 'item_lesson', NULL, NULL, 0, NULL, NULL, 'cl0v7u2cc0000386g6vdgz2ew', NULL, NULL, NULL, NULL, 0, NULL, NULL, NULL, NULL, 0, NULL, NULL),
(62280, NULL, 295, 'Leçon 3', NULL, NULL, 'item_lesson', NULL, NULL, 1, NULL, NULL, 'cl0v7u2cc0004386gn6wthd8c', NULL, NULL, NULL, NULL, 0, NULL, NULL, NULL, NULL, 0, NULL, NULL),
(62281, NULL, 295, 'Leçon 2', NULL, NULL, 'item_lesson', NULL, NULL, 2, NULL, NULL, 'cl0v7u2cc0002386gfy7a33p2', NULL, NULL, NULL, NULL, 0, NULL, NULL, NULL, NULL, 0, NULL, NULL),
(62282, NULL, 295, 'Leçon 4', NULL, NULL, 'item_lesson', NULL, NULL, 3, NULL, NULL, 'cl0v7u2cc0006386g9wbvo7s8', NULL, NULL, NULL, NULL, 0, NULL, NULL, NULL, NULL, 0, NULL, NULL),
(62283, NULL, 295, 'Leçon 5', NULL, NULL, 'item_lesson', NULL, NULL, 4, NULL, NULL, 'cl0v7u2cc0008386g6omfumtb', NULL, NULL, NULL, NULL, 0, NULL, NULL, NULL, NULL, 0, NULL, NULL),
(62290, NULL, 297, 'Leçon 1', NULL, NULL, 'item_lesson', NULL, NULL, 0, NULL, NULL, 'cl0v7u2cc0000386g6vdgz2ew', NULL, NULL, NULL, NULL, 0, NULL, NULL, NULL, NULL, 0, NULL, NULL),
(62291, NULL, 297, 'Leçon 3', NULL, NULL, 'item_lesson', NULL, NULL, 1, NULL, NULL, 'cl0v7u2cc0004386gn6wthd8c', NULL, NULL, NULL, NULL, 0, NULL, NULL, NULL, NULL, 0, NULL, NULL),
(62292, NULL, 297, 'Leçon 2', NULL, NULL, 'item_lesson', NULL, NULL, 2, NULL, NULL, 'cl0v7u2cc0002386gfy7a33p2', NULL, NULL, NULL, NULL, 0, NULL, NULL, NULL, NULL, 0, NULL, NULL),
(62293, NULL, 297, 'Leçon 4', NULL, NULL, 'item_lesson', NULL, NULL, 3, NULL, NULL, 'cl0v7u2cc0006386g9wbvo7s8', NULL, NULL, NULL, NULL, 0, NULL, NULL, NULL, NULL, 0, NULL, NULL),
(62294, NULL, 297, 'Leçon 5', NULL, NULL, 'item_lesson', NULL, NULL, 4, NULL, NULL, 'cl0v7u2cc0008386g6omfumtb', NULL, NULL, NULL, NULL, 0, NULL, NULL, NULL, NULL, 0, NULL, NULL),
(62295, 62299, NULL, '1', 0, 0, 'item_exercise', '', '', 0, NULL, 1, 'cl10r6m49000b3v68jqplxlbu', 77, NULL, NULL, NULL, NULL, NULL, NULL, NULL, NULL, NULL, NULL, NULL),
(62296, 62299, NULL, '2', 0, 0, 'item_exercise', '', '', 1, NULL, NULL, 'cl10r6okd000d3v68gd2bkxt9', 79, NULL, NULL, NULL, NULL, NULL, NULL, NULL, NULL, NULL, NULL, NULL),
(62297, 62300, NULL, '3', 0, 0, 'item_exercise', '', '', 0, NULL, NULL, 'cl10r6s13000j3v68tkapj1j0', 79, NULL, NULL, NULL, NULL, NULL, NULL, NULL, NULL, NULL, NULL, NULL),
(62298, 62300, NULL, '4', 0, 0, 'item_exercise', '', '', 1, NULL, NULL, 'cl10r6vl5000n3v686grzewv4', NULL, NULL, NULL, NULL, NULL, NULL, NULL, NULL, NULL, NULL, NULL, NULL),
(62299, NULL, 298, '1', 0, 0, 'item_lesson', '', '', 0, NULL, 1, 'cl10r6ew800013v681bphjtiq', NULL, NULL, NULL, NULL, 0, '', '', '', '', 0, NULL, NULL),
(62300, NULL, 298, '2', 0, 0, 'item_lesson', '', '', 1, NULL, 1, 'cl10r6ild00073v68n5uu3qns', NULL, NULL, NULL, NULL, 0, '', '', '', '', 0, NULL, NULL),
(62301, 62305, NULL, '1', 0, 0, 'item_exercise', '', '', 0, NULL, 1, 'cl10r6m49000b3v68jqplxlbu', 79, NULL, NULL, NULL, NULL, NULL, NULL, NULL, NULL, NULL, NULL, NULL),
(62302, 62305, NULL, '2', 0, 0, 'item_exercise', '', '', 1, NULL, NULL, 'cl10r6okd000d3v68gd2bkxt9', 79, NULL, NULL, NULL, NULL, NULL, NULL, NULL, NULL, NULL, NULL, NULL),
(62303, 62306, NULL, '3', 0, 0, 'item_exercise', '', '', 0, NULL, 1, 'cl10r6s13000j3v68tkapj1j0', 79, NULL, NULL, NULL, NULL, NULL, NULL, NULL, NULL, NULL, NULL, NULL),
(62304, 62306, NULL, '4', 0, 0, 'item_exercise', '', '', 1, NULL, NULL, 'cl10r6vl5000n3v686grzewv4', NULL, NULL, NULL, NULL, NULL, NULL, NULL, NULL, NULL, NULL, NULL, NULL),
(62305, NULL, 299, '1', 0, 0, 'item_lesson', '', '', 0, NULL, 1, 'cl10r6ew800013v681bphjtiq', NULL, NULL, NULL, NULL, 0, '', '', '', '', 0, NULL, NULL),
(62306, NULL, 299, '2', 0, 0, 'item_lesson', '', '', 1, NULL, 1, 'cl10r6ild00073v68n5uu3qns', NULL, NULL, NULL, NULL, 0, '', '', '', '', 0, NULL, NULL),
(62307, 62311, NULL, '1', 0, 0, 'item_exercise', '', '', 0, 3, 1, 'cl10r6m49000b3v68jqplxlbu', 79, 396, NULL, NULL, NULL, NULL, NULL, NULL, NULL, NULL, NULL, NULL),
(62308, 62311, NULL, '2', 0, 0, 'item_exercise', '', '', 1, 3, NULL, 'cl10r6okd000d3v68gd2bkxt9', 79, 396, NULL, NULL, NULL, NULL, NULL, NULL, NULL, NULL, NULL, NULL),
(62309, 62312, NULL, '3', 0, 0, 'item_exercise', '', '', 0, NULL, 1, 'cl10r6s13000j3v68tkapj1j0', 79, 396, NULL, NULL, NULL, NULL, NULL, NULL, NULL, NULL, NULL, NULL),
(62310, 62312, NULL, '4', 0, 0, 'item_exercise', '', '', 1, NULL, NULL, 'cl10r6vl5000n3v686grzewv4', 79, 396, NULL, NULL, NULL, NULL, NULL, NULL, NULL, NULL, NULL, NULL),
(62311, NULL, 300, '1', 0, 0, 'item_lesson', '', '', 0, NULL, 1, 'cl10r6ew800013v681bphjtiq', NULL, NULL, NULL, NULL, 0, '', '', '', '', 0, NULL, NULL),
(62312, NULL, 300, '2', 0, 0, 'item_lesson', '', '', 1, NULL, 1, 'cl10r6ild00073v68n5uu3qns', NULL, NULL, NULL, NULL, 0, '', '', '', '', 0, NULL, NULL),
(62313, 62317, NULL, 'E1', 0, 0, 'item_exercise', '', '', 0, NULL, NULL, 'cl10sax4d000d266967z2fwih', 79, NULL, NULL, NULL, NULL, NULL, NULL, NULL, NULL, NULL, NULL, NULL),
(62314, 62317, NULL, 'E2', 0, 0, 'item_exercise', '', '', 1, NULL, NULL, 'cl10sb34o000h2669n4ak81mk', 79, NULL, NULL, NULL, NULL, NULL, NULL, NULL, NULL, NULL, NULL, NULL),
(62315, 62318, NULL, 'E3', 0, 0, 'item_exercise', '', '', 0, NULL, NULL, 'cl10sb6sl000l2669evker944', 79, NULL, NULL, NULL, NULL, NULL, NULL, NULL, NULL, NULL, NULL, NULL),
(62316, 62318, NULL, 'E4', 0, 0, 'item_exercise', '', '', 1, NULL, NULL, 'cl10sbb19000p2669tn3iabx4', 79, NULL, NULL, NULL, NULL, NULL, NULL, NULL, NULL, NULL, NULL, NULL),
(62317, NULL, 301, 'S1', 0, 0, 'item_lesson', '', '', 0, NULL, 1, 'cl10samkd00012669yj1kpytf', NULL, NULL, NULL, NULL, 0, '', '', '', '', 0, NULL, NULL),
(62318, NULL, 301, 'S2', 0, 0, 'item_lesson', '', '', 1, NULL, 1, 'cl10saqnx00032669vj45cnfa', NULL, NULL, NULL, NULL, 0, '', '', '', '', 0, NULL, NULL),
(62319, 62323, NULL, 'E1', 0, 0, 'item_exercise', '', '', 0, NULL, NULL, 'cl10sax4d000d266967z2fwih', 79, NULL, NULL, NULL, NULL, NULL, NULL, NULL, NULL, NULL, NULL, NULL),
(62320, 62323, NULL, 'E2', 0, 0, 'item_exercise', '', '', 1, NULL, NULL, 'cl10sb34o000h2669n4ak81mk', 79, NULL, NULL, NULL, NULL, NULL, NULL, NULL, NULL, NULL, NULL, NULL),
(62321, 62324, NULL, 'E3', 0, 0, 'item_exercise', '', '', 0, NULL, NULL, 'cl10sb6sl000l2669evker944', 79, NULL, NULL, NULL, NULL, NULL, NULL, NULL, NULL, NULL, NULL, NULL),
(62322, 62324, NULL, 'E4', 0, 0, 'item_exercise', '', '', 1, NULL, NULL, 'cl10sbb19000p2669tn3iabx4', 79, NULL, NULL, NULL, NULL, NULL, NULL, NULL, NULL, NULL, NULL, NULL),
(62323, NULL, 302, 'S1', 0, 0, 'item_lesson', '', '', 0, NULL, 1, 'cl10samkd00012669yj1kpytf', NULL, NULL, NULL, NULL, 0, '', '', '', '', 0, NULL, NULL),
(62324, NULL, 302, 'S2', 0, 0, 'item_lesson', '', '', 1, NULL, 1, 'cl10saqnx00032669vj45cnfa', NULL, NULL, NULL, NULL, 0, '', '', '', '', 0, NULL, NULL),
(62328, 62332, NULL, 'E1', 0, 0, 'item_exercise', '', '', 0, NULL, NULL, 'cl10si7ue00432669z0whsyuh', 79, NULL, NULL, NULL, NULL, NULL, NULL, NULL, NULL, NULL, NULL, NULL),
(62329, 62332, NULL, 'E2', 0, 0, 'item_exercise', '', '', 1, NULL, NULL, 'cl10sid0t00472669e8h6j7ur', 79, NULL, NULL, NULL, NULL, NULL, NULL, NULL, NULL, NULL, NULL, NULL),
(62330, 62333, NULL, 'E3', 0, 0, 'item_exercise', '', '', 0, NULL, NULL, 'cl10sihh6004b2669n4frcheo', 79, NULL, NULL, NULL, NULL, NULL, NULL, NULL, NULL, NULL, NULL, NULL),
(62331, 62333, NULL, 'E4', 0, 0, 'item_exercise', '', '', 1, NULL, NULL, 'cl10simq5004f2669w1rxi6gs', 79, NULL, NULL, NULL, NULL, NULL, NULL, NULL, NULL, NULL, NULL, NULL),
(62332, NULL, 304, 'S1', 0, 0, 'item_lesson', '', '', 0, NULL, 1, 'cl10shsg1003v2669qi240iyy', NULL, NULL, NULL, NULL, 0, '', '', '', '', 0, NULL, NULL),
(62333, NULL, 304, 'S2', 0, 0, 'item_lesson', '', '', 1, NULL, 1, 'cl10shy25003z2669gt7sfvap', NULL, NULL, NULL, NULL, 0, '', '', '', '', 0, NULL, NULL),
(62340, 62344, NULL, 'E1', 0, 0, 'item_exercise', '', '', 0, NULL, NULL, 'cl1145nf7000b2669rmdksd3m', NULL, NULL, NULL, NULL, NULL, NULL, NULL, NULL, NULL, NULL, NULL, NULL),
(62341, 62344, NULL, 'E2', 0, 0, 'item_exercise', '', '', 1, NULL, NULL, 'cl1145rmj000f2669le3a3wqc', NULL, NULL, NULL, NULL, NULL, NULL, NULL, NULL, NULL, NULL, NULL, NULL),
(62342, 62345, NULL, 'E3', 0, 0, 'item_exercise', '', '', 0, NULL, NULL, 'cl1145vin000j2669busyuq6a', NULL, NULL, NULL, NULL, NULL, NULL, NULL, NULL, NULL, NULL, NULL, NULL),
(62343, 62345, NULL, 'E4', 0, 0, 'item_exercise', '', '', 1, NULL, NULL, 'cl114614i000n2669zvbqecsp', NULL, NULL, NULL, NULL, NULL, NULL, NULL, NULL, NULL, NULL, NULL, NULL),
(62344, NULL, 306, 'S1', 0, 0, 'item_lesson', '', '', 0, NULL, 1, 'cl114580q00012669zvefew56', NULL, NULL, NULL, NULL, 0, '', '', '', '', 0, NULL, NULL),
(62345, NULL, 306, 'S2', 0, 0, 'item_lesson', '', '', 1, NULL, 1, 'cl1145gsv0007266929v7wb7e', NULL, NULL, NULL, NULL, 0, '', '', '', '', 0, NULL, NULL),
(62346, 62350, NULL, 'E1', 0, 0, 'item_exercise', '', '', 0, NULL, NULL, 'cl10sax4d000d266967z2fwih', 79, NULL, NULL, NULL, NULL, NULL, NULL, NULL, NULL, NULL, NULL, 396),
(62347, 62350, NULL, 'E2', 0, 0, 'item_exercise', '', '', 1, NULL, NULL, 'cl10sb34o000h2669n4ak81mk', 79, NULL, NULL, NULL, NULL, NULL, NULL, NULL, NULL, NULL, NULL, 396),
(62348, 62351, NULL, 'E3', 0, 0, 'item_exercise', '', '', 0, NULL, NULL, 'cl10sb6sl000l2669evker944', 79, 395, NULL, NULL, NULL, NULL, NULL, NULL, NULL, NULL, NULL, 395),
(62349, 62351, NULL, 'E4', 0, 0, 'item_exercise', '', '', 1, NULL, NULL, 'cl10sbb19000p2669tn3iabx4', 79, 395, NULL, NULL, NULL, NULL, NULL, NULL, NULL, NULL, NULL, 395),
(62350, NULL, 307, 'S1', 0, 0, 'item_lesson', '', '', 0, NULL, 1, 'cl10samkd00012669yj1kpytf', NULL, NULL, NULL, NULL, 0, '', '', '', '', 0, NULL, NULL),
(62351, NULL, 307, 'S2', 0, 0, 'item_lesson', '', '', 1, NULL, 1, 'cl10saqnx00032669vj45cnfa', NULL, NULL, NULL, NULL, 0, '', '', '', '', 0, NULL, NULL),
(62388, 62392, NULL, 'E1', 0, 0, 'item_exercise', '', '', 0, NULL, NULL, 'cl10sax4d000d266967z2fwih', 79, NULL, NULL, NULL, NULL, NULL, NULL, NULL, NULL, NULL, NULL, 396),
(62389, 62392, NULL, 'E2', 0, 0, 'item_exercise', '', '', 1, NULL, NULL, 'cl10sb34o000h2669n4ak81mk', 79, NULL, NULL, NULL, NULL, NULL, NULL, NULL, NULL, NULL, NULL, 396),
(62390, 62393, NULL, 'E3', 0, 0, 'item_exercise', '', '', 0, NULL, NULL, 'cl10sb6sl000l2669evker944', 79, 395, NULL, NULL, NULL, NULL, NULL, NULL, NULL, NULL, NULL, 395),
(62391, 62393, NULL, 'E4', 0, 0, 'item_exercise', '', '', 1, NULL, NULL, 'cl10sbb19000p2669tn3iabx4', 79, 395, NULL, NULL, NULL, NULL, NULL, NULL, NULL, NULL, NULL, 395),
(62392, NULL, 311, 'S1', 0, 0, 'item_lesson', '', '', 0, NULL, 1, 'cl10samkd00012669yj1kpytf', NULL, NULL, NULL, NULL, 0, '', '', '', '', 0, NULL, NULL),
(62393, NULL, 311, 'S2', 0, 0, 'item_lesson', '', '', 1, NULL, 1, 'cl10saqnx00032669vj45cnfa', NULL, NULL, NULL, NULL, 0, '', '', '', '', 0, NULL, NULL),
(62394, 62398, NULL, 'E1', 0, 0, 'item_exercise', '', '', 0, NULL, NULL, 'cl10sax4d000d266967z2fwih', 79, 396, NULL, NULL, NULL, NULL, NULL, NULL, NULL, NULL, NULL, 395),
(62395, 62398, NULL, 'E2', 0, 0, 'item_exercise', '', '', 1, NULL, NULL, 'cl10sb34o000h2669n4ak81mk', 79, 396, NULL, NULL, NULL, NULL, NULL, NULL, NULL, NULL, NULL, 395),
(62396, 62399, NULL, 'E3', 0, 0, 'item_exercise', '', '', 0, NULL, NULL, 'cl10sb6sl000l2669evker944', 79, 396, NULL, NULL, NULL, NULL, NULL, NULL, NULL, NULL, NULL, 395),
(62397, 62399, NULL, 'E4', 0, 0, 'item_exercise', '', '', 1, NULL, NULL, 'cl10sbb19000p2669tn3iabx4', 79, 396, NULL, NULL, NULL, NULL, NULL, NULL, NULL, NULL, NULL, 395),
(62398, NULL, 312, 'S1', 0, 0, 'item_lesson', '', '', 0, NULL, 1, 'cl10samkd00012669yj1kpytf', NULL, NULL, NULL, NULL, 0, '', '', '', '', 0, NULL, NULL),
(62399, NULL, 312, 'S2', 0, 0, 'item_lesson', '', '', 1, NULL, 1, 'cl10saqnx00032669vj45cnfa', NULL, NULL, NULL, NULL, 0, '', '', '', '', 0, NULL, NULL),
(62406, 62410, NULL, 'E1', 0, 0, 'item_exercise', '', '', 0, NULL, NULL, 'cl10sax4d000d266967z2fwih', 79, 396, NULL, NULL, NULL, NULL, NULL, NULL, NULL, NULL, NULL, 395),
(62407, 62410, NULL, 'E2', 0, 0, 'item_exercise', '', '', 1, NULL, NULL, 'cl10sb34o000h2669n4ak81mk', 79, 396, NULL, NULL, NULL, NULL, NULL, NULL, NULL, NULL, NULL, 395),
(62408, 62411, NULL, 'E3', 0, 0, 'item_exercise', '', '', 0, NULL, NULL, 'cl10sb6sl000l2669evker944', 79, 396, NULL, NULL, NULL, NULL, NULL, NULL, NULL, NULL, NULL, 395),
(62409, 62411, NULL, 'E4', 0, 0, 'item_exercise', '', '', 1, NULL, NULL, 'cl10sbb19000p2669tn3iabx4', 79, 396, NULL, NULL, NULL, NULL, NULL, NULL, NULL, NULL, NULL, 395),
(62410, NULL, 314, 'S1', 0, 0, 'item_lesson', '', '', 0, NULL, 1, 'cl10samkd00012669yj1kpytf', NULL, NULL, NULL, NULL, 0, '', '', '', '', 0, NULL, NULL),
(62411, NULL, 314, 'S2', 0, 0, 'item_lesson', '', '', 1, NULL, 1, 'cl10saqnx00032669vj45cnfa', NULL, NULL, NULL, NULL, 0, '', '', '', '', 0, NULL, NULL),
(62412, 62416, NULL, 'E1', 0, 0, 'item_exercise', '', '', 0, 4, NULL, 'cl13e0w3r000x3e6aj00llh5f', 79, 395, NULL, NULL, NULL, NULL, NULL, NULL, NULL, NULL, NULL, NULL),
(62413, 62416, NULL, 'E2', 0, 0, 'item_exercise', '', '', 1, 2, NULL, 'cl13e0ztv00113e6att29cito', 79, 395, NULL, NULL, NULL, NULL, NULL, NULL, NULL, NULL, NULL, NULL),
(62414, 62417, NULL, 'E3', 0, 0, 'item_exercise', '', '', 0, 4, NULL, 'cl13e133m00153e6asf3si4q1', 79, 395, NULL, NULL, NULL, NULL, NULL, NULL, NULL, NULL, NULL, NULL),
(62415, 62417, NULL, 'E4', 0, 0, 'item_exercise', '', '', 1, NULL, NULL, 'cl13e16rg00193e6a2w0h6paz', 79, 395, NULL, NULL, NULL, NULL, NULL, NULL, NULL, NULL, NULL, NULL),
(62416, NULL, 315, 'S1', 0, 0, 'item_lesson', '', '', 0, NULL, 1, 'cl13e0o23000p3e6a8j51f3ji', NULL, NULL, NULL, NULL, 0, '', '', '', '', 0, NULL, NULL),
(62417, NULL, 315, 'S2', 0, 0, 'item_lesson', '', '', 1, NULL, 1, 'cl13e0rlg000t3e6abpz11wqm', NULL, NULL, NULL, NULL, 0, '', '', '', '', 0, NULL, NULL),
(62418, 62422, NULL, 'E1', 0, 0, 'item_exercise', '', '', 0, 5, NULL, 'cl13e0w3r000x3e6aj00llh5f', 79, 395, NULL, NULL, NULL, NULL, NULL, NULL, NULL, NULL, NULL, NULL),
(62419, 62422, NULL, 'E2', 0, 0, 'item_exercise', '', '', 1, 6, NULL, 'cl13e0ztv00113e6att29cito', 79, 395, NULL, NULL, NULL, NULL, NULL, NULL, NULL, NULL, NULL, NULL),
(62420, 62423, NULL, 'E3', 0, 0, 'item_exercise', '', '', 0, 5, NULL, 'cl13e133m00153e6asf3si4q1', 79, 395, NULL, NULL, NULL, NULL, NULL, NULL, NULL, NULL, NULL, NULL),
(62421, 62423, NULL, 'E4', 0, 0, 'item_exercise', '', '', 1, NULL, NULL, 'cl13e16rg00193e6a2w0h6paz', 79, 395, NULL, NULL, NULL, NULL, NULL, NULL, NULL, NULL, NULL, NULL),
(62422, NULL, 317, 'S1', 0, 0, 'item_lesson', '', '', 0, NULL, 1, 'cl13e0o23000p3e6a8j51f3ji', NULL, NULL, NULL, NULL, 0, '', '', '', '', 0, NULL, NULL),
(62423, NULL, 317, 'S2', 0, 0, 'item_lesson', '', '', 1, NULL, 1, 'cl13e0rlg000t3e6abpz11wqm', NULL, NULL, NULL, NULL, 0, '', '', '', '', 0, NULL, NULL),
(62424, NULL, 310, 'PHASE 1 – MANIA/TOURS DE PISTE', NULL, NULL, 'item_module', NULL, 'À la fin de la phase 1, le pilote stagiaire doit avoir révisé les exercices de pilotage de base aux instruments et être capable de faire un tour de piste en solo de nuit avec des conditions météorologiques favorables.', 0, NULL, 1, 'cl13v12qy00003e6atwpysirf', NULL, NULL, NULL, NULL, 0, NULL, NULL, NULL, NULL, NULL, NULL, NULL),
(62425, NULL, 310, 'PHASE 2 – SOLO ET NAVIGATION', NULL, NULL, 'item_module', NULL, 'À la fin de la phase 2, le pilote stagiaire doit être capable de voler de nuit en tours de piste comme en navigation.', 1, NULL, 1, 'cl13v12qy00023e6ahrnf4o3e', NULL, NULL, NULL, NULL, 0, NULL, NULL, NULL, NULL, NULL, NULL, NULL),
(62426, 62424, NULL, 'Formation au pilotage de base aux instruments du programme PPL(A) - Obligatoire pour les pilotes LAPL(A)', NULL, NULL, 'item_lesson', NULL, 'Piloter l\'avion sans références visuelles extérieures en palier, montée, descente et virage afin de retrouver les conditions VMC.', 0, NULL, 0, 'cl13v12qy00043e6a1pouazgs', NULL, NULL, NULL, NULL, 0, NULL, NULL, NULL, NULL, 0, NULL, NULL),
(62427, 62424, NULL, 'Programme 1', NULL, NULL, 'item_lesson', NULL, 'Mettre en œuvre l\'avion dans un environnement nocturne.\nRéviser les exercices de pilotage de base aux instruments.\nExécuter un tour de piste publié de nuit.', 1, NULL, 1, 'cl13v12qy00063e6a3pqtufbl', NULL, NULL, NULL, NULL, 0, NULL, NULL, NULL, NULL, 0, NULL, NULL),
(62428, 62424, NULL, 'Programme 2', NULL, NULL, 'item_lesson', 'Exécuter des tours de piste de nuit avec pannes.\nPerfectionner sa technique d\'atterrissage de nuit.', NULL, 2, NULL, 1, 'cl13v12qy00083e6at63f4sru', NULL, NULL, NULL, NULL, 0, NULL, NULL, NULL, NULL, 0, NULL, NULL),
(62429, 62424, NULL, 'Programme 3', NULL, NULL, 'item_lesson', NULL, 'Préparer et exécuter une navigation de nuit.\nDéterminer la position de l\'avion en utilisant des moyens de radionavigation lors du vol par référence aux instruments.', 3, NULL, 1, 'cl13v12qy000a3e6a27bbcz3m', NULL, NULL, NULL, NULL, 0, NULL, NULL, NULL, NULL, 0, NULL, NULL),
(62430, 62424, NULL, 'BILAN DE FORMATION / PHASE 1', NULL, NULL, 'item_lesson', NULL, 'À ce stade de la formation, le pilote stagiaire doit avoir révisé les exercices de pilotage de base aux instruments et être capable de faire un tour de piste en solo de nuit avec des conditions météorologiques favorables. ', 4, NULL, 0, 'cl13v12qy000c3e6anz2tkxds', NULL, NULL, NULL, NULL, 1, NULL, NULL, NULL, NULL, 0, NULL, NULL),
(62431, 62425, NULL, 'PROGRAMME 4', NULL, NULL, 'item_lesson', NULL, 'Exécuter 5 atterrissages complets de nuits en solo.', 0, NULL, 0, 'cl13v12qy000e3e6az0stdxef', NULL, NULL, NULL, NULL, 0, NULL, NULL, NULL, NULL, 0, NULL, NULL),
(62432, 62425, NULL, 'PROGRAMME 5', NULL, NULL, 'item_lesson', NULL, 'Exécuter une navigation de nuit de plus de 50 km.', 1, NULL, 0, 'cl13v12qy000g3e6aud24totu', NULL, NULL, NULL, NULL, 0, NULL, NULL, NULL, NULL, 0, NULL, NULL),
(62433, 62425, NULL, 'BILAN DE FORMATION / PHASE 2', NULL, NULL, 'item_lesson', NULL, 'À ce stade de la formation, le pilote stagiaire doit être capable de voler de nuit en tours de piste comme en navigation. ', 2, NULL, 1, 'cl13v12qy000i3e6aimwv2ksa', NULL, NULL, NULL, NULL, 1, NULL, NULL, NULL, NULL, 0, NULL, NULL),
(62434, 62426, NULL, 'Briefing  ', NULL, NULL, 'item_phase', NULL, NULL, 0, NULL, 0, 'cl13v12qy000k3e6a10s75ihr', NULL, NULL, NULL, NULL, NULL, NULL, NULL, NULL, NULL, NULL, NULL, NULL),
(62435, 62426, NULL, 'Exercices en vol', NULL, NULL, 'item_phase', NULL, NULL, 1, NULL, 0, 'cl13v12qy000m3e6aohebnd2s', NULL, NULL, NULL, NULL, NULL, NULL, NULL, NULL, NULL, NULL, NULL, NULL),
(62436, 62434, NULL, 'Pilotage de base aux instruments - FCL210.A xxv.A→C', NULL, NULL, 'item_exercise', NULL, NULL, 0, NULL, NULL, 'cl13v12qy00143e6apwozjvas', 81, NULL, NULL, NULL, NULL, NULL, NULL, NULL, NULL, NULL, NULL, NULL),
(62437, 62434, NULL, 'Illusions sensorielles - FCL210.A xxv.A→C', NULL, NULL, 'item_exercise', NULL, NULL, 1, NULL, NULL, 'cl13v12qy00163e6aaquxexkp', 81, NULL, NULL, NULL, NULL, NULL, NULL, NULL, NULL, NULL, NULL, NULL),
(62438, 62434, NULL, 'Préparation du vol ', NULL, NULL, 'item_exercise', NULL, NULL, 2, NULL, 0, 'cl13v12qz00183e6a273ujp4u', 81, NULL, NULL, NULL, NULL, NULL, NULL, NULL, NULL, NULL, NULL, NULL),
(62439, 62445, NULL, 'Vol horizontal rectiligne à des vitesses différentes et différentes configurations - FCL210.A xxv.D.a', NULL, NULL, 'item_exercise', NULL, NULL, 0, NULL, NULL, 'cl13v12qz001c3e6at1vsedof', 82, NULL, NULL, NULL, NULL, NULL, NULL, NULL, NULL, NULL, NULL, NULL),
(62440, 62445, NULL, 'Demi-tour ', NULL, NULL, 'item_exercise', NULL, NULL, 1, NULL, NULL, 'cl13v12qz001e3e6ajtqwfjei', NULL, NULL, NULL, NULL, NULL, NULL, NULL, NULL, NULL, NULL, NULL, NULL),
(62441, 62445, NULL, 'Montée - FCL210.A xxv.D.b', NULL, NULL, 'item_exercise', NULL, NULL, 2, NULL, NULL, 'cl13v12qz001g3e6a2dpgcrtw', NULL, NULL, NULL, NULL, NULL, NULL, NULL, NULL, NULL, NULL, NULL, NULL),
(62442, 62445, NULL, 'Descente - FCL210.A xxv.D.b', NULL, NULL, 'item_exercise', NULL, NULL, 3, NULL, NULL, 'cl13v12qz001i3e6a3e1dsvck', NULL, NULL, NULL, NULL, NULL, NULL, NULL, NULL, NULL, NULL, NULL, NULL);
INSERT INTO `formation_item` (`id`, `parent_id`, `formation_id`, `name`, `standard_duration`, `max_duration`, `type`, `description`, `goals`, `position`, `extra_lesson_id`, `config_isexpended`, `formation_item_from_list_id`, `notation_id`, `min_rating_id`, `classroom_id`, `subname`, `is_theoretical`, `min_visibility`, `min_weather`, `ceiling`, `technical_ref`, `groupe`, `is_important`, `expected_value_id`) VALUES
(62443, 62445, NULL, 'Virages au taux standard, en montée et en descente vers des caps prédéterminés - FCL210.A xxv.D.c', NULL, NULL, 'item_exercise', NULL, NULL, 4, NULL, NULL, 'cl13v12qz001k3e6ai8ddptvd', 82, NULL, NULL, NULL, NULL, NULL, NULL, NULL, NULL, NULL, NULL, NULL),
(62444, 62445, NULL, 'Récupérations des virages non-stabilisés en altitude - FCL210.A xxv.D.b', NULL, NULL, 'item_exercise', NULL, NULL, 5, NULL, NULL, 'cl13v12qz001m3e6axvai16qx', NULL, NULL, NULL, NULL, NULL, NULL, NULL, NULL, NULL, NULL, NULL, NULL),
(62445, 62435, NULL, 'Pilotage de base aux instruments : Programme du PPL(A)', NULL, NULL, 'item_exercises_group', NULL, NULL, 0, NULL, 1, 'cl13v12qy000q3e6aiqg763gu', NULL, NULL, NULL, NULL, NULL, NULL, NULL, NULL, NULL, NULL, NULL, NULL),
(62446, 62438, NULL, 'Documents, météo, notam, carburant, masse et centrage, performances …', NULL, NULL, 'item_exercise_item', NULL, NULL, 0, NULL, NULL, NULL, NULL, NULL, NULL, NULL, NULL, NULL, NULL, NULL, NULL, NULL, 0, NULL),
(62447, 62427, NULL, 'Briefing  ', NULL, NULL, 'item_phase', NULL, NULL, 0, NULL, 1, 'cl13v12qy000k3e6a10s75ihr', 81, NULL, NULL, NULL, NULL, NULL, NULL, NULL, NULL, NULL, NULL, NULL),
(62451, 62456, NULL, 'Documents, météo, notam, carburant, masse et centrage, performances …', NULL, NULL, 'item_exercise_item', NULL, NULL, 0, NULL, NULL, NULL, NULL, NULL, NULL, NULL, NULL, NULL, NULL, NULL, NULL, NULL, 0, NULL),
(62453, 62447, NULL, 'Utilisation de l\'avion au sol de nuit', NULL, NULL, 'item_exercise', NULL, NULL, 0, NULL, NULL, 'cl13v12qz001q3e6a25sgwkdp', 81, NULL, NULL, NULL, NULL, NULL, NULL, NULL, NULL, NULL, NULL, NULL),
(62454, 62447, NULL, 'Rappel sur le circuit visuel lors du pilotage aux instruments - i.A', NULL, NULL, 'item_exercise', NULL, NULL, 1, NULL, NULL, 'cl13v12qz001s3e6aelxd1bbu', 81, NULL, NULL, NULL, NULL, NULL, NULL, NULL, NULL, NULL, NULL, NULL),
(62455, 62447, NULL, 'Contrôle du plan d\'atterrissage - i.D', NULL, NULL, 'item_exercise', NULL, NULL, 2, NULL, NULL, 'cl13v12qz001u3e6ajxwcshvf', 81, NULL, NULL, NULL, NULL, NULL, NULL, NULL, NULL, NULL, NULL, NULL),
(62456, 62447, NULL, 'Préparation du vol ', NULL, NULL, 'item_exercise', NULL, NULL, 3, NULL, NULL, 'cl13v12qz001w3e6aijl37rgz', 81, NULL, NULL, NULL, NULL, NULL, NULL, NULL, NULL, NULL, NULL, NULL),
(62468, 62428, NULL, 'Briefing  ', NULL, NULL, 'item_phase', NULL, NULL, 0, NULL, 0, 'cl13v12qy000k3e6a10s75ihr', 81, NULL, NULL, NULL, NULL, NULL, NULL, NULL, NULL, NULL, NULL, NULL),
(62469, 62428, NULL, 'Exercices en vol', NULL, NULL, 'item_phase', NULL, NULL, 1, NULL, 0, 'cl13v12qy000m3e6aohebnd2s', NULL, NULL, NULL, NULL, NULL, NULL, NULL, NULL, NULL, NULL, NULL, NULL),
(62470, 62469, NULL, 'Pilotage de base aux instruments ', NULL, NULL, 'item_exercises_group', NULL, NULL, 0, NULL, 1, 'cl13v12qy000s3e6aq2ttn852', NULL, NULL, NULL, NULL, NULL, NULL, NULL, NULL, NULL, NULL, NULL, NULL),
(62471, 62469, NULL, '5 tours de piste', NULL, NULL, 'item_exercises_group', NULL, NULL, 1, NULL, 1, 'cl13v12qy000u3e6a51fg1lww', NULL, NULL, NULL, NULL, NULL, NULL, NULL, NULL, NULL, NULL, NULL, NULL),
(62472, 62479, NULL, 'Documents, météo, notam, carburant, masse et centrage, performances …', NULL, NULL, 'item_exercise_item', NULL, NULL, 0, NULL, NULL, NULL, NULL, NULL, NULL, NULL, NULL, NULL, NULL, NULL, NULL, NULL, 0, NULL),
(62473, 62468, NULL, 'Virages à vitesse constante', NULL, NULL, 'item_exercise', NULL, NULL, 0, NULL, NULL, 'cl13v12qz002q3e6a4rsh8yxi', 81, NULL, NULL, NULL, NULL, NULL, NULL, NULL, NULL, NULL, NULL, NULL),
(62474, 62468, NULL, 'Décrochage', NULL, NULL, 'item_exercise', NULL, NULL, 1, NULL, NULL, 'cl13v12qz002s3e6a4ob23pcj', 81, NULL, NULL, NULL, NULL, NULL, NULL, NULL, NULL, NULL, NULL, NULL),
(62475, 62468, NULL, 'Virage engagé', NULL, NULL, 'item_exercise', NULL, NULL, 2, NULL, NULL, 'cl13v12qz002u3e6amdr8fw5j', 81, NULL, NULL, NULL, NULL, NULL, NULL, NULL, NULL, NULL, NULL, NULL),
(62476, 62468, NULL, 'Récupération d\'une attitude inusuelle - ii.C', NULL, NULL, 'item_exercise', NULL, NULL, 3, NULL, NULL, 'cl13v12qz002w3e6a5wkcjtc7', 81, NULL, NULL, NULL, NULL, NULL, NULL, NULL, NULL, NULL, NULL, NULL),
(62477, 62468, NULL, 'Gestion de panne - iv.F.d', NULL, NULL, 'item_exercise', NULL, NULL, 4, NULL, NULL, 'cl13v12qz002y3e6axrhfmuaw', 81, NULL, NULL, NULL, NULL, NULL, NULL, NULL, NULL, NULL, NULL, NULL),
(62478, 62468, NULL, 'PTE - iv.F.a', NULL, NULL, 'item_exercise', NULL, NULL, 5, NULL, NULL, 'cl13v12qz00303e6alta22k10', 81, NULL, NULL, NULL, NULL, NULL, NULL, NULL, NULL, NULL, NULL, NULL),
(62479, 62468, NULL, 'Préparation du vol ', NULL, NULL, 'item_exercise', NULL, NULL, 6, NULL, NULL, 'cl13v12qz00323e6axivd4996', 81, NULL, NULL, NULL, NULL, NULL, NULL, NULL, NULL, NULL, NULL, NULL),
(62480, 62470, NULL, 'Sortie de positions inusuelles par référence aux instruments - ii.C', NULL, NULL, 'item_exercise', NULL, NULL, 0, NULL, NULL, 'cl13v12qz00383e6aeo832let', 82, NULL, NULL, NULL, NULL, NULL, NULL, NULL, NULL, NULL, NULL, NULL),
(62481, 62470, NULL, 'Simulation de passage IMC involontaire : demi-tour - iv.F.b', NULL, NULL, 'item_exercise', NULL, NULL, 1, NULL, NULL, 'cl13v12qz00363e6a7pf304gx', 82, NULL, NULL, NULL, NULL, NULL, NULL, NULL, NULL, NULL, NULL, NULL),
(62482, 62470, NULL, 'Décrochage en montée, Virage engagé ', NULL, NULL, 'item_exercise', NULL, NULL, 2, NULL, NULL, 'cl13v12qz003a3e6aqqhuciwq', 82, NULL, NULL, NULL, NULL, NULL, NULL, NULL, NULL, NULL, NULL, NULL),
(62483, 62471, NULL, '1 TdP sans PAPI - iv.D', NULL, NULL, 'item_exercise', NULL, NULL, 0, NULL, NULL, 'cl13v12qz003c3e6alwwx5acz', 82, NULL, NULL, NULL, NULL, NULL, NULL, NULL, NULL, NULL, NULL, NULL),
(62484, 62471, NULL, '1 posé et décollé ou atterrissage - iv.E', NULL, NULL, 'item_exercise', NULL, NULL, 1, NULL, NULL, 'cl13v12qz003e3e6a63clh1sv', 82, NULL, NULL, NULL, NULL, NULL, NULL, NULL, NULL, NULL, NULL, NULL),
(62485, 62471, NULL, '1 atterrissage en panne de phare - iv.F.c', NULL, NULL, 'item_exercise', NULL, NULL, 2, NULL, NULL, 'cl13v12qz003g3e6awyo7majx', 82, NULL, NULL, NULL, NULL, NULL, NULL, NULL, NULL, NULL, NULL, NULL),
(62486, 62471, NULL, '1 panne après décollage puis exercice de PTE - iv.F.a', NULL, NULL, 'item_exercise', NULL, NULL, 3, NULL, NULL, 'cl13v12qz003i3e6ae54xv840', 82, NULL, NULL, NULL, NULL, NULL, NULL, NULL, NULL, NULL, NULL, NULL),
(62487, 62471, NULL, '1 panne volets - iv.F.d', NULL, NULL, 'item_exercise', NULL, NULL, 4, NULL, NULL, 'cl13v12qz003k3e6ajty374k1', 82, NULL, NULL, NULL, NULL, NULL, NULL, NULL, NULL, NULL, NULL, NULL),
(62488, 62429, NULL, 'Briefing  ', NULL, NULL, 'item_phase', NULL, NULL, 0, NULL, 0, 'cl13v12qy000k3e6a10s75ihr', 81, NULL, NULL, NULL, NULL, NULL, NULL, NULL, NULL, NULL, NULL, NULL),
(62489, 62429, NULL, 'Exercices en vol', NULL, NULL, 'item_phase', NULL, NULL, 1, NULL, 0, 'cl13v12qy000m3e6aohebnd2s', NULL, NULL, NULL, NULL, NULL, NULL, NULL, NULL, NULL, NULL, NULL, NULL),
(62490, 62494, NULL, 'Documents, météo, notam, carburant, masse et centrage, performances …', NULL, NULL, 'item_exercise_item', NULL, NULL, 0, NULL, NULL, NULL, NULL, NULL, NULL, NULL, NULL, NULL, NULL, NULL, NULL, NULL, 0, NULL),
(62491, 62488, NULL, 'Tracé d\'une navigation de nuit - ii.A & vi.A', NULL, NULL, 'item_exercise', NULL, NULL, 0, NULL, NULL, 'cl13v12qz003o3e6a6g55vvs8', 81, NULL, NULL, NULL, NULL, NULL, NULL, NULL, NULL, NULL, NULL, NULL),
(62492, 62488, NULL, 'Itinéraires VFR de nuit - vi.A', NULL, NULL, 'item_exercise', NULL, NULL, 1, NULL, NULL, 'cl13v12qz003q3e6ami2j94wy', 81, NULL, NULL, NULL, NULL, NULL, NULL, NULL, NULL, NULL, NULL, NULL),
(62493, 62488, NULL, 'PCL/STAP - vi.A', NULL, NULL, 'item_exercise', NULL, NULL, 2, NULL, 1, 'cl13v12qz003s3e6aen2w1oda', 81, NULL, NULL, NULL, NULL, NULL, NULL, NULL, NULL, NULL, NULL, NULL),
(62494, 62488, NULL, 'Préparation du vol ', NULL, NULL, 'item_exercise', NULL, NULL, 3, NULL, 1, 'cl13v12qz003u3e6abh4gfl3o', 81, NULL, NULL, NULL, NULL, NULL, NULL, NULL, NULL, NULL, NULL, NULL),
(62495, 62489, NULL, 'Navigation aller', NULL, NULL, 'item_exercises_group', NULL, NULL, 0, NULL, 1, 'cl13v12qy000w3e6avqw605n5', NULL, NULL, NULL, NULL, NULL, NULL, NULL, NULL, NULL, NULL, NULL, NULL),
(62496, 62489, NULL, 'Navigation retour (si applicable)', NULL, NULL, 'item_exercises_group', NULL, NULL, 1, NULL, 1, 'cl13v12qy000y3e6ak0j1ck7l', NULL, NULL, NULL, NULL, NULL, NULL, NULL, NULL, NULL, NULL, NULL, NULL),
(62497, 62495, NULL, 'Explication et démonstration de la navigation de nuit - vi.A', NULL, NULL, 'item_exercise', NULL, NULL, 0, NULL, NULL, 'cl13v12qz003y3e6agwq9qy32', 82, NULL, NULL, NULL, NULL, NULL, NULL, NULL, NULL, NULL, NULL, NULL),
(62498, 62495, NULL, 'Détermination de la position en utilisant les moyens de radionavigation lors du vol par référence aux instruments - ii.A', NULL, NULL, 'item_exercise', NULL, NULL, 1, NULL, NULL, 'cl13v12qz00403e6abrqmyi0k', 82, NULL, NULL, NULL, NULL, NULL, NULL, NULL, NULL, NULL, NULL, NULL),
(62499, 62495, NULL, 'Exercice de panne d\'éclairage intérieur - iv.F.c', NULL, NULL, 'item_exercise', NULL, NULL, 2, NULL, NULL, 'cl13v12qz00423e6ammse3tjn', NULL, NULL, NULL, NULL, NULL, NULL, NULL, NULL, NULL, NULL, NULL, NULL),
(62500, 62495, NULL, 'Intégration de nuit et atterrissage (durant sa formation, le stagiaire doit effectuer au moins une arrivée sur un terrain PCL et un terrain contrôlé) - vi.A', NULL, NULL, 'item_exercise', NULL, NULL, 3, NULL, NULL, 'cl13v12qz00443e6a7lnmrad2', 82, NULL, NULL, NULL, NULL, NULL, NULL, NULL, NULL, NULL, NULL, NULL),
(62501, 62496, NULL, 'Gestion de la navigation de nuit - vi.A', NULL, NULL, 'item_exercise', NULL, NULL, 0, NULL, NULL, 'cl13v12qz00463e6azy198syf', 82, NULL, NULL, NULL, NULL, NULL, NULL, NULL, NULL, NULL, NULL, NULL),
(62502, 62496, NULL, 'Simulation de panne moteur de nuit - iv.F.a', NULL, NULL, 'item_exercise', NULL, NULL, 1, NULL, NULL, 'cl13v12qz00483e6as8fskt6x', NULL, NULL, NULL, NULL, NULL, NULL, NULL, NULL, NULL, NULL, NULL, NULL),
(62503, 62496, NULL, 'Intégration de nuit avec exercice de panne électrique totale (durant sa formation, stagiaire doit effectuer au moins une arrivé sur un terrain PCL et un terrain contrôlé) - vi.A', NULL, NULL, 'item_exercise', NULL, NULL, 2, NULL, NULL, 'cl13v12qz004a3e6ahq6xlkcw', 82, NULL, NULL, NULL, NULL, NULL, NULL, NULL, NULL, NULL, NULL, NULL),
(62504, 62430, NULL, 'Le stagiaire a-t-il commencé la formation théorique ? ', NULL, NULL, 'item_exercise', NULL, NULL, 0, NULL, NULL, 'cl13v12qz004e3e6ad7nj10zd', 83, NULL, NULL, NULL, NULL, NULL, NULL, NULL, NULL, NULL, NULL, NULL),
(62505, 62430, NULL, 'Tous les exercices de la PHASE 1 ont-ils été vus ?', NULL, NULL, 'item_exercise', NULL, NULL, 1, NULL, NULL, 'cl13v12qz004g3e6a2mg04iek', 83, NULL, NULL, NULL, NULL, NULL, NULL, NULL, NULL, NULL, NULL, NULL),
(62506, 62430, NULL, 'L’objectif de la PHASE 1 est-il atteint ?', NULL, NULL, 'item_exercise', NULL, NULL, 2, NULL, NULL, 'cl13v12qz004i3e6an3rm4gb2', 83, NULL, NULL, NULL, NULL, NULL, NULL, NULL, NULL, NULL, NULL, NULL),
(62507, 62430, NULL, 'Progression et niveau du stagiaire :', NULL, NULL, 'item_exercise', NULL, NULL, 3, NULL, NULL, 'cl13v12qz004k3e6a2p1j6d0w', 84, NULL, NULL, NULL, NULL, NULL, NULL, NULL, NULL, NULL, NULL, NULL),
(62508, 62431, NULL, 'Briefing  ', NULL, NULL, 'item_phase', NULL, NULL, 0, NULL, 1, 'cl13v12qy000k3e6a10s75ihr', 81, NULL, NULL, NULL, NULL, NULL, NULL, NULL, NULL, NULL, NULL, NULL),
(62509, 62431, NULL, 'Exercices en vol', NULL, NULL, 'item_phase', NULL, NULL, 1, NULL, 1, 'cl13v12qy000m3e6aohebnd2s', NULL, NULL, NULL, NULL, NULL, NULL, NULL, NULL, NULL, NULL, NULL, NULL),
(62510, 62432, NULL, 'Briefing  ', NULL, NULL, 'item_phase', NULL, NULL, 0, NULL, 0, 'cl13v12qy000k3e6a10s75ihr', 81, NULL, NULL, NULL, NULL, NULL, NULL, NULL, NULL, NULL, NULL, NULL),
(62511, 62432, NULL, 'Exercices en vol', NULL, NULL, 'item_phase', NULL, NULL, 1, NULL, 0, 'cl13v12qy000m3e6aohebnd2s', NULL, NULL, NULL, NULL, NULL, NULL, NULL, NULL, NULL, NULL, NULL, NULL),
(62512, 62508, NULL, 'Minima météorologiques en vol de nuit - vi.', NULL, NULL, 'item_exercise', NULL, NULL, 0, NULL, NULL, 'cl13v12qz004o3e6a41t3vl1a', 81, NULL, NULL, NULL, NULL, NULL, NULL, NULL, NULL, NULL, NULL, NULL),
(62513, 62508, NULL, 'Consigne du vol (météo, NOTAM, terrain de déroutement, carburant, performances…)', NULL, NULL, 'item_exercise', NULL, NULL, 1, NULL, NULL, 'cl13v12qz004q3e6aep0e3dwa', 81, NULL, NULL, NULL, NULL, NULL, NULL, NULL, NULL, NULL, NULL, NULL),
(62514, 62508, NULL, 'Préparation du vol ', NULL, NULL, 'item_exercise', NULL, NULL, 2, NULL, NULL, 'cl13v12qz004s3e6aoajiybrp', 81, NULL, NULL, NULL, NULL, NULL, NULL, NULL, NULL, NULL, NULL, NULL),
(62515, 62509, NULL, '5 TdP publiés avec atterrissage arrêt complet - v', NULL, NULL, 'item_exercise', NULL, NULL, 0, NULL, NULL, 'cl13v12qz004w3e6acn10v41c', 82, NULL, NULL, NULL, NULL, NULL, NULL, NULL, NULL, NULL, NULL, NULL),
(62516, 62514, NULL, 'Documents, météo, notam, carburant, masse et centrage, performances …', NULL, NULL, 'item_exercise_item', NULL, NULL, 0, NULL, NULL, NULL, NULL, NULL, NULL, NULL, NULL, NULL, NULL, NULL, NULL, NULL, 0, NULL),
(62517, 62515, NULL, '(atterrissages avec arrêt complet = arrêt complet sur la piste puis redécollage ou dégagement de la piste puis roulage pour redécollage d\'une autre position – en fonction de la longueur de la piste et des conditions du jour –)', NULL, NULL, 'item_exercise_item', NULL, NULL, 0, NULL, NULL, NULL, NULL, NULL, NULL, NULL, NULL, NULL, NULL, NULL, NULL, NULL, 0, NULL),
(62518, 62510, NULL, 'Bilan carburant avant le vol', NULL, NULL, 'item_exercise', NULL, NULL, 0, NULL, NULL, 'cl13v12qz00523e6ax3hcybci', 81, NULL, NULL, NULL, NULL, NULL, NULL, NULL, NULL, NULL, NULL, NULL),
(62519, 62510, NULL, 'Hauteurs minimales de vol - vi.A', NULL, NULL, 'item_exercise', NULL, NULL, 1, NULL, NULL, 'cl13v12qz00543e6a7mbedz7e', 81, NULL, NULL, NULL, NULL, NULL, NULL, NULL, NULL, NULL, NULL, NULL),
(62520, 62510, NULL, 'Guidage radar - iii.A', NULL, NULL, 'item_exercise', NULL, NULL, 2, NULL, NULL, 'cl13v12qz00563e6ame4bj0nn', 81, NULL, NULL, NULL, NULL, NULL, NULL, NULL, NULL, NULL, NULL, NULL),
(62521, 62510, NULL, 'Étude de la météo sur le trajet', NULL, NULL, 'item_exercise', NULL, NULL, 3, NULL, NULL, 'cl13v12qz00583e6aanqf9z51', 81, NULL, NULL, NULL, NULL, NULL, NULL, NULL, NULL, NULL, NULL, NULL),
(62522, 62510, NULL, 'Étude des NOTAM, SUP AIP, AZTBA  sur le trajet', NULL, NULL, 'item_exercise', NULL, NULL, 4, NULL, NULL, 'cl13v12qz005a3e6ae3ooqaqn', 81, NULL, NULL, NULL, NULL, NULL, NULL, NULL, NULL, NULL, NULL, NULL),
(62523, 62510, NULL, 'Étude du trajet de navigation - vi.A', NULL, NULL, 'item_exercise', NULL, NULL, 5, NULL, NULL, 'cl13v12r0005c3e6a4c0q798h', 81, NULL, NULL, NULL, NULL, NULL, NULL, NULL, NULL, NULL, NULL, NULL),
(62524, 62510, NULL, 'Préparation du vol ', NULL, NULL, 'item_exercise', NULL, NULL, 6, NULL, NULL, 'cl13v12r0005e3e6ajq49hqcj', 81, NULL, NULL, NULL, NULL, NULL, NULL, NULL, NULL, NULL, NULL, NULL),
(62525, 62531, NULL, 'Gestion de la navigation de nuit - vi.A', NULL, NULL, 'item_exercise', NULL, NULL, 0, NULL, NULL, 'cl13v12r0005i3e6at060ut88', 82, NULL, NULL, NULL, NULL, NULL, NULL, NULL, NULL, NULL, NULL, NULL),
(62526, 62531, NULL, 'Navigation via la verticale d\'un moyen de radionavigation lors du vol par référence aux instruments - ii.A', NULL, NULL, 'item_exercise', NULL, NULL, 1, NULL, NULL, 'cl13v12r0005k3e6am6jyx96c', 82, NULL, NULL, NULL, NULL, NULL, NULL, NULL, NULL, NULL, NULL, NULL),
(62527, 62531, NULL, 'Intégration terrain de nuit et atterrissage (durant sa formation le stagiaire doit effectuer au moins une arrivée sur un terrain PCL et un terrain contrôlé) - vi.A', NULL, NULL, 'item_exercise', NULL, NULL, 2, NULL, NULL, 'cl13v12r0005m3e6a934xpirj', NULL, NULL, NULL, NULL, NULL, NULL, NULL, NULL, NULL, NULL, NULL, NULL),
(62528, 62532, NULL, 'Gestion de la navigation de nuit - vi.A, B', NULL, NULL, 'item_exercise', NULL, NULL, 0, NULL, NULL, 'cl13v12r0005o3e6aab38hpqr', 82, NULL, NULL, NULL, NULL, NULL, NULL, NULL, NULL, NULL, NULL, NULL),
(62529, 62532, NULL, 'Demande d\'une assistance radar sur le trajet - iii.A', NULL, NULL, 'item_exercise', NULL, NULL, 1, NULL, NULL, 'cl13v12r0005q3e6ahoxs4r0v', NULL, NULL, NULL, NULL, NULL, NULL, NULL, NULL, NULL, NULL, NULL, NULL),
(62530, 62532, NULL, 'Intégration terrain de nuit et atterrissage (durant sa formation le stagiaire doit effectuer au moins une arrivée sur un terrain PCL et un terrain contrôlé) - vi.A', NULL, NULL, 'item_exercise', NULL, NULL, 2, NULL, 1, 'cl13v12r0005s3e6aztg5ts1y', NULL, NULL, NULL, NULL, NULL, NULL, NULL, NULL, NULL, NULL, NULL, NULL),
(62531, 62511, NULL, 'Navigation aller', NULL, NULL, 'item_exercises_group', NULL, NULL, 0, NULL, 1, 'cl13v12qy000w3e6avqw605n5', NULL, NULL, NULL, NULL, NULL, NULL, NULL, NULL, NULL, NULL, NULL, NULL),
(62532, 62511, NULL, 'Navigation retour', NULL, NULL, 'item_exercises_group', NULL, NULL, 1, NULL, 1, 'cl13v12qy00103e6ah2hjaa4f', NULL, NULL, NULL, NULL, NULL, NULL, NULL, NULL, NULL, NULL, NULL, NULL),
(62533, 62524, NULL, 'Documents, météo, notam, carburant, masse et centrage, performances …', NULL, NULL, 'item_exercise_item', NULL, NULL, 0, NULL, NULL, NULL, NULL, NULL, NULL, NULL, NULL, NULL, NULL, NULL, NULL, NULL, 0, NULL),
(62534, 62433, NULL, 'Le stagiaire a-t-il effectué une intégration sur un terrain PCL et un terrain contrôlé ?-  vi.B', NULL, NULL, 'item_exercise', NULL, NULL, 0, NULL, NULL, 'cl13v12r0005w3e6atdraowp6', 83, NULL, NULL, NULL, NULL, NULL, NULL, NULL, NULL, NULL, NULL, NULL),
(62535, 62433, NULL, 'Tous les exercices de la PHASE 2 ont-ils été vus ?', NULL, NULL, 'item_exercise', NULL, NULL, 1, NULL, NULL, 'cl13v12r0005y3e6aeds0i05w', 83, NULL, NULL, NULL, NULL, NULL, NULL, NULL, NULL, NULL, NULL, NULL),
(62536, 62433, NULL, 'Tous les exercices des programmes précédents ont-ils été vus ?', NULL, NULL, 'item_exercise', NULL, NULL, 2, NULL, NULL, 'cl13v12r000603e6a4i3o8x98', 83, NULL, NULL, NULL, NULL, NULL, NULL, NULL, NULL, NULL, NULL, NULL),
(62537, 62433, NULL, 'L’objectif de la PHASE 2 est-il atteint ?', NULL, NULL, 'item_exercise', NULL, NULL, 3, NULL, NULL, 'cl13v12r000623e6auswo24ni', 83, NULL, NULL, NULL, NULL, NULL, NULL, NULL, NULL, NULL, NULL, NULL),
(62538, 62433, NULL, 'Le stagiaire a-t-il terminé la formation théorique ?', NULL, NULL, 'item_exercise', NULL, NULL, 4, NULL, NULL, 'cl13v12r000643e6awxkegnhx', 83, NULL, NULL, NULL, NULL, NULL, NULL, NULL, NULL, NULL, NULL, NULL),
(62539, 62433, NULL, 'Progression et niveau du stagiaire :', NULL, NULL, 'item_exercise', NULL, NULL, 5, NULL, NULL, 'cl13v12r000663e6au86bunsu', 84, NULL, NULL, NULL, NULL, NULL, NULL, NULL, NULL, NULL, NULL, NULL),
(62540, 62621, NULL, 'Pilotage de base aux instruments : Programme du PPL(A)', NULL, NULL, 'item_exercises_group', NULL, NULL, 0, NULL, 1, 'cl13v12qy000q3e6aiqg763gu', NULL, NULL, NULL, NULL, NULL, NULL, NULL, NULL, NULL, NULL, NULL, NULL),
(62541, 62624, NULL, 'Pilotage de base aux instruments ', NULL, NULL, 'item_exercises_group', NULL, NULL, 0, NULL, 1, 'cl13v12qy000s3e6aq2ttn852', NULL, NULL, NULL, NULL, NULL, NULL, NULL, NULL, NULL, NULL, NULL, NULL),
(62542, 62624, NULL, '5 tours de piste', NULL, NULL, 'item_exercises_group', NULL, NULL, 1, NULL, 1, 'cl13v12qy000u3e6a51fg1lww', NULL, NULL, NULL, NULL, NULL, NULL, NULL, NULL, NULL, NULL, NULL, NULL),
(62543, 62626, NULL, 'Navigation aller', NULL, NULL, 'item_exercises_group', NULL, NULL, 0, NULL, 1, 'cl13v12qy000w3e6avqw605n5', NULL, NULL, NULL, NULL, NULL, NULL, NULL, NULL, NULL, NULL, NULL, NULL),
(62544, 62626, NULL, 'Navigation retour (si applicable)', NULL, NULL, 'item_exercises_group', NULL, NULL, 1, NULL, 1, 'cl13v12qy000y3e6ak0j1ck7l', NULL, NULL, NULL, NULL, NULL, NULL, NULL, NULL, NULL, NULL, NULL, NULL),
(62545, 62630, NULL, 'Navigation aller', NULL, NULL, 'item_exercises_group', NULL, NULL, 0, NULL, 1, 'cl13v12qy000w3e6avqw605n5', NULL, NULL, NULL, NULL, NULL, NULL, NULL, NULL, NULL, NULL, NULL, NULL),
(62546, 62630, NULL, 'Navigation retour', NULL, NULL, 'item_exercises_group', NULL, NULL, 1, NULL, 1, 'cl13v12qy00103e6ah2hjaa4f', NULL, NULL, NULL, NULL, NULL, NULL, NULL, NULL, NULL, NULL, NULL, NULL),
(62547, 62556, NULL, 'Documents, météo, notam, carburant, masse et centrage, performances …', NULL, NULL, 'item_exercise_item', NULL, NULL, 0, NULL, NULL, NULL, NULL, NULL, NULL, NULL, NULL, NULL, NULL, NULL, NULL, NULL, 0, NULL),
(62548, 62566, NULL, 'Documents, météo, notam, carburant, masse et centrage, performances …', NULL, NULL, 'item_exercise_item', NULL, NULL, 0, NULL, NULL, NULL, NULL, NULL, NULL, NULL, NULL, NULL, NULL, NULL, NULL, NULL, 0, NULL),
(62549, 62573, NULL, 'Documents, météo, notam, carburant, masse et centrage, performances …', NULL, NULL, 'item_exercise_item', NULL, NULL, 0, NULL, NULL, NULL, NULL, NULL, NULL, NULL, NULL, NULL, NULL, NULL, NULL, NULL, 0, NULL),
(62550, 62585, NULL, 'Documents, météo, notam, carburant, masse et centrage, performances …', NULL, NULL, 'item_exercise_item', NULL, NULL, 0, NULL, NULL, NULL, NULL, NULL, NULL, NULL, NULL, NULL, NULL, NULL, NULL, NULL, 0, NULL),
(62551, 62599, NULL, 'Documents, météo, notam, carburant, masse et centrage, performances …', NULL, NULL, 'item_exercise_item', NULL, NULL, 0, NULL, NULL, NULL, NULL, NULL, NULL, NULL, NULL, NULL, NULL, NULL, NULL, NULL, 0, NULL),
(62552, 62600, NULL, '(atterrissages avec arrêt complet = arrêt complet sur la piste puis redécollage ou dégagement de la piste puis roulage pour redécollage d\'une autre position – en fonction de la longueur de la piste et des conditions du jour –)', NULL, NULL, 'item_exercise_item', NULL, NULL, 0, NULL, NULL, NULL, NULL, NULL, NULL, NULL, NULL, NULL, NULL, NULL, NULL, NULL, 0, NULL),
(62553, 62607, NULL, 'Documents, météo, notam, carburant, masse et centrage, performances …', NULL, NULL, 'item_exercise_item', NULL, NULL, 0, NULL, NULL, NULL, NULL, NULL, NULL, NULL, NULL, NULL, NULL, NULL, NULL, NULL, 0, NULL),
(62554, 62620, NULL, 'Pilotage de base aux instruments - FCL210.A xxv.A→C', NULL, NULL, 'item_exercise', NULL, NULL, 0, NULL, NULL, 'cl13v12qy00143e6apwozjvas', NULL, NULL, NULL, NULL, NULL, NULL, NULL, NULL, NULL, NULL, NULL, NULL),
(62555, 62620, NULL, 'Illusions sensorielles - FCL210.A xxv.A→C', NULL, NULL, 'item_exercise', NULL, NULL, 1, NULL, NULL, 'cl13v12qy00163e6aaquxexkp', NULL, NULL, NULL, NULL, NULL, NULL, NULL, NULL, NULL, NULL, NULL, NULL),
(62556, 62620, NULL, 'Préparation du vol ', NULL, NULL, 'item_exercise', NULL, NULL, 2, NULL, 0, 'cl13v12qz00183e6a273ujp4u', 82, NULL, NULL, NULL, NULL, NULL, NULL, NULL, NULL, NULL, NULL, NULL),
(62557, 62540, NULL, 'Vol horizontal rectiligne à des vitesses différentes et différentes configurations - FCL210.A xxv.D.a', NULL, NULL, 'item_exercise', NULL, NULL, 0, NULL, NULL, 'cl13v12qz001c3e6at1vsedof', NULL, NULL, NULL, NULL, NULL, NULL, NULL, NULL, NULL, NULL, NULL, NULL),
(62558, 62540, NULL, 'Demi-tour ', NULL, NULL, 'item_exercise', NULL, NULL, 1, NULL, NULL, 'cl13v12qz001e3e6ajtqwfjei', NULL, NULL, NULL, NULL, NULL, NULL, NULL, NULL, NULL, NULL, NULL, NULL),
(62559, 62540, NULL, 'Montée - FCL210.A xxv.D.b', NULL, NULL, 'item_exercise', NULL, NULL, 2, NULL, NULL, 'cl13v12qz001g3e6a2dpgcrtw', NULL, NULL, NULL, NULL, NULL, NULL, NULL, NULL, NULL, NULL, NULL, NULL),
(62560, 62540, NULL, 'Descente - FCL210.A xxv.D.b', NULL, NULL, 'item_exercise', NULL, NULL, 3, NULL, NULL, 'cl13v12qz001i3e6a3e1dsvck', NULL, NULL, NULL, NULL, NULL, NULL, NULL, NULL, NULL, NULL, NULL, NULL),
(62561, 62540, NULL, 'Virages au taux standard, en montée et en descente vers des caps prédéterminés - FCL210.A xxv.D.c', NULL, NULL, 'item_exercise', NULL, NULL, 4, NULL, NULL, 'cl13v12qz001k3e6ai8ddptvd', NULL, NULL, NULL, NULL, NULL, NULL, NULL, NULL, NULL, NULL, NULL, NULL),
(62562, 62540, NULL, 'Récupérations des virages non-stabilisés en altitude - FCL210.A xxv.D.b', NULL, NULL, 'item_exercise', NULL, NULL, 5, NULL, NULL, 'cl13v12qz001m3e6axvai16qx', NULL, NULL, NULL, NULL, NULL, NULL, NULL, NULL, NULL, NULL, NULL, NULL),
(62563, 62622, NULL, 'Utilisation de l\'avion au sol de nuit', NULL, NULL, 'item_exercise', NULL, NULL, 0, NULL, NULL, 'cl13v12qz001q3e6a25sgwkdp', NULL, NULL, NULL, NULL, NULL, NULL, NULL, NULL, NULL, NULL, NULL, NULL),
(62564, 62622, NULL, 'Rappel sur le circuit visuel lors du pilotage aux instruments - i.A', NULL, NULL, 'item_exercise', NULL, NULL, 1, NULL, NULL, 'cl13v12qz001s3e6aelxd1bbu', NULL, NULL, NULL, NULL, NULL, NULL, NULL, NULL, NULL, NULL, NULL, NULL),
(62565, 62622, NULL, 'Contrôle du plan d\'atterrissage - i.D', NULL, NULL, 'item_exercise', NULL, NULL, 2, NULL, NULL, 'cl13v12qz001u3e6ajxwcshvf', NULL, NULL, NULL, NULL, NULL, NULL, NULL, NULL, NULL, NULL, NULL, NULL),
(62566, 62622, NULL, 'Préparation du vol ', NULL, NULL, 'item_exercise', NULL, NULL, 3, NULL, NULL, 'cl13v12qz001w3e6aijl37rgz', NULL, NULL, NULL, NULL, NULL, NULL, NULL, NULL, NULL, NULL, NULL, NULL),
(62567, 62623, NULL, 'Virages à vitesse constante', NULL, NULL, 'item_exercise', NULL, NULL, 0, NULL, NULL, 'cl13v12qz002q3e6a4rsh8yxi', NULL, NULL, NULL, NULL, NULL, NULL, NULL, NULL, NULL, NULL, NULL, NULL),
(62568, 62623, NULL, 'Décrochage', NULL, NULL, 'item_exercise', NULL, NULL, 1, NULL, NULL, 'cl13v12qz002s3e6a4ob23pcj', NULL, NULL, NULL, NULL, NULL, NULL, NULL, NULL, NULL, NULL, NULL, NULL),
(62569, 62623, NULL, 'Virage engagé', NULL, NULL, 'item_exercise', NULL, NULL, 2, NULL, NULL, 'cl13v12qz002u3e6amdr8fw5j', NULL, NULL, NULL, NULL, NULL, NULL, NULL, NULL, NULL, NULL, NULL, NULL),
(62570, 62623, NULL, 'Récupération d\'une attitude inusuelle - ii.C', NULL, NULL, 'item_exercise', NULL, NULL, 3, NULL, NULL, 'cl13v12qz002w3e6a5wkcjtc7', NULL, NULL, NULL, NULL, NULL, NULL, NULL, NULL, NULL, NULL, NULL, NULL),
(62571, 62623, NULL, 'Gestion de panne - iv.F.d', NULL, NULL, 'item_exercise', NULL, NULL, 4, NULL, NULL, 'cl13v12qz002y3e6axrhfmuaw', NULL, NULL, NULL, NULL, NULL, NULL, NULL, NULL, NULL, NULL, NULL, NULL),
(62572, 62623, NULL, 'PTE - iv.F.a', NULL, NULL, 'item_exercise', NULL, NULL, 5, NULL, NULL, 'cl13v12qz00303e6alta22k10', NULL, NULL, NULL, NULL, NULL, NULL, NULL, NULL, NULL, NULL, NULL, NULL),
(62573, 62623, NULL, 'Préparation du vol ', NULL, NULL, 'item_exercise', NULL, NULL, 6, NULL, NULL, 'cl13v12qz00323e6axivd4996', NULL, NULL, NULL, NULL, NULL, NULL, NULL, NULL, NULL, NULL, NULL, NULL),
(62574, 62541, NULL, 'Sortie de positions inusuelles par référence aux instruments - ii.C', NULL, NULL, 'item_exercise', NULL, NULL, 0, NULL, NULL, 'cl13v12qz00383e6aeo832let', NULL, NULL, NULL, NULL, NULL, NULL, NULL, NULL, NULL, NULL, NULL, NULL),
(62575, 62541, NULL, 'Simulation de passage IMC involontaire : demi-tour - iv.F.b', NULL, NULL, 'item_exercise', NULL, NULL, 1, NULL, NULL, 'cl13v12qz00363e6a7pf304gx', NULL, NULL, NULL, NULL, NULL, NULL, NULL, NULL, NULL, NULL, NULL, NULL),
(62576, 62541, NULL, 'Décrochage en montée, Virage engagé ', NULL, NULL, 'item_exercise', NULL, NULL, 2, NULL, NULL, 'cl13v12qz003a3e6aqqhuciwq', NULL, NULL, NULL, NULL, NULL, NULL, NULL, NULL, NULL, NULL, NULL, NULL),
(62577, 62542, NULL, '1 TdP sans PAPI - iv.D', NULL, NULL, 'item_exercise', NULL, NULL, 0, NULL, NULL, 'cl13v12qz003c3e6alwwx5acz', NULL, NULL, NULL, NULL, NULL, NULL, NULL, NULL, NULL, NULL, NULL, NULL),
(62578, 62542, NULL, '1 posé et décollé ou atterrissage - iv.E', NULL, NULL, 'item_exercise', NULL, NULL, 1, NULL, NULL, 'cl13v12qz003e3e6a63clh1sv', NULL, NULL, NULL, NULL, NULL, NULL, NULL, NULL, NULL, NULL, NULL, NULL),
(62579, 62542, NULL, '1 atterrissage en panne de phare - iv.F.c', NULL, NULL, 'item_exercise', NULL, NULL, 2, NULL, NULL, 'cl13v12qz003g3e6awyo7majx', NULL, NULL, NULL, NULL, NULL, NULL, NULL, NULL, NULL, NULL, NULL, NULL),
(62580, 62542, NULL, '1 panne après décollage puis exercice de PTE - iv.F.a', NULL, NULL, 'item_exercise', NULL, NULL, 3, NULL, NULL, 'cl13v12qz003i3e6ae54xv840', NULL, NULL, NULL, NULL, NULL, NULL, NULL, NULL, NULL, NULL, NULL, NULL),
(62581, 62542, NULL, '1 panne volets - iv.F.d', NULL, NULL, 'item_exercise', NULL, NULL, 4, NULL, NULL, 'cl13v12qz003k3e6ajty374k1', NULL, NULL, NULL, NULL, NULL, NULL, NULL, NULL, NULL, NULL, NULL, NULL),
(62582, 62625, NULL, 'Tracé d\'une navigation de nuit - ii.A & vi.A', NULL, NULL, 'item_exercise', NULL, NULL, 0, NULL, NULL, 'cl13v12qz003o3e6a6g55vvs8', NULL, NULL, NULL, NULL, NULL, NULL, NULL, NULL, NULL, NULL, NULL, NULL),
(62583, 62625, NULL, 'Itinéraires VFR de nuit - vi.A', NULL, NULL, 'item_exercise', NULL, NULL, 1, NULL, NULL, 'cl13v12qz003q3e6ami2j94wy', NULL, NULL, NULL, NULL, NULL, NULL, NULL, NULL, NULL, NULL, NULL, NULL),
(62584, 62625, NULL, 'PCL/STAP - vi.A', NULL, NULL, 'item_exercise', NULL, NULL, 2, NULL, 1, 'cl13v12qz003s3e6aen2w1oda', NULL, NULL, NULL, NULL, NULL, NULL, NULL, NULL, NULL, NULL, NULL, NULL),
(62585, 62625, NULL, 'Préparation du vol ', NULL, NULL, 'item_exercise', NULL, NULL, 3, NULL, 1, 'cl13v12qz003u3e6abh4gfl3o', NULL, NULL, NULL, NULL, NULL, NULL, NULL, NULL, NULL, NULL, NULL, NULL),
(62586, 62543, NULL, 'Explication et démonstration de la navigation de nuit - vi.A', NULL, NULL, 'item_exercise', NULL, NULL, 0, NULL, NULL, 'cl13v12qz003y3e6agwq9qy32', NULL, NULL, NULL, NULL, NULL, NULL, NULL, NULL, NULL, NULL, NULL, NULL),
(62587, 62543, NULL, 'Détermination de la position en utilisant les moyens de radionavigation lors du vol par référence aux instruments - ii.A', NULL, NULL, 'item_exercise', NULL, NULL, 1, NULL, NULL, 'cl13v12qz00403e6abrqmyi0k', NULL, NULL, NULL, NULL, NULL, NULL, NULL, NULL, NULL, NULL, NULL, NULL),
(62588, 62543, NULL, 'Exercice de panne d\'éclairage intérieur - iv.F.c', NULL, NULL, 'item_exercise', NULL, NULL, 2, NULL, NULL, 'cl13v12qz00423e6ammse3tjn', NULL, NULL, NULL, NULL, NULL, NULL, NULL, NULL, NULL, NULL, NULL, NULL),
(62589, 62543, NULL, 'Intégration de nuit et atterrissage (durant sa formation, le stagiaire doit effectuer au moins une arrivée sur un terrain PCL et un terrain contrôlé) - vi.A', NULL, NULL, 'item_exercise', NULL, NULL, 3, NULL, NULL, 'cl13v12qz00443e6a7lnmrad2', NULL, NULL, NULL, NULL, NULL, NULL, NULL, NULL, NULL, NULL, NULL, NULL),
(62590, 62544, NULL, 'Gestion de la navigation de nuit - vi.A', NULL, NULL, 'item_exercise', NULL, NULL, 0, NULL, NULL, 'cl13v12qz00463e6azy198syf', NULL, NULL, NULL, NULL, NULL, NULL, NULL, NULL, NULL, NULL, NULL, NULL),
(62591, 62544, NULL, 'Simulation de panne moteur de nuit - iv.F.a', NULL, NULL, 'item_exercise', NULL, NULL, 1, NULL, NULL, 'cl13v12qz00483e6as8fskt6x', NULL, NULL, NULL, NULL, NULL, NULL, NULL, NULL, NULL, NULL, NULL, NULL),
(62592, 62544, NULL, 'Intégration de nuit avec exercice de panne électrique totale (durant sa formation, stagiaire doit effectuer au moins une arrivé sur un terrain PCL et un terrain contrôlé) - vi.A', NULL, NULL, 'item_exercise', NULL, NULL, 2, NULL, NULL, 'cl13v12qz004a3e6ahq6xlkcw', NULL, NULL, NULL, NULL, NULL, NULL, NULL, NULL, NULL, NULL, NULL, NULL),
(62593, 62635, NULL, 'Le stagiaire a-t-il commencé la formation théorique ? ', NULL, NULL, 'item_exercise', NULL, NULL, 0, NULL, NULL, 'cl13v12qz004e3e6ad7nj10zd', NULL, NULL, NULL, NULL, NULL, NULL, NULL, NULL, NULL, NULL, NULL, NULL),
(62594, 62635, NULL, 'Tous les exercices de la PHASE 1 ont-ils été vus ?', NULL, NULL, 'item_exercise', NULL, NULL, 1, NULL, NULL, 'cl13v12qz004g3e6a2mg04iek', NULL, NULL, NULL, NULL, NULL, NULL, NULL, NULL, NULL, NULL, NULL, NULL),
(62595, 62635, NULL, 'L’objectif de la PHASE 1 est-il atteint ?', NULL, NULL, 'item_exercise', NULL, NULL, 2, NULL, NULL, 'cl13v12qz004i3e6an3rm4gb2', NULL, NULL, NULL, NULL, NULL, NULL, NULL, NULL, NULL, NULL, NULL, NULL),
(62596, 62635, NULL, 'Progression et niveau du stagiaire :', NULL, NULL, 'item_exercise', NULL, NULL, 3, NULL, NULL, 'cl13v12qz004k3e6a2p1j6d0w', NULL, NULL, NULL, NULL, NULL, NULL, NULL, NULL, NULL, NULL, NULL, NULL),
(62597, 62627, NULL, 'Minima météorologiques en vol de nuit - vi.', NULL, NULL, 'item_exercise', NULL, NULL, 0, NULL, NULL, 'cl13v12qz004o3e6a41t3vl1a', NULL, NULL, NULL, NULL, NULL, NULL, NULL, NULL, NULL, NULL, NULL, NULL),
(62598, 62627, NULL, 'Consigne du vol (météo, NOTAM, terrain de déroutement, carburant, performances…)', NULL, NULL, 'item_exercise', NULL, NULL, 1, NULL, NULL, 'cl13v12qz004q3e6aep0e3dwa', NULL, NULL, NULL, NULL, NULL, NULL, NULL, NULL, NULL, NULL, NULL, NULL),
(62599, 62627, NULL, 'Préparation du vol ', NULL, NULL, 'item_exercise', NULL, NULL, 2, NULL, NULL, 'cl13v12qz004s3e6aoajiybrp', NULL, NULL, NULL, NULL, NULL, NULL, NULL, NULL, NULL, NULL, NULL, NULL),
(62600, 62628, NULL, '5 TdP publiés avec atterrissage arrêt complet - v', NULL, NULL, 'item_exercise', NULL, NULL, 0, NULL, NULL, 'cl13v12qz004w3e6acn10v41c', NULL, NULL, NULL, NULL, NULL, NULL, NULL, NULL, NULL, NULL, NULL, NULL),
(62601, 62629, NULL, 'Bilan carburant avant le vol', NULL, NULL, 'item_exercise', NULL, NULL, 0, NULL, NULL, 'cl13v12qz00523e6ax3hcybci', NULL, NULL, NULL, NULL, NULL, NULL, NULL, NULL, NULL, NULL, NULL, NULL),
(62602, 62629, NULL, 'Hauteurs minimales de vol - vi.A', NULL, NULL, 'item_exercise', NULL, NULL, 1, NULL, NULL, 'cl13v12qz00543e6a7mbedz7e', NULL, NULL, NULL, NULL, NULL, NULL, NULL, NULL, NULL, NULL, NULL, NULL),
(62603, 62629, NULL, 'Guidage radar - iii.A', NULL, NULL, 'item_exercise', NULL, NULL, 2, NULL, NULL, 'cl13v12qz00563e6ame4bj0nn', NULL, NULL, NULL, NULL, NULL, NULL, NULL, NULL, NULL, NULL, NULL, NULL),
(62604, 62629, NULL, 'Étude de la météo sur le trajet', NULL, NULL, 'item_exercise', NULL, NULL, 3, NULL, NULL, 'cl13v12qz00583e6aanqf9z51', NULL, NULL, NULL, NULL, NULL, NULL, NULL, NULL, NULL, NULL, NULL, NULL),
(62605, 62629, NULL, 'Étude des NOTAM, SUP AIP, AZTBA  sur le trajet', NULL, NULL, 'item_exercise', NULL, NULL, 4, NULL, NULL, 'cl13v12qz005a3e6ae3ooqaqn', NULL, NULL, NULL, NULL, NULL, NULL, NULL, NULL, NULL, NULL, NULL, NULL),
(62606, 62629, NULL, 'Étude du trajet de navigation - vi.A', NULL, NULL, 'item_exercise', NULL, NULL, 5, NULL, NULL, 'cl13v12r0005c3e6a4c0q798h', NULL, NULL, NULL, NULL, NULL, NULL, NULL, NULL, NULL, NULL, NULL, NULL),
(62607, 62629, NULL, 'Préparation du vol ', NULL, NULL, 'item_exercise', NULL, NULL, 6, NULL, NULL, 'cl13v12r0005e3e6ajq49hqcj', NULL, NULL, NULL, NULL, NULL, NULL, NULL, NULL, NULL, NULL, NULL, NULL),
(62608, 62545, NULL, 'Gestion de la navigation de nuit - vi.A', NULL, NULL, 'item_exercise', NULL, NULL, 0, NULL, NULL, 'cl13v12r0005i3e6at060ut88', NULL, NULL, NULL, NULL, NULL, NULL, NULL, NULL, NULL, NULL, NULL, NULL),
(62609, 62545, NULL, 'Navigation via la verticale d\'un moyen de radionavigation lors du vol par référence aux instruments - ii.A', NULL, NULL, 'item_exercise', NULL, NULL, 1, NULL, NULL, 'cl13v12r0005k3e6am6jyx96c', NULL, NULL, NULL, NULL, NULL, NULL, NULL, NULL, NULL, NULL, NULL, NULL),
(62610, 62545, NULL, 'Intégration terrain de nuit et atterrissage (durant sa formation le stagiaire doit effectuer au moins une arrivée sur un terrain PCL et un terrain contrôlé) - vi.A', NULL, NULL, 'item_exercise', NULL, NULL, 2, NULL, NULL, 'cl13v12r0005m3e6a934xpirj', NULL, NULL, NULL, NULL, NULL, NULL, NULL, NULL, NULL, NULL, NULL, NULL),
(62611, 62546, NULL, 'Gestion de la navigation de nuit - vi.A, B', NULL, NULL, 'item_exercise', NULL, NULL, 0, NULL, NULL, 'cl13v12r0005o3e6aab38hpqr', NULL, NULL, NULL, NULL, NULL, NULL, NULL, NULL, NULL, NULL, NULL, NULL),
(62612, 62546, NULL, 'Demande d\'une assistance radar sur le trajet - iii.A', NULL, NULL, 'item_exercise', NULL, NULL, 1, NULL, NULL, 'cl13v12r0005q3e6ahoxs4r0v', NULL, NULL, NULL, NULL, NULL, NULL, NULL, NULL, NULL, NULL, NULL, NULL),
(62613, 62546, NULL, 'Intégration terrain de nuit et atterrissage (durant sa formation le stagiaire doit effectuer au moins une arrivée sur un terrain PCL et un terrain contrôlé) - vi.A', NULL, NULL, 'item_exercise', NULL, NULL, 2, NULL, 1, 'cl13v12r0005s3e6aztg5ts1y', NULL, NULL, NULL, NULL, NULL, NULL, NULL, NULL, NULL, NULL, NULL, NULL),
(62614, 62638, NULL, 'Le stagiaire a-t-il effectué une intégration sur un terrain PCL et un terrain contrôlé ?-  vi.B', NULL, NULL, 'item_exercise', NULL, NULL, 0, NULL, NULL, 'cl13v12r0005w3e6atdraowp6', NULL, NULL, NULL, NULL, NULL, NULL, NULL, NULL, NULL, NULL, NULL, NULL),
(62615, 62638, NULL, 'Tous les exercices de la PHASE 2 ont-ils été vus ?', NULL, NULL, 'item_exercise', NULL, NULL, 1, NULL, NULL, 'cl13v12r0005y3e6aeds0i05w', NULL, NULL, NULL, NULL, NULL, NULL, NULL, NULL, NULL, NULL, NULL, NULL),
(62616, 62638, NULL, 'Tous les exercices des programmes précédents ont-ils été vus ?', NULL, NULL, 'item_exercise', NULL, NULL, 2, NULL, NULL, 'cl13v12r000603e6a4i3o8x98', NULL, NULL, NULL, NULL, NULL, NULL, NULL, NULL, NULL, NULL, NULL, NULL),
(62617, 62638, NULL, 'L’objectif de la PHASE 2 est-il atteint ?', NULL, NULL, 'item_exercise', NULL, NULL, 3, NULL, NULL, 'cl13v12r000623e6auswo24ni', NULL, NULL, NULL, NULL, NULL, NULL, NULL, NULL, NULL, NULL, NULL, NULL),
(62618, 62638, NULL, 'Le stagiaire a-t-il terminé la formation théorique ?', NULL, NULL, 'item_exercise', NULL, NULL, 4, NULL, NULL, 'cl13v12r000643e6awxkegnhx', NULL, NULL, NULL, NULL, NULL, NULL, NULL, NULL, NULL, NULL, NULL, NULL),
(62619, 62638, NULL, 'Progression et niveau du stagiaire :', NULL, NULL, 'item_exercise', NULL, NULL, 5, NULL, NULL, 'cl13v12r000663e6au86bunsu', NULL, NULL, NULL, NULL, NULL, NULL, NULL, NULL, NULL, NULL, NULL, NULL),
(62620, 62631, NULL, 'Briefing  ', NULL, NULL, 'item_phase', NULL, NULL, 0, NULL, 0, 'cl13v12qy000k3e6a10s75ihr', NULL, NULL, NULL, NULL, NULL, NULL, NULL, NULL, NULL, NULL, NULL, NULL),
(62621, 62631, NULL, 'Exercices en vol', NULL, NULL, 'item_phase', NULL, NULL, 1, NULL, 0, 'cl13v12qy000m3e6aohebnd2s', NULL, NULL, NULL, NULL, NULL, NULL, NULL, NULL, NULL, NULL, NULL, NULL),
(62622, 62632, NULL, 'Briefing  ', NULL, NULL, 'item_phase', NULL, NULL, 0, NULL, 1, 'cl13v12qy000k3e6a10s75ihr', NULL, NULL, NULL, NULL, NULL, NULL, NULL, NULL, NULL, NULL, NULL, NULL),
(62623, 62633, NULL, 'Briefing  ', NULL, NULL, 'item_phase', NULL, NULL, 0, NULL, 0, 'cl13v12qy000k3e6a10s75ihr', NULL, NULL, NULL, NULL, NULL, NULL, NULL, NULL, NULL, NULL, NULL, NULL),
(62624, 62633, NULL, 'Exercices en vol', NULL, NULL, 'item_phase', NULL, NULL, 1, NULL, 0, 'cl13v12qy000m3e6aohebnd2s', NULL, NULL, NULL, NULL, NULL, NULL, NULL, NULL, NULL, NULL, NULL, NULL),
(62625, 62634, NULL, 'Briefing  ', NULL, NULL, 'item_phase', NULL, NULL, 0, NULL, 0, 'cl13v12qy000k3e6a10s75ihr', NULL, NULL, NULL, NULL, NULL, NULL, NULL, NULL, NULL, NULL, NULL, NULL),
(62626, 62634, NULL, 'Exercices en vol', NULL, NULL, 'item_phase', NULL, NULL, 1, NULL, 0, 'cl13v12qy000m3e6aohebnd2s', NULL, NULL, NULL, NULL, NULL, NULL, NULL, NULL, NULL, NULL, NULL, NULL),
(62627, 62636, NULL, 'Briefing  ', NULL, NULL, 'item_phase', NULL, NULL, 0, NULL, 1, 'cl13v12qy000k3e6a10s75ihr', NULL, NULL, NULL, NULL, NULL, NULL, NULL, NULL, NULL, NULL, NULL, NULL),
(62628, 62636, NULL, 'Exercices en vol', NULL, NULL, 'item_phase', NULL, NULL, 1, NULL, 1, 'cl13v12qy000m3e6aohebnd2s', NULL, NULL, NULL, NULL, NULL, NULL, NULL, NULL, NULL, NULL, NULL, NULL),
(62629, 62637, NULL, 'Briefing  ', NULL, NULL, 'item_phase', NULL, NULL, 0, NULL, 0, 'cl13v12qy000k3e6a10s75ihr', NULL, NULL, NULL, NULL, NULL, NULL, NULL, NULL, NULL, NULL, NULL, NULL),
(62630, 62637, NULL, 'Exercices en vol', NULL, NULL, 'item_phase', NULL, NULL, 1, NULL, 0, 'cl13v12qy000m3e6aohebnd2s', NULL, NULL, NULL, NULL, NULL, NULL, NULL, NULL, NULL, NULL, NULL, NULL),
(62631, 62639, NULL, 'Formation au pilotage de base aux instruments du programme PPL(A) - Obligatoire pour les pilotes LAPL(A)', NULL, NULL, 'item_lesson', NULL, 'Piloter l\'avion sans références visuelles extérieures en palier, montée, descente et virage afin de retrouver les conditions VMC.', 0, NULL, 0, 'cl13v12qy00043e6a1pouazgs', NULL, NULL, NULL, NULL, 0, NULL, NULL, NULL, NULL, 0, NULL, NULL),
(62632, 62639, NULL, 'Programme 1', NULL, NULL, 'item_lesson', NULL, 'Mettre en œuvre l\'avion dans un environnement nocturne.\nRéviser les exercices de pilotage de base aux instruments.\nExécuter un tour de piste publié de nuit.', 1, NULL, 0, 'cl13v12qy00063e6a3pqtufbl', NULL, NULL, NULL, NULL, 0, NULL, NULL, NULL, NULL, 0, NULL, NULL),
(62633, 62639, NULL, 'Programme 2', NULL, NULL, 'item_lesson', 'Exécuter des tours de piste de nuit avec pannes.\nPerfectionner sa technique d\'atterrissage de nuit.', NULL, 2, NULL, 0, 'cl13v12qy00083e6at63f4sru', NULL, NULL, NULL, NULL, 0, NULL, NULL, NULL, NULL, 0, NULL, NULL),
(62634, 62639, NULL, 'Programme 3', NULL, NULL, 'item_lesson', NULL, 'Préparer et exécuter une navigation de nuit.\nDéterminer la position de l\'avion en utilisant des moyens de radionavigation lors du vol par référence aux instruments.', 3, NULL, 0, 'cl13v12qy000a3e6a27bbcz3m', NULL, NULL, NULL, NULL, 0, NULL, NULL, NULL, NULL, 0, NULL, NULL),
(62635, 62639, NULL, 'BILAN DE FORMATION / PHASE 1', NULL, NULL, 'item_lesson', NULL, 'À ce stade de la formation, le pilote stagiaire doit avoir révisé les exercices de pilotage de base aux instruments et être capable de faire un tour de piste en solo de nuit avec des conditions météorologiques favorables. ', 4, NULL, 0, 'cl13v12qy000c3e6anz2tkxds', NULL, NULL, NULL, NULL, 1, NULL, NULL, NULL, NULL, 0, NULL, NULL),
(62636, 62640, NULL, 'PROGRAMME 4', NULL, NULL, 'item_lesson', NULL, 'Exécuter 5 atterrissages complets de nuits en solo.', 0, NULL, 0, 'cl13v12qy000e3e6az0stdxef', NULL, NULL, NULL, NULL, 0, NULL, NULL, NULL, NULL, 0, NULL, NULL),
(62637, 62640, NULL, 'PROGRAMME 5', NULL, NULL, 'item_lesson', NULL, 'Exécuter une navigation de nuit de plus de 50 km.', 1, NULL, 0, 'cl13v12qy000g3e6aud24totu', NULL, NULL, NULL, NULL, 0, NULL, NULL, NULL, NULL, 0, NULL, NULL),
(62638, 62640, NULL, 'BILAN DE FORMATION / PHASE 2', NULL, NULL, 'item_lesson', NULL, 'À ce stade de la formation, le pilote stagiaire doit être capable de voler de nuit en tours de piste comme en navigation. ', 2, NULL, 1, 'cl13v12qy000i3e6aimwv2ksa', NULL, NULL, NULL, NULL, 1, NULL, NULL, NULL, NULL, 0, NULL, NULL),
(62639, NULL, 318, 'PHASE 1 – MANIA/TOURS DE PISTE', NULL, NULL, 'item_module', NULL, 'À la fin de la phase 1, le pilote stagiaire doit avoir révisé les exercices de pilotage de base aux instruments et être capable de faire un tour de piste en solo de nuit avec des conditions météorologiques favorables.', 0, NULL, 1, 'cl13v12qy00003e6atwpysirf', NULL, NULL, NULL, NULL, 0, NULL, NULL, NULL, NULL, NULL, NULL, NULL),
(62640, NULL, 318, 'PHASE 2 – SOLO ET NAVIGATION', NULL, NULL, 'item_module', NULL, 'À la fin de la phase 2, le pilote stagiaire doit être capable de voler de nuit en tours de piste comme en navigation.', 1, NULL, 1, 'cl13v12qy00023e6ahrnf4o3e', NULL, NULL, NULL, NULL, 0, NULL, NULL, NULL, NULL, NULL, NULL, NULL),
(62641, 62427, NULL, 'Exercices en vol', NULL, NULL, 'item_phase', NULL, NULL, 1, NULL, 0, 'cl13v12qy000m3e6aohebnd2s', NULL, NULL, NULL, NULL, NULL, NULL, NULL, NULL, NULL, NULL, NULL, NULL),
(62642, 62655, NULL, 'Atterrissage de nuit (sans PAPI) - iv.D', NULL, NULL, 'item_exercise_item', NULL, NULL, 0, NULL, NULL, NULL, NULL, NULL, NULL, NULL, NULL, NULL, NULL, NULL, NULL, NULL, 0, NULL),
(62643, 62641, NULL, 'Pilotage de base aux instruments ', NULL, NULL, 'item_exercises_group', NULL, NULL, 3, NULL, 1, 'cl13v12qy000s3e6aq2ttn852', NULL, NULL, NULL, NULL, NULL, NULL, NULL, NULL, NULL, NULL, NULL, NULL),
(62644, 62641, NULL, '5 tours de piste', NULL, NULL, 'item_exercises_group', NULL, NULL, 4, NULL, 1, 'cl13v12qy000u3e6a51fg1lww', NULL, NULL, NULL, NULL, NULL, NULL, NULL, NULL, NULL, NULL, NULL, NULL),
(62645, 62641, NULL, 'Inspection prévol de nuit', NULL, NULL, 'item_exercise', NULL, NULL, 0, NULL, NULL, 'cl13v12qz00203e6aidpusxfu', 82, NULL, NULL, NULL, NULL, NULL, NULL, NULL, NULL, NULL, NULL, NULL),
(62646, 62641, NULL, 'Mise en route, roulage ', NULL, NULL, 'item_exercise', NULL, NULL, 1, NULL, NULL, 'cl13v12qz00223e6a3ln3o796', 82, NULL, NULL, NULL, NULL, NULL, NULL, NULL, NULL, NULL, NULL, NULL),
(62647, 62641, NULL, 'Explication et démonstration du décollage de nuit - iv.B', NULL, NULL, 'item_exercise', NULL, NULL, 2, NULL, NULL, 'cl13v12qz00243e6adezt8lkd', 82, NULL, NULL, NULL, NULL, NULL, NULL, NULL, NULL, NULL, NULL, NULL),
(62648, 62643, NULL, 'Palier, montée, descente et virages - i.A', NULL, NULL, 'item_exercise', NULL, NULL, 0, NULL, NULL, 'cl13v12qz00263e6avkbtvisy', 82, NULL, NULL, NULL, NULL, NULL, NULL, NULL, NULL, NULL, NULL, NULL),
(62649, 62643, NULL, 'Transition du vol aux instruments vers le vol à vue - i.B', NULL, NULL, 'item_exercise', NULL, NULL, 1, NULL, NULL, 'cl13v12qz00283e6aiuke044u', 82, NULL, NULL, NULL, NULL, NULL, NULL, NULL, NULL, NULL, NULL, NULL),
(62650, 62644, NULL, '1 démonstration des circuits de piste de nuit (points clefs et hauteurs associées) - iv.C', NULL, NULL, 'item_exercise', NULL, NULL, 0, NULL, NULL, 'cl13v12qz002a3e6a8eiojwdd', 82, NULL, NULL, NULL, NULL, NULL, NULL, NULL, NULL, NULL, NULL, NULL),
(62651, 62644, NULL, 'Utilisation des phares d\'atterrissage - iv.A', NULL, NULL, 'item_exercise', NULL, NULL, 1, NULL, NULL, 'cl13v12qz002c3e6a2sjciqxj', 82, NULL, NULL, NULL, NULL, NULL, NULL, NULL, NULL, NULL, NULL, NULL),
(62652, 62644, NULL, 'Atterrissage de nuit (avec PAPI si terrain équipé) - iv.D', NULL, NULL, 'item_exercise', NULL, NULL, 2, NULL, NULL, 'cl13v12qz002e3e6aqfjrk6l4', 82, NULL, NULL, NULL, NULL, NULL, NULL, NULL, NULL, NULL, NULL, NULL),
(62653, 62644, NULL, '2 TdP avec PAPI (si terrain équipé) - iv.E', NULL, NULL, 'item_exercise', NULL, NULL, 3, NULL, NULL, 'cl13v12qz002g3e6akuw5j5yo', 82, NULL, NULL, NULL, NULL, NULL, NULL, NULL, NULL, NULL, NULL, NULL),
(62654, 62644, NULL, '1 approche interrompue', NULL, NULL, 'item_exercise', NULL, NULL, 4, NULL, NULL, 'cl13v12qz002i3e6a6136qcmy', 82, NULL, NULL, NULL, NULL, NULL, NULL, NULL, NULL, NULL, NULL, NULL),
(62655, 62644, NULL, '1 TdP sans PAPI - iv.E', NULL, NULL, 'item_exercise', NULL, NULL, 5, NULL, NULL, 'cl13v12qz002k3e6asqp2b44b', 82, NULL, NULL, NULL, NULL, NULL, NULL, NULL, NULL, NULL, NULL, NULL),
(62772, 62867, NULL, 'Pilotage de base aux instruments : Programme du PPL(A)', NULL, NULL, 'item_exercises_group', NULL, NULL, 0, NULL, 1, 'cl13v12qy000q3e6aiqg763gu', NULL, NULL, NULL, NULL, NULL, NULL, NULL, NULL, NULL, NULL, NULL, NULL),
(62773, 62869, NULL, 'Pilotage de base aux instruments ', NULL, NULL, 'item_exercises_group', NULL, NULL, 3, NULL, 1, 'cl13v12qy000s3e6aq2ttn852', NULL, NULL, NULL, NULL, NULL, NULL, NULL, NULL, NULL, NULL, NULL, NULL),
(62774, 62869, NULL, '5 tours de piste', NULL, NULL, 'item_exercises_group', NULL, NULL, 4, NULL, 1, 'cl13v12qy000u3e6a51fg1lww', NULL, NULL, NULL, NULL, NULL, NULL, NULL, NULL, NULL, NULL, NULL, NULL),
(62775, 62871, NULL, 'Pilotage de base aux instruments ', NULL, NULL, 'item_exercises_group', NULL, NULL, 0, NULL, 1, 'cl13v12qy000s3e6aq2ttn852', NULL, NULL, NULL, NULL, NULL, NULL, NULL, NULL, NULL, NULL, NULL, NULL),
(62776, 62871, NULL, '5 tours de piste', NULL, NULL, 'item_exercises_group', NULL, NULL, 1, NULL, 1, 'cl13v12qy000u3e6a51fg1lww', NULL, NULL, NULL, NULL, NULL, NULL, NULL, NULL, NULL, NULL, NULL, NULL),
(62777, 62873, NULL, 'Navigation aller', NULL, NULL, 'item_exercises_group', NULL, NULL, 0, NULL, 1, 'cl13v12qy000w3e6avqw605n5', NULL, NULL, NULL, NULL, NULL, NULL, NULL, NULL, NULL, NULL, NULL, NULL),
(62778, 62873, NULL, 'Navigation retour (si applicable)', NULL, NULL, 'item_exercises_group', NULL, NULL, 1, NULL, 1, 'cl13v12qy000y3e6ak0j1ck7l', NULL, NULL, NULL, NULL, NULL, NULL, NULL, NULL, NULL, NULL, NULL, NULL),
(62779, 62877, NULL, 'Navigation aller', NULL, NULL, 'item_exercises_group', NULL, NULL, 0, NULL, 1, 'cl13v12qy000w3e6avqw605n5', NULL, NULL, NULL, NULL, NULL, NULL, NULL, NULL, NULL, NULL, NULL, NULL),
(62780, 62877, NULL, 'Navigation retour', NULL, NULL, 'item_exercises_group', NULL, NULL, 1, NULL, 1, 'cl13v12qy00103e6ah2hjaa4f', NULL, NULL, NULL, NULL, NULL, NULL, NULL, NULL, NULL, NULL, NULL, NULL),
(62781, 62791, NULL, 'Documents, météo, notam, carburant, masse et centrage, performances …', NULL, NULL, 'item_exercise_item', NULL, NULL, 0, NULL, NULL, NULL, NULL, NULL, NULL, NULL, NULL, NULL, NULL, NULL, NULL, NULL, 0, NULL),
(62782, 62801, NULL, 'Documents, météo, notam, carburant, masse et centrage, performances …', NULL, NULL, 'item_exercise_item', NULL, NULL, 0, NULL, NULL, NULL, NULL, NULL, NULL, NULL, NULL, NULL, NULL, NULL, NULL, NULL, 0, NULL),
(62783, 62812, NULL, 'Atterrissage de nuit (sans PAPI) - iv.D', NULL, NULL, 'item_exercise_item', NULL, NULL, 0, NULL, NULL, NULL, NULL, NULL, NULL, NULL, NULL, NULL, NULL, NULL, NULL, NULL, 0, NULL),
(62784, 62819, NULL, 'Documents, météo, notam, carburant, masse et centrage, performances …', NULL, NULL, 'item_exercise_item', NULL, NULL, 0, NULL, NULL, NULL, NULL, NULL, NULL, NULL, NULL, NULL, NULL, NULL, NULL, NULL, 0, NULL),
(62785, 62831, NULL, 'Documents, météo, notam, carburant, masse et centrage, performances …', NULL, NULL, 'item_exercise_item', NULL, NULL, 0, NULL, NULL, NULL, NULL, NULL, NULL, NULL, NULL, NULL, NULL, NULL, NULL, NULL, 0, NULL),
(62786, 62845, NULL, 'Documents, météo, notam, carburant, masse et centrage, performances …', NULL, NULL, 'item_exercise_item', NULL, NULL, 0, NULL, NULL, NULL, NULL, NULL, NULL, NULL, NULL, NULL, NULL, NULL, NULL, NULL, 0, NULL),
(62787, 62846, NULL, '(atterrissages avec arrêt complet = arrêt complet sur la piste puis redécollage ou dégagement de la piste puis roulage pour redécollage d\'une autre position – en fonction de la longueur de la piste et des conditions du jour –)', NULL, NULL, 'item_exercise_item', NULL, NULL, 0, NULL, NULL, NULL, NULL, NULL, NULL, NULL, NULL, NULL, NULL, NULL, NULL, NULL, 0, NULL),
(62788, 62853, NULL, 'Documents, météo, notam, carburant, masse et centrage, performances …', NULL, NULL, 'item_exercise_item', NULL, NULL, 0, NULL, NULL, NULL, NULL, NULL, NULL, NULL, NULL, NULL, NULL, NULL, NULL, NULL, 0, NULL);
INSERT INTO `formation_item` (`id`, `parent_id`, `formation_id`, `name`, `standard_duration`, `max_duration`, `type`, `description`, `goals`, `position`, `extra_lesson_id`, `config_isexpended`, `formation_item_from_list_id`, `notation_id`, `min_rating_id`, `classroom_id`, `subname`, `is_theoretical`, `min_visibility`, `min_weather`, `ceiling`, `technical_ref`, `groupe`, `is_important`, `expected_value_id`) VALUES
(62789, 62866, NULL, 'Pilotage de base aux instruments - FCL210.A xxv.A→C', NULL, NULL, 'item_exercise', NULL, NULL, 0, NULL, NULL, 'cl13v12qy00143e6apwozjvas', 81, NULL, NULL, NULL, NULL, NULL, NULL, NULL, NULL, NULL, NULL, NULL),
(62790, 62866, NULL, 'Illusions sensorielles - FCL210.A xxv.A→C', NULL, NULL, 'item_exercise', NULL, NULL, 1, NULL, NULL, 'cl13v12qy00163e6aaquxexkp', 81, NULL, NULL, NULL, NULL, NULL, NULL, NULL, NULL, NULL, NULL, NULL),
(62791, 62866, NULL, 'Préparation du vol ', NULL, NULL, 'item_exercise', NULL, NULL, 2, NULL, 0, 'cl13v12qz00183e6a273ujp4u', 81, NULL, NULL, NULL, NULL, NULL, NULL, NULL, NULL, NULL, NULL, NULL),
(62792, 62772, NULL, 'Vol horizontal rectiligne à des vitesses différentes et différentes configurations - FCL210.A xxv.D.a', NULL, NULL, 'item_exercise', NULL, NULL, 0, NULL, NULL, 'cl13v12qz001c3e6at1vsedof', 82, NULL, NULL, NULL, NULL, NULL, NULL, NULL, NULL, NULL, NULL, NULL),
(62793, 62772, NULL, 'Demi-tour ', NULL, NULL, 'item_exercise', NULL, NULL, 1, NULL, NULL, 'cl13v12qz001e3e6ajtqwfjei', NULL, NULL, NULL, NULL, NULL, NULL, NULL, NULL, NULL, NULL, NULL, NULL),
(62794, 62772, NULL, 'Montée - FCL210.A xxv.D.b', NULL, NULL, 'item_exercise', NULL, NULL, 2, NULL, NULL, 'cl13v12qz001g3e6a2dpgcrtw', NULL, NULL, NULL, NULL, NULL, NULL, NULL, NULL, NULL, NULL, NULL, NULL),
(62795, 62772, NULL, 'Descente - FCL210.A xxv.D.b', NULL, NULL, 'item_exercise', NULL, NULL, 3, NULL, NULL, 'cl13v12qz001i3e6a3e1dsvck', NULL, NULL, NULL, NULL, NULL, NULL, NULL, NULL, NULL, NULL, NULL, NULL),
(62796, 62772, NULL, 'Virages au taux standard, en montée et en descente vers des caps prédéterminés - FCL210.A xxv.D.c', NULL, NULL, 'item_exercise', NULL, NULL, 4, NULL, NULL, 'cl13v12qz001k3e6ai8ddptvd', 82, NULL, NULL, NULL, NULL, NULL, NULL, NULL, NULL, NULL, NULL, NULL),
(62797, 62772, NULL, 'Récupérations des virages non-stabilisés en altitude - FCL210.A xxv.D.b', NULL, NULL, 'item_exercise', NULL, NULL, 5, NULL, NULL, 'cl13v12qz001m3e6axvai16qx', NULL, NULL, NULL, NULL, NULL, NULL, NULL, NULL, NULL, NULL, NULL, NULL),
(62798, 62868, NULL, 'Utilisation de l\'avion au sol de nuit', NULL, NULL, 'item_exercise', NULL, NULL, 0, NULL, NULL, 'cl13v12qz001q3e6a25sgwkdp', 81, NULL, NULL, NULL, NULL, NULL, NULL, NULL, NULL, NULL, NULL, NULL),
(62799, 62868, NULL, 'Rappel sur le circuit visuel lors du pilotage aux instruments - i.A', NULL, NULL, 'item_exercise', NULL, NULL, 1, NULL, NULL, 'cl13v12qz001s3e6aelxd1bbu', 81, NULL, NULL, NULL, NULL, NULL, NULL, NULL, NULL, NULL, NULL, NULL),
(62800, 62868, NULL, 'Contrôle du plan d\'atterrissage - i.D', NULL, NULL, 'item_exercise', NULL, NULL, 2, NULL, NULL, 'cl13v12qz001u3e6ajxwcshvf', 81, NULL, NULL, NULL, NULL, NULL, NULL, NULL, NULL, NULL, NULL, NULL),
(62801, 62868, NULL, 'Préparation du vol ', NULL, NULL, 'item_exercise', NULL, NULL, 3, NULL, NULL, 'cl13v12qz001w3e6aijl37rgz', 81, NULL, NULL, NULL, NULL, NULL, NULL, NULL, NULL, NULL, NULL, NULL),
(62802, 62869, NULL, 'Inspection prévol de nuit', NULL, NULL, 'item_exercise', NULL, NULL, 0, NULL, NULL, 'cl13v12qz00203e6aidpusxfu', 82, NULL, NULL, NULL, NULL, NULL, NULL, NULL, NULL, NULL, NULL, NULL),
(62803, 62869, NULL, 'Mise en route, roulage ', NULL, NULL, 'item_exercise', NULL, NULL, 1, NULL, NULL, 'cl13v12qz00223e6a3ln3o796', 82, NULL, NULL, NULL, NULL, NULL, NULL, NULL, NULL, NULL, NULL, NULL),
(62804, 62869, NULL, 'Explication et démonstration du décollage de nuit - iv.B', NULL, NULL, 'item_exercise', NULL, NULL, 2, NULL, NULL, 'cl13v12qz00243e6adezt8lkd', 82, NULL, NULL, NULL, NULL, NULL, NULL, NULL, NULL, NULL, NULL, NULL),
(62805, 62773, NULL, 'Palier, montée, descente et virages - i.A', NULL, NULL, 'item_exercise', NULL, NULL, 0, NULL, NULL, 'cl13v12qz00263e6avkbtvisy', 82, NULL, NULL, NULL, NULL, NULL, NULL, NULL, NULL, NULL, NULL, NULL),
(62806, 62773, NULL, 'Transition du vol aux instruments vers le vol à vue - i.B', NULL, NULL, 'item_exercise', NULL, NULL, 1, NULL, NULL, 'cl13v12qz00283e6aiuke044u', 82, NULL, NULL, NULL, NULL, NULL, NULL, NULL, NULL, NULL, NULL, NULL),
(62807, 62774, NULL, '1 démonstration des circuits de piste de nuit (points clefs et hauteurs associées) - iv.C', NULL, NULL, 'item_exercise', NULL, NULL, 0, NULL, NULL, 'cl13v12qz002a3e6a8eiojwdd', 82, NULL, NULL, NULL, NULL, NULL, NULL, NULL, NULL, NULL, NULL, NULL),
(62808, 62774, NULL, 'Utilisation des phares d\'atterrissage - iv.A', NULL, NULL, 'item_exercise', NULL, NULL, 1, NULL, NULL, 'cl13v12qz002c3e6a2sjciqxj', 82, NULL, NULL, NULL, NULL, NULL, NULL, NULL, NULL, NULL, NULL, NULL),
(62809, 62774, NULL, 'Atterrissage de nuit (avec PAPI si terrain équipé) - iv.D', NULL, NULL, 'item_exercise', NULL, NULL, 2, NULL, NULL, 'cl13v12qz002e3e6aqfjrk6l4', 82, NULL, NULL, NULL, NULL, NULL, NULL, NULL, NULL, NULL, NULL, NULL),
(62810, 62774, NULL, '2 TdP avec PAPI (si terrain équipé) - iv.E', NULL, NULL, 'item_exercise', NULL, NULL, 3, NULL, NULL, 'cl13v12qz002g3e6akuw5j5yo', 82, NULL, NULL, NULL, NULL, NULL, NULL, NULL, NULL, NULL, NULL, NULL),
(62811, 62774, NULL, '1 approche interrompue', NULL, NULL, 'item_exercise', NULL, NULL, 4, NULL, NULL, 'cl13v12qz002i3e6a6136qcmy', 82, NULL, NULL, NULL, NULL, NULL, NULL, NULL, NULL, NULL, NULL, NULL),
(62812, 62774, NULL, '1 TdP sans PAPI - iv.E', NULL, NULL, 'item_exercise', NULL, NULL, 5, NULL, NULL, 'cl13v12qz002k3e6asqp2b44b', 82, NULL, NULL, NULL, NULL, NULL, NULL, NULL, NULL, NULL, NULL, NULL),
(62813, 62870, NULL, 'Virages à vitesse constante', NULL, NULL, 'item_exercise', NULL, NULL, 0, NULL, NULL, 'cl13v12qz002q3e6a4rsh8yxi', 81, NULL, NULL, NULL, NULL, NULL, NULL, NULL, NULL, NULL, NULL, NULL),
(62814, 62870, NULL, 'Décrochage', NULL, NULL, 'item_exercise', NULL, NULL, 1, NULL, NULL, 'cl13v12qz002s3e6a4ob23pcj', 81, NULL, NULL, NULL, NULL, NULL, NULL, NULL, NULL, NULL, NULL, NULL),
(62815, 62870, NULL, 'Virage engagé', NULL, NULL, 'item_exercise', NULL, NULL, 2, NULL, NULL, 'cl13v12qz002u3e6amdr8fw5j', 81, NULL, NULL, NULL, NULL, NULL, NULL, NULL, NULL, NULL, NULL, NULL),
(62816, 62870, NULL, 'Récupération d\'une attitude inusuelle - ii.C', NULL, NULL, 'item_exercise', NULL, NULL, 3, NULL, NULL, 'cl13v12qz002w3e6a5wkcjtc7', 81, NULL, NULL, NULL, NULL, NULL, NULL, NULL, NULL, NULL, NULL, NULL),
(62817, 62870, NULL, 'Gestion de panne - iv.F.d', NULL, NULL, 'item_exercise', NULL, NULL, 4, NULL, NULL, 'cl13v12qz002y3e6axrhfmuaw', 81, NULL, NULL, NULL, NULL, NULL, NULL, NULL, NULL, NULL, NULL, NULL),
(62818, 62870, NULL, 'PTE - iv.F.a', NULL, NULL, 'item_exercise', NULL, NULL, 5, NULL, NULL, 'cl13v12qz00303e6alta22k10', 81, NULL, NULL, NULL, NULL, NULL, NULL, NULL, NULL, NULL, NULL, NULL),
(62819, 62870, NULL, 'Préparation du vol ', NULL, NULL, 'item_exercise', NULL, NULL, 6, NULL, NULL, 'cl13v12qz00323e6axivd4996', 81, NULL, NULL, NULL, NULL, NULL, NULL, NULL, NULL, NULL, NULL, NULL),
(62820, 62775, NULL, 'Sortie de positions inusuelles par référence aux instruments - ii.C', NULL, NULL, 'item_exercise', NULL, NULL, 0, NULL, NULL, 'cl13v12qz00383e6aeo832let', 82, NULL, NULL, NULL, NULL, NULL, NULL, NULL, NULL, NULL, NULL, NULL),
(62821, 62775, NULL, 'Simulation de passage IMC involontaire : demi-tour - iv.F.b', NULL, NULL, 'item_exercise', NULL, NULL, 1, NULL, NULL, 'cl13v12qz00363e6a7pf304gx', 82, NULL, NULL, NULL, NULL, NULL, NULL, NULL, NULL, NULL, NULL, NULL),
(62822, 62775, NULL, 'Décrochage en montée, Virage engagé ', NULL, NULL, 'item_exercise', NULL, NULL, 2, NULL, NULL, 'cl13v12qz003a3e6aqqhuciwq', 82, NULL, NULL, NULL, NULL, NULL, NULL, NULL, NULL, NULL, NULL, NULL),
(62823, 62776, NULL, '1 TdP sans PAPI - iv.D', NULL, NULL, 'item_exercise', NULL, NULL, 0, NULL, NULL, 'cl13v12qz003c3e6alwwx5acz', 82, NULL, NULL, NULL, NULL, NULL, NULL, NULL, NULL, NULL, NULL, NULL),
(62824, 62776, NULL, '1 posé et décollé ou atterrissage - iv.E', NULL, NULL, 'item_exercise', NULL, NULL, 1, NULL, NULL, 'cl13v12qz003e3e6a63clh1sv', 82, NULL, NULL, NULL, NULL, NULL, NULL, NULL, NULL, NULL, NULL, NULL),
(62825, 62776, NULL, '1 atterrissage en panne de phare - iv.F.c', NULL, NULL, 'item_exercise', NULL, NULL, 2, NULL, NULL, 'cl13v12qz003g3e6awyo7majx', 82, NULL, NULL, NULL, NULL, NULL, NULL, NULL, NULL, NULL, NULL, NULL),
(62826, 62776, NULL, '1 panne après décollage puis exercice de PTE - iv.F.a', NULL, NULL, 'item_exercise', NULL, NULL, 3, NULL, NULL, 'cl13v12qz003i3e6ae54xv840', 82, NULL, NULL, NULL, NULL, NULL, NULL, NULL, NULL, NULL, NULL, NULL),
(62827, 62776, NULL, '1 panne volets - iv.F.d', NULL, NULL, 'item_exercise', NULL, NULL, 4, NULL, NULL, 'cl13v12qz003k3e6ajty374k1', 82, NULL, NULL, NULL, NULL, NULL, NULL, NULL, NULL, NULL, NULL, NULL),
(62828, 62872, NULL, 'Tracé d\'une navigation de nuit - ii.A & vi.A', NULL, NULL, 'item_exercise', NULL, NULL, 0, NULL, NULL, 'cl13v12qz003o3e6a6g55vvs8', 81, NULL, NULL, NULL, NULL, NULL, NULL, NULL, NULL, NULL, NULL, NULL),
(62829, 62872, NULL, 'Itinéraires VFR de nuit - vi.A', NULL, NULL, 'item_exercise', NULL, NULL, 1, NULL, NULL, 'cl13v12qz003q3e6ami2j94wy', 81, NULL, NULL, NULL, NULL, NULL, NULL, NULL, NULL, NULL, NULL, NULL),
(62830, 62872, NULL, 'PCL/STAP - vi.A', NULL, NULL, 'item_exercise', NULL, NULL, 2, NULL, 1, 'cl13v12qz003s3e6aen2w1oda', 81, NULL, NULL, NULL, NULL, NULL, NULL, NULL, NULL, NULL, NULL, NULL),
(62831, 62872, NULL, 'Préparation du vol ', NULL, NULL, 'item_exercise', NULL, NULL, 3, NULL, 1, 'cl13v12qz003u3e6abh4gfl3o', 81, NULL, NULL, NULL, NULL, NULL, NULL, NULL, NULL, NULL, NULL, NULL),
(62832, 62777, NULL, 'Explication et démonstration de la navigation de nuit - vi.A', NULL, NULL, 'item_exercise', NULL, NULL, 0, NULL, NULL, 'cl13v12qz003y3e6agwq9qy32', 82, NULL, NULL, NULL, NULL, NULL, NULL, NULL, NULL, NULL, NULL, NULL),
(62833, 62777, NULL, 'Détermination de la position en utilisant les moyens de radionavigation lors du vol par référence aux instruments - ii.A', NULL, NULL, 'item_exercise', NULL, NULL, 1, NULL, NULL, 'cl13v12qz00403e6abrqmyi0k', 82, NULL, NULL, NULL, NULL, NULL, NULL, NULL, NULL, NULL, NULL, NULL),
(62834, 62777, NULL, 'Exercice de panne d\'éclairage intérieur - iv.F.c', NULL, NULL, 'item_exercise', NULL, NULL, 2, NULL, NULL, 'cl13v12qz00423e6ammse3tjn', NULL, NULL, NULL, NULL, NULL, NULL, NULL, NULL, NULL, NULL, NULL, NULL),
(62835, 62777, NULL, 'Intégration de nuit et atterrissage (durant sa formation, le stagiaire doit effectuer au moins une arrivée sur un terrain PCL et un terrain contrôlé) - vi.A', NULL, NULL, 'item_exercise', NULL, NULL, 3, NULL, NULL, 'cl13v12qz00443e6a7lnmrad2', 82, NULL, NULL, NULL, NULL, NULL, NULL, NULL, NULL, NULL, NULL, NULL),
(62836, 62778, NULL, 'Gestion de la navigation de nuit - vi.A', NULL, NULL, 'item_exercise', NULL, NULL, 0, NULL, NULL, 'cl13v12qz00463e6azy198syf', 82, NULL, NULL, NULL, NULL, NULL, NULL, NULL, NULL, NULL, NULL, NULL),
(62837, 62778, NULL, 'Simulation de panne moteur de nuit - iv.F.a', NULL, NULL, 'item_exercise', NULL, NULL, 1, NULL, NULL, 'cl13v12qz00483e6as8fskt6x', NULL, NULL, NULL, NULL, NULL, NULL, NULL, NULL, NULL, NULL, NULL, NULL),
(62838, 62778, NULL, 'Intégration de nuit avec exercice de panne électrique totale (durant sa formation, stagiaire doit effectuer au moins une arrivé sur un terrain PCL et un terrain contrôlé) - vi.A', NULL, NULL, 'item_exercise', NULL, NULL, 2, NULL, NULL, 'cl13v12qz004a3e6ahq6xlkcw', 82, NULL, NULL, NULL, NULL, NULL, NULL, NULL, NULL, NULL, NULL, NULL),
(62839, 62882, NULL, 'Le stagiaire a-t-il commencé la formation théorique ? ', NULL, NULL, 'item_exercise', NULL, NULL, 0, NULL, NULL, 'cl13v12qz004e3e6ad7nj10zd', 83, NULL, NULL, NULL, NULL, NULL, NULL, NULL, NULL, NULL, NULL, NULL),
(62840, 62882, NULL, 'Tous les exercices de la PHASE 1 ont-ils été vus ?', NULL, NULL, 'item_exercise', NULL, NULL, 1, NULL, NULL, 'cl13v12qz004g3e6a2mg04iek', 83, NULL, NULL, NULL, NULL, NULL, NULL, NULL, NULL, NULL, NULL, NULL),
(62841, 62882, NULL, 'L’objectif de la PHASE 1 est-il atteint ?', NULL, NULL, 'item_exercise', NULL, NULL, 2, NULL, NULL, 'cl13v12qz004i3e6an3rm4gb2', 83, NULL, NULL, NULL, NULL, NULL, NULL, NULL, NULL, NULL, NULL, NULL),
(62842, 62882, NULL, 'Progression et niveau du stagiaire :', NULL, NULL, 'item_exercise', NULL, NULL, 3, NULL, NULL, 'cl13v12qz004k3e6a2p1j6d0w', 84, NULL, NULL, NULL, NULL, NULL, NULL, NULL, NULL, NULL, NULL, NULL),
(62843, 62874, NULL, 'Minima météorologiques en vol de nuit - vi.', NULL, NULL, 'item_exercise', NULL, NULL, 0, NULL, NULL, 'cl13v12qz004o3e6a41t3vl1a', 81, NULL, NULL, NULL, NULL, NULL, NULL, NULL, NULL, NULL, NULL, NULL),
(62844, 62874, NULL, 'Consigne du vol (météo, NOTAM, terrain de déroutement, carburant, performances…)', NULL, NULL, 'item_exercise', NULL, NULL, 1, NULL, NULL, 'cl13v12qz004q3e6aep0e3dwa', 81, NULL, NULL, NULL, NULL, NULL, NULL, NULL, NULL, NULL, NULL, NULL),
(62845, 62874, NULL, 'Préparation du vol ', NULL, NULL, 'item_exercise', NULL, NULL, 2, NULL, NULL, 'cl13v12qz004s3e6aoajiybrp', 81, NULL, NULL, NULL, NULL, NULL, NULL, NULL, NULL, NULL, NULL, NULL),
(62846, 62875, NULL, '5 TdP publiés avec atterrissage arrêt complet - v', NULL, NULL, 'item_exercise', NULL, NULL, 0, NULL, NULL, 'cl13v12qz004w3e6acn10v41c', 82, NULL, NULL, NULL, NULL, NULL, NULL, NULL, NULL, NULL, NULL, NULL),
(62847, 62876, NULL, 'Bilan carburant avant le vol', NULL, NULL, 'item_exercise', NULL, NULL, 0, NULL, NULL, 'cl13v12qz00523e6ax3hcybci', 81, NULL, NULL, NULL, NULL, NULL, NULL, NULL, NULL, NULL, NULL, NULL),
(62848, 62876, NULL, 'Hauteurs minimales de vol - vi.A', NULL, NULL, 'item_exercise', NULL, NULL, 1, NULL, NULL, 'cl13v12qz00543e6a7mbedz7e', 81, NULL, NULL, NULL, NULL, NULL, NULL, NULL, NULL, NULL, NULL, NULL),
(62849, 62876, NULL, 'Guidage radar - iii.A', NULL, NULL, 'item_exercise', NULL, NULL, 2, NULL, NULL, 'cl13v12qz00563e6ame4bj0nn', 81, NULL, NULL, NULL, NULL, NULL, NULL, NULL, NULL, NULL, NULL, NULL),
(62850, 62876, NULL, 'Étude de la météo sur le trajet', NULL, NULL, 'item_exercise', NULL, NULL, 3, NULL, NULL, 'cl13v12qz00583e6aanqf9z51', 81, NULL, NULL, NULL, NULL, NULL, NULL, NULL, NULL, NULL, NULL, NULL),
(62851, 62876, NULL, 'Étude des NOTAM, SUP AIP, AZTBA  sur le trajet', NULL, NULL, 'item_exercise', NULL, NULL, 4, NULL, NULL, 'cl13v12qz005a3e6ae3ooqaqn', 81, NULL, NULL, NULL, NULL, NULL, NULL, NULL, NULL, NULL, NULL, NULL),
(62852, 62876, NULL, 'Étude du trajet de navigation - vi.A', NULL, NULL, 'item_exercise', NULL, NULL, 5, NULL, NULL, 'cl13v12r0005c3e6a4c0q798h', 81, NULL, NULL, NULL, NULL, NULL, NULL, NULL, NULL, NULL, NULL, NULL),
(62853, 62876, NULL, 'Préparation du vol ', NULL, NULL, 'item_exercise', NULL, NULL, 6, NULL, NULL, 'cl13v12r0005e3e6ajq49hqcj', 81, NULL, NULL, NULL, NULL, NULL, NULL, NULL, NULL, NULL, NULL, NULL),
(62854, 62779, NULL, 'Gestion de la navigation de nuit - vi.A', NULL, NULL, 'item_exercise', NULL, NULL, 0, NULL, NULL, 'cl13v12r0005i3e6at060ut88', 82, NULL, NULL, NULL, NULL, NULL, NULL, NULL, NULL, NULL, NULL, NULL),
(62855, 62779, NULL, 'Navigation via la verticale d\'un moyen de radionavigation lors du vol par référence aux instruments - ii.A', NULL, NULL, 'item_exercise', NULL, NULL, 1, NULL, NULL, 'cl13v12r0005k3e6am6jyx96c', 82, NULL, NULL, NULL, NULL, NULL, NULL, NULL, NULL, NULL, NULL, NULL),
(62856, 62779, NULL, 'Intégration terrain de nuit et atterrissage (durant sa formation le stagiaire doit effectuer au moins une arrivée sur un terrain PCL et un terrain contrôlé) - vi.A', NULL, NULL, 'item_exercise', NULL, NULL, 2, NULL, NULL, 'cl13v12r0005m3e6a934xpirj', NULL, NULL, NULL, NULL, NULL, NULL, NULL, NULL, NULL, NULL, NULL, NULL),
(62857, 62780, NULL, 'Gestion de la navigation de nuit - vi.A, B', NULL, NULL, 'item_exercise', NULL, NULL, 0, NULL, NULL, 'cl13v12r0005o3e6aab38hpqr', 82, NULL, NULL, NULL, NULL, NULL, NULL, NULL, NULL, NULL, NULL, NULL),
(62858, 62780, NULL, 'Demande d\'une assistance radar sur le trajet - iii.A', NULL, NULL, 'item_exercise', NULL, NULL, 1, NULL, NULL, 'cl13v12r0005q3e6ahoxs4r0v', NULL, NULL, NULL, NULL, NULL, NULL, NULL, NULL, NULL, NULL, NULL, NULL),
(62859, 62780, NULL, 'Intégration terrain de nuit et atterrissage (durant sa formation le stagiaire doit effectuer au moins une arrivée sur un terrain PCL et un terrain contrôlé) - vi.A', NULL, NULL, 'item_exercise', NULL, NULL, 2, NULL, 1, 'cl13v12r0005s3e6aztg5ts1y', NULL, NULL, NULL, NULL, NULL, NULL, NULL, NULL, NULL, NULL, NULL, NULL),
(62860, 62885, NULL, 'Le stagiaire a-t-il effectué une intégration sur un terrain PCL et un terrain contrôlé ?-  vi.B', NULL, NULL, 'item_exercise', NULL, NULL, 0, NULL, NULL, 'cl13v12r0005w3e6atdraowp6', 83, NULL, NULL, NULL, NULL, NULL, NULL, NULL, NULL, NULL, NULL, NULL),
(62861, 62885, NULL, 'Tous les exercices de la PHASE 2 ont-ils été vus ?', NULL, NULL, 'item_exercise', NULL, NULL, 1, NULL, NULL, 'cl13v12r0005y3e6aeds0i05w', 83, NULL, NULL, NULL, NULL, NULL, NULL, NULL, NULL, NULL, NULL, NULL),
(62862, 62885, NULL, 'Tous les exercices des programmes précédents ont-ils été vus ?', NULL, NULL, 'item_exercise', NULL, NULL, 2, NULL, NULL, 'cl13v12r000603e6a4i3o8x98', 83, NULL, NULL, NULL, NULL, NULL, NULL, NULL, NULL, NULL, NULL, NULL),
(62863, 62885, NULL, 'L’objectif de la PHASE 2 est-il atteint ?', NULL, NULL, 'item_exercise', NULL, NULL, 3, NULL, NULL, 'cl13v12r000623e6auswo24ni', 83, NULL, NULL, NULL, NULL, NULL, NULL, NULL, NULL, NULL, NULL, NULL),
(62864, 62885, NULL, 'Le stagiaire a-t-il terminé la formation théorique ?', NULL, NULL, 'item_exercise', NULL, NULL, 4, NULL, NULL, 'cl13v12r000643e6awxkegnhx', 83, NULL, NULL, NULL, NULL, NULL, NULL, NULL, NULL, NULL, NULL, NULL),
(62865, 62885, NULL, 'Progression et niveau du stagiaire :', NULL, NULL, 'item_exercise', NULL, NULL, 5, NULL, NULL, 'cl13v12r000663e6au86bunsu', 84, NULL, NULL, NULL, NULL, NULL, NULL, NULL, NULL, NULL, NULL, NULL),
(62866, 62878, NULL, 'Briefing  ', NULL, NULL, 'item_phase', NULL, NULL, 0, NULL, 0, 'cl13v12qy000k3e6a10s75ihr', NULL, NULL, NULL, NULL, NULL, NULL, NULL, NULL, NULL, NULL, NULL, NULL),
(62867, 62878, NULL, 'Exercices en vol', NULL, NULL, 'item_phase', NULL, NULL, 1, NULL, 0, 'cl13v12qy000m3e6aohebnd2s', NULL, NULL, NULL, NULL, NULL, NULL, NULL, NULL, NULL, NULL, NULL, NULL),
(62868, 62879, NULL, 'Briefing  ', NULL, NULL, 'item_phase', NULL, NULL, 0, NULL, 1, 'cl13v12qy000k3e6a10s75ihr', 81, NULL, NULL, NULL, NULL, NULL, NULL, NULL, NULL, NULL, NULL, NULL),
(62869, 62879, NULL, 'Exercices en vol', NULL, NULL, 'item_phase', NULL, NULL, 1, NULL, 0, 'cl13v12qy000m3e6aohebnd2s', NULL, NULL, NULL, NULL, NULL, NULL, NULL, NULL, NULL, NULL, NULL, NULL),
(62870, 62880, NULL, 'Briefing  ', NULL, NULL, 'item_phase', NULL, NULL, 0, NULL, 0, 'cl13v12qy000k3e6a10s75ihr', 81, NULL, NULL, NULL, NULL, NULL, NULL, NULL, NULL, NULL, NULL, NULL),
(62871, 62880, NULL, 'Exercices en vol', NULL, NULL, 'item_phase', NULL, NULL, 1, NULL, 0, 'cl13v12qy000m3e6aohebnd2s', NULL, NULL, NULL, NULL, NULL, NULL, NULL, NULL, NULL, NULL, NULL, NULL),
(62872, 62881, NULL, 'Briefing  ', NULL, NULL, 'item_phase', NULL, NULL, 0, NULL, 0, 'cl13v12qy000k3e6a10s75ihr', 81, NULL, NULL, NULL, NULL, NULL, NULL, NULL, NULL, NULL, NULL, NULL),
(62873, 62881, NULL, 'Exercices en vol', NULL, NULL, 'item_phase', NULL, NULL, 1, NULL, 0, 'cl13v12qy000m3e6aohebnd2s', NULL, NULL, NULL, NULL, NULL, NULL, NULL, NULL, NULL, NULL, NULL, NULL),
(62874, 62883, NULL, 'Briefing  ', NULL, NULL, 'item_phase', NULL, NULL, 0, NULL, 1, 'cl13v12qy000k3e6a10s75ihr', 81, NULL, NULL, NULL, NULL, NULL, NULL, NULL, NULL, NULL, NULL, NULL),
(62875, 62883, NULL, 'Exercices en vol', NULL, NULL, 'item_phase', NULL, NULL, 1, NULL, 1, 'cl13v12qy000m3e6aohebnd2s', NULL, NULL, NULL, NULL, NULL, NULL, NULL, NULL, NULL, NULL, NULL, NULL),
(62876, 62884, NULL, 'Briefing  ', NULL, NULL, 'item_phase', NULL, NULL, 0, NULL, 0, 'cl13v12qy000k3e6a10s75ihr', 81, NULL, NULL, NULL, NULL, NULL, NULL, NULL, NULL, NULL, NULL, NULL),
(62877, 62884, NULL, 'Exercices en vol', NULL, NULL, 'item_phase', NULL, NULL, 1, NULL, 0, 'cl13v12qy000m3e6aohebnd2s', NULL, NULL, NULL, NULL, NULL, NULL, NULL, NULL, NULL, NULL, NULL, NULL),
(62878, 62886, NULL, 'Formation au pilotage de base aux instruments du programme PPL(A) - Obligatoire pour les pilotes LAPL(A)', NULL, NULL, 'item_lesson', NULL, 'Piloter l\'avion sans références visuelles extérieures en palier, montée, descente et virage afin de retrouver les conditions VMC.', 0, NULL, 0, 'cl13v12qy00043e6a1pouazgs', NULL, NULL, NULL, NULL, 0, NULL, NULL, NULL, NULL, 0, NULL, NULL),
(62879, 62886, NULL, 'Programme 1', NULL, NULL, 'item_lesson', NULL, 'Mettre en œuvre l\'avion dans un environnement nocturne.\nRéviser les exercices de pilotage de base aux instruments.\nExécuter un tour de piste publié de nuit.', 1, NULL, 1, 'cl13v12qy00063e6a3pqtufbl', NULL, NULL, NULL, NULL, 0, NULL, NULL, NULL, NULL, 0, NULL, NULL),
(62880, 62886, NULL, 'Programme 2', NULL, NULL, 'item_lesson', 'Exécuter des tours de piste de nuit avec pannes.\nPerfectionner sa technique d\'atterrissage de nuit.', NULL, 2, NULL, 1, 'cl13v12qy00083e6at63f4sru', NULL, NULL, NULL, NULL, 0, NULL, NULL, NULL, NULL, 0, NULL, NULL),
(62881, 62886, NULL, 'Programme 3', NULL, NULL, 'item_lesson', NULL, 'Préparer et exécuter une navigation de nuit.\nDéterminer la position de l\'avion en utilisant des moyens de radionavigation lors du vol par référence aux instruments.', 3, NULL, 1, 'cl13v12qy000a3e6a27bbcz3m', NULL, NULL, NULL, NULL, 0, NULL, NULL, NULL, NULL, 0, NULL, NULL),
(62882, 62886, NULL, 'BILAN DE FORMATION / PHASE 1', NULL, NULL, 'item_lesson', NULL, 'À ce stade de la formation, le pilote stagiaire doit avoir révisé les exercices de pilotage de base aux instruments et être capable de faire un tour de piste en solo de nuit avec des conditions météorologiques favorables. ', 4, NULL, 0, 'cl13v12qy000c3e6anz2tkxds', NULL, NULL, NULL, NULL, 1, NULL, NULL, NULL, NULL, 0, NULL, NULL),
(62883, 62887, NULL, 'PROGRAMME 4', NULL, NULL, 'item_lesson', NULL, 'Exécuter 5 atterrissages complets de nuits en solo.', 0, NULL, 0, 'cl13v12qy000e3e6az0stdxef', NULL, NULL, NULL, NULL, 0, NULL, NULL, NULL, NULL, 0, NULL, NULL),
(62884, 62887, NULL, 'PROGRAMME 5', NULL, NULL, 'item_lesson', NULL, 'Exécuter une navigation de nuit de plus de 50 km.', 1, NULL, 0, 'cl13v12qy000g3e6aud24totu', NULL, NULL, NULL, NULL, 0, NULL, NULL, NULL, NULL, 0, NULL, NULL),
(62885, 62887, NULL, 'BILAN DE FORMATION / PHASE 2', NULL, NULL, 'item_lesson', NULL, 'À ce stade de la formation, le pilote stagiaire doit être capable de voler de nuit en tours de piste comme en navigation. ', 2, NULL, 1, 'cl13v12qy000i3e6aimwv2ksa', NULL, NULL, NULL, NULL, 1, NULL, NULL, NULL, NULL, 0, NULL, NULL),
(62886, NULL, 320, 'PHASE 1 – MANIA/TOURS DE PISTE', NULL, NULL, 'item_module', NULL, 'À la fin de la phase 1, le pilote stagiaire doit avoir révisé les exercices de pilotage de base aux instruments et être capable de faire un tour de piste en solo de nuit avec des conditions météorologiques favorables.', 0, NULL, 1, 'cl13v12qy00003e6atwpysirf', NULL, NULL, NULL, NULL, 0, NULL, NULL, NULL, NULL, NULL, NULL, NULL),
(62887, NULL, 320, 'PHASE 2 – SOLO ET NAVIGATION', NULL, NULL, 'item_module', NULL, 'À la fin de la phase 2, le pilote stagiaire doit être capable de voler de nuit en tours de piste comme en navigation.', 1, NULL, 1, 'cl13v12qy00023e6ahrnf4o3e', NULL, NULL, NULL, NULL, 0, NULL, NULL, NULL, NULL, NULL, NULL, NULL),
(62888, NULL, 321, 'PHASE 1 – MANIA/TOURS DE PISTE', NULL, NULL, 'item_module', NULL, 'A la fin de la phase 1 le pilote stagiaire doit savoir restituer de manière autonome les exercices de maniabilité et de pannes (secteur et tour de piste) de l’examen pratique PPL(A).', 0, NULL, 1, 'cl14rjapx015j3e6a7ejv6emz', NULL, NULL, NULL, NULL, 0, NULL, NULL, NULL, NULL, NULL, NULL, NULL),
(62889, NULL, 321, 'PHASE 2 –NAVIGATIONS ET SOLOS', NULL, NULL, 'item_module', NULL, 'A la fin de la phase 2 le pilote stagiaire doit avoir assimilé le programme de la formation pratique du PPL(A) et être capable de présenter l\'examen avec le maximum de chances de réussite.', 1, NULL, 1, 'cl14rjapx015l3e6ax5fn17xi', NULL, NULL, NULL, NULL, 0, NULL, NULL, NULL, NULL, NULL, NULL, NULL),
(62890, 62888, NULL, 'PROGRAMME 1', NULL, NULL, 'item_lesson', NULL, 'Réviser la théorie des exercices de la section maniabilité du PPL(A).\nRéviser la pratique des exercices de la section maniabilité du PPL(A).', 0, NULL, 0, 'cl14rjapx015n3e6a3oddpn7g', NULL, NULL, NULL, NULL, 0, NULL, NULL, NULL, NULL, 0, NULL, NULL),
(62891, 62888, NULL, 'PROGRAMME 2', NULL, NULL, 'item_lesson', NULL, 'Exécuter des tours de piste publiés.\nRéviser certains exercices de pannes.', 1, NULL, 0, 'cl14rjapx015p3e6apwtzkw0k', NULL, NULL, NULL, NULL, 0, NULL, NULL, NULL, NULL, 0, NULL, NULL),
(62892, 62888, NULL, 'BILAN DE PROGRESSION / PHASE 1', NULL, NULL, 'item_lesson', NULL, 'A ce stade de la formation le pilote stagiaire doit savoir restituer de manière autonome les exercices de maniabilité et de pannes (secteur et tour de piste) de l’examen pratique PPL(A).', 2, NULL, 0, 'cl14rjapx015r3e6aliqxvevg', NULL, NULL, NULL, NULL, 1, NULL, NULL, NULL, NULL, 0, NULL, NULL),
(62893, 62889, NULL, 'PROGRAMME 3', NULL, NULL, 'item_lesson', NULL, 'Naviguer avec l\'aide d\'un VOR et DME (si équipé).\nPiloter l\'avion sans références visuelles extérieures en palier, montée, descente et virage afin de retrouver les conditions VMC.', 0, NULL, 0, 'cl14rjapx015t3e6aa9gkxrmz', NULL, NULL, NULL, NULL, 0, NULL, NULL, NULL, NULL, 0, NULL, NULL),
(62894, 62889, NULL, 'PROGRAMME 4', NULL, NULL, 'item_lesson', NULL, 'Effectuer un vol seul à bord en navigation.', 2, NULL, 0, 'cl14rjapx015x3e6a2968uml6', NULL, NULL, NULL, NULL, 0, NULL, NULL, NULL, NULL, 0, NULL, NULL),
(62895, 62889, NULL, 'PROGRAMME 5', NULL, NULL, 'item_lesson', NULL, 'Navigation solo de plus de 150Nm en 3 étapes.', 3, NULL, 0, 'cl14rjapx015z3e6avfhrbe5o', NULL, NULL, NULL, NULL, 0, NULL, NULL, NULL, NULL, 0, NULL, NULL),
(62896, 62889, NULL, 'PROGRAMME 6', NULL, NULL, 'item_lesson', NULL, 'Vol de révision type test PPL(A).', 4, NULL, 0, 'cl14rjapx01613e6ao7m40ywr', NULL, NULL, NULL, NULL, 0, NULL, NULL, NULL, NULL, 0, NULL, NULL),
(62897, 62889, NULL, 'BILAN DE FORMATION / PHASE 2', NULL, NULL, 'item_lesson', NULL, 'À la fin de cette phase, le pilote stagiaire doit avoir assimilé le programme de la formation pratique du PPL(A) et être capable de présenter l\'examen avec le maximum de chances de réussite.', 5, NULL, 0, 'cl14rjapx01633e6adxjgilvg', NULL, NULL, NULL, NULL, 1, NULL, NULL, NULL, NULL, 0, NULL, NULL),
(62898, 62890, NULL, 'Livret de Briefing  ', NULL, NULL, 'item_phase', NULL, NULL, 0, NULL, 1, 'cl14rjapx01653e6akg57f81q', NULL, NULL, NULL, NULL, NULL, NULL, NULL, NULL, NULL, NULL, NULL, NULL),
(62899, 62890, NULL, 'Exercices en vol', NULL, NULL, 'item_phase', NULL, NULL, 1, NULL, 1, 'cl14rjapx01673e6axgcdasca', NULL, NULL, NULL, NULL, NULL, NULL, NULL, NULL, NULL, NULL, NULL, NULL),
(62900, 62910, NULL, 'Vitesses de décrochage de votre avion', NULL, NULL, 'item_exercise_item', NULL, NULL, 0, NULL, NULL, NULL, NULL, NULL, NULL, NULL, NULL, NULL, NULL, NULL, NULL, NULL, 0, NULL),
(62901, 62910, NULL, 'Dispositions complémentaires concernant les procédures radiotéléphoniques ', NULL, NULL, 'item_exercise_item', NULL, NULL, 1, NULL, NULL, NULL, NULL, NULL, NULL, NULL, NULL, NULL, NULL, NULL, NULL, NULL, 0, NULL),
(62902, 62911, NULL, 'Documents, météo, notam, carburant, masse et centrage, performances …', NULL, NULL, 'item_exercise_item', NULL, NULL, 0, NULL, NULL, NULL, NULL, NULL, NULL, NULL, NULL, NULL, NULL, NULL, NULL, NULL, 0, NULL),
(62903, 62898, NULL, 'Montée meilleur taux (Vz max) et meilleure pente', NULL, NULL, 'item_exercise', NULL, NULL, 0, NULL, NULL, 'cl14rjapx016r3e6ayx99hbse', 81, NULL, NULL, NULL, NULL, NULL, NULL, NULL, NULL, NULL, NULL, NULL),
(62904, 62898, NULL, 'Procédure de mise en virage à altitude constante et Vi constante et contrôle de la symétrie', NULL, NULL, 'item_exercise', NULL, NULL, 1, NULL, NULL, 'cl14rjapx016t3e6ailetv31z', 81, NULL, NULL, NULL, NULL, NULL, NULL, NULL, NULL, NULL, NULL, NULL),
(62905, 62898, NULL, 'Le vol lent', NULL, NULL, 'item_exercise', NULL, NULL, 2, NULL, NULL, 'cl14rjapx016v3e6ajl5ny4uf', 81, NULL, NULL, NULL, NULL, NULL, NULL, NULL, NULL, NULL, NULL, NULL),
(62906, 62898, NULL, 'Le décrochage - xiv note2', NULL, NULL, 'item_exercise', NULL, NULL, 3, NULL, NULL, 'cl14rjapx016x3e6a2e2u51zq', 81, NULL, NULL, NULL, NULL, NULL, NULL, NULL, NULL, NULL, NULL, NULL),
(62907, 62898, NULL, 'Le virage engagé', NULL, NULL, 'item_exercise', NULL, NULL, 4, NULL, NULL, 'cl14rjapx016z3e6aqi8a8tvz', 81, NULL, NULL, NULL, NULL, NULL, NULL, NULL, NULL, NULL, NULL, NULL),
(62908, 62898, NULL, 'Évitement de la vrille', NULL, NULL, 'item_exercise', NULL, NULL, 5, NULL, NULL, 'cl14rjapx01713e6a4xmc6fza', 81, NULL, NULL, NULL, NULL, NULL, NULL, NULL, NULL, NULL, NULL, NULL),
(62909, 62898, NULL, 'CFIT', NULL, NULL, 'item_exercise', NULL, NULL, 6, NULL, NULL, 'cl14rjapx01733e6api19ybcd', 81, NULL, NULL, NULL, NULL, NULL, NULL, NULL, NULL, NULL, NULL, NULL),
(62910, 62898, NULL, 'Recherches personnelles avant le vol :', NULL, NULL, 'item_exercise', NULL, NULL, 7, NULL, NULL, 'cl14rjapx01753e6aelu4yp3u', 81, NULL, NULL, NULL, NULL, NULL, NULL, NULL, NULL, NULL, NULL, NULL),
(62911, 62898, NULL, 'Préparation du vol ', NULL, NULL, 'item_exercise', NULL, NULL, 8, NULL, NULL, 'cl14rjapx017b3e6aychv6xml', 81, NULL, NULL, NULL, NULL, NULL, NULL, NULL, NULL, NULL, NULL, NULL),
(62912, 62899, NULL, 'Montées à la meilleure pente puis meilleur taux vers une altitude de sécurité - ix.A,F', NULL, NULL, 'item_exercise', NULL, NULL, 0, NULL, NULL, 'cl14rjapx017f3e6axhj3nblc', 82, NULL, NULL, NULL, NULL, NULL, NULL, NULL, NULL, NULL, NULL, NULL),
(62913, 62899, NULL, 'Virages à î=45° en palier - xix.A', NULL, NULL, 'item_exercise', NULL, NULL, 1, NULL, NULL, 'cl14rjapx017h3e6aa7a0nku8', NULL, NULL, NULL, NULL, NULL, NULL, NULL, NULL, NULL, NULL, NULL, NULL),
(62914, 62899, NULL, 'Évolution à différentes vitesses et configurations du vol lent -altitude constante- xi.B,C,D', NULL, NULL, 'item_exercise', NULL, NULL, 2, NULL, NULL, 'cl14rjapx017j3e6acm90c3en', NULL, NULL, NULL, NULL, NULL, NULL, NULL, NULL, NULL, NULL, NULL, NULL),
(62915, 62899, NULL, 'Décrochage en vol rectiligne en configuration lisse -en palier + en montée- xiii.D & ix.E', NULL, NULL, 'item_exercise', NULL, NULL, 3, NULL, NULL, 'cl14rjapx017l3e6atcuj6djm', 82, NULL, NULL, NULL, NULL, NULL, NULL, NULL, NULL, NULL, NULL, NULL),
(62916, 62899, NULL, 'Approche du décrochage en virage à 20° d\'inclinaison en descente en configuration approche et récupération dès l\'apparition des symptômes du décrochage - xiii.F', NULL, NULL, 'item_exercise', NULL, NULL, 4, NULL, NULL, 'cl14rjapx017n3e6aq5ygijbl', 82, NULL, NULL, NULL, NULL, NULL, NULL, NULL, NULL, NULL, NULL, NULL),
(62917, 62899, NULL, 'Approche du décrochage en configuration atterrissage et récupération dès l\'apparition des symptômes du décrochage - xiii.F', NULL, NULL, 'item_exercise', NULL, NULL, 5, NULL, NULL, 'cl14rjapx017p3e6adndotj0r', 82, NULL, NULL, NULL, NULL, NULL, NULL, NULL, NULL, NULL, NULL, NULL),
(62918, 62899, NULL, 'Identification et récupération du virage engagé - xix.C', NULL, NULL, 'item_exercise', NULL, NULL, 6, NULL, NULL, 'cl14rjapx017r3e6a4dtm1iod', NULL, NULL, NULL, NULL, NULL, NULL, NULL, NULL, NULL, NULL, NULL, NULL),
(62919, 62899, NULL, 'Descente en virages serrés (45°) en vol plané sur le trajet retour - xix.A', NULL, NULL, 'item_exercise', NULL, NULL, 7, NULL, NULL, 'cl14rjapx017t3e6a44c04pd2', NULL, NULL, NULL, NULL, NULL, NULL, NULL, NULL, NULL, NULL, NULL, NULL),
(62920, 62899, NULL, 'Intégration retour - xxii.C.a→d', NULL, NULL, 'item_exercise', NULL, NULL, 8, NULL, NULL, 'cl14rjapx017v3e6ahpwedc8s', 82, NULL, NULL, NULL, NULL, NULL, NULL, NULL, NULL, NULL, NULL, NULL),
(62921, 62891, NULL, 'Livret de Briefing  ', NULL, NULL, 'item_phase', NULL, NULL, 0, NULL, 1, 'cl14rjapx01653e6akg57f81q', NULL, NULL, NULL, NULL, NULL, NULL, NULL, NULL, NULL, NULL, NULL, NULL),
(62922, 62891, NULL, 'Exercices en vol', NULL, NULL, 'item_phase', NULL, NULL, 1, NULL, 1, 'cl14rjapx01673e6axgcdasca', NULL, NULL, NULL, NULL, NULL, NULL, NULL, NULL, NULL, NULL, NULL, NULL),
(62923, 62922, NULL, '6 tours de piste', NULL, NULL, 'item_exercises_group', NULL, NULL, 1, NULL, 1, 'cl14rjapx016f3e6am5p0eksc', NULL, NULL, NULL, NULL, NULL, NULL, NULL, NULL, NULL, NULL, NULL, NULL),
(62924, 62934, NULL, 'Revoir les vitesses caractéristiques de l\'avion', NULL, NULL, 'item_exercise_item', NULL, NULL, 0, NULL, NULL, NULL, NULL, NULL, NULL, NULL, NULL, NULL, NULL, NULL, NULL, NULL, 0, NULL),
(62925, 62934, NULL, 'Revoir les procédures d’urgences de l\'avion', NULL, NULL, 'item_exercise_item', NULL, NULL, 1, NULL, NULL, NULL, NULL, NULL, NULL, NULL, NULL, NULL, NULL, NULL, NULL, NULL, 0, NULL),
(62926, 62935, NULL, 'Documents, météo, notam, carburant, masse et centrage, performances …', NULL, NULL, 'item_exercise_item', NULL, NULL, 0, NULL, NULL, NULL, NULL, NULL, NULL, NULL, NULL, NULL, NULL, NULL, NULL, NULL, 0, NULL),
(62927, 62921, NULL, 'Déroulement d\'un tour de piste rectangulaire - xvi.A', NULL, NULL, 'item_exercise', NULL, NULL, 0, NULL, NULL, 'cl14rjapx017z3e6awoqgtvcr', 81, NULL, NULL, NULL, NULL, NULL, NULL, NULL, NULL, NULL, NULL, NULL),
(62928, 62921, NULL, 'Décollage interrompu - xvii.A', NULL, NULL, 'item_exercise', NULL, NULL, 1, NULL, NULL, 'cl14rjapx01813e6ad68u0dxe', 81, NULL, NULL, NULL, NULL, NULL, NULL, NULL, NULL, NULL, NULL, NULL),
(62929, 62921, NULL, 'Panne moteur après décollage - xvii.B', NULL, NULL, 'item_exercise', NULL, NULL, 2, NULL, NULL, 'cl14rjapx01833e6ad0o7bh92', 81, NULL, NULL, NULL, NULL, NULL, NULL, NULL, NULL, NULL, NULL, NULL),
(62930, 62921, NULL, 'Briefing Approche', NULL, NULL, 'item_exercise', NULL, NULL, 3, NULL, NULL, 'cl14rjapx01853e6afkh56umt', 81, NULL, NULL, NULL, NULL, NULL, NULL, NULL, NULL, NULL, NULL, NULL),
(62931, 62921, NULL, 'Approche interrompue (remise de gaz) - xvii.C', NULL, NULL, 'item_exercise', NULL, NULL, 4, NULL, NULL, 'cl14rjapx01873e6ava1wbnub', 81, NULL, NULL, NULL, NULL, NULL, NULL, NULL, NULL, NULL, NULL, NULL),
(62932, 62921, NULL, 'Procédure de gestion d\'une panne - ii.C', NULL, NULL, 'item_exercise', NULL, NULL, 5, NULL, NULL, 'cl14rjapx01893e6auna7ixrd', 81, NULL, NULL, NULL, NULL, NULL, NULL, NULL, NULL, NULL, NULL, NULL),
(62933, 62921, NULL, 'Construction de la PTE (prise de terrain par encadrement) à partir de verticale - xx.E', NULL, NULL, 'item_exercise', NULL, NULL, 6, NULL, NULL, 'cl14rjapx018b3e6aygv5uq9u', 81, NULL, NULL, NULL, NULL, NULL, NULL, NULL, NULL, NULL, NULL, NULL),
(62934, 62921, NULL, 'Recherches personnelles avant le vol :', NULL, NULL, 'item_exercise', NULL, NULL, 7, NULL, NULL, 'cl14rjapx018d3e6aekdzv64a', 81, NULL, NULL, NULL, NULL, NULL, NULL, NULL, NULL, NULL, NULL, NULL),
(62935, 62921, NULL, 'Préparation du vol ', NULL, NULL, 'item_exercise', NULL, NULL, 8, NULL, NULL, 'cl14rjapx018j3e6a0bcya5nm', 81, NULL, NULL, NULL, NULL, NULL, NULL, NULL, NULL, NULL, NULL, NULL),
(62936, 62922, NULL, '1 décollage interrompu avant rotation à une vitesse raisonnable durant le vol - xvii.A', NULL, NULL, 'item_exercise', NULL, NULL, 0, NULL, 1, 'cl14rjapx018n3e6aeriiks9e', 82, NULL, NULL, NULL, NULL, NULL, NULL, NULL, NULL, NULL, NULL, NULL),
(62937, 62923, NULL, '1 posé et décollé ou atterrissage - xvi.B', NULL, NULL, 'item_exercise', NULL, NULL, 0, NULL, 0, 'cl14rjapx018p3e6alclsab56', 82, NULL, NULL, NULL, NULL, NULL, NULL, NULL, NULL, NULL, NULL, NULL),
(62938, 62923, NULL, '1 panne moteur après décollage puis approche interrompue - xvii.B,C', NULL, NULL, 'item_exercise', NULL, NULL, 1, NULL, NULL, 'cl14rjapx018r3e6ajxi16qg5', NULL, NULL, NULL, NULL, NULL, NULL, NULL, NULL, NULL, NULL, NULL, NULL),
(62939, 62923, NULL, '1 panne volets - xvi.H', NULL, NULL, 'item_exercise', NULL, NULL, 2, NULL, NULL, 'cl14rjapx018t3e6a36tspape', NULL, NULL, NULL, NULL, NULL, NULL, NULL, NULL, NULL, NULL, NULL, NULL),
(62940, 62923, NULL, '1 panne anémomètre - ii.C', NULL, NULL, 'item_exercise', NULL, NULL, 3, NULL, NULL, 'cl14rjapx018v3e6abkwiv0im', NULL, NULL, NULL, NULL, NULL, NULL, NULL, NULL, NULL, NULL, NULL, NULL),
(62941, 62923, NULL, '1 panne : … -  ii.C', NULL, NULL, 'item_exercise', NULL, NULL, 4, NULL, NULL, 'cl14rjapx018x3e6a7r0w6vyx', NULL, NULL, NULL, NULL, NULL, NULL, NULL, NULL, NULL, NULL, NULL, NULL),
(62945, 62923, NULL, 'Baisse de pression huile : Gestion de la panne pression d\'huile - ii.C', 0, 0, 'item_exercise', '', '', 5, NULL, NULL, 'cl14ryi5401r43e6aam73pprv', NULL, NULL, NULL, NULL, NULL, NULL, NULL, NULL, NULL, NULL, NULL, NULL),
(62946, 62923, NULL, 'Baisse de pression huile : 1 PTE - xvi.F', 0, 0, 'item_exercise', '', '', 6, NULL, NULL, 'cl14rynhj01r83e6aqg18fl7y', NULL, NULL, NULL, NULL, NULL, NULL, NULL, NULL, NULL, NULL, NULL, NULL),
(62947, 62892, NULL, 'Tous les exercices de la PHASE 1 ont-ils été vus ?', NULL, NULL, 'item_exercise', NULL, NULL, 0, NULL, NULL, 'cl14rjapx01973e6agvleb1v6', 83, NULL, NULL, NULL, NULL, NULL, NULL, NULL, NULL, NULL, NULL, NULL),
(62948, 62892, NULL, 'L’objectif de la PHASE 1 est-il atteint ?', NULL, NULL, 'item_exercise', NULL, NULL, 1, NULL, NULL, 'cl14rjapx01993e6atlrejr99', 83, NULL, NULL, NULL, NULL, NULL, NULL, NULL, NULL, NULL, NULL, NULL),
(62949, 62892, NULL, 'Progression et le niveau du stagiaire :', NULL, NULL, 'item_exercise', NULL, NULL, 2, NULL, 1, 'cl14rjapx019b3e6ag4tplhk7', 84, NULL, NULL, NULL, NULL, NULL, NULL, NULL, NULL, NULL, NULL, NULL),
(62950, 62893, NULL, 'Livret de Briefing  ', NULL, NULL, 'item_phase', NULL, NULL, 0, NULL, 1, 'cl14rjapx01653e6akg57f81q', NULL, NULL, NULL, NULL, NULL, NULL, NULL, NULL, NULL, NULL, NULL, NULL),
(62951, 62893, NULL, 'Exercices en vol', NULL, NULL, 'item_phase', NULL, NULL, 1, NULL, 1, 'cl14rjapx01673e6axgcdasca', NULL, NULL, NULL, NULL, NULL, NULL, NULL, NULL, NULL, NULL, NULL, NULL),
(62952, 62951, NULL, 'Navigation aller', NULL, NULL, 'item_exercises_group', NULL, NULL, 0, NULL, 1, 'cl14rjapx016h3e6ady3a34pw', NULL, NULL, NULL, NULL, NULL, NULL, NULL, NULL, NULL, NULL, NULL, NULL),
(62953, 62951, NULL, 'Navigation retour', NULL, NULL, 'item_exercises_group', NULL, NULL, 1, NULL, 1, 'cl14rjapx016j3e6adszqer4t', NULL, NULL, NULL, NULL, NULL, NULL, NULL, NULL, NULL, NULL, NULL, NULL),
(62954, 62966, NULL, 'Dispositions relatives aux radiocommunications Aérodrome contrôlé et non contrôlé', NULL, NULL, 'item_exercise_item', NULL, NULL, 0, NULL, NULL, NULL, NULL, NULL, NULL, NULL, NULL, NULL, NULL, NULL, NULL, NULL, 0, NULL),
(62955, 62967, NULL, 'Documents, météo, notam, carburant, masse et centrage, performances …', NULL, NULL, 'item_exercise_item', NULL, NULL, 0, NULL, NULL, NULL, NULL, NULL, NULL, NULL, NULL, NULL, NULL, NULL, NULL, NULL, 0, NULL),
(62961, 62950, NULL, 'Pilotage de base aux instruments - xxv.A→C', NULL, NULL, 'item_exercise', NULL, NULL, 0, NULL, NULL, 'cl14rjapx019f3e6a0ywmh16y', 81, NULL, NULL, NULL, NULL, NULL, NULL, NULL, NULL, NULL, NULL, NULL),
(62962, 62950, NULL, 'Illusions sensorielles - xxv.A→C', NULL, NULL, 'item_exercise', NULL, NULL, 1, NULL, NULL, 'cl14rjapx019h3e6a6vc6u7uq', 81, NULL, NULL, NULL, NULL, NULL, NULL, NULL, NULL, NULL, NULL, NULL),
(62963, 62950, NULL, 'Dégradation des conditions météorologiques en navigation - xxii.A.b.4 & xxiii.A→H', NULL, NULL, 'item_exercise', NULL, NULL, 2, NULL, NULL, 'cl14rjapx019j3e6ahxm7fd3n', 81, NULL, NULL, NULL, NULL, NULL, NULL, NULL, NULL, NULL, NULL, NULL),
(62964, 62950, NULL, 'Utilisation VOR/DME en navigation - xxiv.B.C,F', NULL, NULL, 'item_exercise', NULL, NULL, 3, NULL, NULL, 'cl14rjapx019l3e6aj2mum7ri', 81, NULL, NULL, NULL, NULL, NULL, NULL, NULL, NULL, NULL, NULL, NULL),
(62965, 62950, NULL, 'Égarement en vol - xxii.B.l,m & xxiv.B.j', NULL, NULL, 'item_exercise', NULL, NULL, 4, NULL, 1, 'cl14rjapx019n3e6axs7s5ej4', 81, NULL, NULL, NULL, NULL, NULL, NULL, NULL, NULL, NULL, NULL, NULL),
(62966, 62950, NULL, 'Recherches personnelles avant le vol :', NULL, NULL, 'item_exercise', NULL, NULL, 5, NULL, NULL, 'cl14rjapx019p3e6ad77nvv6y', 81, NULL, NULL, NULL, NULL, NULL, NULL, NULL, NULL, NULL, NULL, NULL),
(62967, 62950, NULL, 'Préparation du vol ', NULL, NULL, 'item_exercise', NULL, NULL, 6, NULL, NULL, 'cl14rjapx019t3e6ay5cor0tw', 81, NULL, NULL, NULL, NULL, NULL, NULL, NULL, NULL, NULL, NULL, NULL),
(62968, 62952, NULL, 'Navigation via la verticale d\'un VOR/DME avec un calcul de Vitesse sol (si équipé DME) - xxiv.B,F', NULL, NULL, 'item_exercise', NULL, NULL, 0, NULL, NULL, 'cl14rjapx019x3e6avvzt0776', 82, NULL, NULL, NULL, NULL, NULL, NULL, NULL, NULL, NULL, NULL, NULL),
(62969, 62952, NULL, 'Utilisant de flanquement(s) (avec DME si applicable) - xxii.B.F', NULL, NULL, 'item_exercise', NULL, NULL, 1, NULL, NULL, 'cl14rjapx019z3e6a8jrnn5na', NULL, NULL, NULL, NULL, NULL, NULL, NULL, NULL, NULL, NULL, NULL, NULL),
(62970, 62952, NULL, 'Panne moteur en campagne - xx', NULL, NULL, 'item_exercise', NULL, NULL, 2, NULL, NULL, 'cl14rjapx01a13e6an67p4iy7', NULL, NULL, NULL, NULL, NULL, NULL, NULL, NULL, NULL, NULL, NULL, NULL),
(62971, 62952, NULL, 'Intégration terrain - xxii.C.a→d', NULL, NULL, 'item_exercise', NULL, NULL, 3, NULL, NULL, 'cl14rjapx01a33e6a1g7fw21r', NULL, NULL, NULL, NULL, NULL, NULL, NULL, NULL, NULL, NULL, NULL, NULL),
(63439, 63443, NULL, 'E1', 0, 0, 'item_exercise', '', '', 0, 7, NULL, 'cl13e0w3r000x3e6aj00llh5f', 79, 395, NULL, NULL, NULL, NULL, NULL, NULL, NULL, NULL, NULL, NULL),
(63440, 63443, NULL, 'E2', 0, 0, 'item_exercise', '', '', 1, 8, NULL, 'cl13e0ztv00113e6att29cito', 79, 395, NULL, NULL, NULL, NULL, NULL, NULL, NULL, NULL, NULL, NULL),
(63441, 63444, NULL, 'E3', 0, 0, 'item_exercise', '', '', 0, 7, NULL, 'cl13e133m00153e6asf3si4q1', 79, 395, NULL, NULL, NULL, NULL, NULL, NULL, NULL, NULL, NULL, NULL),
(63442, 63444, NULL, 'E4', 0, 0, 'item_exercise', '', '', 1, NULL, NULL, 'cl13e16rg00193e6a2w0h6paz', 79, 395, NULL, NULL, NULL, NULL, NULL, NULL, NULL, NULL, NULL, NULL),
(63443, NULL, 326, 'S1', 0, 0, 'item_lesson', '', '', 0, NULL, 1, 'cl13e0o23000p3e6a8j51f3ji', NULL, NULL, NULL, NULL, 0, '', '', '', '', 0, NULL, NULL),
(63444, NULL, 326, 'S2', 0, 0, 'item_lesson', '', '', 1, NULL, 1, 'cl13e0rlg000t3e6abpz11wqm', NULL, NULL, NULL, NULL, 0, '', '', '', '', 0, NULL, NULL),
(63445, 63449, NULL, 'E1', 0, 0, 'item_exercise', '', '', 0, 24, NULL, 'cl13e0w3r000x3e6aj00llh5f', 79, 395, NULL, NULL, NULL, NULL, NULL, NULL, NULL, NULL, NULL, NULL),
(63446, 63449, NULL, 'E2', 0, 0, 'item_exercise', '', '', 1, 24, NULL, 'cl13e0ztv00113e6att29cito', 79, 395, NULL, NULL, NULL, NULL, NULL, NULL, NULL, NULL, NULL, NULL),
(63447, 63450, NULL, 'E3', 0, 0, 'item_exercise', '', '', 0, 26, NULL, 'cl13e133m00153e6asf3si4q1', 79, 395, NULL, NULL, NULL, NULL, NULL, NULL, NULL, NULL, NULL, NULL),
(63448, 63450, NULL, 'E4', 0, 0, 'item_exercise', '', '', 1, 26, NULL, 'cl13e16rg00193e6a2w0h6paz', 79, 395, NULL, NULL, NULL, NULL, NULL, NULL, NULL, NULL, NULL, NULL),
(63449, NULL, 327, 'S1', 0, 0, 'item_lesson', '', '', 0, NULL, 1, 'cl13e0o23000p3e6a8j51f3ji', NULL, NULL, NULL, NULL, 0, '', '', '', '', 0, NULL, NULL),
(63450, NULL, 327, 'S2', 0, 0, 'item_lesson', '', '', 1, NULL, 1, 'cl13e0rlg000t3e6abpz11wqm', NULL, NULL, NULL, NULL, 0, '', '', '', '', 0, NULL, NULL),
(63451, 62953, NULL, 'Égarement - xxii.B.l,m - xxiv.B.j', NULL, NULL, 'item_exercise', NULL, NULL, 0, NULL, NULL, 'cl14rjapx01a73e6a48pknrj4', NULL, NULL, NULL, NULL, NULL, NULL, NULL, NULL, NULL, NULL, NULL, NULL),
(63452, 62953, NULL, 'Pilotage de base aux instruments : Vol horizontal rectiligne à des vitesses différentes et dans différentes configurations xxv.D.a', 0, 0, 'item_exercise', '', '', 1, NULL, NULL, 'cl164y1kr00oi3e6apxvsmrxg', NULL, NULL, NULL, NULL, NULL, NULL, NULL, NULL, NULL, NULL, NULL, NULL),
(63453, 62953, NULL, 'Pilotage de base aux instruments : Demi-tour', 0, 0, 'item_exercise', '', '', 2, NULL, NULL, 'cl1652cti007f3e6acy02ik4h', 82, NULL, NULL, NULL, NULL, NULL, NULL, NULL, NULL, NULL, NULL, NULL),
(63454, 62953, NULL, 'Pilotage de base aux instruments : Montée et descente xxv.D.b', 0, 0, 'item_exercise', '', '', 3, NULL, NULL, 'cl1652pow007j3e6a5ru11jqz', NULL, NULL, NULL, NULL, NULL, NULL, NULL, NULL, NULL, NULL, NULL, NULL),
(63455, 62953, NULL, 'Pilotage de base aux instruments : Virages au taux standard, en montée et en descente vers des caps prédéterminés xxv.D.c', 0, 0, 'item_exercise', '', '', 4, NULL, NULL, 'cl1653348007n3e6aqb92civt', NULL, NULL, NULL, NULL, NULL, NULL, NULL, NULL, NULL, NULL, NULL, NULL),
(63456, 62953, NULL, 'Pilotage de base aux instruments : Récupération des virages non stabilisés en altitude xxv.D.d', 0, 0, 'item_exercise', '', '', 5, NULL, NULL, 'cl1653i1h007r3e6a8q2ccqy2', NULL, NULL, NULL, NULL, NULL, NULL, NULL, NULL, NULL, NULL, NULL, NULL),
(63457, 62889, NULL, 'PROGRAMME OPTIONNEL', NULL, NULL, 'item_lesson', NULL, 'Connaitre les sources d’imprécisions et d’erreurs du GPS.\nUtiliser un GPS embarqué en vol.', 1, NULL, 0, 'cl14rjapx015v3e6a852pr5cb', NULL, NULL, NULL, NULL, 0, NULL, NULL, NULL, NULL, 0, NULL, NULL),
(63458, 63471, NULL, 'Navigation aller', NULL, NULL, 'item_exercises_group', NULL, NULL, 0, NULL, 1, 'cl14rjapx016h3e6ady3a34pw', NULL, NULL, NULL, NULL, NULL, NULL, NULL, NULL, NULL, NULL, NULL, NULL),
(63459, 63471, NULL, 'Navigation retour', NULL, NULL, 'item_exercises_group', NULL, NULL, 1, NULL, 1, 'cl14rjapx016j3e6adszqer4t', NULL, NULL, NULL, NULL, NULL, NULL, NULL, NULL, NULL, NULL, NULL, NULL),
(63460, 63463, NULL, 'Documents, météo, notam, carburant, masse et centrage, performances …', NULL, NULL, 'item_exercise_item', NULL, NULL, 0, NULL, NULL, NULL, NULL, NULL, NULL, NULL, NULL, NULL, NULL, NULL, NULL, NULL, 0, NULL),
(63461, 63470, NULL, 'Particularités du GPS - xxiv.A', NULL, NULL, 'item_exercise', NULL, NULL, 0, NULL, 1, 'cl14rjapx01ar3e6a7bp9xwmu', 81, NULL, NULL, NULL, NULL, NULL, NULL, NULL, NULL, NULL, NULL, NULL),
(63462, 63470, NULL, 'Utilisation du GPS - xxiv.A', NULL, NULL, 'item_exercise', NULL, NULL, 1, NULL, NULL, 'cl14rjapx01at3e6adhs0dqvh', 81, NULL, NULL, NULL, NULL, NULL, NULL, NULL, NULL, NULL, NULL, NULL),
(63463, 63470, NULL, 'Préparation du vol ', NULL, NULL, 'item_exercise', NULL, NULL, 2, NULL, NULL, 'cl14rjapx01av3e6ad7ngi6wc', 81, NULL, NULL, NULL, NULL, NULL, NULL, NULL, NULL, NULL, NULL, NULL),
(63464, 63458, NULL, 'Navigation avec utilisation du GPS embarqué - xxii.B.a→g - xxiv.A', NULL, NULL, 'item_exercise', NULL, NULL, 0, NULL, NULL, 'cl14rjapx01az3e6aady17lc3', 82, NULL, NULL, NULL, NULL, NULL, NULL, NULL, NULL, NULL, NULL, NULL),
(63465, 63458, NULL, 'Intégration terrain - xxii.C.a→d', NULL, NULL, 'item_exercise', NULL, NULL, 1, NULL, NULL, 'cl14rjapx01b13e6aqi39tcv3', NULL, NULL, NULL, NULL, NULL, NULL, NULL, NULL, NULL, NULL, NULL, NULL),
(63466, 63459, NULL, 'Navigation avec utilisation du GPS embarqué - xxiv.A', NULL, NULL, 'item_exercise', NULL, NULL, 0, NULL, NULL, 'cl14rjapx01b33e6av47erlst', 82, NULL, NULL, NULL, NULL, NULL, NULL, NULL, NULL, NULL, NULL, NULL),
(63467, 63459, NULL, 'Déroutement avec utilisation du GPS embarqué - xxii.B.k & xxiv.A', NULL, NULL, 'item_exercise', NULL, NULL, 1, NULL, NULL, 'cl14rjapx01b53e6adwslxptu', 82, NULL, NULL, NULL, NULL, NULL, NULL, NULL, NULL, NULL, NULL, NULL),
(63468, 63459, NULL, 'Intégration terrain - xxii.C.a→d', NULL, NULL, 'item_exercise', NULL, NULL, 2, NULL, NULL, 'cl14rjapx01b73e6a26faefoc', NULL, NULL, NULL, NULL, NULL, NULL, NULL, NULL, NULL, NULL, NULL, NULL),
(63469, 63471, NULL, 'Pannes au choix durant la navigation : … ', NULL, NULL, 'item_exercise', NULL, NULL, 2, NULL, NULL, 'cl14rjapy01b93e6abzp0cli7', 82, NULL, NULL, NULL, NULL, NULL, NULL, NULL, NULL, NULL, NULL, NULL),
(63470, 63457, NULL, 'Livret de Briefing  ', NULL, NULL, 'item_phase', NULL, NULL, 0, NULL, 1, 'cl14rjapx01653e6akg57f81q', NULL, NULL, NULL, NULL, NULL, NULL, NULL, NULL, NULL, NULL, NULL, NULL),
(63471, 63457, NULL, 'Exercices en vol', NULL, NULL, 'item_phase', NULL, NULL, 1, NULL, 1, 'cl14rjapx01673e6axgcdasca', NULL, NULL, NULL, NULL, NULL, NULL, NULL, NULL, NULL, NULL, NULL, NULL),
(63472, 62894, NULL, 'Livret de Briefing  ', NULL, NULL, 'item_phase', NULL, NULL, 0, NULL, 1, 'cl14rjapx01653e6akg57f81q', NULL, NULL, NULL, NULL, NULL, NULL, NULL, NULL, NULL, NULL, NULL, NULL),
(63473, 62894, NULL, 'Programme en vol', NULL, NULL, 'item_phase', NULL, NULL, 1, NULL, 1, 'cl14rjapx01693e6airjabvmu', NULL, NULL, NULL, NULL, NULL, NULL, NULL, NULL, NULL, NULL, NULL, NULL),
(63474, 63481, NULL, 'Documents, météo, notam, carburant, masse et centrage, performances …', NULL, NULL, 'item_exercise_item', NULL, NULL, 0, NULL, NULL, NULL, NULL, NULL, NULL, NULL, NULL, NULL, NULL, NULL, NULL, NULL, 0, NULL),
(63475, 63472, NULL, 'Plan de briefing type test PPL(A)', NULL, NULL, 'item_exercise', NULL, NULL, 0, NULL, NULL, 'cl14rjapy01bd3e6am7h5ss9y', 81, NULL, NULL, NULL, NULL, NULL, NULL, NULL, NULL, NULL, NULL, NULL),
(63476, 63472, NULL, 'Présentation des papiers de l’avion, lesquels emporter en vol ', NULL, NULL, 'item_exercise', NULL, NULL, 1, NULL, NULL, 'cl14rjapy01bf3e6ad8brsznv', 81, NULL, NULL, NULL, NULL, NULL, NULL, NULL, NULL, NULL, NULL, NULL),
(63477, 63472, NULL, 'Organisation du briefing météorologique type', NULL, NULL, 'item_exercise', NULL, NULL, 2, NULL, NULL, 'cl14rjapy01bh3e6ack5o545u', 81, NULL, NULL, NULL, NULL, NULL, NULL, NULL, NULL, NULL, NULL, NULL),
(63478, 63472, NULL, 'NOTAM', NULL, NULL, 'item_exercise', NULL, NULL, 3, NULL, NULL, 'cl14rjapy01bj3e6ax6evnuhg', 81, NULL, NULL, NULL, NULL, NULL, NULL, NULL, NULL, NULL, NULL, NULL),
(63479, 63472, NULL, 'Bilan carburant', NULL, NULL, 'item_exercise', NULL, NULL, 4, NULL, NULL, 'cl14rjapy01bl3e6a1jboic2c', 81, NULL, NULL, NULL, NULL, NULL, NULL, NULL, NULL, NULL, NULL, NULL);
INSERT INTO `formation_item` (`id`, `parent_id`, `formation_id`, `name`, `standard_duration`, `max_duration`, `type`, `description`, `goals`, `position`, `extra_lesson_id`, `config_isexpended`, `formation_item_from_list_id`, `notation_id`, `min_rating_id`, `classroom_id`, `subname`, `is_theoretical`, `min_visibility`, `min_weather`, `ceiling`, `technical_ref`, `groupe`, `is_important`, `expected_value_id`) VALUES
(63480, 63472, NULL, 'Présentation d’un devis de masse et centrage', NULL, NULL, 'item_exercise', NULL, NULL, 5, NULL, NULL, 'cl14rjapy01bn3e6aufab06nr', 81, NULL, NULL, NULL, NULL, NULL, NULL, NULL, NULL, NULL, NULL, NULL),
(63481, 63472, NULL, 'Préparation du vol ', NULL, NULL, 'item_exercise', NULL, NULL, 6, NULL, NULL, 'cl14rjapy01bp3e6aviti6p35', 81, NULL, NULL, NULL, NULL, NULL, NULL, NULL, NULL, NULL, NULL, NULL),
(63482, 63473, NULL, 'Briefing du vol type test PPL(A)', NULL, NULL, 'item_exercise', NULL, NULL, 0, NULL, NULL, 'cl14rjapy01bt3e6ah7q4bk88', 82, NULL, NULL, NULL, NULL, NULL, NULL, NULL, NULL, NULL, NULL, NULL),
(63483, 63473, NULL, 'Décollage - xv.A→F', NULL, NULL, 'item_exercise', NULL, NULL, 1, NULL, NULL, 'cl14rjapy01bv3e6aug6roz0r', 82, NULL, NULL, NULL, NULL, NULL, NULL, NULL, NULL, NULL, NULL, NULL),
(63484, 63473, NULL, 'Navigation aller - xxii.B.a→h', NULL, NULL, 'item_exercise', NULL, NULL, 2, NULL, NULL, 'cl14rjapy01bx3e6aotravxox', 82, NULL, NULL, NULL, NULL, NULL, NULL, NULL, NULL, NULL, NULL, NULL),
(63485, 63473, NULL, 'Intégration terrain - xxii.C.a→d', NULL, NULL, 'item_exercise', NULL, NULL, 3, NULL, NULL, 'cl14rjapy01bz3e6ax6thwva2', NULL, NULL, NULL, NULL, NULL, NULL, NULL, NULL, NULL, NULL, NULL, NULL),
(63486, 63473, NULL, 'Navigation retour - xxii.B.a→h', NULL, NULL, 'item_exercise', NULL, NULL, 4, NULL, NULL, 'cl14rjapy01c13e6aq741nmzg', 82, NULL, NULL, NULL, NULL, NULL, NULL, NULL, NULL, NULL, NULL, NULL),
(63487, 63473, NULL, 'Intégration terrain retour - xxii.C.a→d', NULL, NULL, 'item_exercise', NULL, NULL, 5, NULL, NULL, 'cl14rjapy01c33e6aymkeacs1', 82, NULL, NULL, NULL, NULL, NULL, NULL, NULL, NULL, NULL, NULL, NULL),
(63488, 63473, NULL, 'Atterrissage - xvi.B', NULL, NULL, 'item_exercise', NULL, NULL, 6, NULL, NULL, 'cl14rjapy01c53e6a5x7qutt7', 82, NULL, NULL, NULL, NULL, NULL, NULL, NULL, NULL, NULL, NULL, NULL),
(63489, 62895, NULL, 'Livret de Briefing  ', NULL, NULL, 'item_phase', NULL, NULL, 0, NULL, 1, 'cl14rjapx01653e6akg57f81q', NULL, NULL, NULL, NULL, NULL, NULL, NULL, NULL, NULL, NULL, NULL, NULL),
(63490, 62895, NULL, 'Exercices en vol', NULL, NULL, 'item_phase', NULL, NULL, 1, NULL, 1, 'cl14rjapx01673e6axgcdasca', NULL, NULL, NULL, NULL, NULL, NULL, NULL, NULL, NULL, NULL, NULL, NULL),
(63491, 63497, NULL, 'Documents, météo, notam, carburant, masse et centrage, performances …', NULL, NULL, 'item_exercise_item', NULL, NULL, 0, NULL, NULL, NULL, NULL, NULL, NULL, NULL, NULL, NULL, NULL, NULL, NULL, NULL, 0, NULL),
(63492, 63489, NULL, 'Nuit aéronautique', NULL, NULL, 'item_exercise', NULL, NULL, 0, NULL, NULL, 'cl14rjapy01c93e6a9u3mt622', 81, NULL, NULL, NULL, NULL, NULL, NULL, NULL, NULL, NULL, NULL, NULL),
(63493, 63489, NULL, 'Survol de l’eau', NULL, NULL, 'item_exercise', NULL, NULL, 1, NULL, NULL, 'cl14rjapy01cb3e6aak7jm87c', 81, NULL, NULL, NULL, NULL, NULL, NULL, NULL, NULL, NULL, NULL, NULL),
(63494, 63489, NULL, 'Règlementation oxygène', NULL, NULL, 'item_exercise', NULL, NULL, 2, NULL, NULL, 'cl14rjapy01cd3e6adxyhda81', 81, NULL, NULL, NULL, NULL, NULL, NULL, NULL, NULL, NULL, NULL, NULL),
(63495, 63489, NULL, 'Coupe verticale de l’espace aérien Français - xxii.A.b.2', NULL, NULL, 'item_exercise', NULL, NULL, 3, NULL, NULL, 'cl14rjapy01cf3e6ab57bemxa', 81, NULL, NULL, NULL, NULL, NULL, NULL, NULL, NULL, NULL, NULL, NULL),
(63496, 63489, NULL, 'Les zones P R D ZIT ZRT TSA CBA et les zones basses altitudes - xxii.A.b.3', NULL, NULL, 'item_exercise', NULL, NULL, 4, NULL, NULL, 'cl14rjapy01ch3e6a3o7ban61', 81, NULL, NULL, NULL, NULL, NULL, NULL, NULL, NULL, NULL, NULL, NULL),
(63497, 63489, NULL, 'Préparation du vol ', NULL, NULL, 'item_exercise', NULL, NULL, 5, NULL, NULL, 'cl14rjapy01cj3e6aqngq4788', 81, NULL, NULL, NULL, NULL, NULL, NULL, NULL, NULL, NULL, NULL, NULL),
(63498, 63490, NULL, 'Décollage - xv.A→F', NULL, NULL, 'item_exercise', NULL, NULL, 0, NULL, NULL, 'cl14rjapy01cn3e6al6xutlyi', 82, NULL, NULL, NULL, NULL, NULL, NULL, NULL, NULL, NULL, NULL, NULL),
(63499, 63490, NULL, 'Navigation - xxii.B.a→h', NULL, NULL, 'item_exercise', NULL, NULL, 1, NULL, NULL, 'cl14rjapy01cp3e6ayxq097i2', 82, NULL, NULL, NULL, NULL, NULL, NULL, NULL, NULL, NULL, NULL, NULL),
(63500, 63490, NULL, 'Intégration et atterrissage terrain N°1 - xxii.C.a→d & xvi.B', NULL, NULL, 'item_exercise', NULL, NULL, 2, NULL, NULL, 'cl14rjapy01cr3e6a4yihltsl', 82, NULL, NULL, NULL, NULL, NULL, NULL, NULL, NULL, NULL, NULL, NULL),
(63501, 63490, NULL, 'Navigation - xxii.B.a→h', NULL, NULL, 'item_exercise', NULL, NULL, 3, NULL, NULL, 'cl14rjapy01ct3e6anqe6ni9v', NULL, NULL, NULL, NULL, NULL, NULL, NULL, NULL, NULL, NULL, NULL, NULL),
(63502, 63490, NULL, 'Intégration et atterrissage terrain N°2 - xxii.C.a→d & xvi.B', NULL, NULL, 'item_exercise', NULL, NULL, 4, NULL, NULL, 'cl14rjapy01cv3e6a8u1zhibn', 82, NULL, NULL, NULL, NULL, NULL, NULL, NULL, NULL, NULL, NULL, NULL),
(63503, 63490, NULL, 'Navigation - xxii.B.a→h', NULL, NULL, 'item_exercise', NULL, NULL, 5, NULL, NULL, 'cl14rjapy01cx3e6awf5tnm52', 82, NULL, NULL, NULL, NULL, NULL, NULL, NULL, NULL, NULL, NULL, NULL),
(63504, 63490, NULL, 'Intégration et atterrissage terrain final - xxii.C.a→d & xvi.B', NULL, NULL, 'item_exercise', NULL, NULL, 6, NULL, NULL, 'cl14rjapy01cz3e6a3bbs1h3b', 82, NULL, NULL, NULL, NULL, NULL, NULL, NULL, NULL, NULL, NULL, NULL),
(63505, 62896, NULL, 'Livret de Briefing  ', NULL, NULL, 'item_phase', NULL, NULL, 0, NULL, 1, 'cl14rjapx01653e6akg57f81q', NULL, NULL, NULL, NULL, NULL, NULL, NULL, NULL, NULL, NULL, NULL, NULL),
(63506, 62896, NULL, 'Exercices en vol', NULL, NULL, 'item_phase', NULL, NULL, 1, NULL, 1, 'cl14rjapx01673e6axgcdasca', NULL, NULL, NULL, NULL, NULL, NULL, NULL, NULL, NULL, NULL, NULL, NULL),
(63507, 63509, NULL, 'Documents, météo, notam, carburant, masse et centrage, performances …', NULL, NULL, 'item_exercise_item', NULL, NULL, 0, NULL, NULL, NULL, NULL, NULL, NULL, NULL, NULL, NULL, NULL, NULL, NULL, NULL, 0, NULL),
(63508, 63505, NULL, 'Présentation du vol test PPL(A)', NULL, NULL, 'item_exercise', NULL, NULL, 0, NULL, NULL, 'cl14rjapy01d33e6av90q38sr', 81, NULL, NULL, NULL, NULL, NULL, NULL, NULL, NULL, NULL, NULL, NULL),
(63509, 63505, NULL, 'Préparation du vol ', NULL, NULL, 'item_exercise', NULL, NULL, 1, NULL, NULL, 'cl14rjapy01d53e6ae1ak6oq9', 81, NULL, NULL, NULL, NULL, NULL, NULL, NULL, NULL, NULL, NULL, NULL),
(63510, 63506, NULL, 'Section 1 : Opérations avant le vol et départ', NULL, NULL, 'item_exercise', NULL, NULL, 0, NULL, NULL, 'cl14rjapy01d93e6a5o6zp6al', 82, NULL, NULL, NULL, NULL, NULL, NULL, NULL, NULL, NULL, NULL, NULL),
(63511, 63506, NULL, 'Section 2 : Maniabilité', NULL, NULL, 'item_exercise', NULL, NULL, 1, NULL, NULL, 'cl14rjapy01db3e6ak6e3fcms', NULL, NULL, NULL, NULL, NULL, NULL, NULL, NULL, NULL, NULL, NULL, NULL),
(63512, 63506, NULL, 'Section 3 : Procédures en route', NULL, NULL, 'item_exercise', NULL, NULL, 2, NULL, NULL, 'cl14rjapy01dd3e6ak8mgoqm3', 82, NULL, NULL, NULL, NULL, NULL, NULL, NULL, NULL, NULL, NULL, NULL),
(63513, 63506, NULL, 'Section 4 : Procédures d\'approche et d\'atterrissage', NULL, NULL, 'item_exercise', NULL, NULL, 3, NULL, NULL, 'cl14rjapy01df3e6aby0k50rw', NULL, NULL, NULL, NULL, NULL, NULL, NULL, NULL, NULL, NULL, NULL, NULL),
(63514, 63506, NULL, 'Section 5 : Procédures anormales et d\'urgence', NULL, NULL, 'item_exercise', NULL, NULL, 4, NULL, NULL, 'cl14rjapy01dh3e6alnnfe8zw', 82, NULL, NULL, NULL, NULL, NULL, NULL, NULL, NULL, NULL, NULL, NULL),
(63515, 62897, NULL, 'Le stagiaire peut-il effectuer en autonome des manœuvres de base aux instruments ? - xxv.D', NULL, NULL, 'item_exercise', NULL, NULL, 0, NULL, NULL, 'cl14rjapy01dl3e6avuc8fn4p', 83, NULL, NULL, NULL, NULL, NULL, NULL, NULL, NULL, NULL, NULL, NULL),
(63516, 62897, NULL, 'Le stagiaire sait-il utiliser en autonome le VOR ? - xxiv.B', NULL, NULL, 'item_exercise', NULL, NULL, 1, NULL, NULL, 'cl14rjapy01dn3e6aofj2rz6u', 83, NULL, NULL, NULL, NULL, NULL, NULL, NULL, NULL, NULL, NULL, NULL),
(63517, 62897, NULL, 'Le stagiaire sait-il utiliser en autonome le DME (si avion équipé) ? - xxiv.F', NULL, NULL, 'item_exercise', NULL, NULL, 2, NULL, NULL, 'cl14rjapy01dp3e6a3o7vfit7', 83, NULL, NULL, NULL, NULL, NULL, NULL, NULL, NULL, NULL, NULL, NULL),
(63518, 62897, NULL, 'Le stagiaire sait-il utiliser en autonome le NDB (si avion équipé) ? - xxiv.C', NULL, NULL, 'item_exercise', NULL, NULL, 3, NULL, NULL, 'cl14rjapy01dr3e6ahlzxzd3y', 83, NULL, NULL, NULL, NULL, NULL, NULL, NULL, NULL, NULL, NULL, NULL),
(63519, 62897, NULL, 'Tous les exercices de la PHASE 2 ont-ils été vus ?', NULL, NULL, 'item_exercise', NULL, NULL, 4, NULL, NULL, 'cl14rjapy01dt3e6adzwwv8jo', 83, NULL, NULL, NULL, NULL, NULL, NULL, NULL, NULL, NULL, NULL, NULL),
(63520, 62897, NULL, 'L’objectif de la PHASE 2 est-il atteint ?', NULL, NULL, 'item_exercise', NULL, NULL, 5, NULL, NULL, 'cl14rjapy01dv3e6ai37vr1o5', 83, NULL, NULL, NULL, NULL, NULL, NULL, NULL, NULL, NULL, NULL, NULL),
(63521, 62897, NULL, 'Progression et niveau du stagiaire :', NULL, NULL, 'item_exercise', NULL, NULL, 6, NULL, NULL, 'cl14rjapy01dx3e6a6li3orcv', 84, NULL, NULL, NULL, NULL, NULL, NULL, NULL, NULL, NULL, NULL, NULL),
(63522, 63526, NULL, 'E1', 0, 0, 'item_exercise', '', '', 0, 13, NULL, 'cl13e0w3r000x3e6aj00llh5f', 79, 395, NULL, NULL, NULL, NULL, NULL, NULL, NULL, NULL, NULL, NULL),
(63523, 63526, NULL, 'E2', 0, 0, 'item_exercise', '', '', 1, 14, NULL, 'cl13e0ztv00113e6att29cito', 79, 395, NULL, NULL, NULL, NULL, NULL, NULL, NULL, NULL, NULL, NULL),
(63524, 63527, NULL, 'E3', 0, 0, 'item_exercise', '', '', 0, 13, NULL, 'cl13e133m00153e6asf3si4q1', 79, 395, NULL, NULL, NULL, NULL, NULL, NULL, NULL, NULL, NULL, NULL),
(63525, 63527, NULL, 'E4', 0, 0, 'item_exercise', '', '', 1, 13, NULL, 'cl13e16rg00193e6a2w0h6paz', 79, 395, NULL, NULL, NULL, NULL, NULL, NULL, NULL, NULL, NULL, NULL),
(63526, NULL, 328, 'S1', 0, 0, 'item_lesson', '', '', 0, NULL, 1, 'cl13e0o23000p3e6a8j51f3ji', NULL, NULL, NULL, NULL, 0, '', '', '', '', 0, NULL, NULL),
(63527, NULL, 328, 'S2', 0, 0, 'item_lesson', '', '', 1, NULL, 1, 'cl13e0rlg000t3e6abpz11wqm', NULL, NULL, NULL, NULL, 0, '', '', '', '', 0, NULL, NULL),
(63528, 63532, NULL, 'E1', 0, 0, 'item_exercise', '', '', 0, 18, NULL, 'cl13e0w3r000x3e6aj00llh5f', 79, 395, NULL, NULL, NULL, NULL, NULL, NULL, NULL, NULL, NULL, NULL),
(63529, 63532, NULL, 'E2', 0, 0, 'item_exercise', '', '', 1, 18, NULL, 'cl13e0ztv00113e6att29cito', 79, 395, NULL, NULL, NULL, NULL, NULL, NULL, NULL, NULL, NULL, NULL),
(63530, 63533, NULL, 'E3', 0, 0, 'item_exercise', '', '', 0, 15, NULL, 'cl13e133m00153e6asf3si4q1', 79, 395, NULL, NULL, NULL, NULL, NULL, NULL, NULL, NULL, NULL, NULL),
(63531, 63533, NULL, 'E4', 0, 0, 'item_exercise', '', '', 1, 15, NULL, 'cl13e16rg00193e6a2w0h6paz', 79, 395, NULL, NULL, NULL, NULL, NULL, NULL, NULL, NULL, NULL, NULL),
(63532, NULL, 329, 'S1', 0, 0, 'item_lesson', '', '', 0, NULL, 1, 'cl13e0o23000p3e6a8j51f3ji', NULL, NULL, NULL, NULL, 0, '', '', '', '', 0, NULL, NULL),
(63533, NULL, 329, 'S2', 0, 0, 'item_lesson', '', '', 1, NULL, 1, 'cl13e0rlg000t3e6abpz11wqm', NULL, NULL, NULL, NULL, 0, '', '', '', '', 0, NULL, NULL),
(63540, NULL, 330, 'M1', 0, 0, 'item_module', '', '', 0, NULL, 1, 'cl1699mw900013e6a0e8h8p9y', 79, NULL, NULL, '', 0, NULL, NULL, NULL, NULL, NULL, NULL, NULL),
(63541, NULL, 330, 'M2', 0, 0, 'item_module', '', '', 1, NULL, 1, 'cl1699xcx00073e6ayjup8f2u', 79, NULL, NULL, '', 0, NULL, NULL, NULL, NULL, NULL, NULL, NULL),
(63542, 63546, NULL, 'EX1', 0, 0, 'item_exercise', '', '', 0, NULL, NULL, 'cl169a9q6000j3e6ajwox7lz4', 79, NULL, NULL, NULL, NULL, NULL, NULL, NULL, NULL, NULL, NULL, NULL),
(63543, 63546, NULL, 'EX2', 0, 0, 'item_exercise', '', '', 1, NULL, NULL, 'cl169ad6g000n3e6aug56za8l', 79, NULL, NULL, NULL, NULL, NULL, NULL, NULL, NULL, NULL, NULL, NULL),
(63544, 63547, NULL, 'EX3', 0, 0, 'item_exercise', '', '', 0, NULL, NULL, 'cl169ahrh000r3e6aizfcgftg', 79, NULL, NULL, NULL, NULL, NULL, NULL, NULL, NULL, NULL, NULL, NULL),
(63545, 63547, NULL, 'EX4', 0, 0, 'item_exercise', '', '', 1, NULL, NULL, 'cl169alb8000v3e6amc99cvj1', 79, NULL, NULL, NULL, NULL, NULL, NULL, NULL, NULL, NULL, NULL, NULL),
(63546, 63540, NULL, 'L1', 0, 0, 'item_lesson', '', '', 0, NULL, 1, 'cl169a1t9000b3e6a8e78ewd3', 79, NULL, NULL, NULL, 0, '', '', '', '', 0, NULL, NULL),
(63547, 63541, NULL, 'L2', 0, 0, 'item_lesson', '', '', 0, NULL, 1, 'cl169a5up000f3e6a89cczrm0', 79, NULL, NULL, NULL, 0, '', '', '', '', 0, NULL, NULL),
(63548, 63552, NULL, 'TEX1', 0, 0, 'item_exercise', '', '', 0, NULL, NULL, 'cl16agouu000b3e6a6eqfje0w', NULL, NULL, NULL, NULL, NULL, NULL, NULL, NULL, NULL, NULL, NULL, NULL),
(63549, 63552, NULL, 'TEX2', 0, 0, 'item_exercise', '', '', 1, NULL, NULL, 'cl16agt9c000f3e6ay8n9sylf', NULL, NULL, NULL, NULL, NULL, NULL, NULL, NULL, NULL, NULL, NULL, NULL),
(63550, 63553, NULL, 'TEX3', 0, 0, 'item_exercise', '', '', 0, NULL, NULL, 'cl16agx3c000j3e6a6tmrk2ki', NULL, NULL, NULL, NULL, NULL, NULL, NULL, NULL, NULL, NULL, NULL, NULL),
(63551, 63553, NULL, 'TEX4', 0, 0, 'item_exercise', '', '', 1, NULL, NULL, 'cl16ah0d7000n3e6a89eruf2l', NULL, NULL, NULL, NULL, NULL, NULL, NULL, NULL, NULL, NULL, NULL, NULL),
(63552, NULL, 331, 'T1', 0, 0, 'item_lesson', '', '', 0, NULL, 1, 'cl16agfxz00013e6acxba1q0b', NULL, NULL, NULL, NULL, 1, '', '', '', '', 0, NULL, NULL),
(63553, NULL, 331, 'T2', 0, 0, 'item_lesson', '', '', 1, NULL, 1, 'cl16agjn800073e6a4ao1bnt5', NULL, NULL, NULL, NULL, 1, '', '', '', '', 0, NULL, NULL),
(63554, 63558, NULL, 'EX1', 0, 0, 'item_exercise', '', '', 0, NULL, NULL, 'cl169a9q6000j3e6ajwox7lz4', 79, NULL, NULL, NULL, NULL, NULL, NULL, NULL, NULL, NULL, NULL, NULL),
(63555, 63558, NULL, 'EX2', 0, 0, 'item_exercise', '', '', 1, NULL, NULL, 'cl169ad6g000n3e6aug56za8l', 79, NULL, NULL, NULL, NULL, NULL, NULL, NULL, NULL, NULL, NULL, NULL),
(63556, 63559, NULL, 'EX3', 0, 0, 'item_exercise', '', '', 0, NULL, NULL, 'cl169ahrh000r3e6aizfcgftg', 79, NULL, NULL, NULL, NULL, NULL, NULL, NULL, NULL, NULL, NULL, NULL),
(63557, 63559, NULL, 'EX4', 0, 0, 'item_exercise', '', '', 1, NULL, NULL, 'cl169alb8000v3e6amc99cvj1', 79, NULL, NULL, NULL, NULL, NULL, NULL, NULL, NULL, NULL, NULL, NULL),
(63558, 63560, NULL, 'L1', 0, 0, 'item_lesson', '', '', 0, NULL, 1, 'cl169a1t9000b3e6a8e78ewd3', 79, NULL, NULL, NULL, 0, '', '', '', '', 0, NULL, NULL),
(63559, 63561, NULL, 'L2', 0, 0, 'item_lesson', '', '', 0, NULL, 0, 'cl169a5up000f3e6a89cczrm0', 79, NULL, NULL, NULL, 1, '', '', '', '', 0, NULL, NULL),
(63560, NULL, 332, 'M1', 0, 0, 'item_module', '', '', 0, NULL, 1, 'cl1699mw900013e6a0e8h8p9y', 79, NULL, NULL, '', 0, NULL, NULL, NULL, NULL, NULL, NULL, NULL),
(63561, NULL, 332, 'M2', 0, 0, 'item_module', '', '', 1, NULL, 1, 'cl1699xcx00073e6ayjup8f2u', 79, NULL, NULL, '', 0, NULL, NULL, NULL, NULL, NULL, NULL, NULL),
(63562, 63566, NULL, 'TEX1', 0, 0, 'item_exercise', '', '', 0, NULL, NULL, 'cl16agouu000b3e6a6eqfje0w', NULL, NULL, NULL, NULL, NULL, NULL, NULL, NULL, NULL, NULL, NULL, NULL),
(63563, 63566, NULL, 'TEX2', 0, 0, 'item_exercise', '', '', 1, NULL, NULL, 'cl16agt9c000f3e6ay8n9sylf', NULL, NULL, NULL, NULL, NULL, NULL, NULL, NULL, NULL, NULL, NULL, NULL),
(63564, 63567, NULL, 'TEX3', 0, 0, 'item_exercise', '', '', 0, NULL, NULL, 'cl16agx3c000j3e6a6tmrk2ki', NULL, NULL, NULL, NULL, NULL, NULL, NULL, NULL, NULL, NULL, NULL, NULL),
(63565, 63567, NULL, 'TEX4', 0, 0, 'item_exercise', '', '', 1, NULL, NULL, 'cl16ah0d7000n3e6a89eruf2l', NULL, NULL, NULL, NULL, NULL, NULL, NULL, NULL, NULL, NULL, NULL, NULL),
(63566, NULL, 333, 'T1', 0, 0, 'item_lesson', '', '', 0, NULL, 1, 'cl16agfxz00013e6acxba1q0b', NULL, NULL, NULL, NULL, 1, '', '', '', '', 1, NULL, NULL),
(63567, NULL, 333, 'T2', 0, 0, 'item_lesson', '', '', 1, NULL, 1, 'cl16agjn800073e6a4ao1bnt5', NULL, NULL, NULL, NULL, 1, '', '', '', '', 1, NULL, NULL),
(63568, 63572, NULL, 'TEX1', 0, 0, 'item_exercise', '', '', 0, NULL, NULL, 'cl16agouu000b3e6a6eqfje0w', NULL, NULL, NULL, NULL, NULL, NULL, NULL, NULL, NULL, NULL, NULL, NULL),
(63569, 63572, NULL, 'TEX2', 0, 0, 'item_exercise', '', '', 1, NULL, NULL, 'cl16agt9c000f3e6ay8n9sylf', NULL, NULL, NULL, NULL, NULL, NULL, NULL, NULL, NULL, NULL, NULL, NULL),
(63570, 63573, NULL, 'TEX3', 0, 0, 'item_exercise', '', '', 0, NULL, NULL, 'cl16agx3c000j3e6a6tmrk2ki', NULL, NULL, NULL, NULL, NULL, NULL, NULL, NULL, NULL, NULL, NULL, NULL),
(63571, 63573, NULL, 'TEX4', 0, 0, 'item_exercise', '', '', 1, NULL, NULL, 'cl16ah0d7000n3e6a89eruf2l', NULL, NULL, NULL, NULL, NULL, NULL, NULL, NULL, NULL, NULL, NULL, NULL),
(63572, NULL, 334, 'T1', 0, 0, 'item_lesson', '', '', 0, NULL, 1, 'cl16agfxz00013e6acxba1q0b', NULL, NULL, NULL, NULL, 1, '', '', '', '', 1, NULL, NULL),
(63573, NULL, 334, 'T2', 0, 0, 'item_lesson', '', '', 1, NULL, 1, 'cl16agjn800073e6a4ao1bnt5', NULL, NULL, NULL, NULL, 1, '', '', '', '', 1, NULL, NULL),
(63574, 63578, NULL, 'EX1', 0, 0, 'item_exercise', '', '', 0, NULL, NULL, 'cl169a9q6000j3e6ajwox7lz4', 79, NULL, NULL, NULL, NULL, NULL, NULL, NULL, NULL, NULL, NULL, NULL),
(63575, 63578, NULL, 'EX2', 0, 0, 'item_exercise', '', '', 1, NULL, NULL, 'cl169ad6g000n3e6aug56za8l', 79, NULL, NULL, NULL, NULL, NULL, NULL, NULL, NULL, NULL, NULL, NULL),
(63576, 63579, NULL, 'EX3', 0, 0, 'item_exercise', '', '', 0, NULL, NULL, 'cl169ahrh000r3e6aizfcgftg', 79, NULL, NULL, NULL, NULL, NULL, NULL, NULL, NULL, NULL, NULL, NULL),
(63577, 63579, NULL, 'EX4', 0, 0, 'item_exercise', '', '', 1, NULL, NULL, 'cl169alb8000v3e6amc99cvj1', 79, NULL, NULL, NULL, NULL, NULL, NULL, NULL, NULL, NULL, NULL, NULL),
(63578, 63580, NULL, 'Leçon pour voir jusqu\'où ca peut aller sur le plan du champ texte texte texte et point', 0, 0, 'item_lesson', '', '', 0, NULL, 0, 'cl169a1t9000b3e6a8e78ewd3', 79, NULL, NULL, NULL, 0, '', '', '', '', 0, NULL, NULL),
(63579, 63581, NULL, 'Leçon numéro numéro deux pour voir jusqu\'où ca peut aller sur le plan du champ texte texte texte et point', 0, 0, 'item_lesson', '', '', 0, NULL, 0, 'cl169a5up000f3e6a89cczrm0', 79, NULL, NULL, NULL, 0, '', '', '', '', 0, NULL, NULL),
(63580, NULL, 335, 'M1', 0, 0, 'item_module', '', '', 0, NULL, 1, 'cl1699mw900013e6a0e8h8p9y', 79, NULL, NULL, '', 0, NULL, NULL, NULL, NULL, NULL, NULL, NULL),
(63581, NULL, 335, 'M2', 0, 0, 'item_module', '', '', 1, NULL, 1, 'cl1699xcx00073e6ayjup8f2u', 79, NULL, NULL, '', 0, NULL, NULL, NULL, NULL, NULL, NULL, NULL),
(63582, 63586, NULL, 'EX1', 0, 0, 'item_exercise', '', '', 0, NULL, NULL, 'cl169a9q6000j3e6ajwox7lz4', 85, NULL, NULL, NULL, NULL, NULL, NULL, NULL, NULL, NULL, NULL, NULL),
(63583, 63586, NULL, 'EX2', 0, 0, 'item_exercise', '', '', 1, NULL, NULL, 'cl169ad6g000n3e6aug56za8l', 85, NULL, NULL, NULL, NULL, NULL, NULL, NULL, NULL, NULL, NULL, NULL),
(63584, 63587, NULL, 'EX3', 0, 0, 'item_exercise', '', '', 0, NULL, NULL, 'cl169ahrh000r3e6aizfcgftg', 85, NULL, NULL, NULL, NULL, NULL, NULL, NULL, NULL, NULL, NULL, NULL),
(63585, 63587, NULL, 'EX4', 0, 0, 'item_exercise', '', '', 1, NULL, NULL, 'cl169alb8000v3e6amc99cvj1', 85, NULL, NULL, NULL, NULL, NULL, NULL, NULL, NULL, NULL, NULL, NULL),
(63586, 63588, NULL, 'Leçon pour voir jusqu\'où ca peut aller sur le plan du champ texte texte texte et point', 0, 0, 'item_lesson', '', '', 0, NULL, 0, 'cl169a1t9000b3e6a8e78ewd3', 79, NULL, NULL, NULL, 0, '', '', '', '', 0, NULL, NULL),
(63587, 63589, NULL, 'Leçon numéro numéro deux pour voir jusqu\'où ca peut aller sur le plan du champ texte texte texte et point', 0, 0, 'item_lesson', '', '', 0, NULL, 0, 'cl169a5up000f3e6a89cczrm0', 79, NULL, NULL, NULL, 0, '', '', '', '', 0, NULL, NULL),
(63588, NULL, 336, 'M1', 0, 0, 'item_module', '', '', 0, NULL, 1, 'cl1699mw900013e6a0e8h8p9y', 79, NULL, NULL, '', 0, NULL, NULL, NULL, NULL, NULL, NULL, NULL),
(63589, NULL, 336, 'M2', 0, 0, 'item_module', '', '', 1, NULL, 1, 'cl1699xcx00073e6ayjup8f2u', 79, NULL, NULL, '', 0, NULL, NULL, NULL, NULL, NULL, NULL, NULL),
(63590, 63600, NULL, 'P1', 0, 0, 'item_phase', '', '', 0, NULL, 1, 'cl182c7if000r26698uvjb78p', NULL, NULL, NULL, NULL, NULL, NULL, NULL, NULL, NULL, NULL, NULL, NULL),
(63591, 63601, NULL, 'P2', 0, 0, 'item_phase', '', '', 0, NULL, NULL, 'cl182cbfr000v2669kpfx38vo', NULL, NULL, NULL, NULL, NULL, NULL, NULL, NULL, NULL, NULL, NULL, NULL),
(63592, 63602, NULL, 'P3', 0, 0, 'item_phase', '', '', 0, NULL, NULL, 'cl182cgao000z2669edhfahrk', NULL, NULL, NULL, NULL, NULL, NULL, NULL, NULL, NULL, NULL, NULL, NULL),
(63593, 63603, NULL, 'P4', 0, 0, 'item_phase', '', '', 0, NULL, NULL, 'cl182d9lz001b2669e4cbzetf', NULL, NULL, NULL, NULL, NULL, NULL, NULL, NULL, NULL, NULL, NULL, NULL),
(63594, 63598, NULL, 'GE2', 0, 0, 'item_exercises_group', '', '', 0, NULL, 1, 'cl182dk0z001j266993qwzipv', NULL, NULL, NULL, NULL, NULL, NULL, NULL, NULL, NULL, NULL, NULL, NULL),
(63595, 63599, NULL, 'GE1', 0, 0, 'item_exercises_group', '', '', 0, NULL, 1, 'cl182deik001f26694of9s24g', NULL, NULL, NULL, NULL, NULL, NULL, NULL, NULL, NULL, NULL, NULL, NULL),
(63596, 63590, NULL, 'GE3', 0, 0, 'item_exercises_group', '', '', 0, NULL, 1, 'cl182do4o001n2669a3a87ho1', NULL, NULL, NULL, NULL, NULL, NULL, NULL, NULL, NULL, NULL, NULL, NULL),
(63597, 63590, NULL, 'GE4', 0, 0, 'item_exercises_group', '', '', 1, NULL, 1, 'cl182dsxz001r2669lzedj8aw', NULL, NULL, NULL, NULL, NULL, NULL, NULL, NULL, NULL, NULL, NULL, NULL),
(63598, 63604, NULL, 'S1', 0, 0, 'item_lesson', '', '', 0, NULL, 1, 'cl182bylj000j2669n3oiw5hr', NULL, NULL, NULL, NULL, 0, '', '', '', '', 0, NULL, NULL),
(63599, 63604, NULL, 'S2', 0, 0, 'item_lesson', '', '', 1, NULL, 1, 'cl182c1yv000n2669p6x7jcmm', NULL, NULL, NULL, NULL, 0, '', '', '', '', 0, NULL, NULL),
(63600, 63605, NULL, 'S3', 0, 0, 'item_lesson', '', '', 0, NULL, 1, 'cl182gejz008p2669709h714t', NULL, NULL, NULL, NULL, 0, '', '', '', '', 0, NULL, NULL),
(63601, 63605, NULL, 'S4', 0, 0, 'item_lesson', '', '', 1, NULL, 1, 'cl182gj6j008t2669718ipzdw', NULL, NULL, NULL, NULL, 0, '', '', '', '', 0, NULL, NULL),
(63602, 63606, NULL, 'S5', 0, 0, 'item_lesson', '', '', 0, NULL, 1, 'cl182grfb00ap2669i27fbxt3', NULL, NULL, NULL, NULL, 0, '', '', '', '', 0, NULL, NULL),
(63603, 63607, NULL, 'S6', 0, 0, 'item_lesson', '', '', 0, NULL, 1, 'cl182gx3j00at26693bearnoz', NULL, NULL, NULL, NULL, 0, '', '', '', '', 0, NULL, NULL),
(63604, 63608, NULL, 'M1', 0, 0, 'item_module', '', '', 0, NULL, 1, 'cl182bokc000b2669da8tv98z', NULL, NULL, NULL, '', 0, NULL, NULL, NULL, NULL, NULL, NULL, NULL),
(63605, 63608, NULL, 'M2', 0, 0, 'item_module', '', '', 1, NULL, 1, 'cl182btf7000f26699t9dxzd7', NULL, NULL, NULL, '', 0, NULL, NULL, NULL, NULL, NULL, NULL, NULL),
(63606, 63609, NULL, 'M3', 0, 0, 'item_module', '', '', 0, NULL, 1, 'cl182fohs004p26690il7ypjs', NULL, NULL, NULL, '', 0, NULL, NULL, NULL, NULL, NULL, NULL, NULL),
(63607, 63609, NULL, 'M4', 0, 0, 'item_module', '', '', 1, NULL, 1, 'cl182frl3004t26693wjveni8', NULL, NULL, NULL, '', 0, NULL, NULL, NULL, NULL, NULL, NULL, NULL),
(63608, NULL, 337, 'G1', 0, 0, 'item_modules_group', '', '', 0, NULL, 1, 'cl182b8fz00012669oh36rom3', NULL, NULL, NULL, NULL, NULL, NULL, NULL, NULL, NULL, NULL, NULL, NULL),
(63609, NULL, 337, 'G2', 0, 0, 'item_modules_group', '', '', 1, NULL, 1, 'cl182bgsb000726697ve6rvxa', NULL, NULL, NULL, NULL, NULL, NULL, NULL, NULL, NULL, NULL, NULL, NULL),
(63610, 63594, NULL, 'E1', 0, 0, 'item_exercise', '', '', 0, NULL, NULL, 'cl182e91r001v2669wi0u8tpo', NULL, NULL, NULL, NULL, NULL, NULL, NULL, NULL, NULL, NULL, NULL, NULL),
(63611, 63598, NULL, 'E2', 0, 0, 'item_exercise', '', '', 1, NULL, NULL, 'cl182ecq3001z2669ano31jyc', NULL, NULL, NULL, NULL, NULL, NULL, NULL, NULL, NULL, NULL, NULL, NULL),
(63612, 63595, NULL, 'E3', 0, 0, 'item_exercise', '', '', 0, NULL, NULL, 'cl182eg4j00232669mo5duver', NULL, NULL, NULL, NULL, NULL, NULL, NULL, NULL, NULL, NULL, NULL, NULL),
(63613, 63595, NULL, 'E4', 0, 0, 'item_exercise', '', '', 1, NULL, NULL, 'cl182ej8c0027266902jctqfh', NULL, NULL, NULL, NULL, NULL, NULL, NULL, NULL, NULL, NULL, NULL, NULL),
(63614, 63596, NULL, 'E8', 0, 0, 'item_exercise', '', '', 0, NULL, NULL, 'cl182f6cw002n2669a36yjssv', NULL, NULL, NULL, NULL, NULL, NULL, NULL, NULL, NULL, NULL, NULL, NULL),
(63615, 63596, NULL, 'E7', 0, 0, 'item_exercise', '', '', 1, NULL, NULL, 'cl182f048002j2669wzeykt0u', NULL, NULL, NULL, NULL, NULL, NULL, NULL, NULL, NULL, NULL, NULL, NULL),
(63616, 63597, NULL, 'E6', 0, 0, 'item_exercise', '', '', 0, NULL, NULL, 'cl182euvb002f2669ssvj702w', NULL, NULL, NULL, NULL, NULL, NULL, NULL, NULL, NULL, NULL, NULL, NULL),
(63617, 63600, NULL, 'E5', 0, 0, 'item_exercise', '', '', 1, NULL, NULL, 'cl182enc7002b2669bfy180d2', NULL, NULL, NULL, NULL, NULL, NULL, NULL, NULL, NULL, NULL, NULL, NULL),
(63618, 63636, NULL, 'P1', 0, 0, 'item_phase', '', '', 0, NULL, 1, 'cl182c7if000r26698uvjb78p', NULL, NULL, NULL, NULL, NULL, NULL, NULL, NULL, NULL, NULL, NULL, NULL),
(63619, 63637, NULL, 'P2', 0, 0, 'item_phase', '', '', 0, NULL, NULL, 'cl182cbfr000v2669kpfx38vo', NULL, NULL, NULL, NULL, NULL, NULL, NULL, NULL, NULL, NULL, NULL, NULL),
(63620, 63638, NULL, 'P3', 0, 0, 'item_phase', '', '', 0, NULL, NULL, 'cl182cgao000z2669edhfahrk', NULL, NULL, NULL, NULL, NULL, NULL, NULL, NULL, NULL, NULL, NULL, NULL),
(63621, 63639, NULL, 'P4', 0, 0, 'item_phase', '', '', 0, NULL, NULL, 'cl182d9lz001b2669e4cbzetf', NULL, NULL, NULL, NULL, NULL, NULL, NULL, NULL, NULL, NULL, NULL, NULL),
(63622, 63630, NULL, 'E1', 0, 0, 'item_exercise', '', '', 0, NULL, 1, 'cl182e91r001v2669wi0u8tpo', NULL, NULL, NULL, NULL, NULL, NULL, NULL, NULL, NULL, NULL, NULL, NULL),
(63623, 63634, NULL, 'E2', 0, 0, 'item_exercise', '', '', 1, NULL, 1, 'cl182ecq3001z2669ano31jyc', NULL, NULL, NULL, NULL, NULL, NULL, NULL, NULL, NULL, NULL, NULL, NULL),
(63624, 63631, NULL, 'E3', 0, 0, 'item_exercise', '', '', 0, NULL, NULL, 'cl182eg4j00232669mo5duver', NULL, NULL, NULL, NULL, NULL, NULL, NULL, NULL, NULL, NULL, NULL, NULL),
(63625, 63631, NULL, 'E4', 0, 0, 'item_exercise', '', '', 1, NULL, NULL, 'cl182ej8c0027266902jctqfh', NULL, NULL, NULL, NULL, NULL, NULL, NULL, NULL, NULL, NULL, NULL, NULL),
(63626, 63632, NULL, 'E8', 0, 0, 'item_exercise', '', '', 0, NULL, NULL, 'cl182f6cw002n2669a36yjssv', NULL, NULL, NULL, NULL, NULL, NULL, NULL, NULL, NULL, NULL, NULL, NULL),
(63627, 63632, NULL, 'E7', 0, 0, 'item_exercise', '', '', 1, NULL, NULL, 'cl182f048002j2669wzeykt0u', NULL, NULL, NULL, NULL, NULL, NULL, NULL, NULL, NULL, NULL, NULL, NULL),
(63628, 63633, NULL, 'E6', 0, 0, 'item_exercise', '', '', 0, NULL, NULL, 'cl182euvb002f2669ssvj702w', NULL, NULL, NULL, NULL, NULL, NULL, NULL, NULL, NULL, NULL, NULL, NULL),
(63629, 63636, NULL, 'E5', 0, 0, 'item_exercise', '', '', 1, NULL, NULL, 'cl182enc7002b2669bfy180d2', NULL, NULL, NULL, NULL, NULL, NULL, NULL, NULL, NULL, NULL, NULL, NULL),
(63630, 63634, NULL, 'GE2', 0, 0, 'item_exercises_group', '', '', 0, NULL, 1, 'cl182dk0z001j266993qwzipv', NULL, NULL, NULL, NULL, NULL, NULL, NULL, NULL, NULL, NULL, NULL, NULL),
(63631, 63635, NULL, 'GE1', 0, 0, 'item_exercises_group', '', '', 0, NULL, 1, 'cl182deik001f26694of9s24g', NULL, NULL, NULL, NULL, NULL, NULL, NULL, NULL, NULL, NULL, NULL, NULL),
(63632, 63618, NULL, 'GE3', 0, 0, 'item_exercises_group', '', '', 0, NULL, 1, 'cl182do4o001n2669a3a87ho1', NULL, NULL, NULL, NULL, NULL, NULL, NULL, NULL, NULL, NULL, NULL, NULL),
(63633, 63618, NULL, 'GE4', 0, 0, 'item_exercises_group', '', '', 1, NULL, 1, 'cl182dsxz001r2669lzedj8aw', NULL, NULL, NULL, NULL, NULL, NULL, NULL, NULL, NULL, NULL, NULL, NULL),
(63634, 63640, NULL, 'S1', 0, 0, 'item_lesson', '', '', 0, NULL, 1, 'cl182bylj000j2669n3oiw5hr', 85, NULL, NULL, NULL, 0, '', '', '', '', 0, NULL, NULL),
(63635, 63640, NULL, 'S2', 0, 0, 'item_lesson', '', '', 1, NULL, 1, 'cl182c1yv000n2669p6x7jcmm', 85, NULL, NULL, NULL, 0, '', '', '', '', 0, NULL, NULL),
(63636, 63641, NULL, 'S3', 0, 0, 'item_lesson', '', '', 0, NULL, 1, 'cl182gejz008p2669709h714t', 85, NULL, NULL, NULL, 0, '', '', '', '', 0, NULL, NULL),
(63637, 63641, NULL, 'S4', 0, 0, 'item_lesson', '', '', 1, NULL, 1, 'cl182gj6j008t2669718ipzdw', 85, NULL, NULL, NULL, 0, '', '', '', '', 0, NULL, NULL),
(63638, 63642, NULL, 'S5', 0, 0, 'item_lesson', '', '', 0, NULL, 1, 'cl182grfb00ap2669i27fbxt3', 85, NULL, NULL, NULL, 0, '', '', '', '', 0, NULL, NULL),
(63639, 63643, NULL, 'S6', 0, 0, 'item_lesson', '', '', 0, NULL, 1, 'cl182gx3j00at26693bearnoz', 85, NULL, NULL, NULL, 0, '', '', '', '', 0, NULL, NULL),
(63640, 63644, NULL, 'M1', 0, 0, 'item_module', '', '', 0, NULL, 1, 'cl182bokc000b2669da8tv98z', 85, NULL, NULL, '', 0, NULL, NULL, NULL, NULL, NULL, NULL, NULL),
(63641, 63644, NULL, 'M2', 0, 0, 'item_module', '', '', 1, NULL, 1, 'cl182btf7000f26699t9dxzd7', NULL, NULL, NULL, '', 0, NULL, NULL, NULL, NULL, NULL, NULL, NULL),
(63642, 63645, NULL, 'M3', 0, 0, 'item_module', '', '', 0, NULL, 1, 'cl182fohs004p26690il7ypjs', NULL, NULL, NULL, '', 0, NULL, NULL, NULL, NULL, NULL, NULL, NULL),
(63643, 63645, NULL, 'M4', 0, 0, 'item_module', '', '', 1, NULL, 1, 'cl182frl3004t26693wjveni8', NULL, NULL, NULL, '', 0, NULL, NULL, NULL, NULL, NULL, NULL, NULL),
(63644, NULL, 338, 'G1', 0, 0, 'item_modules_group', '', '', 0, NULL, 1, 'cl182b8fz00012669oh36rom3', NULL, NULL, NULL, NULL, NULL, NULL, NULL, NULL, NULL, NULL, NULL, NULL),
(63645, NULL, 338, 'G2', 0, 0, 'item_modules_group', '', '', 1, NULL, 1, 'cl182bgsb000726697ve6rvxa', NULL, NULL, NULL, NULL, NULL, NULL, NULL, NULL, NULL, NULL, NULL, NULL),
(63646, 63664, NULL, 'P1', 0, 0, 'item_phase', '', '', 0, NULL, 1, 'cl182c7if000r26698uvjb78p', NULL, NULL, NULL, NULL, NULL, NULL, NULL, NULL, NULL, NULL, NULL, NULL),
(63647, 63665, NULL, 'P2', 0, 0, 'item_phase', '', '', 0, NULL, NULL, 'cl182cbfr000v2669kpfx38vo', NULL, NULL, NULL, NULL, NULL, NULL, NULL, NULL, NULL, NULL, NULL, NULL),
(63648, 63666, NULL, 'P3', 0, 0, 'item_phase', '', '', 0, NULL, NULL, 'cl182cgao000z2669edhfahrk', NULL, NULL, NULL, NULL, NULL, NULL, NULL, NULL, NULL, NULL, NULL, NULL),
(63649, 63667, NULL, 'P4', 0, 0, 'item_phase', '', '', 0, NULL, NULL, 'cl182d9lz001b2669e4cbzetf', NULL, NULL, NULL, NULL, NULL, NULL, NULL, NULL, NULL, NULL, NULL, NULL),
(63650, 63658, NULL, 'E1', 0, 0, 'item_exercise', '', '', 0, NULL, 1, 'cl182e91r001v2669wi0u8tpo', NULL, NULL, NULL, NULL, NULL, NULL, NULL, NULL, NULL, NULL, NULL, NULL),
(63651, 63662, NULL, 'E2', 0, 0, 'item_exercise', '', '', 1, NULL, 1, 'cl182ecq3001z2669ano31jyc', NULL, NULL, NULL, NULL, NULL, NULL, NULL, NULL, NULL, NULL, NULL, NULL),
(63652, 63659, NULL, 'E3', 0, 0, 'item_exercise', '', '', 0, NULL, NULL, 'cl182eg4j00232669mo5duver', NULL, NULL, NULL, NULL, NULL, NULL, NULL, NULL, NULL, NULL, NULL, NULL),
(63653, 63659, NULL, 'E4', 0, 0, 'item_exercise', '', '', 1, NULL, NULL, 'cl182ej8c0027266902jctqfh', NULL, NULL, NULL, NULL, NULL, NULL, NULL, NULL, NULL, NULL, NULL, NULL),
(63654, 63660, NULL, 'E8', 0, 0, 'item_exercise', '', '', 0, NULL, NULL, 'cl182f6cw002n2669a36yjssv', NULL, NULL, NULL, NULL, NULL, NULL, NULL, NULL, NULL, NULL, NULL, NULL),
(63655, 63660, NULL, 'E7', 0, 0, 'item_exercise', '', '', 1, NULL, NULL, 'cl182f048002j2669wzeykt0u', NULL, NULL, NULL, NULL, NULL, NULL, NULL, NULL, NULL, NULL, NULL, NULL),
(63656, 63661, NULL, 'E6', 0, 0, 'item_exercise', '', '', 0, NULL, NULL, 'cl182euvb002f2669ssvj702w', NULL, NULL, NULL, NULL, NULL, NULL, NULL, NULL, NULL, NULL, NULL, NULL),
(63657, 63664, NULL, 'E5', 0, 0, 'item_exercise', '', '', 1, NULL, NULL, 'cl182enc7002b2669bfy180d2', NULL, NULL, NULL, NULL, NULL, NULL, NULL, NULL, NULL, NULL, NULL, NULL),
(63658, 63662, NULL, 'GE2', 0, 0, 'item_exercises_group', '', '', 0, NULL, 1, 'cl182dk0z001j266993qwzipv', NULL, NULL, NULL, NULL, NULL, NULL, NULL, NULL, NULL, NULL, NULL, NULL),
(63659, 63663, NULL, 'GE1', 0, 0, 'item_exercises_group', '', '', 0, NULL, 1, 'cl182deik001f26694of9s24g', NULL, NULL, NULL, NULL, NULL, NULL, NULL, NULL, NULL, NULL, NULL, NULL),
(63660, 63646, NULL, 'GE3', 0, 0, 'item_exercises_group', '', '', 0, NULL, 1, 'cl182do4o001n2669a3a87ho1', NULL, NULL, NULL, NULL, NULL, NULL, NULL, NULL, NULL, NULL, NULL, NULL),
(63661, 63646, NULL, 'GE4', 0, 0, 'item_exercises_group', '', '', 1, NULL, 1, 'cl182dsxz001r2669lzedj8aw', NULL, NULL, NULL, NULL, NULL, NULL, NULL, NULL, NULL, NULL, NULL, NULL),
(63662, 63668, NULL, 'S1', 0, 0, 'item_lesson', '', '', 0, NULL, 1, 'cl182bylj000j2669n3oiw5hr', 85, NULL, NULL, NULL, 0, '', '', '', '', 0, NULL, NULL),
(63663, 63668, NULL, 'S2', 0, 0, 'item_lesson', '', '', 1, NULL, 1, 'cl182c1yv000n2669p6x7jcmm', 85, NULL, NULL, NULL, 0, '', '', '', '', 0, NULL, NULL),
(63664, 63669, NULL, 'S3', 0, 0, 'item_lesson', '', '', 0, NULL, 1, 'cl182gejz008p2669709h714t', 85, NULL, NULL, NULL, 0, '', '', '', '', 0, NULL, NULL),
(63665, 63669, NULL, 'S4', 0, 0, 'item_lesson', '', '', 1, NULL, 1, 'cl182gj6j008t2669718ipzdw', 85, NULL, NULL, NULL, 0, '', '', '', '', 0, NULL, NULL),
(63666, 63670, NULL, 'S5', 0, 0, 'item_lesson', '', '', 0, NULL, 1, 'cl182grfb00ap2669i27fbxt3', 85, NULL, NULL, NULL, 0, '', '', '', '', 0, NULL, NULL),
(63667, 63671, NULL, 'S6', 0, 0, 'item_lesson', '', '', 0, NULL, 1, 'cl182gx3j00at26693bearnoz', 85, NULL, NULL, NULL, 0, '', '', '', '', 0, NULL, NULL),
(63668, 63672, NULL, 'M1', 0, 0, 'item_module', '', '', 0, NULL, 1, 'cl182bokc000b2669da8tv98z', 85, NULL, NULL, '', 0, NULL, NULL, NULL, NULL, NULL, NULL, NULL),
(63669, 63672, NULL, 'M2', 0, 0, 'item_module', '', '', 1, NULL, 1, 'cl182btf7000f26699t9dxzd7', 85, NULL, NULL, '', 0, NULL, NULL, NULL, NULL, NULL, NULL, NULL),
(63670, 63673, NULL, 'M3', 0, 0, 'item_module', '', '', 0, NULL, 1, 'cl182fohs004p26690il7ypjs', NULL, NULL, NULL, '', 0, NULL, NULL, NULL, NULL, NULL, NULL, NULL),
(63671, 63673, NULL, 'M4', 0, 0, 'item_module', '', '', 1, NULL, 1, 'cl182frl3004t26693wjveni8', NULL, NULL, NULL, '', 0, NULL, NULL, NULL, NULL, NULL, NULL, NULL),
(63672, NULL, 339, 'G1', 0, 0, 'item_modules_group', '', '', 0, NULL, 1, 'cl182b8fz00012669oh36rom3', NULL, NULL, NULL, NULL, NULL, NULL, NULL, NULL, NULL, NULL, NULL, NULL),
(63673, NULL, 339, 'G2', 0, 0, 'item_modules_group', '', '', 1, NULL, 1, 'cl182bgsb000726697ve6rvxa', NULL, NULL, NULL, NULL, NULL, NULL, NULL, NULL, NULL, NULL, NULL, NULL),
(63674, 63677, NULL, 'E1', 0, 0, 'item_exercise', '', '', 0, NULL, NULL, 'cl1al8v3x000f2669ahexeuqo', NULL, NULL, NULL, NULL, NULL, NULL, NULL, NULL, NULL, NULL, NULL, NULL),
(63675, 63678, NULL, 'E2', 0, 0, 'item_exercise', '', '', 0, NULL, NULL, 'cl1al8ykg000j2669pug7i0dt', NULL, NULL, NULL, NULL, NULL, NULL, NULL, NULL, NULL, NULL, NULL, NULL),
(63676, 63679, NULL, 'E3', 0, 0, 'item_exercise', '', '', 0, NULL, NULL, 'cl1al92ix000n2669u76h9xg7', NULL, NULL, NULL, NULL, NULL, NULL, NULL, NULL, NULL, NULL, NULL, NULL),
(63677, NULL, 340, 'S1', 0, 0, 'item_lesson', '', '', 0, NULL, 1, 'cl1al8j9o00012669j9iiqxj5', NULL, NULL, NULL, NULL, 0, '', '', '', '', 0, NULL, NULL),
(63678, NULL, 340, 'S2', 0, 0, 'item_lesson', '', '', 1, NULL, 1, 'cl1al8mrj00072669g0bd9tsr', NULL, NULL, NULL, NULL, 0, '', '', '', '', 0, NULL, NULL),
(63679, NULL, 340, 'S3', 0, 0, 'item_lesson', '', '', 2, NULL, 1, 'cl1al8r85000b2669rqfwmkp1', NULL, NULL, NULL, NULL, 0, '', '', '', '', 0, NULL, NULL),
(63680, 63683, NULL, 'E1', 0, 0, 'item_exercise', '', '', 0, NULL, NULL, 'cl1alking000f2669tiv5788s', 77, NULL, NULL, NULL, NULL, NULL, NULL, NULL, NULL, NULL, NULL, NULL),
(63681, 63684, NULL, 'E2', 0, 0, 'item_exercise', '', '', 0, NULL, NULL, 'cl1alkm48000j2669rii03olm', 77, NULL, NULL, NULL, NULL, NULL, NULL, NULL, NULL, NULL, NULL, NULL),
(63682, 63685, NULL, 'E3', 0, 0, 'item_exercise', '', '', 0, NULL, NULL, 'cl1alkq2i000n2669u52fz1ua', 77, NULL, NULL, NULL, NULL, NULL, NULL, NULL, NULL, NULL, NULL, NULL),
(63683, NULL, 341, 'S1', 0, 0, 'item_lesson', '', '', 0, NULL, 1, 'cl1alk5qc000126694gt9x2i4', NULL, NULL, NULL, NULL, 0, '', '', '', '', 0, NULL, NULL),
(63684, NULL, 341, 'S2', 0, 0, 'item_lesson', '', '', 1, NULL, 1, 'cl1alk9e500072669gnjm6nnz', NULL, NULL, NULL, NULL, 0, '', '', '', '', 0, NULL, NULL),
(63685, NULL, 341, 'S3', 0, 0, 'item_lesson', '', '', 2, NULL, 1, 'cl1alkc65000b2669e64ntkqp', NULL, NULL, NULL, NULL, 0, '', '', '', '', 0, NULL, NULL),
(63686, 63704, NULL, 'P1', 0, 0, 'item_phase', '', '', 0, NULL, 1, 'cl182c7if000r26698uvjb78p', NULL, NULL, NULL, NULL, NULL, NULL, NULL, NULL, NULL, NULL, NULL, NULL),
(63687, 63705, NULL, 'P2', 0, 0, 'item_phase', '', '', 0, NULL, NULL, 'cl182cbfr000v2669kpfx38vo', NULL, NULL, NULL, NULL, NULL, NULL, NULL, NULL, NULL, NULL, NULL, NULL),
(63688, 63706, NULL, 'P3', 0, 0, 'item_phase', '', '', 0, NULL, NULL, 'cl182cgao000z2669edhfahrk', NULL, NULL, NULL, NULL, NULL, NULL, NULL, NULL, NULL, NULL, NULL, NULL),
(63689, 63707, NULL, 'P4', 0, 0, 'item_phase', '', '', 0, NULL, NULL, 'cl182d9lz001b2669e4cbzetf', NULL, NULL, NULL, NULL, NULL, NULL, NULL, NULL, NULL, NULL, NULL, NULL),
(63690, 63698, NULL, 'E1', 0, 0, 'item_exercise', '', '', 0, NULL, 1, 'cl182e91r001v2669wi0u8tpo', NULL, NULL, NULL, NULL, NULL, NULL, NULL, NULL, NULL, NULL, NULL, NULL),
(63691, 63702, NULL, 'E2', 0, 0, 'item_exercise', '', '', 1, NULL, 1, 'cl182ecq3001z2669ano31jyc', NULL, NULL, NULL, NULL, NULL, NULL, NULL, NULL, NULL, NULL, NULL, NULL),
(63692, 63699, NULL, 'E3', 0, 0, 'item_exercise', '', '', 0, NULL, NULL, 'cl182eg4j00232669mo5duver', NULL, NULL, NULL, NULL, NULL, NULL, NULL, NULL, NULL, NULL, NULL, NULL),
(63693, 63699, NULL, 'E4', 0, 0, 'item_exercise', '', '', 1, NULL, NULL, 'cl182ej8c0027266902jctqfh', NULL, NULL, NULL, NULL, NULL, NULL, NULL, NULL, NULL, NULL, NULL, NULL),
(63694, 63700, NULL, 'E8', 0, 0, 'item_exercise', '', '', 0, NULL, NULL, 'cl182f6cw002n2669a36yjssv', NULL, NULL, NULL, NULL, NULL, NULL, NULL, NULL, NULL, NULL, NULL, NULL),
(63695, 63700, NULL, 'E7', 0, 0, 'item_exercise', '', '', 1, NULL, NULL, 'cl182f048002j2669wzeykt0u', NULL, NULL, NULL, NULL, NULL, NULL, NULL, NULL, NULL, NULL, NULL, NULL),
(63696, 63701, NULL, 'E6', 0, 0, 'item_exercise', '', '', 0, NULL, NULL, 'cl182euvb002f2669ssvj702w', NULL, NULL, NULL, NULL, NULL, NULL, NULL, NULL, NULL, NULL, NULL, NULL),
(63697, 63704, NULL, 'E5', 0, 0, 'item_exercise', '', '', 1, NULL, NULL, 'cl182enc7002b2669bfy180d2', NULL, NULL, NULL, NULL, NULL, NULL, NULL, NULL, NULL, NULL, NULL, NULL),
(63698, 63702, NULL, 'GE2', 0, 0, 'item_exercises_group', '', '', 0, NULL, 1, 'cl182dk0z001j266993qwzipv', NULL, NULL, NULL, NULL, NULL, NULL, NULL, NULL, NULL, NULL, NULL, NULL),
(63699, 63703, NULL, 'GE1', 0, 0, 'item_exercises_group', '', '', 0, NULL, 1, 'cl182deik001f26694of9s24g', NULL, NULL, NULL, NULL, NULL, NULL, NULL, NULL, NULL, NULL, NULL, NULL),
(63700, 63686, NULL, 'GE3', 0, 0, 'item_exercises_group', '', '', 0, NULL, 1, 'cl182do4o001n2669a3a87ho1', NULL, NULL, NULL, NULL, NULL, NULL, NULL, NULL, NULL, NULL, NULL, NULL),
(63701, 63686, NULL, 'GE4', 0, 0, 'item_exercises_group', '', '', 1, NULL, 1, 'cl182dsxz001r2669lzedj8aw', NULL, NULL, NULL, NULL, NULL, NULL, NULL, NULL, NULL, NULL, NULL, NULL),
(63702, 63708, NULL, 'S1', 0, 0, 'item_lesson', '', '', 0, NULL, 1, 'cl182bylj000j2669n3oiw5hr', 85, NULL, NULL, NULL, 0, '', '', '', '', 0, NULL, NULL),
(63703, 63708, NULL, 'S2', 0, 0, 'item_lesson', '', '', 1, NULL, 1, 'cl182c1yv000n2669p6x7jcmm', 85, NULL, NULL, NULL, 0, '', '', '', '', 0, NULL, NULL),
(63704, 63709, NULL, 'S3', 0, 0, 'item_lesson', '', '', 0, NULL, 1, 'cl182gejz008p2669709h714t', 85, NULL, NULL, NULL, 0, '', '', '', '', 0, NULL, NULL),
(63705, 63709, NULL, 'S4', 0, 0, 'item_lesson', '', '', 1, NULL, 1, 'cl182gj6j008t2669718ipzdw', 85, NULL, NULL, NULL, 0, '', '', '', '', 0, NULL, NULL),
(63706, 63710, NULL, 'S5', 0, 0, 'item_lesson', '', '', 0, NULL, 1, 'cl182grfb00ap2669i27fbxt3', 85, NULL, NULL, NULL, 0, '', '', '', '', 0, NULL, NULL),
(63707, 63711, NULL, 'S6', 0, 0, 'item_lesson', '', '', 0, NULL, 1, 'cl182gx3j00at26693bearnoz', 85, NULL, NULL, NULL, 0, '', '', '', '', 0, NULL, NULL),
(63708, 63712, NULL, 'M1', 0, 0, 'item_module', '', '', 0, NULL, 1, 'cl182bokc000b2669da8tv98z', 85, NULL, NULL, '', 0, NULL, NULL, NULL, NULL, NULL, NULL, NULL),
(63709, 63712, NULL, 'M2', 0, 0, 'item_module', '', '', 1, NULL, 1, 'cl182btf7000f26699t9dxzd7', 85, NULL, NULL, '', 0, NULL, NULL, NULL, NULL, NULL, NULL, NULL),
(63710, 63713, NULL, 'M3', 0, 0, 'item_module', '', '', 0, NULL, 1, 'cl182fohs004p26690il7ypjs', NULL, NULL, NULL, '', 0, NULL, NULL, NULL, NULL, NULL, NULL, NULL),
(63711, 63713, NULL, 'M4', 0, 0, 'item_module', '', '', 1, NULL, 1, 'cl182frl3004t26693wjveni8', NULL, NULL, NULL, '', 0, NULL, NULL, NULL, NULL, NULL, NULL, NULL),
(63712, NULL, 342, 'G1', 0, 0, 'item_modules_group', '', '', 0, NULL, 1, 'cl182b8fz00012669oh36rom3', NULL, NULL, NULL, NULL, NULL, NULL, NULL, NULL, NULL, NULL, NULL, NULL),
(63713, NULL, 342, 'G2', 0, 0, 'item_modules_group', '', '', 1, NULL, 1, 'cl182bgsb000726697ve6rvxa', NULL, NULL, NULL, NULL, NULL, NULL, NULL, NULL, NULL, NULL, NULL, NULL),
(63714, 63716, NULL, 'E1', 0, 0, 'item_exercise', '', '', 0, NULL, NULL, 'cl1apkxkr000z2669j2qyidui', NULL, NULL, NULL, NULL, NULL, NULL, NULL, NULL, NULL, NULL, NULL, NULL),
(63715, 63717, NULL, 'E2', 0, 0, 'item_exercise', '', '', 0, NULL, NULL, 'cl1apl0xb00132669oxe19s6u', NULL, NULL, NULL, NULL, NULL, NULL, NULL, NULL, NULL, NULL, NULL, NULL),
(63716, NULL, 343, 'S1', 0, 0, 'item_lesson', '', '', 0, NULL, 1, 'cl1apkni3000v2669jadd1eln', NULL, NULL, NULL, NULL, 0, '', '', '', '', 0, NULL, NULL),
(63717, NULL, 343, 'S2', 0, 0, 'item_lesson', '', '', 1, NULL, 1, 'cl1apkr0v000x2669cy9orr6q', NULL, NULL, NULL, NULL, 0, '', '', '', '', 0, NULL, NULL),
(63718, 63736, NULL, 'P1', 0, 0, 'item_phase', '', '', 0, NULL, 1, 'cl182c7if000r26698uvjb78p', NULL, NULL, NULL, NULL, NULL, NULL, NULL, NULL, NULL, NULL, NULL, NULL),
(63719, 63737, NULL, 'P2', 0, 0, 'item_phase', '', '', 0, NULL, NULL, 'cl182cbfr000v2669kpfx38vo', NULL, NULL, NULL, NULL, NULL, NULL, NULL, NULL, NULL, NULL, NULL, NULL),
(63720, 63738, NULL, 'P3', 0, 0, 'item_phase', '', '', 0, NULL, NULL, 'cl182cgao000z2669edhfahrk', NULL, NULL, NULL, NULL, NULL, NULL, NULL, NULL, NULL, NULL, NULL, NULL),
(63721, 63739, NULL, 'P4', 0, 0, 'item_phase', '', '', 0, NULL, NULL, 'cl182d9lz001b2669e4cbzetf', NULL, NULL, NULL, NULL, NULL, NULL, NULL, NULL, NULL, NULL, NULL, NULL),
(63722, 63730, NULL, 'E1', 0, 0, 'item_exercise', '', '', 0, NULL, NULL, 'cl182e91r001v2669wi0u8tpo', NULL, NULL, NULL, NULL, NULL, NULL, NULL, NULL, NULL, NULL, NULL, NULL),
(63723, 63734, NULL, 'E2', 0, 0, 'item_exercise', '', '', 1, NULL, NULL, 'cl182ecq3001z2669ano31jyc', NULL, NULL, NULL, NULL, NULL, NULL, NULL, NULL, NULL, NULL, NULL, NULL),
(63724, 63731, NULL, 'E3', 0, 0, 'item_exercise', '', '', 0, NULL, NULL, 'cl182eg4j00232669mo5duver', NULL, NULL, NULL, NULL, NULL, NULL, NULL, NULL, NULL, NULL, NULL, NULL),
(63725, 63731, NULL, 'E4', 0, 0, 'item_exercise', '', '', 1, NULL, NULL, 'cl182ej8c0027266902jctqfh', NULL, NULL, NULL, NULL, NULL, NULL, NULL, NULL, NULL, NULL, NULL, NULL),
(63726, 63732, NULL, 'E8', 0, 0, 'item_exercise', '', '', 0, NULL, NULL, 'cl182f6cw002n2669a36yjssv', NULL, NULL, NULL, NULL, NULL, NULL, NULL, NULL, NULL, NULL, NULL, NULL),
(63727, 63732, NULL, 'E7', 0, 0, 'item_exercise', '', '', 1, NULL, NULL, 'cl182f048002j2669wzeykt0u', NULL, NULL, NULL, NULL, NULL, NULL, NULL, NULL, NULL, NULL, NULL, NULL),
(63728, 63733, NULL, 'E6', 0, 0, 'item_exercise', '', '', 0, NULL, NULL, 'cl182euvb002f2669ssvj702w', NULL, NULL, NULL, NULL, NULL, NULL, NULL, NULL, NULL, NULL, NULL, NULL),
(63729, 63736, NULL, 'E5', 0, 0, 'item_exercise', '', '', 1, NULL, NULL, 'cl182enc7002b2669bfy180d2', NULL, NULL, NULL, NULL, NULL, NULL, NULL, NULL, NULL, NULL, NULL, NULL),
(63730, 63734, NULL, 'GE2', 0, 0, 'item_exercises_group', '', '', 0, NULL, 1, 'cl182dk0z001j266993qwzipv', NULL, NULL, NULL, NULL, NULL, NULL, NULL, NULL, NULL, NULL, NULL, NULL),
(63731, 63735, NULL, 'GE1', 0, 0, 'item_exercises_group', '', '', 0, NULL, 1, 'cl182deik001f26694of9s24g', NULL, NULL, NULL, NULL, NULL, NULL, NULL, NULL, NULL, NULL, NULL, NULL),
(63732, 63718, NULL, 'GE3', 0, 0, 'item_exercises_group', '', '', 0, NULL, 1, 'cl182do4o001n2669a3a87ho1', NULL, NULL, NULL, NULL, NULL, NULL, NULL, NULL, NULL, NULL, NULL, NULL),
(63733, 63718, NULL, 'GE4', 0, 0, 'item_exercises_group', '', '', 1, NULL, 1, 'cl182dsxz001r2669lzedj8aw', NULL, NULL, NULL, NULL, NULL, NULL, NULL, NULL, NULL, NULL, NULL, NULL),
(63734, 63740, NULL, 'S1', 0, 0, 'item_lesson', '', '', 0, NULL, 1, 'cl182bylj000j2669n3oiw5hr', 79, NULL, NULL, NULL, 1, '', '', '', '', 0, NULL, NULL),
(63735, 63740, NULL, 'S2', 0, 0, 'item_lesson', '', '', 1, NULL, 1, 'cl182c1yv000n2669p6x7jcmm', 79, NULL, NULL, NULL, 0, '', '', '', '', 0, NULL, NULL),
(63736, 63741, NULL, 'S3', 0, 0, 'item_lesson', '', '', 0, NULL, 1, 'cl182gejz008p2669709h714t', 79, NULL, NULL, NULL, 1, '', '', '', '', 1, NULL, NULL),
(63737, 63741, NULL, 'S4', 0, 0, 'item_lesson', '', '', 1, NULL, 1, 'cl182gj6j008t2669718ipzdw', NULL, NULL, NULL, NULL, 0, '', '', '', '', 0, NULL, NULL),
(63738, 63742, NULL, 'S5', 0, 0, 'item_lesson', '', '', 0, NULL, 1, 'cl182grfb00ap2669i27fbxt3', NULL, NULL, NULL, NULL, 0, '', '', '', '', 0, NULL, NULL),
(63739, 63743, NULL, 'S6', 0, 0, 'item_lesson', '', '', 0, NULL, 1, 'cl182gx3j00at26693bearnoz', NULL, NULL, NULL, NULL, 0, '', '', '', '', 0, NULL, NULL),
(63740, 63744, NULL, 'M1', 0, 0, 'item_module', '', '', 0, NULL, 1, 'cl182bokc000b2669da8tv98z', NULL, NULL, NULL, '', 0, NULL, NULL, NULL, NULL, NULL, NULL, NULL),
(63741, 63744, NULL, 'M2', 0, 0, 'item_module', '', '', 1, NULL, 1, 'cl182btf7000f26699t9dxzd7', NULL, NULL, NULL, '', 0, NULL, NULL, NULL, NULL, NULL, NULL, NULL),
(63742, 63745, NULL, 'M3', 0, 0, 'item_module', '', '', 0, NULL, 1, 'cl182fohs004p26690il7ypjs', NULL, NULL, NULL, '', 0, NULL, NULL, NULL, NULL, NULL, NULL, NULL),
(63743, 63745, NULL, 'M4', 0, 0, 'item_module', '', '', 1, NULL, 1, 'cl182frl3004t26693wjveni8', NULL, NULL, NULL, '', 0, NULL, NULL, NULL, NULL, NULL, NULL, NULL),
(63744, NULL, 344, 'G1', 0, 0, 'item_modules_group', '', '', 0, NULL, 1, 'cl182b8fz00012669oh36rom3', NULL, NULL, NULL, NULL, NULL, NULL, NULL, NULL, NULL, NULL, NULL, NULL),
(63745, NULL, 344, 'G2', 0, 0, 'item_modules_group', '', '', 1, NULL, 1, 'cl182bgsb000726697ve6rvxa', NULL, NULL, NULL, NULL, NULL, NULL, NULL, NULL, NULL, NULL, NULL, NULL),
(63774, NULL, 345, 'VERIF1', 0, 0, 'item_lesson', '', '', 0, NULL, 1, 'cl1ar56hu00013e6a8ogczsko', 79, NULL, NULL, NULL, 0, '', '', '', '', 0, NULL, NULL),
(63775, NULL, 345, 'VERIF2', 0, 0, 'item_lesson', '', '', 1, NULL, 1, 'cl1ar5bcj00073e6apdv6v7ra', NULL, NULL, NULL, NULL, 0, '', '', '', '', 0, NULL, NULL),
(63776, 63774, NULL, 'VEX1', 0, 0, 'item_exercise', '', '', 0, NULL, NULL, 'cl1ar5hu0000b3e6aazhqloj2', NULL, NULL, NULL, NULL, NULL, NULL, NULL, NULL, NULL, NULL, NULL, NULL),
(63777, 63774, NULL, 'VEX2', 0, 0, 'item_exercise', '', '', 1, NULL, NULL, 'cl1ar5l9d000f3e6aig577qki', NULL, NULL, NULL, NULL, NULL, NULL, NULL, NULL, NULL, NULL, NULL, NULL),
(63778, 63775, NULL, 'VEX3', 0, 0, 'item_exercise', '', '', 0, NULL, NULL, 'cl1ar5pm1000j3e6a8w39r44t', NULL, NULL, NULL, NULL, NULL, NULL, NULL, NULL, NULL, NULL, NULL, NULL),
(63779, 63775, NULL, 'VEX4', 0, 0, 'item_exercise', '', '', 1, NULL, NULL, 'cl1ar5u6h000n3e6axmtyly2g', NULL, NULL, NULL, NULL, NULL, NULL, NULL, NULL, NULL, NULL, NULL, NULL),
(63780, 63783, NULL, 'E1', 0, 0, 'item_exercise', '', '', 0, NULL, NULL, 'cl1al8v3x000f2669ahexeuqo', NULL, NULL, NULL, NULL, NULL, NULL, NULL, NULL, NULL, NULL, NULL, NULL),
(63781, 63784, NULL, 'E2', 0, 0, 'item_exercise', '', '', 0, NULL, NULL, 'cl1al8ykg000j2669pug7i0dt', NULL, NULL, NULL, NULL, NULL, NULL, NULL, NULL, NULL, NULL, NULL, NULL),
(63782, 63785, NULL, 'E3', 0, 0, 'item_exercise', '', '', 0, NULL, NULL, 'cl1al92ix000n2669u76h9xg7', NULL, NULL, NULL, NULL, NULL, NULL, NULL, NULL, NULL, NULL, NULL, NULL),
(63783, NULL, 346, 'S1', 0, 0, 'item_lesson', '', '', 0, NULL, 1, 'cl1al8j9o00012669j9iiqxj5', NULL, NULL, NULL, NULL, 0, '', '', '', '', 0, NULL, NULL),
(63784, NULL, 346, 'S2', 0, 0, 'item_lesson', '', '', 1, NULL, 1, 'cl1al8mrj00072669g0bd9tsr', NULL, NULL, NULL, NULL, 0, '', '', '', '', 0, NULL, NULL),
(63785, NULL, 346, 'S3', 0, 0, 'item_lesson', '', '', 2, NULL, 1, 'cl1al8r85000b2669rqfwmkp1', NULL, NULL, NULL, NULL, 0, '', '', '', '', 0, NULL, NULL),
(63786, 63789, NULL, 'E1', 0, 0, 'item_exercise', '', '', 0, NULL, NULL, 'cl1al8v3x000f2669ahexeuqo', NULL, NULL, NULL, NULL, NULL, NULL, NULL, NULL, NULL, NULL, NULL, NULL),
(63787, 63790, NULL, 'E2', 0, 0, 'item_exercise', '', '', 0, NULL, NULL, 'cl1al8ykg000j2669pug7i0dt', NULL, NULL, NULL, NULL, NULL, NULL, NULL, NULL, NULL, NULL, NULL, NULL),
(63788, 63791, NULL, 'E3', 0, 0, 'item_exercise', '', '', 0, NULL, NULL, 'cl1al92ix000n2669u76h9xg7', NULL, NULL, NULL, NULL, NULL, NULL, NULL, NULL, NULL, NULL, NULL, NULL),
(63789, NULL, 348, 'S1', 0, 0, 'item_lesson', '', '', 0, NULL, 1, 'cl1al8j9o00012669j9iiqxj5', NULL, NULL, NULL, NULL, 0, '', '', '', '', 0, NULL, NULL),
(63790, NULL, 348, 'S2', 0, 0, 'item_lesson', '', '', 1, NULL, 1, 'cl1al8mrj00072669g0bd9tsr', NULL, NULL, NULL, NULL, 0, '', '', '', '', 0, NULL, NULL),
(63791, NULL, 348, 'S3', 0, 0, 'item_lesson', '', '', 2, NULL, 1, 'cl1al8r85000b2669rqfwmkp1', NULL, NULL, NULL, NULL, 0, '', '', '', '', 0, NULL, NULL),
(63792, 63800, NULL, 'E1', 0, 0, 'item_exercise', '', '', 0, NULL, NULL, 'cl1axj6xg000z2669cl8dmn04', NULL, NULL, NULL, NULL, NULL, NULL, NULL, NULL, NULL, NULL, NULL, NULL),
(63793, 63800, NULL, 'E2', 0, 0, 'item_exercise', '', '', 1, NULL, NULL, 'cl1axjbdo001126699hxlqap5', NULL, NULL, NULL, NULL, NULL, NULL, NULL, NULL, NULL, NULL, NULL, NULL),
(63794, 63801, NULL, 'E3', 0, 0, 'item_exercise', '', '', 0, NULL, NULL, 'cl1axjg3w001726693633gkux', NULL, NULL, NULL, NULL, NULL, NULL, NULL, NULL, NULL, NULL, NULL, NULL),
(63795, 63801, NULL, 'E4', 0, 0, 'item_exercise', '', '', 1, NULL, NULL, 'cl1axjk7g001b2669qzzq7ydi', NULL, NULL, NULL, NULL, NULL, NULL, NULL, NULL, NULL, NULL, NULL, NULL),
(63796, 63801, NULL, 'E5', 0, 0, 'item_exercise', '', '', 2, NULL, NULL, 'cl1axjudh001f266990hf0lxh', NULL, NULL, NULL, NULL, NULL, NULL, NULL, NULL, NULL, NULL, NULL, NULL);
INSERT INTO `formation_item` (`id`, `parent_id`, `formation_id`, `name`, `standard_duration`, `max_duration`, `type`, `description`, `goals`, `position`, `extra_lesson_id`, `config_isexpended`, `formation_item_from_list_id`, `notation_id`, `min_rating_id`, `classroom_id`, `subname`, `is_theoretical`, `min_visibility`, `min_weather`, `ceiling`, `technical_ref`, `groupe`, `is_important`, `expected_value_id`) VALUES
(63797, 63802, NULL, 'E6', 0, 0, 'item_exercise', '', '', 0, NULL, NULL, 'cl1axk2j8001j2669i3p1h9zo', NULL, NULL, NULL, NULL, NULL, NULL, NULL, NULL, NULL, NULL, NULL, NULL),
(63798, 63803, NULL, 'E7', 0, 0, 'item_exercise', '', '', 0, NULL, NULL, 'cl1axk8jp001n26695s39qn1c', NULL, NULL, NULL, NULL, NULL, NULL, NULL, NULL, NULL, NULL, NULL, NULL),
(63799, 63803, NULL, 'E8', 0, 0, 'item_exercise', '', '', 1, NULL, NULL, 'cl1axkjbs001r2669vw513mw1', NULL, NULL, NULL, NULL, NULL, NULL, NULL, NULL, NULL, NULL, NULL, NULL),
(63800, NULL, 349, 'S1', 0, 0, 'item_lesson', '', '', 0, NULL, 1, 'cl1axiogx000j26693ni36tmo', NULL, NULL, NULL, NULL, 0, '', '', '', '', 0, NULL, NULL),
(63801, NULL, 349, 'S2', 0, 0, 'item_lesson', '', '', 1, NULL, 1, 'cl1axitw5000n2669rhhgtjs9', NULL, NULL, NULL, NULL, 0, '', '', '', '', 0, NULL, NULL),
(63802, NULL, 349, 'S3', 0, 0, 'item_lesson', '', '', 2, NULL, 1, 'cl1axixf8000r2669sa8dvzrj', NULL, NULL, NULL, NULL, 0, '', '', '', '', 0, NULL, NULL),
(63803, NULL, 349, 'S4', 0, 0, 'item_lesson', '', '', 3, NULL, 1, 'cl1axj3ux000v2669q25lyq85', NULL, NULL, NULL, NULL, 0, '', '', '', '', 0, NULL, NULL),
(63804, 63812, NULL, 'E1', 0, 0, 'item_exercise', '', '', 0, 28, NULL, 'cl1axj6xg000z2669cl8dmn04', NULL, NULL, NULL, NULL, NULL, NULL, NULL, NULL, NULL, NULL, NULL, NULL),
(63805, 63812, NULL, 'E2', 0, 0, 'item_exercise', '', '', 1, 28, NULL, 'cl1axjbdo001126699hxlqap5', NULL, NULL, NULL, NULL, NULL, NULL, NULL, NULL, NULL, NULL, NULL, NULL),
(63806, 63813, NULL, 'E3', 0, 0, 'item_exercise', '', '', 0, 28, NULL, 'cl1axjg3w001726693633gkux', NULL, NULL, NULL, NULL, NULL, NULL, NULL, NULL, NULL, NULL, NULL, NULL),
(63807, 63813, NULL, 'E4', 0, 0, 'item_exercise', '', '', 1, 28, NULL, 'cl1axjk7g001b2669qzzq7ydi', NULL, NULL, NULL, NULL, NULL, NULL, NULL, NULL, NULL, NULL, NULL, NULL),
(63808, 63813, NULL, 'E5', 0, 0, 'item_exercise', '', '', 2, 28, NULL, 'cl1axjudh001f266990hf0lxh', NULL, NULL, NULL, NULL, NULL, NULL, NULL, NULL, NULL, NULL, NULL, NULL),
(63809, 63814, NULL, 'E6', 0, 0, 'item_exercise', '', '', 0, 28, NULL, 'cl1axk2j8001j2669i3p1h9zo', NULL, NULL, NULL, NULL, NULL, NULL, NULL, NULL, NULL, NULL, NULL, NULL),
(63810, 63815, NULL, 'E7', 0, 0, 'item_exercise', '', '', 0, 28, NULL, 'cl1axk8jp001n26695s39qn1c', NULL, NULL, NULL, NULL, NULL, NULL, NULL, NULL, NULL, NULL, NULL, NULL),
(63811, 63815, NULL, 'E8', 0, 0, 'item_exercise', '', '', 1, 28, NULL, 'cl1axkjbs001r2669vw513mw1', NULL, NULL, NULL, NULL, NULL, NULL, NULL, NULL, NULL, NULL, NULL, NULL),
(63812, NULL, 350, 'S1', 0, 0, 'item_lesson', '', '', 0, NULL, 1, 'cl1axiogx000j26693ni36tmo', NULL, NULL, NULL, NULL, 0, '', '', '', '', 0, NULL, NULL),
(63813, NULL, 350, 'S2', 0, 0, 'item_lesson', '', '', 1, NULL, 1, 'cl1axitw5000n2669rhhgtjs9', NULL, NULL, NULL, NULL, 0, '', '', '', '', 0, NULL, NULL),
(63814, NULL, 350, 'S3', 0, 0, 'item_lesson', '', '', 2, NULL, 1, 'cl1axixf8000r2669sa8dvzrj', NULL, NULL, NULL, NULL, 0, '', '', '', '', 0, NULL, NULL),
(63815, NULL, 350, 'S4', 0, 0, 'item_lesson', '', '', 3, NULL, 1, 'cl1axj3ux000v2669q25lyq85', NULL, NULL, NULL, NULL, 0, '', '', '', '', 0, NULL, NULL),
(63816, NULL, 350, 'S5', 0, 0, 'item_lesson', '', '', 4, NULL, 1, 'cl1axmyb000ae26695ar8lyyg', NULL, NULL, NULL, NULL, 0, '', '', '', '', 0, NULL, NULL),
(63817, 63815, NULL, 'E9', 0, 0, 'item_exercise', '', '', 2, 28, NULL, 'cl1axnusl00c82669q8smxed1', NULL, NULL, NULL, NULL, NULL, NULL, NULL, NULL, NULL, NULL, NULL, NULL),
(63818, 63816, NULL, 'E9', 0, 0, 'item_exercise', '', '', 0, 28, NULL, 'cl1axnusl00c82669q8smxed1', NULL, NULL, NULL, NULL, NULL, NULL, NULL, NULL, NULL, NULL, NULL, NULL),
(63819, 63816, NULL, 'E10', 0, 0, 'item_exercise', '', '', 1, 28, NULL, 'cl1axnzzi00cc2669z1hg5det', NULL, NULL, NULL, NULL, NULL, NULL, NULL, NULL, NULL, NULL, NULL, NULL),
(63820, NULL, 351, 'SA', 0, 0, 'item_lesson', '', '', 0, NULL, 1, 'cl1bsxbsz00013e6aset6fx9j', 85, NULL, NULL, NULL, 0, '', '', '', '', 0, NULL, NULL),
(63821, NULL, 351, 'SB', 0, 0, 'item_lesson', '', '', 1, NULL, 1, 'cl1bsxgzs00073e6a5d9vpkl1', 85, NULL, NULL, NULL, 0, '', '', '', '', 0, NULL, NULL),
(63822, 63820, NULL, 'X1', 0, 0, 'item_exercise', '', '', 0, NULL, NULL, 'cl1bsxkwt000b3e6a0tsg87bx', 85, NULL, NULL, NULL, NULL, NULL, NULL, NULL, NULL, NULL, NULL, NULL),
(63823, 63820, NULL, 'X2', 0, 0, 'item_exercise', '', '', 1, NULL, NULL, 'cl1bsxo42000f3e6axgv3wavb', 85, NULL, NULL, NULL, NULL, NULL, NULL, NULL, NULL, NULL, NULL, NULL),
(63824, 63821, NULL, 'X3', 0, 0, 'item_exercise', '', '', 0, NULL, NULL, 'cl1bsxreh000j3e6awu16wj5i', NULL, NULL, NULL, NULL, NULL, NULL, NULL, NULL, NULL, NULL, NULL, NULL),
(63825, 63821, NULL, 'X1', 0, 0, 'item_exercise', '', '', 1, NULL, NULL, 'cl1bsxkwt000b3e6a0tsg87bx', NULL, NULL, NULL, NULL, NULL, NULL, NULL, NULL, NULL, NULL, NULL, NULL),
(63826, 63830, NULL, 'X1', 0, 0, 'item_exercise', '', '', 0, NULL, NULL, 'cl1bsxkwt000b3e6a0tsg87bx', 85, NULL, NULL, NULL, NULL, NULL, NULL, NULL, NULL, NULL, NULL, NULL),
(63827, 63830, NULL, 'X2', 0, 0, 'item_exercise', '', '', 1, NULL, NULL, 'cl1bsxo42000f3e6axgv3wavb', 85, NULL, NULL, NULL, NULL, NULL, NULL, NULL, NULL, NULL, NULL, NULL),
(63828, 63831, NULL, 'X3', 0, 0, 'item_exercise', '', '', 0, NULL, NULL, 'cl1bsxreh000j3e6awu16wj5i', 85, NULL, NULL, NULL, NULL, NULL, NULL, NULL, NULL, NULL, NULL, NULL),
(63829, 63831, NULL, 'X1', 0, 0, 'item_exercise', '', '', 1, NULL, NULL, 'cl1bsxkwt000b3e6a0tsg87bx', NULL, NULL, NULL, NULL, NULL, NULL, NULL, NULL, NULL, NULL, NULL, NULL),
(63830, NULL, 352, 'SA', 0, 0, 'item_lesson', '', '', 0, NULL, 1, 'cl1bsxbsz00013e6aset6fx9j', 85, NULL, NULL, NULL, 0, '', '', '', '', 0, NULL, NULL),
(63831, NULL, 352, 'SB', 0, 0, 'item_lesson', '', '', 1, NULL, 1, 'cl1bsxgzs00073e6a5d9vpkl1', 85, NULL, NULL, NULL, 0, '', '', '', '', 0, NULL, NULL),
(63832, 63836, NULL, 'X1', 0, 0, 'item_exercise', '', '', 0, NULL, NULL, 'cl1bsxkwt000b3e6a0tsg87bx', 85, NULL, NULL, NULL, NULL, NULL, NULL, NULL, NULL, NULL, NULL, NULL),
(63833, 63836, NULL, 'X2', 0, 0, 'item_exercise', '', '', 1, NULL, NULL, 'cl1bsxo42000f3e6axgv3wavb', 85, NULL, NULL, NULL, NULL, NULL, NULL, NULL, NULL, NULL, NULL, NULL),
(63834, 63837, NULL, 'X3', 0, 0, 'item_exercise', '', '', 0, NULL, NULL, 'cl1bsxreh000j3e6awu16wj5i', 85, NULL, NULL, NULL, NULL, NULL, NULL, NULL, NULL, NULL, NULL, NULL),
(63835, 63837, NULL, 'X1', 0, 0, 'item_exercise', '', '', 1, NULL, NULL, 'cl1bsxkwt000b3e6a0tsg87bx', NULL, NULL, NULL, NULL, NULL, NULL, NULL, NULL, NULL, NULL, NULL, NULL),
(63836, NULL, 353, 'SA', 0, 0, 'item_lesson', '', '', 0, NULL, 1, 'cl1bsxbsz00013e6aset6fx9j', 85, NULL, NULL, NULL, 0, '', '', '', '', 0, NULL, NULL),
(63837, NULL, 353, 'SB', 0, 0, 'item_lesson', '', '', 1, NULL, 1, 'cl1bsxgzs00073e6a5d9vpkl1', 85, NULL, NULL, NULL, 0, '', '', '', '', 0, NULL, NULL);

-- --------------------------------------------------------

--
-- Structure de la table `formation_items_technical_skills`
--

CREATE TABLE `formation_items_technical_skills` (
  `formation_item_id` int NOT NULL,
  `skills_id` int NOT NULL
) ENGINE=InnoDB DEFAULT CHARSET=utf8mb4 COLLATE=utf8mb4_unicode_ci;

--
-- Déchargement des données de la table `formation_items_technical_skills`
--

INSERT INTO `formation_items_technical_skills` (`formation_item_id`, `skills_id`) VALUES
(484, 32),
(10687, 37),
(10708, 37),
(10730, 37),
(10747, 37),
(10748, 37),
(10749, 37),
(10750, 37),
(10751, 37),
(10752, 37),
(10753, 37),
(10893, 37),
(10894, 37),
(10895, 37),
(10896, 37),
(10897, 37),
(10898, 37),
(10899, 37),
(11046, 37),
(11047, 37),
(11048, 37),
(11049, 37),
(11050, 37),
(11051, 37),
(11052, 37),
(11053, 37),
(11054, 37),
(11055, 37),
(11056, 37),
(11256, 37),
(11257, 37),
(11258, 37),
(11259, 37),
(11260, 37),
(11261, 37),
(11262, 37),
(11263, 37),
(11264, 37),
(11265, 37),
(11436, 37),
(11437, 37),
(11438, 37),
(11439, 37),
(11440, 37),
(11442, 37),
(11443, 37),
(11444, 37),
(11445, 37),
(11593, 37),
(11594, 37),
(11620, 37),
(11621, 37),
(11622, 37),
(11623, 37),
(11624, 37),
(11727, 37),
(11728, 37),
(11729, 37),
(11731, 37),
(11732, 37),
(20103, 37),
(20104, 37),
(20105, 37),
(20106, 37),
(20107, 37),
(20108, 37),
(20109, 37),
(20110, 37),
(20111, 37),
(20112, 37),
(20114, 37),
(20115, 37),
(20116, 37),
(20117, 37),
(20118, 37),
(20119, 37),
(20120, 37),
(20122, 37),
(20123, 37),
(20124, 37),
(20125, 37),
(20126, 37),
(20127, 37),
(20128, 37),
(20129, 37),
(20130, 37),
(20131, 37),
(20132, 37),
(20134, 37),
(20135, 37),
(20136, 37),
(20137, 37),
(20138, 37),
(20139, 37),
(20140, 37),
(20141, 37),
(20142, 37),
(20143, 37),
(20145, 37),
(20146, 37),
(20147, 37),
(20148, 37),
(20149, 37),
(20151, 37),
(20152, 37),
(20153, 37),
(20154, 37),
(20268, 37),
(20269, 37),
(20270, 37),
(20272, 37),
(20273, 37),
(20418, 37),
(20419, 37),
(20421, 37),
(20422, 37),
(20423, 37),
(20424, 37),
(20425, 37),
(21507, 37),
(21508, 37),
(21509, 37),
(21511, 37),
(21512, 37),
(21622, 37),
(21623, 37),
(21624, 37),
(21626, 37),
(21627, 37),
(22994, 37),
(23050, 37),
(23084, 37),
(23113, 37),
(23142, 37),
(23175, 37),
(60219, 40),
(60220, 40),
(60221, 40),
(60222, 40),
(62178, 42),
(62179, 35),
(62180, 40);

-- --------------------------------------------------------

--
-- Structure de la table `formation_item_action`
--

CREATE TABLE `formation_item_action` (
  `formation_item_id` int NOT NULL,
  `action_id` int NOT NULL
) ENGINE=InnoDB DEFAULT CHARSET=utf8mb4 COLLATE=utf8mb4_unicode_ci;

--
-- Déchargement des données de la table `formation_item_action`
--

INSERT INTO `formation_item_action` (`formation_item_id`, `action_id`) VALUES
(62278, 72);

-- --------------------------------------------------------

--
-- Structure de la table `formation_item_formation_item`
--

CREATE TABLE `formation_item_formation_item` (
  `formation_item_source` int NOT NULL,
  `formation_item_target` int NOT NULL
) ENGINE=InnoDB DEFAULT CHARSET=utf8mb4 COLLATE=utf8mb4_unicode_ci;

-- --------------------------------------------------------

--
-- Structure de la table `formation_item_skills`
--

CREATE TABLE `formation_item_skills` (
  `formation_item_id` int NOT NULL,
  `skills_id` int NOT NULL
) ENGINE=InnoDB DEFAULT CHARSET=utf8mb4 COLLATE=utf8mb4_unicode_ci;

--
-- Déchargement des données de la table `formation_item_skills`
--

INSERT INTO `formation_item_skills` (`formation_item_id`, `skills_id`) VALUES
(484, 34),
(10687, 36),
(10708, 36),
(10730, 36),
(10747, 36),
(10748, 36),
(10749, 36),
(10750, 36),
(10751, 36),
(10752, 36),
(10753, 36),
(10893, 36),
(10894, 36),
(10895, 36),
(10896, 36),
(10897, 36),
(10898, 36),
(10899, 36),
(11046, 36),
(11047, 36),
(11048, 36),
(11049, 36),
(11050, 36),
(11051, 36),
(11052, 36),
(11053, 36),
(11054, 36),
(11055, 36),
(11056, 36),
(11256, 36),
(11257, 36),
(11258, 36),
(11259, 36),
(11260, 36),
(11261, 36),
(11262, 36),
(11263, 36),
(11264, 36),
(11265, 36),
(11436, 36),
(11437, 36),
(11438, 36),
(11439, 36),
(11440, 36),
(11442, 36),
(11443, 36),
(11444, 36),
(11445, 36),
(11593, 36),
(11594, 36),
(11620, 36),
(11621, 36),
(11622, 36),
(11623, 36),
(11624, 36),
(11727, 36),
(11728, 36),
(11729, 36),
(11731, 36),
(11732, 36),
(11881, 38),
(11882, 38),
(11883, 38),
(11884, 38),
(11885, 38),
(11886, 38),
(11887, 38),
(11888, 38),
(11889, 38),
(11890, 38),
(11891, 38),
(11892, 38),
(11893, 38),
(11894, 38),
(11895, 38),
(11896, 38),
(11897, 38),
(11898, 38),
(11899, 38),
(11900, 38),
(11901, 38),
(11902, 38),
(11903, 38),
(11904, 38),
(11920, 38),
(11921, 38),
(11922, 38),
(11923, 38),
(11924, 38),
(11925, 38),
(11926, 38),
(11927, 38),
(11928, 38),
(11929, 38),
(11930, 38),
(11931, 38),
(11932, 38),
(11933, 38),
(11934, 38),
(11935, 38),
(12300, 38),
(12301, 38),
(12305, 38),
(12306, 38),
(12307, 38),
(12308, 38),
(12309, 38),
(12310, 38),
(12311, 38),
(12312, 38),
(12313, 38),
(12314, 38),
(12315, 38),
(12316, 38),
(12317, 38),
(12318, 38),
(12319, 38),
(12320, 38),
(12321, 38),
(12322, 38),
(12323, 38),
(12324, 38),
(12325, 38),
(12326, 38),
(12327, 38),
(12328, 38),
(12330, 38),
(12331, 38),
(12332, 38),
(12334, 38),
(12335, 38),
(12336, 38),
(12338, 38),
(12339, 38),
(12341, 38),
(12342, 38),
(12343, 38),
(12344, 38),
(12734, 38),
(12735, 38),
(12736, 38),
(12737, 38),
(12738, 38),
(12739, 38),
(12740, 38),
(12741, 38),
(12742, 38),
(20103, 36),
(20104, 36),
(20105, 36),
(20106, 36),
(20107, 36),
(20108, 36),
(20109, 36),
(20110, 36),
(20111, 36),
(20112, 36),
(20114, 36),
(20115, 36),
(20116, 36),
(20117, 36),
(20118, 36),
(20119, 36),
(20120, 36),
(20122, 36),
(20123, 36),
(20124, 36),
(20125, 36),
(20126, 36),
(20127, 36),
(20128, 36),
(20129, 36),
(20130, 36),
(20131, 36),
(20132, 36),
(20134, 36),
(20135, 36),
(20136, 36),
(20137, 36),
(20138, 36),
(20139, 36),
(20140, 36),
(20141, 36),
(20142, 36),
(20143, 36),
(20145, 36),
(20146, 36),
(20147, 36),
(20148, 36),
(20149, 36),
(20151, 36),
(20152, 36),
(20153, 36),
(20154, 36),
(20268, 36),
(20269, 36),
(20270, 36),
(20272, 36),
(20273, 36),
(20418, 36),
(20419, 36),
(20421, 36),
(20422, 36),
(20423, 36),
(20424, 36),
(20425, 36),
(20848, 38),
(20849, 38),
(20850, 38),
(20851, 38),
(20852, 38),
(20853, 38),
(20854, 38),
(20855, 38),
(20856, 38),
(20857, 38),
(20858, 38),
(20859, 38),
(20860, 38),
(20861, 38),
(20862, 38),
(20863, 38),
(20864, 38),
(20865, 38),
(20866, 38),
(20867, 38),
(20868, 38),
(20869, 38),
(20870, 38),
(20871, 38),
(20872, 38),
(20873, 38),
(20874, 38),
(20875, 38),
(20876, 38),
(20877, 38),
(20878, 38),
(20879, 38),
(20880, 38),
(20881, 38),
(20882, 38),
(20883, 38),
(20884, 38),
(20885, 38),
(20886, 38),
(20887, 38),
(20888, 38),
(20889, 38),
(21310, 38),
(21311, 38),
(21312, 38),
(21313, 38),
(21314, 38),
(21315, 38),
(21316, 38),
(21317, 38),
(21318, 38),
(21319, 38),
(21320, 38),
(21321, 38),
(21322, 38),
(21323, 38),
(21324, 38),
(21325, 38),
(21326, 38),
(21327, 38),
(21328, 38),
(21329, 38),
(21330, 38),
(21331, 38),
(21332, 38),
(21333, 38),
(21334, 38),
(21335, 38),
(21336, 38),
(21337, 38),
(21338, 38),
(21339, 38),
(21340, 38),
(21341, 38),
(21342, 38),
(21343, 38),
(21344, 38),
(21345, 38),
(21346, 38),
(21347, 38),
(21348, 38),
(21349, 38),
(21350, 38),
(21351, 38),
(21507, 36),
(21508, 36),
(21509, 36),
(21511, 36),
(21512, 36),
(21622, 36),
(21623, 36),
(21624, 36),
(21626, 36),
(21627, 36),
(22048, 38),
(22049, 38),
(22050, 38),
(22051, 38),
(22052, 38),
(22053, 38),
(22054, 38),
(22055, 38),
(22056, 38),
(22057, 38),
(22058, 38),
(22059, 38),
(22060, 38),
(22061, 38),
(22062, 38),
(22063, 38),
(22064, 38),
(22065, 38),
(22066, 38),
(22067, 38),
(22068, 38),
(22069, 38),
(22070, 38),
(22071, 38),
(22072, 38),
(22073, 38),
(22074, 38),
(22075, 38),
(22076, 38),
(22077, 38),
(22078, 38),
(22079, 38),
(22080, 38),
(22081, 38),
(22082, 38),
(22083, 38),
(22084, 38),
(22085, 38),
(22086, 38),
(22087, 38),
(22088, 38),
(22089, 38),
(22994, 38),
(23050, 38),
(23084, 38),
(23113, 38),
(23142, 38),
(23175, 38),
(60219, 41),
(60220, 41),
(60221, 41),
(60222, 41),
(62178, 43),
(62179, 34),
(62180, 36),
(63634, 49),
(63635, 49),
(63636, 49),
(63637, 49),
(63638, 49),
(63639, 49),
(63662, 49),
(63663, 49),
(63664, 49),
(63665, 49),
(63666, 49),
(63667, 49),
(63702, 49),
(63703, 49),
(63704, 49),
(63705, 49),
(63706, 49),
(63707, 49);

-- --------------------------------------------------------

--
-- Structure de la table `formation_practical_counter_type`
--

CREATE TABLE `formation_practical_counter_type` (
  `formation_id` int NOT NULL,
  `counter_type_value_id` int NOT NULL
) ENGINE=InnoDB DEFAULT CHARSET=utf8mb4 COLLATE=utf8mb4_unicode_ci;

--
-- Déchargement des données de la table `formation_practical_counter_type`
--

INSERT INTO `formation_practical_counter_type` (`formation_id`, `counter_type_value_id`) VALUES
(219, 20),
(238, 30),
(239, 20),
(270, 45);

-- --------------------------------------------------------

--
-- Structure de la table `formation_theoretical_counter_type`
--

CREATE TABLE `formation_theoretical_counter_type` (
  `formation_id` int NOT NULL,
  `counter_type_value_id` int NOT NULL
) ENGINE=InnoDB DEFAULT CHARSET=utf8mb4 COLLATE=utf8mb4_unicode_ci;

--
-- Déchargement des données de la table `formation_theoretical_counter_type`
--

INSERT INTO `formation_theoretical_counter_type` (`formation_id`, `counter_type_value_id`) VALUES
(219, 6),
(231, 28),
(233, 28),
(234, 28),
(237, 6),
(238, 29),
(239, 6),
(240, 28),
(241, 28),
(242, 28),
(245, 28),
(246, 28),
(248, 28),
(308, 79),
(309, 79),
(310, 79),
(316, 79),
(318, 79),
(320, 79),
(321, 79),
(331, 6),
(332, 6),
(333, 6),
(334, 6),
(335, 6),
(336, 6),
(344, 6),
(345, 6);

-- --------------------------------------------------------

--
-- Structure de la table `instructor_skill`
--

CREATE TABLE `instructor_skill` (
  `id` int NOT NULL,
  `name` varchar(255) CHARACTER SET utf8mb4 COLLATE utf8mb4_unicode_ci NOT NULL
) ENGINE=InnoDB DEFAULT CHARSET=utf8mb4 COLLATE=utf8mb4_unicode_ci;

--
-- Déchargement des données de la table `instructor_skill`
--

INSERT INTO `instructor_skill` (`id`, `name`) VALUES
(6, 'Comp. instructeur 1'),
(7, 'Comp. instructeur 2'),
(8, 'test 2'),
(10, 'Comp. instructeur 1'),
(11, 'Comp. instructeur 2'),
(14, 'Qualif instructeur n°1'),
(15, 'SEP'),
(17, 'VDN'),
(18, 'MEP'),
(19, 'TEST'),
(20, 'VDN');

-- --------------------------------------------------------

--
-- Structure de la table `instructor_skill_ato_user`
--

CREATE TABLE `instructor_skill_ato_user` (
  `instructor_skill_id` int NOT NULL,
  `ato_user_id` int NOT NULL
) ENGINE=InnoDB DEFAULT CHARSET=utf8mb4 COLLATE=utf8mb4_unicode_ci;

--
-- Déchargement des données de la table `instructor_skill_ato_user`
--

INSERT INTO `instructor_skill_ato_user` (`instructor_skill_id`, `ato_user_id`) VALUES
(15, 50),
(15, 59),
(15, 76),
(15, 77),
(15, 98),
(15, 99),
(17, 59),
(17, 76),
(19, 77);

-- --------------------------------------------------------

--
-- Structure de la table `lesson_annotation`
--

CREATE TABLE `lesson_annotation` (
  `id` int NOT NULL,
  `ato_id` int NOT NULL,
  `name` varchar(255) CHARACTER SET utf8mb4 COLLATE utf8mb4_unicode_ci NOT NULL
) ENGINE=InnoDB DEFAULT CHARSET=utf8mb4 COLLATE=utf8mb4_unicode_ci;

-- --------------------------------------------------------

--
-- Structure de la table `lesson_annotation_value`
--

CREATE TABLE `lesson_annotation_value` (
  `id` int NOT NULL,
  `value` varchar(255) CHARACTER SET utf8mb4 COLLATE utf8mb4_unicode_ci NOT NULL
) ENGINE=InnoDB DEFAULT CHARSET=utf8mb4 COLLATE=utf8mb4_unicode_ci;

-- --------------------------------------------------------

--
-- Structure de la table `manufacturer_aircraft`
--

CREATE TABLE `manufacturer_aircraft` (
  `id` int NOT NULL,
  `name` varchar(255) CHARACTER SET utf8mb4 COLLATE utf8mb4_unicode_ci NOT NULL
) ENGINE=InnoDB DEFAULT CHARSET=utf8mb4 COLLATE=utf8mb4_unicode_ci;

--
-- Déchargement des données de la table `manufacturer_aircraft`
--

INSERT INTO `manufacturer_aircraft` (`id`, `name`) VALUES
(20, 'ROBIN'),
(21, 'CESSNA'),
(22, 'AIR-TRACTOR'),
(23, 'BELL'),
(24, 'CORSAIR'),
(25, 'PARAMANIA'),
(26, 'TAKEOGG'),
(27, 'COSMOS'),
(28, 'AEROPO'),
(29, 'DYNAERO'),
(30, 'ELA'),
(31, 'MAGNI'),
(32, 'CELIER'),
(33, 'TRIXY AVIATION'),
(34, 'BALLONS CHAIZE'),
(35, 'HELISPORT'),
(36, 'LAMBADA'),
(37, 'SCHEIBE'),
(38, 'STEMME'),
(39, 'LANGE ANTARES'),
(40, 'JANTAR'),
(41, 'ASW22'),
(42, 'NIMBUS'),
(43, 'ALEXANDER SCHLEICHER'),
(44, 'PIPER AIRCRAFT'),
(45, 'CIRRUS DESIGN'),
(46, 'DIAMOND'),
(47, 'MORANE-SAULNIER'),
(48, 'SOCATA'),
(49, 'FOURNIER'),
(50, 'ALPI AVIATION'),
(51, 'APEX'),
(52, 'MUDRY'),
(53, 'DYN\'AERO'),
(54, 'EXTRA AIRCRAFT'),
(55, 'CURTIS PITTS'),
(56, 'GRUMMAN AMERICA'),
(58, 'test constructeur');

-- --------------------------------------------------------

--
-- Structure de la table `media_object`
--

CREATE TABLE `media_object` (
  `id` int NOT NULL,
  `file_path` varchar(255) CHARACTER SET utf8mb4 COLLATE utf8mb4_unicode_ci DEFAULT NULL,
  `content_url` varchar(255) CHARACTER SET utf8mb4 COLLATE utf8mb4_unicode_ci NOT NULL,
  `formation_id` int DEFAULT NULL,
  `lesson_id` int DEFAULT NULL,
  `original_name` varchar(255) CHARACTER SET utf8mb4 COLLATE utf8mb4_unicode_ci NOT NULL,
  `action_id` int DEFAULT NULL,
  `extra_lesson_id` int DEFAULT NULL
) ENGINE=InnoDB DEFAULT CHARSET=utf8mb4 COLLATE=utf8mb4_unicode_ci;

--
-- Déchargement des données de la table `media_object`
--

INSERT INTO `media_object` (`id`, `file_path`, `content_url`, `formation_id`, `lesson_id`, `original_name`, `action_id`, `extra_lesson_id`) VALUES
(260, '603bb119f079c_example (11).xlsx', '/media/603bb119f079c_example (11).xlsx', NULL, NULL, 'example (11).xlsx', NULL, NULL),
(263, '603bf19bdfe4a_Aspects financiers.docx', '/media/603bf19bdfe4a_Aspects financiers.docx', NULL, NULL, 'Aspects financiers.docx', NULL, NULL),
(264, '603bf1b3c4ed6_formation test.xlsx', '/media/603bf1b3c4ed6_formation test.xlsx', NULL, NULL, 'formation test.xlsx', NULL, NULL),
(265, '6048d145944a1_example (1).xlsx', '/media/6048d145944a1_example (1).xlsx', NULL, NULL, 'example (1).xlsx', NULL, NULL),
(266, '6048d146c270c_example.xlsx', '/media/6048d146c270c_example.xlsx', NULL, NULL, 'example.xlsx', NULL, NULL),
(268, '60511afcb1159_31-12-2020-justificatif-de-deplacement-professionnel-couvre-feu-pdf.pdf', '/media/60511afcb1159_31-12-2020-justificatif-de-deplacement-professionnel-couvre-feu-pdf.pdf', NULL, NULL, '31-12-2020-justificatif-de-deplacement-professionnel-couvre-feu-pdf.pdf', NULL, NULL),
(269, '60511b89a4ede_31-12-2020-justificatif-de-deplacement-professionnel-couvre-feu-pdf.pdf', '/media/60511b89a4ede_31-12-2020-justificatif-de-deplacement-professionnel-couvre-feu-pdf.pdf', NULL, NULL, '31-12-2020-justificatif-de-deplacement-professionnel-couvre-feu-pdf.pdf', NULL, NULL),
(270, '60511c41dade3_31-12-2020-justificatif-de-deplacement-professionnel-couvre-feu-pdf.pdf', '/media/60511c41dade3_31-12-2020-justificatif-de-deplacement-professionnel-couvre-feu-pdf.pdf', NULL, NULL, '31-12-2020-justificatif-de-deplacement-professionnel-couvre-feu-pdf.pdf', NULL, NULL),
(271, '60511cfeb0f78_31-12-2020-justificatif-de-deplacement-professionnel-couvre-feu-pdf.pdf', '/media/60511cfeb0f78_31-12-2020-justificatif-de-deplacement-professionnel-couvre-feu-pdf.pdf', NULL, NULL, '31-12-2020-justificatif-de-deplacement-professionnel-couvre-feu-pdf.pdf', NULL, NULL),
(272, '60511f5b27b72_31-12-2020-justificatif-de-deplacement-professionnel-couvre-feu-pdf.pdf', '/media/60511f5b27b72_31-12-2020-justificatif-de-deplacement-professionnel-couvre-feu-pdf.pdf', NULL, NULL, '31-12-2020-justificatif-de-deplacement-professionnel-couvre-feu-pdf.pdf', NULL, NULL),
(273, '60511f5bd4924_logo V1 noir sur fond blanc.jpg', '/media/60511f5bd4924_logo V1 noir sur fond blanc.jpg', NULL, NULL, 'logo V1 noir sur fond blanc.jpg', NULL, NULL),
(287, '609524898d801_example (4).xlsx', '/media/609524898d801_example (4).xlsx', NULL, NULL, 'example (4).xlsx', NULL, NULL),
(288, '609524b902311_example (3).xlsx', '/media/609524b902311_example (3).xlsx', NULL, NULL, 'example (3).xlsx', NULL, NULL),
(290, '609a89985c72b_activation errors.txt', '/media/609a89985c72b_activation errors.txt', NULL, NULL, 'activation errors.txt', NULL, NULL),
(292, '60c241f5472b2_Cas possibles.xlsx', '/media/60c241f5472b2_Cas possibles.xlsx', NULL, NULL, 'Cas possibles.xlsx', NULL, NULL),
(293, '60fc282c90780_Capture d’écran 2021-07-24 à 16.46.57.png', '/media/60fc282c90780_Capture d’écran 2021-07-24 à 16.46.57.png', NULL, NULL, 'Capture d’écran 2021-07-24 à 16.46.57.png', NULL, NULL),
(294, '60fc2833d2307_Capture d’écran 2021-07-24 à 16.47.07.png', '/media/60fc2833d2307_Capture d’écran 2021-07-24 à 16.47.07.png', NULL, NULL, 'Capture d’écran 2021-07-24 à 16.47.07.png', NULL, NULL),
(295, '60fc2836dbc28_Capture d’écran 2021-07-24 à 16.47.28.png', '/media/60fc2836dbc28_Capture d’écran 2021-07-24 à 16.47.28.png', NULL, NULL, 'Capture d’écran 2021-07-24 à 16.47.28.png', NULL, NULL),
(296, '60fc283a5461a_Capture d’écran 2021-07-24 à 16.47.43.png', '/media/60fc283a5461a_Capture d’écran 2021-07-24 à 16.47.43.png', NULL, NULL, 'Capture d’écran 2021-07-24 à 16.47.43.png', NULL, NULL),
(299, '613b61c57ab5b_Capture d’écran 2021-09-10 à 15.46.11.png', '/media/613b61c57ab5b_Capture d’écran 2021-09-10 à 15.46.11.png', NULL, NULL, 'Capture d’écran 2021-09-10 à 15.46.11.png', NULL, NULL),
(300, '613b61ed701bf_Capture d’écran 2021-09-10 à 15.46.47.png', '/media/613b61ed701bf_Capture d’écran 2021-09-10 à 15.46.47.png', NULL, NULL, 'Capture d’écran 2021-09-10 à 15.46.47.png', NULL, NULL),
(301, '613b620985a94_Capture d’écran 2021-09-10 à 15.47.20.png', '/media/613b620985a94_Capture d’écran 2021-09-10 à 15.47.20.png', NULL, NULL, 'Capture d’écran 2021-09-10 à 15.47.20.png', NULL, NULL),
(302, '613b6223012e9_Capture d’écran 2021-09-10 à 15.47.45.png', '/media/613b6223012e9_Capture d’écran 2021-09-10 à 15.47.45.png', NULL, NULL, 'Capture d’écran 2021-09-10 à 15.47.45.png', NULL, NULL),
(306, '613b62bedefa7_Capture d’écran 2021-09-10 à 15.47.20.png', '/media/613b62bedefa7_Capture d’écran 2021-09-10 à 15.47.20.png', NULL, NULL, 'Capture d’écran 2021-09-10 à 15.47.20.png', NULL, NULL),
(308, '613b62cdae16d_Capture d’écran 2021-09-10 à 15.47.45.png', '/media/613b62cdae16d_Capture d’écran 2021-09-10 à 15.47.45.png', NULL, NULL, 'Capture d’écran 2021-09-10 à 15.47.45.png', NULL, NULL),
(309, '613b6dda7d71b_Rapport audit.pdf', '/media/613b6dda7d71b_Rapport audit.pdf', 248, NULL, 'Rapport audit.pdf', NULL, NULL),
(311, '61432a42bbe1d_Sergio.png', '/media/61432a42bbe1d_Sergio.png', NULL, NULL, 'Sergio.png', NULL, NULL),
(312, '615c4ad38aa70_Doc1.pdf', '/media/615c4ad38aa70_Doc1.pdf', NULL, NULL, 'Doc1.pdf', NULL, NULL),
(313, '615ee27d33922_Doc1.pdf', '/media/615ee27d33922_Doc1.pdf', NULL, NULL, 'Doc1.pdf', NULL, NULL),
(314, '6161787ab7b34_Doc1.pdf', '/media/6161787ab7b34_Doc1.pdf', NULL, NULL, 'Doc1.pdf', NULL, NULL),
(315, '6161794d6dfa9_Doc1.pdf', '/media/6161794d6dfa9_Doc1.pdf', NULL, NULL, 'Doc1.pdf', NULL, NULL),
(316, '61617aa05007c_Doc1.pdf', '/media/61617aa05007c_Doc1.pdf', NULL, NULL, 'Doc1.pdf', NULL, NULL),
(317, '61617c3bb14cf_Doc1.pdf', '/media/61617c3bb14cf_Doc1.pdf', NULL, NULL, 'Doc1.pdf', NULL, NULL),
(318, '61617ca7e462c_Doc1.pdf', '/media/61617ca7e462c_Doc1.pdf', NULL, NULL, 'Doc1.pdf', NULL, NULL),
(319, '61617d2de3988_Doc1.pdf', '/media/61617d2de3988_Doc1.pdf', NULL, NULL, 'Doc1.pdf', NULL, NULL),
(320, '61617d660533b_Doc1.pdf', '/media/61617d660533b_Doc1.pdf', 251, NULL, 'Doc1.pdf', NULL, NULL),
(325, '61729fcf606c7_Capture d’écran 2021-10-22 à 13.25.56.png', '/media/61729fcf606c7_Capture d’écran 2021-10-22 à 13.25.56.png', NULL, NULL, 'Capture d’écran 2021-10-22 à 13.25.56.png', NULL, NULL),
(326, '61729fd392bb5_Capture d’écran 2021-10-22 à 13.23.50.png', '/media/61729fd392bb5_Capture d’écran 2021-10-22 à 13.23.50.png', NULL, NULL, 'Capture d’écran 2021-10-22 à 13.23.50.png', NULL, NULL),
(327, '61729fd6cf5b4_Capture d’écran 2021-10-22 à 13.24.00.png', '/media/61729fd6cf5b4_Capture d’écran 2021-10-22 à 13.24.00.png', NULL, NULL, 'Capture d’écran 2021-10-22 à 13.24.00.png', NULL, NULL),
(329, '61729fe2185cd_Capture d’écran 2021-10-22 à 13.24.13.png', '/media/61729fe2185cd_Capture d’écran 2021-10-22 à 13.24.13.png', NULL, NULL, 'Capture d’écran 2021-10-22 à 13.24.13.png', NULL, NULL),
(330, '61729fe9dcee5_Capture d’écran 2021-10-22 à 13.24.30.png', '/media/61729fe9dcee5_Capture d’écran 2021-10-22 à 13.24.30.png', NULL, NULL, 'Capture d’écran 2021-10-22 à 13.24.30.png', NULL, NULL),
(333, '6173d73ad215f_IMG_7025.pdf', '/media/6173d73ad215f_IMG_7025.pdf', 255, NULL, 'IMG_7025.pdf', NULL, NULL),
(341, '61c988174683f_Test document.pdf', '/media/61c988174683f_Test document.pdf', 268, NULL, 'Test document.pdf', NULL, NULL),
(342, '61c98817d1154_Présentation1.pptx', '/media/61c98817d1154_Présentation1.pptx', 268, NULL, 'Présentation1.pptx', NULL, NULL),
(343, '61c98818429a2_Test document.docx', '/media/61c98818429a2_Test document.docx', 268, NULL, 'Test document.docx', NULL, NULL),
(344, '61c98dcf522bf_Test document.pdf', '/media/61c98dcf522bf_Test document.pdf', 270, NULL, 'Test document.pdf', NULL, NULL),
(345, '61c98dcfdf086_Présentation1.pptx', '/media/61c98dcfdf086_Présentation1.pptx', 270, NULL, 'Présentation1.pptx', NULL, NULL),
(346, '61c98dd047a84_Test document.docx', '/media/61c98dd047a84_Test document.docx', 270, NULL, 'Test document.docx', NULL, NULL),
(355, '61e54038205f5_s-1.jpeg', '/media/61e54038205f5_s-1.jpeg', NULL, NULL, 's-1.jpeg', NULL, NULL),
(359, '61e543134ea62_1.jpg', '/media/61e543134ea62_1.jpg', NULL, NULL, '1.jpg', NULL, NULL),
(360, '61e545fa020c9_8.jpg', '/media/61e545fa020c9_8.jpg', NULL, NULL, '8.jpg', NULL, NULL),
(361, '61e54612335e9_9.jpg', '/media/61e54612335e9_9.jpg', NULL, NULL, '9.jpg', NULL, NULL),
(363, '61e5688b8a93c_7.jpg', '/media/61e5688b8a93c_7.jpg', NULL, NULL, '7.jpg', NULL, NULL),
(364, '61e5716c4afcb_téléchargement.png', '/media/61e5716c4afcb_téléchargement.png', NULL, NULL, 'téléchargement.png', NULL, NULL),
(365, '61e571920511e_téléchargement.png', '/media/61e571920511e_téléchargement.png', NULL, NULL, 'téléchargement.png', NULL, NULL),
(367, '61e5754087366_Sergio.png', '/media/61e5754087366_Sergio.png', NULL, NULL, 'Sergio.png', NULL, NULL),
(369, '61eaf4865f562_61e5684700b0b_2.jpg', '/media/61eaf4865f562_61e5684700b0b_2.jpg', NULL, NULL, '61e5684700b0b_2.jpg', NULL, NULL),
(371, '61ec194ec980f_Sergio.png', '/media/61ec194ec980f_Sergio.png', NULL, NULL, 'Sergio.png', NULL, NULL),
(372, '623ac53bd94b8_Good Pilot.pdf', '/media/623ac53bd94b8_Good Pilot.pdf', 308, NULL, 'Good Pilot.pdf', NULL, NULL),
(373, '623ace7d59dd1_Good Pilot.pdf', '/media/623ace7d59dd1_Good Pilot.pdf', 309, NULL, 'Good Pilot.pdf', NULL, NULL),
(374, '623ae69d9362b_Good Pilot VDN.pdf', '/media/623ae69d9362b_Good Pilot VDN.pdf', 310, NULL, 'Good Pilot VDN.pdf', NULL, NULL),
(375, '623af26a523bd_Good Pilot LAPL-PPL.pdf', '/media/623af26a523bd_Good Pilot LAPL-PPL.pdf', 316, NULL, 'Good Pilot LAPL-PPL.pdf', NULL, NULL),
(376, '623c2fdc8268d_PPL vers LAPL.pdf', '/media/623c2fdc8268d_PPL vers LAPL.pdf', NULL, NULL, 'PPL vers LAPL.pdf', NULL, NULL),
(377, '623c32b2334d9_PPL vers LAPL.pdf', '/media/623c32b2334d9_PPL vers LAPL.pdf', 321, NULL, 'PPL vers LAPL.pdf', NULL, NULL),
(378, '623c389e76416_CCI01092021_4.jpg', '/media/623c389e76416_CCI01092021_4.jpg', NULL, NULL, 'CCI01092021_4.jpg', NULL, NULL),
(379, '623ec3de69179_a.png', '/media/623ec3de69179_a.png', NULL, NULL, 'a.png', NULL, NULL),
(380, '623ec3ec33a4d_b.png', '/media/623ec3ec33a4d_b.png', NULL, NULL, 'b.png', NULL, NULL),
(381, '623ec3f7e95b3_c.png', '/media/623ec3f7e95b3_c.png', NULL, NULL, 'c.png', NULL, NULL),
(382, '623ec404995dc_d.png', '/media/623ec404995dc_d.png', NULL, NULL, 'd.png', NULL, NULL);

-- --------------------------------------------------------

--
-- Structure de la table `migration_versions`
--

CREATE TABLE `migration_versions` (
  `version` varchar(14) CHARACTER SET utf8mb4 COLLATE utf8mb4_unicode_ci NOT NULL,
  `executed_at` datetime NOT NULL COMMENT '(DC2Type:datetime_immutable)'
) ENGINE=InnoDB DEFAULT CHARSET=utf8mb4 COLLATE=utf8mb4_unicode_ci;

--
-- Déchargement des données de la table `migration_versions`
--

INSERT INTO `migration_versions` (`version`, `executed_at`) VALUES
('20210311165355', '2021-03-11 16:54:34'),
('20210311165759', '2021-03-11 16:58:04'),
('20210311165924', '2021-03-11 16:59:28'),
('20210311191108', '2021-03-11 19:11:13'),
('20210316201711', '2021-03-16 20:17:24'),
('20210316201928', '2021-03-16 20:19:33'),
('20210316202339', '2021-03-16 20:23:44'),
('20210316202448', '2021-03-16 20:24:51'),
('20210316203338', '2021-03-16 20:33:42'),
('20210316221850', '2021-03-16 22:18:55'),
('20210316222444', '2021-03-16 22:24:48'),
('20210317004605', '2021-03-17 00:46:10'),
('20210317010753', '2021-03-17 01:07:57'),
('20210323053241', '2021-03-23 05:32:46'),
('20210323054949', '2021-03-23 05:49:53'),
('20210323055458', '2021-03-23 05:55:01'),
('20210323060429', '2021-03-23 06:04:43'),
('20210323061353', '2021-03-23 06:13:58'),
('20210323063124', '2021-03-23 06:31:28'),
('20210323063250', '2021-03-23 06:32:53'),
('20210323064715', '2021-03-23 06:47:28'),
('20210323083257', '2021-03-23 08:33:03'),
('20210323090635', '2021-03-23 09:06:40'),
('20210323090838', '2021-03-23 09:08:59'),
('20210323091218', '2021-03-23 09:12:30'),
('20210325112716', '2021-03-25 11:27:25'),
('20210325153010', '2021-03-25 15:30:15'),
('20210406034335', '2021-04-06 03:44:15'),
('20210406093344', '2021-04-06 09:33:51'),
('20210406111208', '2021-04-06 11:12:13'),
('20210406112256', '2021-04-06 11:27:38'),
('20210406113009', '2021-04-06 11:30:27'),
('20210429225251', '2021-04-29 22:53:45'),
('20210429233706', '2021-04-29 23:37:26'),
('20210506224020', '2021-05-06 22:40:28'),
('20210511114523', '2021-05-11 11:45:41'),
('20210513031939', '2021-05-13 03:19:49'),
('20210521050535', '2021-05-21 05:05:44'),
('20210603052338', '2021-06-03 05:40:38'),
('20210603114329', '2021-06-03 11:43:40'),
('20210701234348', '2021-07-01 23:44:00'),
('20210717185723', '2021-07-17 18:58:00'),
('20210821142720', '2021-08-21 14:27:32'),
('20210829024724', '2021-08-29 02:47:33'),
('20210909005825', '2021-09-09 01:12:56'),
('20210909005826', '2021-09-09 01:28:48'),
('20210920205501', '2021-09-20 20:55:09'),
('20211008175357', '2021-10-08 17:54:10'),
('20211020225346', '2021-10-20 22:53:57'),
('20211122221545', '2021-11-22 22:15:53'),
('20211213010400', '2021-12-13 01:10:12'),
('20211226011505', '2021-12-26 01:15:12'),
('20211228153303', '2021-12-28 15:33:10'),
('20220110234031', '2022-01-10 23:40:36'),
('20220117003252', '2022-01-17 00:32:59'),
('20220130145607', '2022-01-30 14:56:15'),
('20220222124050', '2022-02-22 12:42:28'),
('20220227102628', '2022-02-27 10:26:35'),
('20220314072530', '2022-03-15 12:27:16'),
('20220322003516', '2022-03-22 00:35:23');

-- --------------------------------------------------------

--
-- Structure de la table `model_aircraft`
--

CREATE TABLE `model_aircraft` (
  `id` int NOT NULL,
  `name` varchar(255) CHARACTER SET utf8mb4 COLLATE utf8mb4_unicode_ci NOT NULL,
  `engine_type_id` int NOT NULL,
  `category_id` int NOT NULL,
  `manufacturer_id` int NOT NULL
) ENGINE=InnoDB DEFAULT CHARSET=utf8mb4 COLLATE=utf8mb4_unicode_ci;

--
-- Déchargement des données de la table `model_aircraft`
--

INSERT INTO `model_aircraft` (`id`, `name`, `engine_type_id`, `category_id`, `manufacturer_id`) VALUES
(147, 'ATL', 4, 7, 20),
(148, ' Ambassadeur', 4, 7, 20),
(149, 'Ambassadeur', 4, 7, 20),
(150, 'Sicile', 4, 7, 20),
(151, 'Sicile-Record', 4, 7, 20),
(152, 'Excellence', 4, 7, 20),
(153, 'DR-200', 4, 7, 20),
(154, 'Capitaine', 4, 7, 20),
(155, 'B', 4, 7, 51),
(156, '2+2', 4, 7, 20),
(157, 'A 2+2', 4, 7, 20),
(158, 'AB 2+2', 4, 7, 20),
(159, 'Dauphin', 4, 7, 20),
(160, 'Régent', 4, 7, 20),
(161, 'Major', 4, 7, 20),
(162, 'Petit-Prince', 4, 7, 20),
(163, 'Chevalier', 4, 7, 20),
(164, 'Prince', 4, 7, 20),
(165, 'L\'Acrobat', 4, 7, 20),
(166, '108 2+2', 4, 7, 20),
(167, '180R Major', 4, 7, 20),
(168, '125', 4, 7, 20),
(169, '140', 4, 7, 20),
(170, 'Dauphin 2+2', 4, 7, 20),
(171, 'REMO 180', 4, 7, 20),
(172, 'REMO 200', 4, 7, 20),
(173, 'HR 100', 4, 7, 20),
(174, 'HR 200', 4, 7, 20),
(175, 'R 1180', 4, 7, 20),
(176, 'R 2112', 4, 7, 20),
(177, 'R 2160', 4, 7, 20),
(178, 'R 3000', 4, 7, 20),
(179, '200', 4, 7, 54),
(180, '200A', 4, 7, 20),
(181, '200B', 4, 7, 20),
(182, '210F Safari', 4, 7, 20),
(183, '320 Tiara', 4, 7, 20),
(184, '285 Tiara', 4, 7, 20),
(185, '235TR', 4, 7, 20),
(186, '250TR Président', 4, 7, 20),
(187, '320 4+2', 4, 7, 20),
(188, 'HR-200', 4, 7, 20),
(189, 'Aiglon', 4, 7, 20),
(190, 'T-Aiglon', 4, 7, 20),
(191, 'TD-Aiglon', 4, 7, 20),
(192, 'Club', 4, 7, 20),
(193, 'Alpha', 4, 7, 20),
(194, 'Sport', 4, 7, 20),
(195, 'Alpha Sport', 4, 7, 20),
(196, '120', 4, 7, 53),
(197, '120D', 4, 7, 20),
(198, '160', 4, 7, 20),
(199, '160S', 4, 7, 20),
(200, 'C150', 4, 7, 21),
(201, 'C150-Aerobat', 4, 7, 21),
(202, 'C152', 4, 7, 21),
(203, 'C152-Aerobat', 4, 7, 21),
(204, 'R-Skyhawk', 4, 7, 21),
(205, 'S-Skyhawk', 4, 7, 21),
(206, 'RG-Cutlass', 4, 7, 21),
(207, 'A-Cardinal', 4, 7, 21),
(208, 'B-Cardinal', 4, 7, 21),
(209, 'RG-Cardinal', 4, 7, 21),
(210, 'Skywagon', 4, 7, 21),
(211, 'C182', 4, 7, 21),
(212, 'C182A-Skylane', 4, 7, 21),
(213, 'C182C', 4, 7, 21),
(214, 'C182E-Skylane', 4, 7, 21),
(215, 'C182N-Skylane', 4, 7, 21),
(216, 'C182Q-Skylane', 4, 7, 21),
(217, 'R182-Skylane RG', 4, 7, 21),
(218, 'TR182-Turbo Skylane RG', 4, 7, 21),
(219, 'C182R', 4, 7, 21),
(220, 'T182', 4, 7, 21),
(221, '182S Skylane', 4, 7, 21),
(222, 'T182T Skylane', 4, 7, 21),
(223, 'Stationair', 4, 7, 21),
(224, 'Soloy Mk1', 5, 7, 21),
(225, 'Sloloy Mk2', 5, 7, 21),
(226, 'Centurion', 4, 7, 21),
(227, 'Corvalis TTX', 4, 7, 21),
(228, 'Caravan I', 5, 7, 21),
(229, 'Caravan 675', 5, 7, 21),
(230, 'Cargomaster', 5, 7, 21),
(231, 'Grand Caravan', 5, 7, 21),
(232, 'Super Cargomaster', 5, 7, 21),
(233, 'Caravan Amphibian', 5, 8, 21),
(234, 'Soloy PathFinder 21', 5, 7, 21),
(235, 'AT-400', 5, 7, 22),
(236, 'AT-401', 5, 7, 22),
(237, 'AT-402', 5, 7, 22),
(238, 'AT-502', 5, 7, 22),
(239, 'AT-602', 5, 7, 22),
(240, 'AT-802F', 5, 8, 22),
(241, '206L', 5, 9, 23),
(242, '206L1', 5, 9, 23),
(243, '206L3', 5, 9, 23),
(244, '206L4', 5, 9, 23),
(245, '206LT', 5, 9, 23),
(246, '407', 5, 9, 23),
(247, 'M25Y', 4, 10, 24),
(248, 'GT26', 4, 10, 25),
(249, '1200', 4, 10, 26),
(250, '582', 4, 10, 27),
(251, '503', 4, 10, 27),
(252, '447', 4, 10, 27),
(253, 'Jaribu', 4, 10, 29),
(254, '912', 4, 10, 28),
(255, '4S 912ULS', 4, 10, 29),
(256, '912S', 4, 10, 29),
(257, '07 914', 4, 10, 30),
(258, 'M16', 4, 10, 31),
(259, 'RST', 4, 10, 32),
(260, 'Rotax 914 Turbo', 4, 10, 33),
(261, 'JZ 18', 4, 10, 34),
(262, 'JZ 20', 4, 10, 34),
(263, 'JZ 22', 4, 10, 34),
(264, 'JZ 25', 4, 10, 34),
(265, 'JZ 30', 4, 10, 34),
(266, 'JZ 35', 4, 10, 34),
(267, 'JZ 40', 4, 10, 34),
(268, 'CS 1600', 4, 10, 34),
(269, 'CS 1800', 4, 10, 34),
(270, 'CS 2000', 4, 10, 34),
(271, 'CS 3000', 4, 10, 34),
(272, 'CS 4000', 4, 10, 34),
(273, 'CS 5000', 4, 10, 34),
(274, 'DC 67', 4, 10, 34),
(275, 'DC 70', 4, 10, 34),
(276, 'DC 77', 4, 10, 34),
(277, 'Kompress', 4, 10, 35),
(278, 'Lambada', 4, 11, 36),
(279, 'SF28', 4, 11, 37),
(280, 'S10', 4, 11, 38),
(281, 'S10-V', 4, 11, 38),
(282, 'S10-VT', 4, 11, 38),
(283, 'S10-15', 4, 11, 38),
(284, '20E', 4, 11, 39),
(285, 'STD 3', 6, 12, 40),
(286, 'D-6856', 6, 12, 41),
(287, '3', 6, 12, 42),
(288, 'ASK 21', 6, 12, 43),
(289, 'ASK 21 Mi', 6, 12, 43),
(290, 'ASW 12', 6, 12, 43),
(291, 'ASW 15', 6, 12, 43),
(292, 'ASW 17', 6, 12, 43),
(293, 'ASW 19', 6, 12, 43),
(294, 'Cub', 4, 7, 44),
(295, 'Cub Coupe', 4, 7, 44),
(296, 'Cub Cruiser', 4, 7, 44),
(297, 'Cub Special', 4, 7, 44),
(298, 'Cuper Cruiser', 4, 7, 44),
(299, 'Family Cruiser', 4, 7, 44),
(300, 'Super Cub', 4, 7, 44),
(301, 'Pacer', 4, 7, 44),
(302, 'PA21', 4, 7, 44),
(303, 'Apache', 4, 7, 44),
(304, 'Aztec', 4, 7, 44),
(305, 'Comanche', 4, 7, 44),
(306, 'Pawnee', 4, 7, 44),
(307, 'Cherokee', 4, 7, 44),
(308, 'Warrior', 4, 7, 44),
(309, 'Archer', 4, 7, 44),
(310, 'Dakota', 4, 7, 44),
(311, 'Arrow', 4, 7, 44),
(312, 'Twin Comanche', 4, 7, 44),
(313, 'Chieftain', 4, 7, 44),
(314, 'Mojave', 4, 7, 44),
(315, 'Navajo', 4, 7, 44),
(316, 'Cheyenne', 4, 7, 44),
(317, 'Cherokee Six', 4, 7, 44),
(318, 'Lance', 4, 7, 44),
(319, 'Saratoga', 4, 7, 44),
(320, 'Seneca', 4, 7, 44),
(321, 'Pawnee Brave', 4, 7, 44),
(322, 'Tomahawk', 4, 7, 44),
(323, 'Seminole', 4, 7, 44),
(324, 'Malibu', 4, 7, 44),
(325, 'Mirage', 4, 7, 44),
(326, 'Meridian', 4, 7, 44),
(327, 'Matrix', 4, 7, 44),
(328, 'Piper Jet', 4, 7, 44),
(329, 'VK-30', 4, 7, 45),
(330, 'SRV', 4, 7, 45),
(331, 'SR22', 4, 7, 45),
(332, 'SR22 T', 4, 7, 45),
(333, 'SF50', 4, 7, 45),
(334, 'Katana', 4, 7, 46),
(335, 'Star 180', 4, 7, 46),
(336, 'Star TDI', 4, 7, 46),
(337, 'DA 40-F', 4, 7, 46),
(338, 'TDI Twin Star', 4, 7, 46),
(339, '360 Twin Star', 4, 7, 46),
(340, 'VI', 4, 7, 46),
(341, 'MPP', 4, 7, 46),
(342, 'Opale', 4, 7, 46),
(343, 'Super Star', 4, 7, 46),
(344, 'Magnum', 4, 7, 46),
(345, 'D-JET', 4, 7, 46),
(346, 'MS 880', 4, 7, 47),
(347, 'MS 881', 4, 7, 47),
(348, 'MS 883', 4, 7, 47),
(349, 'MS 885', 4, 7, 47),
(350, 'MS 886', 4, 7, 47),
(351, 'MS 890', 4, 7, 47),
(352, 'MS 892', 4, 7, 47),
(353, 'MS 893', 4, 7, 47),
(354, 'MS 894 Minerva', 4, 7, 47),
(355, 'MS 110 Galopin', 4, 7, 47),
(356, 'GY-80', 4, 7, 48),
(357, 'Diplomate', 4, 7, 48),
(358, 'Tampico', 4, 7, 48),
(359, 'Tobago', 4, 7, 48),
(360, 'Tobago XL', 4, 7, 48),
(361, 'Trinidad', 4, 7, 48),
(362, 'TC Trinidad', 4, 7, 48),
(363, 'Epsilon', 4, 7, 48),
(364, 'TBM 700', 4, 7, 48),
(365, 'TBM 850', 4, 7, 48),
(366, 'TBM 900', 4, 7, 48),
(367, 'RF-2', 4, 11, 49),
(368, 'RF-3', 4, 11, 49),
(369, 'RF4', 4, 11, 49),
(370, 'RF-5', 4, 11, 49),
(371, 'RF-6', 4, 7, 49),
(372, 'RF-7', 4, 7, 49),
(373, 'RF-8', 4, 11, 49),
(374, 'RF-10', 4, 11, 49),
(375, 'RF-47', 4, 7, 49),
(376, '200S Sparrow', 4, 10, 50),
(377, '200 SDT', 4, 10, 50),
(378, '230', 4, 10, 50),
(379, 'Kite ULM', 4, 10, 50),
(380, 'Kite LSA', 4, 7, 50),
(381, 'Hawk', 4, 10, 50),
(382, '400', 4, 7, 50),
(383, 'AH 130', 4, 10, 50),
(384, 'C', 4, 7, 51),
(385, 'CAP 20', 4, 7, 52),
(386, 'CAP 20 L', 4, 7, 52),
(387, 'CAP 21', 4, 7, 52),
(388, 'CAP 230', 4, 7, 52),
(389, 'CAP 231', 4, 7, 52),
(390, 'EX', 4, 7, 52),
(391, 'CAP 232', 4, 7, 52),
(392, 'SC', 4, 7, 52),
(393, 'MXS', 4, 7, 52),
(394, '100', 4, 7, 53),
(395, '100 T', 4, 7, 53),
(396, '110', 4, 7, 53),
(397, '300', 4, 7, 54),
(398, '300S', 4, 7, 54),
(399, '300L', 4, 7, 54),
(400, '300LP', 4, 7, 54),
(401, '330', 4, 7, 54),
(402, '330LC', 4, 7, 54),
(403, '330SC', 4, 7, 54),
(404, 'S1', 4, 7, 55),
(405, 'S-1C', 4, 7, 55),
(406, 'S-1D', 4, 7, 55),
(407, 'S-1E', 4, 7, 55),
(408, 'S-1F', 4, 7, 55),
(409, 'S-1S', 4, 7, 55),
(410, 'S-1T', 4, 7, 55),
(411, 'S-1-11B', 4, 7, 55),
(412, 'S-2A', 4, 7, 55),
(413, 'S-2B', 4, 7, 55),
(414, 'S-2C', 4, 7, 55),
(415, 'S-2E', 4, 7, 55),
(416, 'S-2S', 4, 7, 55),
(417, 'AA-5', 4, 7, 56),
(418, 'AA-5A', 4, 7, 56),
(419, 'AA-5B', 4, 7, 56),
(420, 'AG-5B', 4, 7, 56),
(421, 'Test avion crée', 8, 13, 58);

-- --------------------------------------------------------

--
-- Structure de la table `notification`
--

CREATE TABLE `notification` (
  `id` int NOT NULL,
  `user_id` char(36) CHARACTER SET utf8mb4 COLLATE utf8mb4_unicode_ci NOT NULL COMMENT '(DC2Type:guid)',
  `content` varchar(255) CHARACTER SET utf8mb4 COLLATE utf8mb4_unicode_ci NOT NULL,
  `is_read` tinyint(1) NOT NULL,
  `created_at` datetime NOT NULL
) ENGINE=InnoDB DEFAULT CHARSET=utf8mb4 COLLATE=utf8mb4_unicode_ci;

--
-- Déchargement des données de la table `notification`
--

INSERT INTO `notification` (`id`, `user_id`, `content`, `is_read`, `created_at`) VALUES
(2, '2be64b2c-1cdc-45cf-a43e-b095857384de', '__test-test: Séances L2 à signer', 0, '2022-01-13 09:45:43'),
(3, 'bb7b6793-9688-11eb-a36d-089798b0d1ad', '__test-test: Séances Leçon 1 à signer', 0, '2022-01-16 10:53:04'),
(4, 'bb7b6793-9688-11eb-a36d-089798b0d1ad', '__test-test: Séances L1 à signer', 0, '2022-01-17 00:38:16'),
(5, '2be64b2c-1cdc-45cf-a43e-b095857384de', '__test-test: Séances L1 à signer', 0, '2022-01-17 08:52:37'),
(8, '2be64b2c-1cdc-45cf-a43e-b095857384de', '__test-test: Séances L2 à signer', 0, '2022-01-18 14:12:32'),
(9, '2be64b2c-1cdc-45cf-a43e-b095857384de', '__test-test: Séances L3 à signer', 0, '2022-01-18 14:42:56'),
(10, '2be64b2c-1cdc-45cf-a43e-b095857384de', '__test-test: Séances C1 à signer', 0, '2022-01-18 15:03:49'),
(11, '2be64b2c-1cdc-45cf-a43e-b095857384de', '__test-test: Séances C2 à signer', 0, '2022-01-18 15:27:54'),
(12, '2be64b2c-1cdc-45cf-a43e-b095857384de', '__test-test: Séances Approche du décrochage en virage et à une hauteur de sécurité déterminée à signer', 0, '2022-01-18 16:23:59'),
(13, '2be64b2c-1cdc-45cf-a43e-b095857384de', '__test-test: Séances Intégration sur aérodrome non controlé  🤦‍♂️ à signer', 0, '2022-01-18 16:39:01'),
(14, '2be64b2c-1cdc-45cf-a43e-b095857384de', '__test-test: Séances L4 à signer', 0, '2022-01-21 19:06:27'),
(15, '2be64b2c-1cdc-45cf-a43e-b095857384de', '__test-test: Séances L4 à signer', 0, '2022-01-21 19:06:46'),
(16, '2be64b2c-1cdc-45cf-a43e-b095857384de', '__test-test: Séances L1 à signer', 0, '2022-01-21 19:15:48'),
(19, '2be64b2c-1cdc-45cf-a43e-b095857384de', '__test-test: Séances L4 à signer', 0, '2022-01-22 08:50:22'),
(21, '2be64b2c-1cdc-45cf-a43e-b095857384de', '__test-test: Séances Approche du décrochage en virage et à une hauteur de sécurité déterminée à signer', 0, '2022-01-22 13:56:14'),
(22, '2be64b2c-1cdc-45cf-a43e-b095857384de', '__test-test: Séance L2 à signer', 0, '2022-01-31 15:17:05'),
(23, 'bb7b6793-9688-11eb-a36d-089798b0d1ad', '__test-test: Séance L1 à signer', 0, '2022-02-02 05:23:29'),
(24, '2be64b2c-1cdc-45cf-a43e-b095857384de', '__test-test: Séance L1 à signer', 0, '2022-02-02 09:41:21'),
(25, '2be64b2c-1cdc-45cf-a43e-b095857384de', '__test-test: Séance Fev1 à signer', 0, '2022-02-02 10:03:44'),
(40, '2be64b2c-1cdc-45cf-a43e-b095857384de', '__test-test: Séance Prat1 à signer', 0, '2022-02-08 11:31:06'),
(41, '2be64b2c-1cdc-45cf-a43e-b095857384de', '__test-test: Séance Fev1 à signer', 0, '2022-02-08 11:32:27'),
(44, '2be64b2c-1cdc-45cf-a43e-b095857384de', 'test-test: Séance S1 à signer', 0, '2022-02-24 10:31:47'),
(45, '2be64b2c-1cdc-45cf-a43e-b095857384de', 'test-test: Séance L1 à signer', 0, '2022-02-24 10:31:59'),
(46, '2be64b2c-1cdc-45cf-a43e-b095857384de', 'test-test: Séance L4 à signer', 0, '2022-02-24 10:32:09'),
(76, '2be64b2c-1cdc-45cf-a43e-b095857384de', 'test-test: Séance L1 à signer', 0, '2022-03-04 11:06:04'),
(77, '2be64b2c-1cdc-45cf-a43e-b095857384de', 'test-test: Séance L3 à signer', 0, '2022-03-04 14:09:33'),
(78, '58061cac-119e-11ec-acae-d60414d71c23', 'test-test: Séance Leçon 1 à signer', 0, '2022-03-11 09:55:01'),
(79, '58061cac-119e-11ec-acae-d60414d71c23', 'test-test: Séance Leçon 2 à signer', 0, '2022-03-11 10:14:50'),
(80, '58061cac-119e-11ec-acae-d60414d71c23', 'test-test: Séance Leçon 1 à signer', 0, '2022-03-11 10:20:36'),
(81, '58061cac-119e-11ec-acae-d60414d71c23', 'test-test: Séance Leçon 2 à signer', 0, '2022-03-11 10:21:49'),
(82, '58061cac-119e-11ec-acae-d60414d71c23', 'test-test: Séance Leçon 3 à signer', 0, '2022-03-11 10:24:31'),
(83, '2be64b2c-1cdc-45cf-a43e-b095857384de', 'ZZZZ-Base test mars 2022: Séance Leçon 1 à signer', 0, '2022-03-21 13:14:55'),
(84, '2be64b2c-1cdc-45cf-a43e-b095857384de', 'ZZZZ-Base test mars 2022: Séance 1 à signer', 0, '2022-03-21 13:56:39'),
(89, '2be64b2c-1cdc-45cf-a43e-b095857384de', 'ZZZZ-Base test mars 2022: Séance S1 à signer', 0, '2022-03-23 09:24:42'),
(90, '2be64b2c-1cdc-45cf-a43e-b095857384de', 'ZZZZ-Base test mars 2022: Séance S2 à signer', 0, '2022-03-23 09:30:29'),
(91, '2be64b2c-1cdc-45cf-a43e-b095857384de', 'ZZZZ-Base test mars 2022: Séance S1 à signer', 0, '2022-03-23 09:43:59'),
(92, '2be64b2c-1cdc-45cf-a43e-b095857384de', 'ZZZZ-Base test mars 2022: Séance S2 à signer', 0, '2022-03-23 09:46:05'),
(93, '2be64b2c-1cdc-45cf-a43e-b095857384de', 'ZZZZ-Base test mars 2022: Séance S1 à signer', 0, '2022-03-23 09:55:01'),
(94, '2be64b2c-1cdc-45cf-a43e-b095857384de', 'ZZZZ-Base test mars 2022: Séance S2 à signer', 0, '2022-03-23 09:58:29'),
(95, '2be64b2c-1cdc-45cf-a43e-b095857384de', 'ZZZZ-Base test mars 2022: Séance S1 à signer', 0, '2022-03-23 10:11:02'),
(96, '2be64b2c-1cdc-45cf-a43e-b095857384de', 'ZZZZ-Base test mars 2022: Séance 1 à signer', 0, '2022-03-23 10:14:37'),
(97, '2be64b2c-1cdc-45cf-a43e-b095857384de', 'ZZZZ-Base test mars 2022: Séance  à signer', 0, '2022-03-23 10:37:18'),
(98, '2be64b2c-1cdc-45cf-a43e-b095857384de', 'ZZZZ-Base test mars 2022: Séance S1 à signer', 0, '2022-03-23 10:43:56'),
(99, '2be64b2c-1cdc-45cf-a43e-b095857384de', 'ZZZZ-Base test mars 2022: Séance S2 à signer', 0, '2022-03-23 10:45:15'),
(100, '2be64b2c-1cdc-45cf-a43e-b095857384de', 'ZZZZ-Base test mars 2022: Séance S1 à signer', 0, '2022-03-24 09:38:01'),
(103, '4e2e40d5-119e-11ec-acae-d60414d71c23', 'ZZZZ-Base test mars 2022: Séance S1 à signer', 0, '2022-03-24 10:06:00'),
(104, '4e2e40d5-119e-11ec-acae-d60414d71c23', 'ZZZZ-Base test mars 2022: Séance S2 à signer', 0, '2022-03-24 10:12:39'),
(105, '4e2e40d5-119e-11ec-acae-d60414d71c23', 'ZZZZ-Base test mars 2022: Séance  à signer', 0, '2022-03-24 16:14:04'),
(106, '4e2e40d5-119e-11ec-acae-d60414d71c23', 'ZZZZ-Base test mars 2022: Séance  à signer', 0, '2022-03-24 16:20:31'),
(107, '2be64b2c-1cdc-45cf-a43e-b095857384de', 'ZZZZ-Base test mars 2022: Séance S1 à signer', 0, '2022-03-25 09:18:39'),
(108, '2be64b2c-1cdc-45cf-a43e-b095857384de', 'ZZZZ-Base test mars 2022: Séance  à signer', 0, '2022-03-25 09:20:38'),
(109, '2be64b2c-1cdc-45cf-a43e-b095857384de', 'ZZZZ-Base test mars 2022: Séance  à signer', 0, '2022-03-25 09:28:16'),
(110, '2be64b2c-1cdc-45cf-a43e-b095857384de', 'ZZZZ-Base test mars 2022: Séance L1 à signer', 0, '2022-03-25 10:06:36'),
(111, '2be64b2c-1cdc-45cf-a43e-b095857384de', 'ZZZZ-Base test mars 2022: Séance L2 à signer', 0, '2022-03-25 10:31:57'),
(112, '2be64b2c-1cdc-45cf-a43e-b095857384de', 'ZZZZ-Base test mars 2022: Séance L1 à signer', 0, '2022-03-25 10:42:05'),
(113, '2be64b2c-1cdc-45cf-a43e-b095857384de', 'ZZZZ-Base test mars 2022: Séance T2 à signer', 0, '2022-03-25 10:50:52'),
(114, '4e2e40d5-119e-11ec-acae-d60414d71c23', 'ZZZZ-Base test mars 2022: Séance T1 à signer', 0, '2022-03-25 11:01:15'),
(115, '4e2e40d5-119e-11ec-acae-d60414d71c23', 'ZZZZ-Base test mars 2022: Séance T1 à signer', 0, '2022-03-25 12:33:16'),
(116, '4e2e40d5-119e-11ec-acae-d60414d71c23', 'ZZZZ-Base test mars 2022: Séance S4 à signer', 0, '2022-03-28 09:02:00'),
(117, '2be64b2c-1cdc-45cf-a43e-b095857384de', 'ZZZZ-Base test mars 2022: Séance S1 à signer', 0, '2022-03-28 12:53:34'),
(118, '4e2e40d5-119e-11ec-acae-d60414d71c23', 'ZZZZ-Base test mars 2022: Séance T1 à signer', 0, '2022-03-28 12:54:12'),
(119, '2be64b2c-1cdc-45cf-a43e-b095857384de', 'ZZZZ-Base test mars 2022: Séance T1 à signer', 0, '2022-03-28 12:56:17'),
(120, '2be64b2c-1cdc-45cf-a43e-b095857384de', 'ZZZZ-Base test mars 2022: Séance T1 à signer', 0, '2022-03-28 12:59:11'),
(121, '2be64b2c-1cdc-45cf-a43e-b095857384de', 'ZZZZ-Base test mars 2022: Séance T2 à signer', 0, '2022-03-28 13:00:26'),
(122, '2be64b2c-1cdc-45cf-a43e-b095857384de', 'ZZZZ-Base test mars 2022: Séance T2 à signer', 0, '2022-03-28 13:00:37'),
(123, '2be64b2c-1cdc-45cf-a43e-b095857384de', 'ZZZZ-Base test mars 2022: Séance T2 à signer', 0, '2022-03-28 13:01:04'),
(124, '4e2e40d5-119e-11ec-acae-d60414d71c23', 'ZZZZ-Base test mars 2022: Séance S1 à signer', 0, '2022-03-28 13:24:27'),
(125, '4e2e40d5-119e-11ec-acae-d60414d71c23', 'ZZZZ-Base test mars 2022: Séance S2 extraaaaaaaaaaa à signer', 0, '2022-03-28 13:28:11'),
(126, '2be64b2c-1cdc-45cf-a43e-b095857384de', 'ZZZZ-Base test mars 2022: Séance VERIF1 à signer', 0, '2022-03-28 13:37:06'),
(127, '2be64b2c-1cdc-45cf-a43e-b095857384de', 'ZZZZ-Base test mars 2022: Séance VERIF2 à signer', 0, '2022-03-28 13:38:31'),
(128, '4e2e40d5-119e-11ec-acae-d60414d71c23', 'ZZZZ-Base test mars 2022: Séance S1 à signer', 0, '2022-03-28 13:57:08'),
(129, '4e2e40d5-119e-11ec-acae-d60414d71c23', 'ZZZZ-Base test mars 2022: Séance S2 à signer', 0, '2022-03-28 14:13:01'),
(130, '4e2e40d5-119e-11ec-acae-d60414d71c23', 'ZZZZ-Base test mars 2022: Séance S1 à signer', 0, '2022-03-28 16:43:51'),
(131, '4e2e40d5-119e-11ec-acae-d60414d71c23', 'ZZZZ-Base test mars 2022: Séance S2 à signer', 0, '2022-03-28 16:50:04'),
(132, '4e2e40d5-119e-11ec-acae-d60414d71c23', 'ZZZZ-Base test mars 2022: Séance S3 à signer', 0, '2022-03-28 17:09:20'),
(133, '4e2e40d5-119e-11ec-acae-d60414d71c23', 'ZZZZ-Base test mars 2022: Séance S4 à signer', 0, '2022-03-28 17:19:53'),
(134, '4e2e40d5-119e-11ec-acae-d60414d71c23', 'ZZZZ-Base test mars 2022: Séance S5 à signer', 0, '2022-03-28 17:33:20'),
(135, '4e2e40d5-119e-11ec-acae-d60414d71c23', 'ZZZZ-Base test mars 2022: Séance Extra au-delà de la dernière à signer', 0, '2022-03-28 17:38:27'),
(136, '2be64b2c-1cdc-45cf-a43e-b095857384de', 'ZZZZ-Base test mars 2022: Séance SA à signer', 0, '2022-03-29 07:15:09'),
(137, '2be64b2c-1cdc-45cf-a43e-b095857384de', 'ZZZZ-Base test mars 2022: Séance SB à signer', 0, '2022-03-29 07:30:02');

-- --------------------------------------------------------

--
-- Structure de la table `postal_address`
--

CREATE TABLE `postal_address` (
  `id` int NOT NULL,
  `number` varchar(255) CHARACTER SET utf8mb4 COLLATE utf8mb4_unicode_ci DEFAULT NULL,
  `street` varchar(255) CHARACTER SET utf8mb4 COLLATE utf8mb4_unicode_ci DEFAULT NULL,
  `city` varchar(255) CHARACTER SET utf8mb4 COLLATE utf8mb4_unicode_ci NOT NULL,
  `zipcode` varchar(255) CHARACTER SET utf8mb4 COLLATE utf8mb4_unicode_ci NOT NULL,
  `country` varchar(255) CHARACTER SET utf8mb4 COLLATE utf8mb4_unicode_ci NOT NULL
) ENGINE=InnoDB DEFAULT CHARSET=utf8mb4 COLLATE=utf8mb4_unicode_ci;

--
-- Déchargement des données de la table `postal_address`
--

INSERT INTO `postal_address` (`id`, `number`, `street`, `city`, `zipcode`, `country`) VALUES
(28, '79', '79', 'Pourcieux', '83470', 'France'),
(29, '56', 'chemin des Amandiers', 'Pourcieux', '83470', 'France'),
(30, '79', '79', 'Pourcieux', '83470', 'France'),
(49, '79', 'chemin des Amandiers', 'Pourcieux', '83470', 'France'),
(71, '79', 'Chemin des Amandiers', 'Pourcieux', '83470', 'France'),
(73, '', '', 'AEROPORT', '00000', 'FRANCE'),
(74, '7', 'rue du Poncelet', 'FESMY LE SART', '02450', 'FRANCE'),
(75, '7', 'rue du Poncelet', 'FESMY LE SART', '02450', 'FRANCE'),
(76, '7', 'rue du Poncelet', 'FESMY LE SART', '02450', 'FRANCE'),
(77, '', '', 'Paris', '9999', 'France');

-- --------------------------------------------------------

--
-- Structure de la table `promotion`
--

CREATE TABLE `promotion` (
  `id` int NOT NULL,
  `name` varchar(255) CHARACTER SET utf8mb4 COLLATE utf8mb4_unicode_ci NOT NULL,
  `ato_id` int NOT NULL,
  `created_at` datetime NOT NULL,
  `status` varchar(255) CHARACTER SET utf8mb4 COLLATE utf8mb4_unicode_ci NOT NULL
) ENGINE=InnoDB DEFAULT CHARSET=utf8mb4 COLLATE=utf8mb4_unicode_ci;

--
-- Déchargement des données de la table `promotion`
--

INSERT INTO `promotion` (`id`, `name`, `ato_id`, `created_at`, `status`) VALUES
(13, 'A1.TEO.27', 603, '2021-12-22 12:01:12', 'active'),
(14, '01JAN2022', 603, '2022-01-06 15:38:09', 'active');

-- --------------------------------------------------------

--
-- Structure de la table `promotion_ato_user`
--

CREATE TABLE `promotion_ato_user` (
  `promotion_id` int NOT NULL,
  `ato_user_id` int NOT NULL
) ENGINE=InnoDB DEFAULT CHARSET=utf8mb4 COLLATE=utf8mb4_unicode_ci;

--
-- Déchargement des données de la table `promotion_ato_user`
--

INSERT INTO `promotion_ato_user` (`promotion_id`, `ato_user_id`) VALUES
(13, 100),
(13, 101),
(14, 100),
(14, 101);

-- --------------------------------------------------------

--
-- Structure de la table `promotion_formation`
--

CREATE TABLE `promotion_formation` (
  `id` int NOT NULL,
  `formation_id` int NOT NULL,
  `promotion_id` int NOT NULL,
  `status` varchar(255) CHARACTER SET utf8mb4 COLLATE utf8mb4_unicode_ci NOT NULL
) ENGINE=InnoDB DEFAULT CHARSET=utf8mb4 COLLATE=utf8mb4_unicode_ci;

-- --------------------------------------------------------

--
-- Structure de la table `rating`
--

CREATE TABLE `rating` (
  `id` int NOT NULL,
  `name` varchar(255) CHARACTER SET utf8mb4 COLLATE utf8mb4_unicode_ci NOT NULL
) ENGINE=InnoDB DEFAULT CHARSET=utf8mb4 COLLATE=utf8mb4_unicode_ci;

--
-- Déchargement des données de la table `rating`
--

INSERT INTO `rating` (`id`, `name`) VALUES
(49, 'test 2'),
(51, 'test 3'),
(54, 'test'),
(56, 'test 55'),
(57, 'TP'),
(58, '123'),
(59, 'TP - Briefing'),
(60, 'TP - Vol'),
(61, 'TP (oui/non)'),
(62, 'Progression bilan'),
(63, 'Non effectué / Effectué (TP/JPO)'),
(64, 'ANPI leçons'),
(65, 'ANPI contrôle'),
(66, 'CNT (NA-I-S-P)'),
(71, 'Smiley'),
(72, 'A1.TEO.27'),
(74, '+/-/NR'),
(75, '++ -- NR'),
(76, '- / + / ++'),
(77, 'NR / - / + / ++'),
(78, 'Sans note'),
(79, 'TB/B/P/NR'),
(81, 'Notation Briefing NE/Vu'),
(82, 'Notation exercices en vol'),
(83, 'Bilan fin de phase oui/non'),
(84, 'Bilan fin de phase séance'),
(85, 'Smileys');

-- --------------------------------------------------------

--
-- Structure de la table `rating_ato`
--

CREATE TABLE `rating_ato` (
  `rating_id` int NOT NULL,
  `ato_id` int NOT NULL
) ENGINE=InnoDB DEFAULT CHARSET=utf8mb4 COLLATE=utf8mb4_unicode_ci;

--
-- Déchargement des données de la table `rating_ato`
--

INSERT INTO `rating_ato` (`rating_id`, `ato_id`) VALUES
(57, 603),
(58, 603),
(59, 603),
(60, 603),
(61, 603),
(62, 603),
(63, 603),
(64, 603),
(65, 603),
(66, 603),
(71, 603),
(72, 603),
(74, 603),
(75, 603),
(76, 626),
(77, 626),
(78, 626),
(79, 626),
(81, 627),
(82, 627),
(83, 627),
(84, 627),
(85, 626);

-- --------------------------------------------------------

--
-- Structure de la table `rating_value`
--

CREATE TABLE `rating_value` (
  `id` int NOT NULL,
  `rating_type_id` int NOT NULL,
  `value` varchar(255) CHARACTER SET utf8mb4 COLLATE utf8mb4_unicode_ci DEFAULT NULL,
  `validate_exercise` tinyint(1) DEFAULT NULL,
  `position` int NOT NULL,
  `media_value_id` int DEFAULT NULL,
  `color` varchar(255) CHARACTER SET utf8mb4 COLLATE utf8mb4_unicode_ci DEFAULT NULL,
  `description` varchar(255) CHARACTER SET utf8mb4 COLLATE utf8mb4_unicode_ci DEFAULT NULL,
  `exercise_notperformed` tinyint(1) NOT NULL
) ENGINE=InnoDB DEFAULT CHARSET=utf8mb4 COLLATE=utf8mb4_unicode_ci;

--
-- Déchargement des données de la table `rating_value`
--

INSERT INTO `rating_value` (`id`, `rating_type_id`, `value`, `validate_exercise`, `position`, `media_value_id`, `color`, `description`, `exercise_notperformed`) VALUES
(157, 49, 'a', 1, 0, NULL, '#000000', NULL, 0),
(158, 49, 'b', 0, 1, NULL, '#000000', NULL, 0),
(162, 51, 'a', 1, 0, NULL, '#000000', NULL, 0),
(163, 51, 'b', 1, 1, NULL, '#000000', NULL, 0),
(164, 51, 'c', 1, 2, NULL, '#000000', NULL, 0),
(176, 54, 'a', 1, 0, NULL, '#000000', '', 0),
(177, 54, 'c', 0, 1, NULL, '#000000', '', 0),
(183, 56, 'a', 1, 0, NULL, '#000000', '', 0),
(184, 56, 'a', 0, 1, NULL, '#000000', '', 1),
(205, 59, 'NE', 0, 0, NULL, '#000000', '', 1),
(206, 59, 'Vu', 1, 1, NULL, '#000000', '', 0),
(211, 60, 'NE', 0, 0, NULL, '#000000', 'Non effectué', 1),
(212, 60, 'Vu', 1, 1, NULL, '#000000', '', 0),
(213, 60, 'Guidé', 1, 2, NULL, '#000000', '', 0),
(214, 60, 'Autonome', 1, 3, NULL, '#000000', '', 0),
(215, 57, 'NE', 0, 0, NULL, '#000000', '', 1),
(216, 57, 'Vu', 1, 1, NULL, '#000000', '', 0),
(217, 57, 'Guidé', 1, 2, NULL, '#000000', '', 0),
(218, 57, 'Autonome', 1, 3, NULL, '#000000', '', 0),
(227, 61, 'Oui', 1, 0, NULL, '#000000', '', 0),
(228, 61, 'Non', 0, 1, NULL, '#000000', '', 0),
(229, 62, 'Sous le standard', 1, 0, 293, '#f3afaf', '', 0),
(230, 62, 'Besoin d\'amélioration', 1, 1, 294, '#aaf7fd', '', 0),
(231, 62, 'Standard', 1, 2, 295, '#c2fdba', '', 0),
(232, 62, 'Au-dessus du standard', 1, 3, 296, '#37ba08', '', 0),
(233, 63, 'Non effectué', 0, 0, NULL, '#000000', '', 1),
(234, 63, 'Effectué', 1, 1, NULL, '#000000', '', 0),
(238, 65, 'I', 0, 0, NULL, '#000000', '', 1),
(239, 65, 'S', 1, 1, NULL, '#000000', '', 0),
(240, 65, 'P', 1, 2, NULL, '#000000', '', 0),
(241, 65, 'NA', 0, 3, NULL, '#000000', '', 1),
(248, 66, 'NA', 0, 0, NULL, '#000000', '', 0),
(249, 66, 'I', 1, 1, NULL, '#000000', '', 0),
(250, 66, 'S', 1, 2, NULL, '#000000', '', 0),
(251, 66, 'P', 1, 3, NULL, '#000000', '', 0),
(252, 64, 'E', 1, 0, NULL, '#000000', '', 0),
(253, 64, 'S', 1, 1, NULL, '#000000', '', 0),
(260, 58, '0', 0, 0, NULL, '#f64646', 'NR', 1),
(261, 58, '1', 0, 1, NULL, '#fd7c7c', 'Pas bien', 0),
(262, 58, '2', 0, 2, NULL, '#f7b0b0', 'Moins bien', 0),
(263, 58, '3', 1, 3, NULL, '#c8fbac', 'Dans la moyenne', 0),
(264, 58, '4', 1, 4, NULL, '#9bf769', 'Bien', 0),
(265, 58, '5', 1, 5, NULL, '#22fb13', 'Très bien', 0),
(319, 71, '', 0, 0, 325, '#000000', '', 1),
(320, 71, '', 0, 1, 326, '#000000', '', 0),
(321, 71, '', 0, 2, 327, '#000000', '', 0),
(322, 71, '', 1, 3, 329, '#000000', '', 0),
(323, 71, '', 1, 4, 330, '#000000', '', 0),
(328, 72, 'Oui', 1, 0, NULL, '#000000', 'Très bien', 0),
(329, 72, 'Oui', 0, 1, NULL, '#000000', 'Très bien', 1),
(332, 74, '+', 1, 0, NULL, '#000000', '', 0),
(333, 74, '-', 0, 1, NULL, '#000000', '', 1),
(334, 74, 'NR', 0, 2, NULL, '#000000', '', 1),
(341, 75, '++', 1, 0, NULL, '#19bf0d', 'Exercice validé', 0),
(342, 75, '- -', 0, 1, NULL, '#ff9500', 'Exercice sera reporté ', 0),
(343, 75, 'NR', 0, 2, NULL, '#0676bc', 'Exercice non réalisé', 1),
(344, 76, '-', 0, 0, NULL, '#ff7300', 'A parfaire', 0),
(345, 76, '+', 1, 1, NULL, '#0954ec', 'Bonne restitution', 0),
(346, 76, '++', 1, 2, NULL, '#7ad123', 'Très bonne restitution', 0),
(385, 78, '', 1, 0, NULL, '#000000', '', 0),
(386, 78, '', 1, 1, NULL, '#000000', '', 0),
(391, 77, 'NR', 0, 0, NULL, '#000000', 'Non réalisé', 1),
(392, 77, '-', 0, 1, NULL, '#fa9e00', 'A parfaire', 0),
(393, 77, '+', 1, 2, NULL, '#0fdb00', 'Restitution dans la moyenne', 0),
(394, 77, '++', 1, 3, NULL, '#0537ff', 'Très bonne restitution', 0),
(395, 79, 'Très bien', 1, 0, NULL, '#000000', '', 0),
(396, 79, 'Bien', 1, 1, NULL, '#000000', '', 0),
(397, 79, 'A parfaire', 0, 2, NULL, '#000000', '', 0),
(398, 79, 'NR', 0, 3, NULL, '#000000', '', 1),
(401, 81, 'NE', 0, 0, NULL, '#fca103', 'Non effectué', 1),
(402, 81, 'Vu', 1, 1, NULL, '#04cd1c', 'Vu', 0),
(403, 82, 'NE', 1, 0, NULL, '#fca103', 'L’exercice n’a pas été effectué.', 0),
(404, 82, 'Vu', 1, 1, NULL, '#04cd1c', 'L’exercice a été expliqué et démontré.', 0),
(405, 82, 'Guidé', 1, 2, NULL, '#515ad6', 'L’exercice est restitué mais il nécessite un guidage de la part de l\'instructeur. Le stagiaire n\'a pas atteint une performance acceptable.', 0),
(406, 82, 'Autonome', 1, 3, NULL, '#0189b7', 'L’exercice est exécuté en sécurité avec des erreurs mineures mais pas d\'écart majeur par rapport à l\'idéal. Le pilote démontre une aptitude technique.', 0),
(407, 83, 'Oui', 1, 0, NULL, '#04cd1c', '', 0),
(408, 83, 'Non', 0, 1, NULL, '#f53d3d', '', 1),
(413, 84, 'Sous le standard', 0, 0, NULL, '#f53d3d', '', 0),
(414, 84, 'Besoin d\'amélioration', 0, 1, NULL, '#fca103', '', 0),
(415, 84, 'Standard', 1, 2, NULL, '#04cd1c', '', 0),
(416, 84, 'Au dessus du standard', 1, 3, NULL, '#515ad6', '', 0),
(417, 85, '', 1, 0, 379, '#000000', 'Très bien', 0),
(418, 85, '', 1, 1, 380, '#000000', 'Bien', 0),
(419, 85, '', 1, 2, 381, '#000000', 'Dans la moyenne', 0),
(420, 85, '', 0, 3, 382, '#000000', 'A parfaire', 1);

-- --------------------------------------------------------

--
-- Structure de la table `refresh_tokens`
--

CREATE TABLE `refresh_tokens` (
  `id` int NOT NULL,
  `refresh_token` varchar(128) CHARACTER SET utf8mb4 COLLATE utf8mb4_unicode_ci NOT NULL,
  `username` varchar(255) CHARACTER SET utf8mb4 COLLATE utf8mb4_unicode_ci NOT NULL,
  `valid` datetime NOT NULL
) ENGINE=InnoDB DEFAULT CHARSET=utf8mb4 COLLATE=utf8mb4_unicode_ci;

--
-- Déchargement des données de la table `refresh_tokens`
--

INSERT INTO `refresh_tokens` (`id`, `refresh_token`, `username`, `valid`) VALUES
(1, 'a7ad0de015428372a5929363defd4eb94d9d5ecf9106441856eb50babceb7569af9004c444f74f48b1a784b5ea83fcef60afbcba063cb507de19a5502c862079', 'itatlantis@gmail.com', '2021-05-22 05:13:06'),
(2, '54fa77e8504ca67de9e4b5432a5f5664cd2e600eebe211056c9247837fdd1c5d73880eec614d496b5c1895457a3d5f05e54c9d88ea706b2838bc5f9564cebffc', 'itatlantis@gmail.com', '2021-05-22 05:18:40'),
(3, '68394baf5f235e352fe56a7d4908c44a3e7258dd9adb43602ee9498c8b5d4f7cf4022fddefaa04e68abbbc138889d63dc094f8a6aa8ece699bddf2839cecb8d9', 'itatlantis@gmail.com', '2021-05-22 12:37:19'),
(4, 'fdc6cf1391533daec069081635a11d7d7dfc8e3ada906328c397ffe0d9894b0d924a34dcc00d7b651d348a1456c1ba5b20543bbe9e857e570016f734638aeab1', 'itatlantis@gmail.com', '2021-05-22 13:12:44'),
(5, '57baeb6d38383820c53ec469a74a9785b89832433fcd3d094afbc214930ce8aba207052a2adb0d5909e0bd0aec047391d61bf50a2c005016bf97c826cfba6941', 'user-0@test.fr', '2021-05-22 13:35:40'),
(6, '95649bec085437b16a9e55aa66993d57358de0f6c3743e4ede2f65e2fcab7669163c989a519cab0f5a3462c4918bae336f117055eeba5be001561a7d529a4fbc', 'user-0@test.fr', '2021-05-22 13:36:08'),
(7, '087eda0ad3c204d3f09d337afb62a62fdfc8fad45290c2462a23e5fb020acd3c40338f3b8ad789b555cd40f714ef9d1eee57601e18a5c54eb933348ed8d3561d', 'itatlantis@gmail.com', '2021-05-29 13:57:49'),
(8, '2cbdf035db81db9fff4a5af4b84aefcb2d627ea09db5a7c61d210377e7b3459abc234ca2c2de632bf8742747cd741581853644afb6fab9ef27da72868c644dba', 'itatlantis@gmail.com', '2021-05-29 14:02:18'),
(9, '59621ae0cc14efcfc0abfc4ceb82e97b0e43b0a8f755f952ee9beb152c1a2c1f3f48890c6d4828528dee3450d8ff1737bfb9e21ba86b8e087faa9385f479e550', 'itatlantis@gmail.com', '2021-05-29 14:02:33'),
(10, '5804a5795972cd72f2a04facb04a8571f6153c33bd5c476fec98f226cb7d3956a589f035fc5ed103ebddf16fe39ef27ee37fd66da0e82ebc3ae5a8246946505f', 'itatlantis@gmail.com', '2021-05-29 14:03:15'),
(11, 'bf30f922f2699901e14a44919ba384b6861acd7bed9a2e22fd32f717274d9ea379c95719f261284cd9476c761ac46d6af5fb36a076ae20e604b7490a2dccf404', 'itatlantis@gmail.com', '2021-05-29 14:19:06'),
(12, '0c640cf2cfa101a6f25801d2dd2aa7e94ddd4186a9f4be6975c2e8aa5fc91fc55ca9d739d1f549f804d09e4f6f90f0d28fd3f89b617f2d0b38aced47d616baf9', 'itatlantis@gmail.com', '2021-06-02 11:03:24'),
(13, '7bf3f11a7dd093140dc4eeb902eefd00810b9a4277456698686f94b6222c1b870da33d4900eeb2e81def0697a0443d7e0a0e3dac64077f573dd888866b95277a', 'itatlantis@gmail.com', '2021-06-04 07:17:11'),
(14, '9c3ca60ed0b61e53491ffd666543bc78972da581ccf804c76a34a257736b845de8a5c551b5ae33a1dd2ba5da4fdaaeafdc5e2d95d724a786ef24cd0f281e1e29', 'itatlantis@gmail.com', '2021-06-04 08:48:06'),
(15, '868d9ef11286a3efcba8822f39c58888aa2bd62cd3e1bbd33963d098dcfe40506f3d464d545f3e36bf4f70080812f380a8d5359bb23411648f98b35d9be7dd83', 'itatlantis@gmail.com', '2021-06-04 11:45:53'),
(16, 'd7248769cf4c3bfa88d44fcab3b1c41b6ba302d92eda27df4752eb30b0970161d95a00f5af21808451fa1b33617e80454adbe4cc3027fa1c44774e1b957b82b4', 'itatlantis@gmail.com', '2021-06-04 12:22:34'),
(17, '94440f5360b6d96083e70e122a310271b6f13d190622ae014590bcf0757c90baa72bd899e661db5dc814ff619ab0369623ee4bc37a432edc576a7da78174b6ec', 'sergio.didonato@yahoo.com', '2021-06-04 13:07:42'),
(18, 'dd07f07328015883be9a2ee93dcbc2990799aed13cf64f280be5e83a846ba5a35e0c080bd23d6f2cb78abb5b8e487ae7e03ce285a5e35fa792e61bb4faebadff', 'itatlantis@gmail.com', '2021-06-04 14:57:26'),
(19, 'a60c0058f461f1bcf055c743e5da5b59660ee63655738af44a942f03546f0b42b577af5f65109c57bdaac9af67121c597cb811b1c6618370d747b2ea79357280', 'itatlantis@gmail.com', '2021-06-06 15:11:04'),
(20, 'ba0028dfb611e4f7e034ff771baaf1402bf15f267b6331db26eeaca81fad1ca1657d2f9006d72643c4206504b80db7908ce0cfe827d96241c07c562215925b2e', 'itatlantis@gmail.com', '2021-06-06 16:13:19'),
(21, 'cdfa168a77b923abaa8c3f83c3fe6ed7c3e0cf7f65d5400f1626609bc7e820195c044d1b1aa322444d73a431edf50a17f8a4cf3aae6f0731c7b7063b683a177e', 'itatlantis@gmail.com', '2021-06-11 02:54:44'),
(22, 'd0d4c844411773a0e4a4e9ea14782d7494cd28e20b496d2cefde2fdca7f213b1085bc6b03addb1d12ce6120bb28f4b664cf20e00d0436f5ec9149407204f1ab4', 'itatlantis@gmail.com', '2021-06-11 16:17:57'),
(23, '46eafa28511edd0393734c1d316d06ae3a93b55928383e9ebd2a5786e4675594057b70a503442665e4ad57d246334e97e79e739d73c40b17b8eb117dc3900b90', 'itatlantis@gmail.com', '2021-06-11 16:22:19'),
(24, '6e833bd4eb709395fe0cc9b745258aa7ee7ced9abe7d41cae57b6c168557c6be8aeb3c497eeb1533cc49af88e3324bd7a0a7d5d5c3126ee372f811cbd53c3e29', 'itatlantis@gmail.com', '2021-06-16 07:24:37'),
(25, '1664dc854ea28370a0721d31b8427933735221d05c3777d5afa2114fecb851b84cb745113aaae990f493f28d9980356f3fff737943c06bb54f2285fd992131b8', 'itatlantis@gmail.com', '2021-06-16 09:17:32'),
(26, 'ef60d3918c1bd637092334d5cb095f8bf05141f9f8b8cb196b28043fb8906258f46b953f66df67a5ab7f7a7045ac7a396f3075f49ea03a9906958b8495468139', 'sergio.didonato@yahoo.com', '2021-06-17 17:04:28'),
(27, 'd3dd3bdedadc305539967fa1036514126351493f85e83742de0a6140682d912c36037b6df2c8b1420a99c137c8adce95f2b966c9b5514d855d612ef58c9cf84e', 'sergio.didonato@yahoo.com', '2021-06-24 16:55:43'),
(28, '20da75b092456d3305942d37e3ee0540c0034ff6464a6efb2414dc28956e7732473c1d70735e982e3f473e5c275b75b406050bad7b2eb9b6c974c9f49d5d89b3', 'sergio.didonato@yahoo.com', '2021-06-24 16:55:55'),
(29, '5b8b1d721a261782bf28d45ce2c28f9a53b2289df364539de472d466b313300dc97754bda9e27eaf4446cc6805a9dc3debf2344c76e9c7d064b455d5b9893906', 'itatlantis@gmail.com', '2021-07-02 23:45:43'),
(30, 'fd6932833734ac61b415c4fef512fa59d31e5626bd880889dfe9bd243553e7af5da4236816922da418bbdb8ede6aa3a0a6658aa83a83d6493f39bab50e915146', 'sergio.didonato@yahoo.com', '2021-07-07 20:48:35'),
(31, '8c1ec03e78324f63aae6c51313d39184d296c5916a37d6bcdf845d8f5b74b69ef71120765a88a55de6ed8fe641a8d5b801c8bdf31f5e1653eb50d4082ee54e9f', 'sergio.didonato@yahoo.com', '2021-07-08 13:52:31'),
(32, '2152fcb9cdcac7485ff346a77b8ea1d9ea1d80dba859d4ef31945064b7e786f638d4b0a741f639427496ac0955bac789f1f45f1e468fd9771a8c1ef5d124dd27', 'sergio.didonato@yahoo.com', '2021-07-10 13:10:51'),
(33, '706a4c7ae88c89e209df68fac6cc8978fc93af080b9254404b433f9ed8345230f624390b36ca8408c89919ae8de88555df8fd3aae2e9bb3d84ed9754e87ebfdd', 'sergio.didonato@yahoo.com', '2021-07-10 14:13:49'),
(34, 'a8de05410a9cdeddfa60ac15461970ba60231257dcc2733f0c5437b066909fa1d2450cf364f74c61baf883967c9f78d83cd9073bf678690c2ceaa90b3abd238d', 'sergio.didonato@yahoo.com', '2021-07-10 20:57:03'),
(35, '4bb4e397ad3110785d8cc5aa451cb27f2baa03d5f3a8d300ff48a3b325d2725612a6a8fb7d88fb2fe63d56559501eb722b3c6fb85e7dc5bc03a2efba706e72fb', 'itatlantis@gmail.com', '2021-07-11 08:04:09'),
(36, 'a6e0b9db1013f3b0a857156c1e2b3332f53ad8e7de33aa5c5517404e8b655f3d3ad7bb7bfb0fd914df25e062dd8e2fc43554bead07079ef5d0b880be039d9057', 'sergio.didonato@yahoo.com', '2021-07-11 09:37:27'),
(37, '62a79b55d994a513a9c8477e4fa54a60b8d9d671fd60b0b21f949d05c7bed23098acac6e0816abc77c7a5154bdc8a7e606e6e35504c0e1020400222d5f197cb6', 'itatlantis@gmail.com', '2021-07-11 10:32:31'),
(38, '4ecf5b4eb0613e89ded1a9461b14daf049c6647a78c3003223dd91c64b29bc6a4f0ac8f57e58041cc3852031966ab5ab9c966777eaca2233292d7c9f7b99b8ad', 'itatlantis@gmail.com', '2021-07-11 11:36:07'),
(39, '4aa347642022bf84f0fbb275f95868576b21f9b224d108a53568284a9050a18409826611bb99be252d04c4ef209fc587e93368ba100f4b8efc169f3dddf9bbe9', 'sergio.didonato@yahoo.com', '2021-07-12 16:23:25'),
(40, 'b2b11261f30d6623b4dd019eabff4c511efb9e9d7b2e147bef2ba60223d14a877d54fe274e5dbaa81290357a5341613c15d7be2d5428808471c628dbee94ba1a', 'sergio.didonato@yahoo.com', '2021-07-12 17:09:51'),
(41, '582c193e789d81def72591b071c627e75f06620b3112e6e0b369937173a918cfef1b08b422885b1f3c85e2dedf28e38dc7e9c273522e9b9340465ea335dc5b28', 'itatlantis@gmail.com', '2021-07-18 19:09:56'),
(42, 'cd6d48736e25dc91643355a8e6488ea044fa126f9e8049dbf6ded197285c5a7d485b5376bf4449ae2f50b245ff6dc3f7005785248ef8fbe03c9d634e7e8531f2', 'itatlantis@gmail.com', '2021-07-21 17:03:58'),
(43, '92257cd0b3ef71cb99496c8e262218c87839a608728440b93b17eed280ac1c444e20bbe30c07c44c60bab754fa1a92183d8376ea3e285c3b4e0ac6675d458e0a', 'sergio.didonato@yahoo.com', '2021-07-22 12:33:58'),
(44, 'ae887362746e969ca71ffae1423494d4c09369687ad177ee4b3fc6e0114e240c3c1693c6f3c06bc6d2b695d8f8b93fd66dc84ab5a3809bd5bf83cb489071b718', 'itatlantis@gmail.com', '2021-07-22 12:35:34'),
(45, 'c700f03404e67a98238807a5fccd116200aaafaade648373f436b5339818cf49352f4b5bbc46b8c20e5529d1f2c70827733ae12ba00b7e96944729a44f77001a', 'itatlantis@gmail.com', '2021-07-22 13:26:56'),
(46, '98e3183aba1d5395e5ed0427feba7c2883efcc8efba171bc0797104c8e9aa711addb134dda3aeeeab9d2e078158c7e6ac563b6b6fd3e71ee99c949ab19bdfdb1', 'itatlantis@gmail.com', '2021-07-22 13:29:38'),
(47, '1b60a2d8f6259e8c934c3aa9394c150487e9ee37c5caac6a6c124358dae3208062c4a47e29cc67c9cfb5e4a52678a5925da625b16eda1e00ea19803c0407fc7e', 'itatlantis@gmail.com', '2021-07-22 15:28:31'),
(48, '65f31d7d66fad1d37fced5cdd33cd3c5b8c8d102d3afe3ad12c7311374756bb6c6733f152783b117ac8c70c29a1a7e1b4a455afe81867673588a8aa7a441affe', 'itatlantis@gmail.com', '2021-07-22 16:14:41'),
(49, 'a353c33a74915657ea2d478685c52fed097d8bd134b153eef346bd1340ebb18dd98ea09c13421802ee5540d373c0e8860e559fc20b6b5a6402276adf33a2fc7e', 'itatlantis@gmail.com', '2021-07-23 08:09:30'),
(50, '900ba5f6b624e5b8cbda5948cff6c039567cc094197cc88a53314a51fff349db6532b28015eca87755acdf346a37501a8fd88b58ccc637a561a49a7a6a7ab077', 'itatlantis@gmail.com', '2021-07-23 08:11:25'),
(51, '19d008cafba525b741e1e3b5abfe8e1efb6d5144296a6afb9f9f97a9e026003e12ba0507e1fb1c66736af8a7385f17b456d063dfda473e0351f85ea3604f29ce', 'itatlantis@gmail.com', '2021-07-23 08:18:07'),
(52, 'f7e98e8e334536d017bb6ead8a2eccc92d109a4623060771b7e0ced93e29d2b5c20e212d65df69c31ebc201886938ae841c35437e5e489126c4d166c51c99071', 'itatlantis@gmail.com', '2021-07-23 17:18:23'),
(53, '0535cd0c00f6163a740c172b790ecd536d08841ec3436681cc178306eaffe287b18f5d52b703d84b17f2cb5295183fbf65c56bc88e3a49efbc970bc4bbe94d6a', 'itatlantis@gmail.com', '2021-07-23 17:23:03'),
(54, '5ff65051b6b6cdc64a249e5eb31c9beff983d2324fca40e619e17f0195544b81b92ddddfe7d6a9555f1a09976232019fbc6024246605a7a57396206e7315383c', 'itatlantis@gmail.com', '2021-07-23 17:26:51'),
(55, 'db31e8286894e650d7d7b37b8179e739b59a3b60b53595a4053105d023bb1ec2c85fe0f146b711c7f677cccd022912b4d72ba871d0c1c0b81d9309f00df152d3', 'itatlantis@gmail.com', '2021-07-23 23:37:17'),
(56, '23fb00361047cada21f57402cba0a4d32d418ba3d67481ffefba707f5336563982631ff5cc7a0d0b800d69c2becbac0e2a0e832e08b02c9682dd8778f0c9d12b', 'itatlantis@gmail.com', '2021-07-24 12:03:49'),
(57, 'b80695cb4331ba0b4844e9784e57f9f20d0de951bee8d1cc28706d4ccf35e953fdf522fe482d81cde322b0148a018cb02ebb75dfc1838a1284cc51e9a65abde1', 'itatlantis@gmail.com', '2021-07-24 12:22:21'),
(58, '1b85332b4f36b8d4611b3d04ba15369b9f8816ae375c9af3362c25b8c354ddfa8b7b30a6eba773d69bc320412b45d15bfd6dbff0ff129812840aafdb496b8166', 'itatlantis@gmail.com', '2021-07-24 12:52:02'),
(59, '2e1f7004df8a4db0e3cdabdc466cc1928e86063fbc363cdbcd454d0799dfaee55194fcb2c15c0df90b82b64849ba68c665638cfe6d5f424821b489b53840093f', 'itatlantis@gmail.com', '2021-07-24 13:09:27'),
(60, '9e2ff3757fb124fb8d8b2381254a32ba1446e94d3a6df5546198228e7e0e232ae7735721b8f0298a591cf5e302b18445bcba39ce80cf5e4c7eb912e43f5b6df0', 'itatlantis@gmail.com', '2021-07-24 13:13:32'),
(61, 'a672a25a92a3061ac993d5cb98d815570eeba5208945a30509be4e9505e2802c6da305276e0f9f4770c7dd653e931d9a7e67f516a9fde991d78468897bb1644c', 'itatlantis@gmail.com', '2021-07-24 15:34:35'),
(62, 'a1768885a9126f79224c7d551ca0446094fbca0a3a91c251f8d3b4c778659d3443ed860cca25c3ad45062180732c2d1483f27a4b79de54d8d2c6ca3eec68d851', 'itatlantis@gmail.com', '2021-07-24 15:50:37'),
(63, '33fe1a00ac45a325625d58b1b5de68e40353cd188c40ee813d51ca19a67fc0c966fce9420d651888d45ef5d941d57db78d406df67534e4e43a7632384ac06289', 'itatlantis@gmail.com', '2021-07-24 15:51:08'),
(64, '5077b0d510e15da7edab0ebb9474a914e14b4481ee0818a48683c0e523bdb22d55e590f67c3721aacd43e8c0934db5827744918ed40b71d84e80f09afaace2af', 'sergio.didonato@yahoo.com', '2021-07-25 12:38:37'),
(65, 'ae18f1d874f6e14d6f731cf7a69c5af52285ef6089613417f8d25f4e6e31b37a7e290d3c8ef4c2de916acc8672599352b4a34d5d0def5ccb5cb5184568e6b599', 'sergio.didonato@yahoo.com', '2021-07-25 13:39:37'),
(66, '04dc26d3f5d1a0b2768c1c8246198340d4a7d2e7f12a64e21134b6a96b4922627a93f6c5a238aca829cb4acfe11678f62c4f41ced657c6261b6393bca95a3b29', 'sergio.didonato@yahoo.com', '2021-07-25 14:40:02'),
(67, 'c51be72546fd288198ceddc78e3afec903562302b98c17cf88e601e4a6e44ee8ea60db7d5dad1a368668ce810c58b1e6b5c7db4214f14d4310f9ee975c3107a8', 'sergio.didonato@yahoo.com', '2021-07-25 15:40:33'),
(68, 'f53083767b8f4ae68324c52c65fa1ec2dfd15225a8adf9840dfea8e2aa8266b7194364788dbc01968654298b3a328f7dfa4c52d7fa9740d0d683ca8132b48ba7', 'itatlantis@gmail.com', '2021-07-26 01:51:28'),
(69, '83af8c324389517a977243db80a1df66c6840c90c2630f4ec3708b8a9a3d158da06e9468e97cf1cc3b1c05c6da8fb52f7976271abe75c67ed3e238c1ebaf74ad', 'sergio.didonato@yahoo.com', '2021-07-26 09:26:49'),
(70, '9e105c802efcab4278e5eeb95097e557a842e05f9e39b06e9fef59fef13101f60bd562cabe44125de98f85bd7d4a03a24ce6454ab96ca2ac406db23c60029f41', 'sergio.didonato@yahoo.com', '2021-07-26 10:27:12'),
(71, 'd9356ca1c2f986ac615bf69891346ee0af8ca143722cf595cbd59ed3f611aa06c54a5b72112546b372a3525dbe3634b2d1dbfda94cb662ae2dcde4c4d39dea54', 'sergio.didonato@yahoo.com', '2021-07-26 11:52:12'),
(72, 'f6ff7b8a90ff733abc65874db9ad3824a8352e07c0d10fc093f56f153776aa2eef0f592dd4c615245d6f19ba6cc0e45431a69a98f3c11ccc11d6504af5b37f0e', 'sergio.didonato@yahoo.com', '2021-07-26 12:53:49'),
(73, '6364638e070d5f9bbb05ad047ebcc017e3e89dcc8b491c1237546095383359caafbbc0af3460cecfe5dc386e6439c2eef97a7acd0948319cf4f6de44af149cf9', 'sergio.didonato@yahoo.com', '2021-07-26 13:54:54'),
(74, 'cd2df9788d00dcee33cb01df433d04297961bd28418149b816bc5c76994c60e100ab7a46cff4cbb5a41db37f95defb25a17ff4f24e9b757517a72b221dd2ccf6', 'itatlantis@gmail.com', '2021-07-26 14:06:57'),
(75, '7bb4ffa8c2d3278f54dc23a705816d79e3968dab019265decdfe4c7b7abfd6850c9742d2e50f3d5ce6119a0b8f91b74bc7225b21cd13cfce17bbf5ed93f25968', 'sergio.didonato@yahoo.com', '2021-07-26 14:55:19'),
(76, '2e065e64d35f67b6954f60576c120d9e9681023dfd5df30eb35d00f7be4a5ed72adef1f150a1350e990fbe1d19bb50feb75b7f8498f8491a8d791a341395f067', 'sergio.didonato@yahoo.com', '2021-07-26 15:47:26'),
(77, '0626bd0403f9fab89857824297f106fe1050b8959c7773f0f1e31adff8725116fd29fd61c186c156366930b908719e3fa4916ae079d4128ebe1e4a8a28b75082', 'itatlantis@gmail.com', '2021-07-28 09:33:47'),
(78, '1c122d84104eeb65f9b4aab90a38738825e92deef0d8e447481b48023e771c989d4e63582f9065710d3ef448652f036d69a6e069c64268147ea61281d60f9628', 'sergio.didonato@yahoo.com', '2021-07-28 10:22:27'),
(79, 'd28c13a25822f5bf42f283f8ba82258129555009e669dd758d6fa02003141029955ed57eced1b4db7dc693d7bd20e4256f85ce60e6462442a9f36f0c0bf78ef8', 'sergio.didonato@yahoo.com', '2021-07-28 11:50:38'),
(80, 'a71d06727fd34f0b63866c928b2e962ffb7463179b6e4ab7cbf1d03b2b697dd0998364bf2d500ca568931f2309632a361806c43c9de4867068285422d8c4050a', 'sergio.didonato@yahoo.com', '2021-07-28 13:58:00'),
(81, '8c4846a53daba0fe7038ce8d515afebc6a8595d6b428f7e880fb99533f40f8cbb98af54813d798a5e3083afb1e6f6eb64f00a4ed977d2ea9bb649a8b6ea92f80', 'sergio.didonato@yahoo.com', '2021-07-28 15:17:41'),
(82, 'bf35d7b33703cc49b13d9c8d080b842dfc828b5b25985975f58471a97073b6027ac0fc5878ff9ea3f6cb6fb223238419aa3ee9cf9df49e584b49bddc10e92f84', 'sergio.didonato@yahoo.com', '2021-07-28 16:18:22'),
(83, 'e2503bc37bdd906e45eaa083670a9820e6b5f2c856dc7566e6328545aee9201aa3623dfe8151fdafbcf570952b8b4b402b339b1e058dd8edb6c7cd4174b5f8db', 'sergio.didonato@yahoo.com', '2021-07-29 10:32:21'),
(84, '0f2ba4002a7e932d610bb32486773c9ffb383b5789eeb1395627dcdad2997d20f4ec70c9ae8a0075b6d11142b61cceb7fbab7663ee61085b2425133d3533bf14', 'sergio.didonato@yahoo.com', '2021-07-30 13:33:30'),
(85, '2abd871a4c5001cf3034fe8f26c1f9e96921bdf7dff533b358a6782b9407eb5be1a9260ae0b1a8955bdaa12f4e50f84b2021a74f6a4994c264fb1ebed29f1925', 'sergio.didonato@yahoo.com', '2021-07-30 17:41:01'),
(86, '3d2935c9d4de8a103a17b4e6dbea7f7aad65ccd37487fbb377bcaddb09c5658686d4764d6bd4a98679528e6dac123d7601a0209204322ecf9fab3b8b839d6d9b', 'sergio.didonato@yahoo.com', '2021-07-31 09:50:54'),
(87, '35768b72c4b41051096e7a36f899296f8c73127711b8d88750545fda138293ffa92adf7c87890356e443744bf3fe91c9479045e7a1aa9525679f00f956059e59', 'sergio.didonato@yahoo.com', '2021-07-31 11:52:54'),
(88, '62227bae246cff7ca3f867c97cf7de1cc063a78c58de19abcb06ab5ade95c4a876e838fcf91002c415696a44a689d66955648fe17b1784d920597afdccfb296b', 'sergio.didonato@yahoo.com', '2021-07-31 12:57:44'),
(89, '96d6d5fcd5d665a8231868b175d8a497d57be0aa6c0d489f68956c8e7afa0fb8ed38e11f4a7cf2e2a136638a95894c8c487f09e02f15bc4d42b8356166eb72db', 'sergio.didonato@yahoo.com', '2021-07-31 13:59:23'),
(90, 'f37678461e377dbb64c5d165819e5a69535f7c12020b0fbf37f5a0cddbbb4fab0b2515d0910a39bf1fe0e16bcf46671524c86233d619c5035a2f19fc83c19631', 'itatlantis@gmail.com', '2021-07-31 14:55:44'),
(91, '8a1c6996a2f537b7eb6947fad9e724b50c46c9218a4e743ea7b966e72f7feca72632460e1e0610279acb4d5b5d17e8b6c215f37ff441e4e8a83fce002381297c', 'sergio.didonato@yahoo.com', '2021-08-02 09:19:54'),
(92, '738d664767b67eccf1d65467fa57f397777417809da004212fae90e03a0d3ad0e13372d29c6ca98ec79ab4d6f2a59b0524b8df1353e83e7f4376e8dc892a2f89', 'itatlantis@gmail.com', '2021-08-02 10:14:39'),
(93, '9aaeab34946b77e14af21d7c4af772f5e06fe1cef9eb2b24198cb2bd4a7b9e8082e3871296365064ed1781e07ec0fa5c571d81523f3640a9421160b5d86b42c5', 'sergio.didonato@yahoo.com', '2021-08-02 14:57:33'),
(94, '7b3992479bc336dec1f2fafc34e91bc03c2ae63443325b6c28b8d26cef9b00367b54bb12b1cf395212f39a489609d79545d2578928013052bc61352e8c1a937b', 'sergio.didonato@yahoo.com', '2021-08-02 15:01:06'),
(95, '09106ce9c2fa5f7e1b2c806abd1ed0045e17cc2cbec789fcedf71ef8014af7d09245bef5a9b1eef14f163c317aa6312514949130b12fc918bf9b40b317b13bdc', 'sergio.didonato@yahoo.com', '2021-08-02 16:58:03'),
(96, 'fe17427fe07c7a60627e877e49e21183fa180e96a5ede161c8036604d6b46cf2c6444662e0070dd28525ef6b6dd1ebaae9a161db5ee3f5b452db723e88a0493d', 'sergio.didonato@yahoo.com', '2021-08-02 17:00:00'),
(97, 'df8ca125f8e9286f7562b427213b4d7248dcaaa991343b114b11b1e0ea78630e925b0803858797c4f139d6d5cb8d55d471ce6503d88853214ac3d03247f734dd', 'itatlantis@gmail.com', '2021-08-03 12:45:31'),
(98, '80732076099cecba9c1706c946152eb40bb0ba034e93ff8a219e768bf3ce0239a23e0664dbca38ee19d4ccae5ee3eddd601cf358eca3f1013bb135014eaefbb0', 'itatlantis@gmail.com', '2021-08-03 16:40:53'),
(99, '9661d1d5738d8b2b2f66c4c3518bb4317e8f056536676dcc5fea5b426dcff786dd3bad3ffe1b2fc01a4433164f44bbda80b9edeb8128898358443e8b2c3aecf5', 'sergio.didonato@yahoo.com', '2021-08-03 17:13:56'),
(100, '06b853f2ffec80b9b25cb8c8ac75adb7517ef1f1e652c050b24e844abe04cd203276944a2dfc54823e1d0bb30963dc187501146fa3b992b1c2335b76c395433a', 'sergio.didonato@yahoo.com', '2021-08-03 17:16:18'),
(101, '89b113f9be1101a80262b9d9582e6d270412b18a977efe3ca6b4c80be8ea75739c1108b2eecf8758f2c057e6f609f532b2f804ef1ab7d2221e7e6e7bb3e570ea', 'sergio.didonato@yahoo.com', '2021-08-03 17:16:35'),
(102, 'c91698fc33595cfb93cac2a13412c84eb4b808d6dc863f6399c6d1d31d65a114765420ff53764166fa43f9a2a6a68fc002a37548a1ea85c1df60d188ef05559c', 'sergio.didonato@yahoo.com', '2021-08-03 17:17:15'),
(103, '0b5527b251f5952bfabf683062b7e1f9ef21c1569ce3e8ac5d102a35b9ad23aab4687a3462d066849bc84f3abc29d7198c4b2a0243dda16526a24d197937ea6e', 'sergio.didonato@yahoo.com', '2021-08-03 17:32:05');

-- --------------------------------------------------------

--
-- Structure de la table `resources`
--

CREATE TABLE `resources` (
  `id` int NOT NULL,
  `name` varchar(255) CHARACTER SET utf8mb4 COLLATE utf8mb4_unicode_ci NOT NULL,
  `type` varchar(255) CHARACTER SET utf8mb4 COLLATE utf8mb4_unicode_ci NOT NULL,
  `ato_id` int NOT NULL
) ENGINE=InnoDB DEFAULT CHARSET=utf8mb4 COLLATE=utf8mb4_unicode_ci;

--
-- Déchargement des données de la table `resources`
--

INSERT INTO `resources` (`id`, `name`, `type`, `ato_id`) VALUES
(915, 'F-HFEN', 'resource_aircraft', 603),
(920, 'Salle 1b', 'resource_classroom', 626),
(923, 'F-TUCH', 'resource_aircraft', 626),
(924, 'F-PALF', 'resource_aircraft', 627);

-- --------------------------------------------------------

--
-- Structure de la table `resources_session`
--

CREATE TABLE `resources_session` (
  `resources_id` int NOT NULL,
  `session_id` int NOT NULL
) ENGINE=InnoDB DEFAULT CHARSET=utf8mb4 COLLATE=utf8mb4_unicode_ci;

-- --------------------------------------------------------

--
-- Structure de la table `session`
--

CREATE TABLE `session` (
  `id` int NOT NULL,
  `instructor_id` int NOT NULL,
  `start_at` datetime NOT NULL,
  `end_at` datetime DEFAULT NULL,
  `comments` longtext CHARACTER SET utf8mb4 COLLATE utf8mb4_unicode_ci,
  `is_theoretical` tinyint(1) NOT NULL,
  `formation_id` int NOT NULL,
  `lesson_id` int DEFAULT NULL,
  `lesson_notation_id` int DEFAULT NULL,
  `bloc_time` int DEFAULT NULL,
  `flight_time` int DEFAULT NULL,
  `lesson_extra_id` int DEFAULT NULL,
  `instructor_signature_id` int DEFAULT NULL,
  `success` tinyint(1) NOT NULL,
  `status` varchar(255) CHARACTER SET utf8mb4 COLLATE utf8mb4_unicode_ci NOT NULL,
  `pdf_file_id` int DEFAULT NULL,
  `validate_at` datetime DEFAULT NULL,
  `correction_id` int DEFAULT NULL,
  `departure_airport_id` int DEFAULT NULL,
  `arrival_airport_id` int DEFAULT NULL,
  `aircraft_id` int DEFAULT NULL
) ENGINE=InnoDB DEFAULT CHARSET=utf8mb4 COLLATE=utf8mb4_unicode_ci;

--
-- Déchargement des données de la table `session`
--

INSERT INTO `session` (`id`, `instructor_id`, `start_at`, `end_at`, `comments`, `is_theoretical`, `formation_id`, `lesson_id`, `lesson_notation_id`, `bloc_time`, `flight_time`, `lesson_extra_id`, `instructor_signature_id`, `success`, `status`, `pdf_file_id`, `validate_at`, `correction_id`, `departure_airport_id`, `arrival_airport_id`, `aircraft_id`) VALUES
(118, 121, '2022-03-21 14:10:00', '2022-03-21 14:14:00', '', 0, 292, 62276, NULL, 4, 0, NULL, 90, 0, 'validated', NULL, '2022-03-21 13:21:43', NULL, NULL, NULL, NULL),
(119, 121, '2022-03-21 14:35:00', '2022-03-21 14:56:00', '', 0, 300, 62311, NULL, 21, 0, NULL, 92, 0, 'validated', NULL, '2022-03-21 13:56:56', NULL, 2, 2, 923),
(120, 125, '2022-03-21 14:49:00', '2022-03-21 14:56:00', '', 0, 292, 62277, NULL, 7, 0, NULL, 94, 1, 'validated', NULL, '2022-03-21 14:12:55', NULL, NULL, NULL, 923),
(121, 50, '2022-03-21 14:49:00', '2022-03-21 14:59:00', '', 0, 251, 22994, NULL, 10, 0, NULL, 95, 1, 'validated', NULL, '2022-03-21 14:00:19', NULL, NULL, NULL, 915),
(122, 121, '2022-03-21 15:11:00', '2022-03-21 15:13:00', '', 0, 302, 62323, NULL, 2, 0, NULL, 98, 0, 'validated', NULL, '2022-03-21 14:16:38', NULL, 1, 1, 923),
(123, 121, '2022-03-21 15:15:00', '2022-03-21 15:16:00', '', 0, 302, 62324, NULL, 1, 0, NULL, 100, 0, 'validated', NULL, '2022-03-21 14:17:24', NULL, NULL, NULL, 923),
(124, 121, '2022-03-22 10:49:00', '2022-03-22 10:53:00', '', 0, 307, 62350, NULL, 4, 0, NULL, 102, 0, 'validated', NULL, '2022-03-22 09:54:50', NULL, 2, 2, 923),
(125, 121, '2022-03-22 10:49:00', '2022-03-22 10:55:00', '', 0, 307, 62351, NULL, 6, 0, NULL, 104, 1, 'validated', NULL, '2022-03-22 09:56:58', NULL, 2, 1, 923),
(127, 121, '2022-03-23 08:10:00', '2022-03-23 10:24:00', '', 0, 311, 62392, NULL, 134, 0, NULL, 106, 1, 'validated', NULL, '2022-03-23 09:25:20', NULL, 1, 1, 923),
(128, 121, '2022-03-23 08:10:00', '2022-03-23 10:30:00', '', 0, 311, 62393, NULL, 140, 0, NULL, 108, 1, 'validated', NULL, '2022-03-23 09:30:46', NULL, 1, 1, 923),
(129, 121, '2022-03-23 10:32:00', '2022-03-23 10:43:00', '', 0, 312, 62398, NULL, 11, 0, NULL, 110, 1, 'validated', NULL, '2022-03-23 09:44:10', NULL, 1, 3, 923),
(130, 121, '2022-03-23 10:32:00', '2022-03-23 10:45:00', '', 0, 312, 62399, NULL, 13, 0, NULL, 112, 1, 'validated', NULL, '2022-03-23 09:46:22', NULL, 2, 2, 923),
(131, 121, '2022-03-23 10:32:00', '2022-03-23 10:54:00', '', 0, 315, 62416, NULL, 22, 0, NULL, 114, 1, 'validated', NULL, '2022-03-23 09:55:14', NULL, 2, 2, 923),
(132, 121, '2022-03-23 10:32:00', '2022-03-23 10:58:00', '', 0, 315, 62417, NULL, 26, 0, NULL, 116, 0, 'validated', NULL, '2022-03-23 10:08:29', NULL, 4, 3, 923),
(133, 121, '2022-03-23 10:32:00', '2022-03-23 11:10:00', '', 0, 315, NULL, NULL, 38, 0, 2, 118, 0, 'validated', NULL, '2022-03-23 10:33:16', NULL, 1, 1, 923),
(134, 121, '2022-03-23 10:32:00', '2022-03-23 11:14:00', '', 0, 300, NULL, NULL, 42, 0, 3, 119, 0, 'validated', NULL, '2022-03-23 10:15:35', NULL, 1, 2, 923),
(135, 121, '2022-03-23 10:32:00', '2022-03-23 11:35:00', '', 0, 315, NULL, NULL, 63, 0, 4, 122, 1, 'validated', NULL, '2022-03-23 10:38:52', NULL, 2, 1, 923),
(137, 121, '2022-03-23 11:35:00', '2022-03-23 11:43:00', '', 0, 317, 62422, NULL, 8, 0, NULL, 124, 0, 'validated', NULL, '2022-03-23 10:44:07', NULL, 1, 2, 923),
(138, 121, '2022-02-01 12:35:00', '2022-02-01 13:44:00', '', 0, 317, 62423, NULL, 69, 0, NULL, 126, 1, 'toSign', NULL, NULL, NULL, 1, 1, 923),
(139, 121, '2022-03-24 10:04:00', '2022-03-24 10:37:00', '', 0, 326, 63443, NULL, 33, 0, NULL, 127, 1, 'validated', NULL, '2022-03-24 09:40:50', NULL, 2, 8, 923),
(140, 123, '2022-03-24 10:37:00', '2022-03-24 10:51:00', '', 0, 326, 63443, NULL, 14, 0, NULL, 129, 1, 'validated', NULL, '2022-03-24 09:53:40', NULL, 1, 1, 923),
(141, 123, '2022-03-24 10:37:00', '2022-03-24 10:54:00', '', 0, 326, 63444, NULL, 17, 0, NULL, 131, 0, 'validated', NULL, '2022-03-24 09:54:46', NULL, 1, 1, 923),
(142, 123, '2022-03-24 10:37:00', '2022-03-24 11:05:00', '', 0, 327, 63449, NULL, 28, 0, NULL, 133, 0, 'validated', NULL, '2022-03-24 10:06:53', NULL, 8, 8, 923),
(143, 123, '2022-03-24 10:37:00', '2022-03-24 11:12:00', '', 0, 327, 63450, NULL, 35, 0, NULL, 135, 0, 'validated', NULL, '2022-03-24 10:13:36', NULL, 4, 5, 923),
(144, 123, '2022-03-24 16:58:00', '2022-03-24 17:11:00', '', 0, 327, NULL, NULL, 13, 0, 11, 137, 0, 'validated', NULL, '2022-03-24 16:14:31', NULL, 6, 6, 923),
(145, 123, '2022-03-24 16:58:00', '2022-03-24 17:20:00', '', 0, 327, NULL, NULL, 22, 0, 12, 139, 1, 'validated', NULL, '2022-03-24 16:20:44', NULL, 6, 6, 923),
(146, 121, '2022-03-25 09:48:00', '2022-03-25 10:18:00', '', 0, 329, 63532, NULL, 30, 0, NULL, 141, 0, 'validated', NULL, '2022-03-25 09:19:07', NULL, 2, 2, 923),
(147, 121, '2022-03-25 09:48:00', '2022-03-25 10:20:00', '', 0, 329, NULL, NULL, 32, 0, 17, 143, 0, 'validated', NULL, '2022-03-25 09:26:36', NULL, 2, 2, 923),
(148, 121, '2022-03-25 10:26:00', '2022-03-25 10:28:00', '', 0, 329, NULL, NULL, 2, 0, 18, 145, 0, 'validated', NULL, '2022-03-25 09:28:34', NULL, 2, 2, 923),
(149, 121, '2022-03-25 10:51:00', '2022-03-25 11:05:00', '', 0, 330, 63546, 397, 14, 0, NULL, 147, 0, 'validated', NULL, '2022-03-25 10:28:37', NULL, 1, 1, 923),
(150, 121, '2022-03-25 11:27:00', '2022-03-25 11:31:00', '', 0, 330, 63547, NULL, 4, 0, NULL, 149, 0, 'validated', NULL, '2022-03-25 10:32:29', NULL, 1, 1, 923),
(151, 121, '2022-03-25 11:31:00', '2022-03-25 11:41:00', '', 0, 332, 63558, NULL, 10, 0, NULL, 151, 1, 'validated', NULL, '2022-03-25 10:42:23', NULL, 2, 2, 923),
(154, 121, '2022-03-25 10:31:40', '2022-03-25 11:31:40', '', 1, 331, 63552, NULL, 0, 0, NULL, 155, 1, 'validated', NULL, '2022-03-25 11:05:07', NULL, NULL, NULL, NULL),
(158, 121, '2022-03-28 10:35:00', '2022-03-28 11:01:00', '', 0, 338, 63637, 418, 26, 0, NULL, 158, 1, 'validated', NULL, '2022-03-28 09:02:16', NULL, 2, 1, 923),
(163, 121, '2022-03-28 14:28:00', '2022-03-28 14:53:00', '', 0, 343, 63716, 393, 25, 0, NULL, 160, 1, 'validated', NULL, '2022-03-28 12:53:47', NULL, 2, 2, 923),
(164, 121, '2022-03-28 14:28:00', '2022-03-28 15:28:00', '', 1, 331, 63552, NULL, 0, 0, NULL, 162, 1, 'validated', NULL, '2022-03-28 12:54:40', NULL, NULL, NULL, NULL),
(165, 121, '2022-03-28 14:28:00', '2022-03-28 16:28:00', '', 1, 331, 63552, NULL, 0, 0, NULL, 164, 1, 'validated', NULL, '2022-03-28 12:56:39', NULL, NULL, NULL, NULL),
(166, 121, '2022-03-28 14:56:00', '2022-03-28 16:56:00', '', 1, 334, 63572, NULL, 0, 0, NULL, 166, 1, 'validated', NULL, '2022-03-28 12:59:35', NULL, NULL, NULL, NULL),
(167, 121, '2022-03-28 14:56:00', '2022-03-28 17:56:00', '', 1, 334, 63573, NULL, 0, 0, NULL, 168, 1, 'Edited', NULL, NULL, 168, NULL, NULL, NULL),
(168, 121, '2022-03-28 14:56:00', '2022-03-28 17:56:00', '', 1, 334, 63573, NULL, 0, 0, NULL, NULL, 1, 'Edited', NULL, NULL, 169, NULL, NULL, NULL),
(169, 121, '2022-03-28 14:56:00', '2022-03-28 17:56:00', '', 1, 334, 63573, NULL, 0, 0, NULL, NULL, 1, 'validated', NULL, '2022-03-28 13:13:40', NULL, NULL, NULL, NULL),
(170, 121, '2022-03-28 14:04:00', '2022-03-28 15:24:00', '', 0, 327, NULL, NULL, 80, 0, 24, 170, 1, 'validated', NULL, '2022-03-28 13:26:31', NULL, 2, 2, 923),
(172, 121, '2022-03-28 14:04:00', '2022-03-28 15:27:00', '', 0, 327, NULL, NULL, 83, 0, 26, 172, 1, 'validated', NULL, '2022-03-28 13:28:39', NULL, 1, 1, 923),
(173, 121, '2022-03-28 15:35:00', '2022-03-28 15:36:00', '', 0, 345, 63774, 397, 1, 0, NULL, 174, 0, 'validated', NULL, '2022-03-28 13:37:19', NULL, 2, 2, 923),
(174, 121, '2022-03-28 15:35:00', '2022-03-28 15:38:00', '', 0, 345, 63775, 397, 3, 0, NULL, 176, 0, 'validated', NULL, '2022-03-28 13:38:49', NULL, 1, 2, 923),
(175, 123, '2022-03-28 15:53:00', '2022-03-28 15:56:00', '', 0, 346, 63783, 392, 3, 0, NULL, 178, 1, 'validated', NULL, '2022-03-28 13:58:07', NULL, 1, 1, 923),
(177, 123, '2022-03-28 15:53:00', '2022-03-28 16:12:00', '', 0, 346, 63784, 392, 19, 0, NULL, 180, 0, 'validated', NULL, '2022-03-28 14:13:14', NULL, 2, 2, 923),
(178, 123, '2022-03-28 18:26:00', '2022-03-28 18:43:00', '', 0, 350, 63812, NULL, 17, 0, NULL, 182, 0, 'validated', NULL, '2022-03-28 16:46:03', NULL, 2, 2, 923),
(179, 123, '2022-03-28 18:26:00', '2022-03-28 18:49:00', 'SSSSSSSSCCVVG', 0, 350, 63813, NULL, 23, 0, NULL, 184, 0, 'validated', NULL, '2022-03-28 16:56:44', NULL, 2, 2, 923),
(181, 123, '2022-03-28 18:26:00', '2022-03-28 19:07:00', 'AAAAAAAZZEEEERRRTTYYYY', 0, 350, 63814, NULL, 41, 0, NULL, 186, 0, 'validated', NULL, '2022-03-28 17:09:50', NULL, 3, 3, 923),
(182, 123, '2022-03-28 18:26:00', '2022-03-28 19:19:00', 'TTTTTTTT', 0, 350, 63815, NULL, 53, 0, NULL, 188, 0, 'validated', NULL, '2022-03-28 17:20:27', NULL, 5, 6, 923),
(183, 123, '2022-03-28 18:26:00', '2022-03-28 19:32:00', '', 0, 350, 63816, NULL, 66, 0, NULL, 190, 0, 'validated', NULL, '2022-03-28 17:33:41', NULL, 1, 1, 923),
(184, 123, '2022-03-28 18:26:00', '2022-03-28 19:37:00', '', 0, 350, NULL, NULL, 71, 0, 28, 192, 0, 'validated', NULL, '2022-03-28 17:38:45', NULL, 1, 1, 923),
(185, 121, '2022-03-29 09:13:00', '2022-03-29 09:14:00', '', 0, 351, 63820, 420, 1, 0, NULL, 194, 0, 'validated', NULL, '2022-03-29 07:15:23', NULL, 1, 2, 923),
(186, 121, '2022-03-29 09:13:00', '2022-03-29 09:28:00', '', 0, 351, 63821, 419, 15, 0, NULL, 196, 1, 'validated', NULL, '2022-03-29 07:30:17', NULL, 1, 1, 923),
(188, 125, '2022-03-29 13:33:00', NULL, '', 0, 351, 63820, NULL, 0, 0, NULL, NULL, 0, 'toClose', NULL, NULL, NULL, NULL, NULL, 923);

-- --------------------------------------------------------

--
-- Structure de la table `session_exercise`
--

CREATE TABLE `session_exercise` (
  `id` int NOT NULL
) ENGINE=InnoDB DEFAULT CHARSET=utf8mb4 COLLATE=utf8mb4_unicode_ci;

-- --------------------------------------------------------

--
-- Structure de la table `session_item`
--

CREATE TABLE `session_item` (
  `id` int NOT NULL,
  `formation_item_id` int NOT NULL,
  `rate_id` int DEFAULT NULL,
  `comment` varchar(255) CHARACTER SET utf8mb4 COLLATE utf8mb4_unicode_ci DEFAULT NULL,
  `session_id` int DEFAULT NULL,
  `student_rate_id` int DEFAULT NULL,
  `additional_for_session_id` int DEFAULT NULL,
  `is_fail` tinyint(1) DEFAULT NULL
) ENGINE=InnoDB DEFAULT CHARSET=utf8mb4 COLLATE=utf8mb4_unicode_ci;

--
-- Déchargement des données de la table `session_item`
--

INSERT INTO `session_item` (`id`, `formation_item_id`, `rate_id`, `comment`, `session_id`, `student_rate_id`, `additional_for_session_id`, `is_fail`) VALUES
(468, 62270, 342, NULL, 118, NULL, NULL, NULL),
(469, 62271, 342, NULL, 118, NULL, NULL, NULL),
(472, 62307, 397, NULL, 119, NULL, NULL, NULL),
(473, 62308, 397, NULL, 119, NULL, NULL, NULL),
(476, 62272, 341, NULL, 120, NULL, NULL, NULL),
(477, 62273, 341, NULL, 120, NULL, NULL, NULL),
(480, 22979, 217, NULL, 121, 215, NULL, NULL),
(481, 22980, 217, NULL, 121, 215, NULL, NULL),
(484, 62319, 398, NULL, 122, NULL, NULL, NULL),
(485, 62320, 396, NULL, 122, NULL, NULL, NULL),
(489, 62321, 397, NULL, 123, NULL, NULL, NULL),
(490, 62322, 397, NULL, 123, NULL, NULL, NULL),
(491, 62319, 397, NULL, NULL, NULL, 123, NULL),
(494, 62346, 396, NULL, 124, NULL, NULL, NULL),
(495, 62347, 397, NULL, 124, NULL, NULL, NULL),
(500, 62348, 396, NULL, 125, NULL, NULL, NULL),
(501, 62349, 396, NULL, 125, NULL, NULL, NULL),
(502, 62346, 396, NULL, NULL, NULL, 125, NULL),
(503, 62347, 398, NULL, NULL, NULL, 125, NULL),
(506, 62388, 396, NULL, 127, NULL, NULL, NULL),
(507, 62389, 395, NULL, 127, NULL, NULL, NULL),
(510, 62390, 395, NULL, 128, NULL, NULL, NULL),
(511, 62391, 396, NULL, 128, NULL, NULL, NULL),
(514, 62394, 396, NULL, 129, NULL, NULL, NULL),
(515, 62395, 396, NULL, 129, NULL, NULL, NULL),
(518, 62396, 396, NULL, 130, NULL, NULL, NULL),
(519, 62397, 396, NULL, 130, NULL, NULL, NULL),
(522, 62412, 396, NULL, 131, NULL, NULL, NULL),
(523, 62413, 396, NULL, 131, NULL, NULL, NULL),
(526, 62414, 397, NULL, 132, NULL, NULL, NULL),
(527, 62415, 397, NULL, 132, NULL, NULL, NULL),
(530, 62412, 397, NULL, 133, NULL, NULL, NULL),
(531, 62413, 397, NULL, 133, NULL, NULL, NULL),
(534, 62307, 397, NULL, 134, NULL, NULL, NULL),
(535, 62308, 397, NULL, 134, NULL, NULL, NULL),
(538, 62414, 396, NULL, 135, NULL, NULL, NULL),
(539, 62412, 396, NULL, 135, NULL, NULL, NULL),
(544, 62418, 398, NULL, 137, NULL, NULL, NULL),
(545, 62419, 397, NULL, 137, NULL, NULL, NULL),
(550, 62420, 396, NULL, 138, NULL, NULL, NULL),
(551, 62421, 396, NULL, 138, NULL, NULL, NULL),
(552, 62419, 396, NULL, NULL, NULL, 138, NULL),
(553, 62418, 396, NULL, NULL, NULL, 138, NULL),
(556, 63439, 396, NULL, 139, NULL, NULL, NULL),
(557, 63440, 396, NULL, 139, NULL, NULL, NULL),
(560, 63439, 396, NULL, 140, NULL, NULL, NULL),
(561, 63440, 396, NULL, 140, NULL, NULL, NULL),
(564, 63441, 397, NULL, 141, NULL, NULL, NULL),
(565, 63442, 396, NULL, 141, NULL, NULL, NULL),
(568, 63445, 397, NULL, 142, NULL, NULL, NULL),
(569, 63446, 397, NULL, 142, NULL, NULL, NULL),
(573, 63447, 397, NULL, 143, NULL, NULL, NULL),
(574, 63448, 397, NULL, 143, NULL, NULL, NULL),
(575, 63445, 397, NULL, NULL, NULL, 143, NULL),
(577, 63445, 398, NULL, 144, NULL, NULL, NULL),
(581, 63445, 396, NULL, 145, NULL, NULL, NULL),
(582, 63448, 395, NULL, 145, NULL, NULL, NULL),
(583, 63447, 396, NULL, 145, NULL, NULL, NULL),
(586, 63528, 397, NULL, 146, NULL, NULL, NULL),
(587, 63529, 398, NULL, 146, NULL, NULL, NULL),
(590, 63529, 398, NULL, 147, NULL, NULL, NULL),
(591, 63528, 398, NULL, 147, NULL, NULL, NULL),
(594, 63528, 398, NULL, 148, NULL, NULL, NULL),
(595, 63529, 398, NULL, 148, NULL, NULL, NULL),
(598, 63542, 397, NULL, 149, NULL, NULL, NULL),
(599, 63543, 397, NULL, 149, NULL, NULL, NULL),
(602, 63544, 397, NULL, 150, NULL, NULL, NULL),
(603, 63545, 397, NULL, 150, NULL, NULL, NULL),
(606, 63554, 396, NULL, 151, NULL, NULL, NULL),
(607, 63555, 396, NULL, 151, NULL, NULL, NULL),
(620, 63548, NULL, '', 154, NULL, NULL, NULL),
(621, 63549, NULL, '', 154, NULL, NULL, NULL),
(622, 63548, NULL, NULL, 154, NULL, NULL, NULL),
(623, 63549, NULL, NULL, 154, NULL, NULL, NULL),
(635, 63714, 393, NULL, 163, NULL, NULL, NULL),
(636, 63548, 386, '', 164, NULL, NULL, NULL),
(637, 63549, 386, '', 164, NULL, NULL, NULL),
(638, 63548, NULL, NULL, 164, NULL, NULL, NULL),
(639, 63549, NULL, NULL, 164, NULL, NULL, NULL),
(640, 63548, NULL, '', 165, NULL, NULL, NULL),
(641, 63549, NULL, '', 165, NULL, NULL, NULL),
(642, 63548, NULL, NULL, 165, NULL, NULL, NULL),
(643, 63549, NULL, NULL, 165, NULL, NULL, NULL),
(644, 63568, NULL, '', 166, NULL, NULL, NULL),
(645, 63569, NULL, '', 166, NULL, NULL, NULL),
(646, 63568, NULL, NULL, 166, NULL, NULL, NULL),
(647, 63569, NULL, NULL, 166, NULL, NULL, NULL),
(648, 63570, NULL, '', 167, NULL, NULL, NULL),
(649, 63571, NULL, '', 167, NULL, NULL, NULL),
(650, 63570, NULL, NULL, 167, NULL, NULL, NULL),
(651, 63571, NULL, NULL, 167, NULL, NULL, NULL),
(652, 63570, NULL, '', 168, NULL, NULL, NULL),
(653, 63571, NULL, '', 168, NULL, NULL, NULL),
(654, 63570, NULL, NULL, 168, NULL, NULL, NULL),
(655, 63571, NULL, NULL, 168, NULL, NULL, NULL),
(656, 63570, NULL, '', 169, NULL, NULL, NULL),
(657, 63571, NULL, '', 169, NULL, NULL, NULL),
(658, 63570, NULL, NULL, 169, NULL, NULL, NULL),
(659, 63571, NULL, NULL, 169, NULL, NULL, NULL),
(662, 63445, 396, NULL, 170, NULL, NULL, NULL),
(663, 63446, 396, NULL, 170, NULL, NULL, NULL),
(668, 63447, 396, NULL, 172, NULL, NULL, NULL),
(669, 63448, 396, NULL, 172, NULL, NULL, NULL),
(672, 63776, 392, NULL, 173, NULL, NULL, NULL),
(673, 63777, 392, NULL, 173, NULL, NULL, NULL),
(678, 63778, 392, NULL, 174, NULL, NULL, NULL),
(679, 63779, 392, NULL, 174, NULL, NULL, NULL),
(680, 63777, 393, NULL, NULL, NULL, 174, NULL),
(681, 63776, 393, NULL, NULL, NULL, 174, NULL),
(683, 63780, 391, NULL, 175, NULL, NULL, NULL),
(687, 63781, 392, NULL, 177, NULL, NULL, NULL),
(688, 63780, 393, NULL, NULL, NULL, 177, NULL),
(691, 63804, 391, NULL, 178, NULL, NULL, NULL),
(692, 63805, 391, NULL, 178, NULL, NULL, NULL),
(698, 63806, 392, NULL, 179, NULL, NULL, NULL),
(699, 63807, 393, NULL, 179, NULL, NULL, NULL),
(700, 63808, 392, NULL, 179, NULL, NULL, NULL),
(701, 63805, 391, NULL, NULL, NULL, 179, NULL),
(702, 63804, 391, NULL, NULL, NULL, 179, NULL),
(710, 63809, 392, NULL, 181, NULL, NULL, NULL),
(711, 63807, 391, NULL, NULL, NULL, 181, NULL),
(712, 63804, 391, NULL, NULL, NULL, 181, NULL),
(713, 63805, 391, NULL, NULL, NULL, 181, NULL),
(714, 63808, 391, NULL, NULL, NULL, 181, NULL),
(715, 63806, 391, NULL, NULL, NULL, 181, NULL),
(722, 63810, 392, NULL, 182, NULL, NULL, NULL),
(723, 63811, 392, NULL, 182, NULL, NULL, NULL),
(724, 63817, 394, NULL, 182, NULL, NULL, NULL),
(725, 63807, 392, NULL, NULL, NULL, 182, NULL),
(726, 63804, 391, NULL, NULL, NULL, 182, NULL),
(727, 63805, 392, NULL, NULL, NULL, 182, NULL),
(732, 63818, 391, NULL, 183, NULL, NULL, NULL),
(733, 63819, 391, NULL, 183, NULL, NULL, NULL),
(734, 63807, 392, NULL, NULL, NULL, 183, NULL),
(735, 63817, 393, NULL, NULL, NULL, 183, NULL),
(747, 63804, 393, NULL, 184, NULL, NULL, NULL),
(748, 63805, 393, NULL, 184, NULL, NULL, NULL),
(749, 63806, 393, NULL, 184, NULL, NULL, NULL),
(750, 63807, 394, NULL, 184, NULL, NULL, NULL),
(751, 63808, 394, NULL, 184, NULL, NULL, NULL),
(752, 63809, 394, NULL, 184, NULL, NULL, NULL),
(753, 63810, 392, NULL, 184, NULL, NULL, NULL),
(754, 63811, 392, NULL, 184, NULL, NULL, NULL),
(755, 63817, 392, NULL, 184, NULL, NULL, NULL),
(756, 63818, 391, NULL, 184, NULL, NULL, NULL),
(757, 63819, 391, NULL, 184, NULL, NULL, NULL),
(760, 63822, 420, NULL, 185, NULL, NULL, NULL),
(761, 63823, 417, NULL, 185, NULL, NULL, NULL),
(765, 63824, 417, NULL, 186, NULL, NULL, NULL),
(766, 63825, 419, NULL, 186, NULL, NULL, NULL),
(767, 63822, 420, NULL, NULL, NULL, 186, NULL),
(770, 63822, NULL, NULL, 188, NULL, NULL, NULL),
(771, 63823, NULL, NULL, 188, NULL, NULL, NULL);

-- --------------------------------------------------------

--
-- Structure de la table `session_skill`
--

CREATE TABLE `session_skill` (
  `id` int NOT NULL,
  `note_id` int DEFAULT NULL,
  `skill_id` int NOT NULL,
  `session_id` int NOT NULL
) ENGINE=InnoDB DEFAULT CHARSET=utf8mb4 COLLATE=utf8mb4_unicode_ci;

--
-- Déchargement des données de la table `session_skill`
--

INSERT INTO `session_skill` (`id`, `note_id`, `skill_id`, `session_id`) VALUES
(109, 264, 37, 121),
(110, 250, 38, 121),
(112, 418, 49, 158);

-- --------------------------------------------------------

--
-- Structure de la table `signature`
--

CREATE TABLE `signature` (
  `id` int NOT NULL,
  `ato_user_id` int NOT NULL,
  `date` datetime NOT NULL
) ENGINE=InnoDB DEFAULT CHARSET=utf8mb4 COLLATE=utf8mb4_unicode_ci;

--
-- Déchargement des données de la table `signature`
--

INSERT INTO `signature` (`id`, `ato_user_id`, `date`) VALUES
(1, 50, '2021-06-03 12:16:09'),
(3, 77, '2022-01-08 15:54:59'),
(4, 100, '2022-01-08 16:01:24'),
(5, 77, '2022-01-13 09:45:43'),
(6, 50, '2022-01-16 10:53:04'),
(7, 50, '2022-01-17 00:38:16'),
(8, 77, '2022-01-17 08:52:37'),
(9, 77, '2022-01-17 08:55:27'),
(10, 56, '2022-01-17 13:39:59'),
(11, 56, '2022-01-17 13:43:43'),
(12, 50, '2022-01-17 13:48:24'),
(13, 77, '2022-01-18 13:48:20'),
(14, 76, '2022-01-18 14:02:23'),
(15, 76, '2022-01-18 14:04:10'),
(16, 77, '2022-01-18 14:12:32'),
(17, 76, '2022-01-18 14:13:43'),
(18, 77, '2022-01-18 14:42:56'),
(19, 76, '2022-01-18 14:50:18'),
(20, 77, '2022-01-18 15:03:49'),
(21, 76, '2022-01-18 15:26:26'),
(22, 77, '2022-01-18 15:27:54'),
(23, 76, '2022-01-18 15:28:12'),
(24, 77, '2022-01-18 16:23:59'),
(25, 76, '2022-01-18 16:26:43'),
(26, 77, '2022-01-18 16:39:01'),
(27, 76, '2022-01-18 16:39:29'),
(28, 77, '2022-01-21 19:06:27'),
(29, 77, '2022-01-21 19:07:02'),
(30, 77, '2022-01-21 19:15:48'),
(31, 100, '2022-01-21 19:19:02'),
(32, 77, '2022-01-22 08:36:01'),
(33, 77, '2022-01-22 08:36:28'),
(34, 100, '2022-01-22 08:43:41'),
(35, 77, '2022-01-22 08:49:47'),
(36, 77, '2022-01-22 08:59:04'),
(37, 100, '2022-01-22 08:59:38'),
(38, 100, '2022-01-22 09:00:14'),
(39, 77, '2022-01-22 13:56:14'),
(40, 77, '2022-01-31 15:17:05'),
(41, 76, '2022-01-31 15:26:50'),
(42, 76, '2022-01-31 15:27:01'),
(43, 76, '2022-01-31 15:27:12'),
(44, 50, '2022-02-02 05:23:29'),
(45, 77, '2022-02-02 09:41:21'),
(46, 77, '2022-02-02 10:03:44'),
(47, 77, '2022-02-04 12:11:46'),
(48, 76, '2022-02-04 18:27:59'),
(49, 76, '2022-02-04 18:28:28'),
(50, 77, '2022-02-08 10:26:03'),
(51, 77, '2022-02-08 10:38:51'),
(52, 76, '2022-02-08 10:42:06'),
(53, 77, '2022-02-08 11:12:17'),
(54, 76, '2022-02-24 10:19:04'),
(55, 76, '2022-02-24 10:21:43'),
(56, 77, '2022-02-25 14:04:10'),
(57, 77, '2022-02-25 14:08:25'),
(58, 100, '2022-02-25 14:09:07'),
(59, 77, '2022-02-25 14:10:08'),
(60, 77, '2022-02-25 14:11:01'),
(61, 100, '2022-02-25 14:14:47'),
(62, 100, '2022-02-25 14:23:28'),
(63, 77, '2022-02-25 14:24:41'),
(64, 100, '2022-02-25 14:25:41'),
(65, 77, '2022-02-25 14:31:58'),
(66, 100, '2022-02-25 14:32:36'),
(67, 77, '2022-02-25 16:37:23'),
(68, 100, '2022-02-25 16:38:00'),
(69, 77, '2022-02-25 16:40:07'),
(70, 100, '2022-02-25 16:40:52'),
(71, 77, '2022-02-25 16:47:50'),
(72, 100, '2022-02-25 16:48:03'),
(73, 77, '2022-02-25 16:58:14'),
(74, 77, '2022-03-01 17:09:46'),
(75, 100, '2022-03-01 17:19:37'),
(76, 77, '2022-03-04 11:06:04'),
(77, 76, '2022-03-04 11:07:05'),
(78, 100, '2022-03-04 14:07:18'),
(79, 77, '2022-03-04 14:09:33'),
(80, 77, '2022-03-11 09:55:01'),
(81, 101, '2022-03-11 09:59:09'),
(82, 77, '2022-03-11 10:14:50'),
(83, 101, '2022-03-11 10:15:06'),
(84, 77, '2022-03-11 10:20:36'),
(85, 101, '2022-03-11 10:20:50'),
(86, 77, '2022-03-11 10:21:49'),
(87, 101, '2022-03-11 10:22:10'),
(88, 77, '2022-03-11 10:24:31'),
(89, 101, '2022-03-11 10:24:41'),
(90, 121, '2022-03-21 13:14:55'),
(91, 123, '2022-03-21 13:21:43'),
(92, 121, '2022-03-21 13:56:39'),
(93, 123, '2022-03-21 13:56:56'),
(94, 125, '2022-03-21 13:57:13'),
(95, 50, '2022-03-21 14:00:18'),
(96, 56, '2022-03-21 14:00:19'),
(97, 122, '2022-03-21 14:12:55'),
(98, 121, '2022-03-21 14:13:42'),
(99, 122, '2022-03-21 14:16:38'),
(100, 121, '2022-03-21 14:17:23'),
(101, 122, '2022-03-21 14:17:24'),
(102, 121, '2022-03-22 09:54:03'),
(103, 122, '2022-03-22 09:54:50'),
(104, 121, '2022-03-22 09:56:38'),
(105, 122, '2022-03-22 09:56:58'),
(106, 121, '2022-03-23 09:24:42'),
(107, 123, '2022-03-23 09:25:20'),
(108, 121, '2022-03-23 09:30:29'),
(109, 123, '2022-03-23 09:30:46'),
(110, 121, '2022-03-23 09:43:59'),
(111, 123, '2022-03-23 09:44:10'),
(112, 121, '2022-03-23 09:46:05'),
(113, 123, '2022-03-23 09:46:22'),
(114, 121, '2022-03-23 09:55:01'),
(115, 123, '2022-03-23 09:55:14'),
(116, 121, '2022-03-23 09:58:29'),
(117, 123, '2022-03-23 10:08:29'),
(118, 121, '2022-03-23 10:11:02'),
(119, 121, '2022-03-23 10:14:37'),
(120, 123, '2022-03-23 10:15:35'),
(121, 123, '2022-03-23 10:33:16'),
(122, 121, '2022-03-23 10:37:18'),
(123, 123, '2022-03-23 10:38:52'),
(124, 121, '2022-03-23 10:43:56'),
(125, 123, '2022-03-23 10:44:07'),
(126, 121, '2022-03-23 10:45:15'),
(127, 121, '2022-03-24 09:38:01'),
(128, 123, '2022-03-24 09:40:50'),
(129, 123, '2022-03-24 09:51:38'),
(130, 122, '2022-03-24 09:53:40'),
(131, 123, '2022-03-24 09:54:20'),
(132, 122, '2022-03-24 09:54:46'),
(133, 123, '2022-03-24 10:06:00'),
(134, 122, '2022-03-24 10:06:53'),
(135, 123, '2022-03-24 10:12:39'),
(136, 122, '2022-03-24 10:13:36'),
(137, 123, '2022-03-24 16:14:04'),
(138, 122, '2022-03-24 16:14:31'),
(139, 123, '2022-03-24 16:20:31'),
(140, 122, '2022-03-24 16:20:44'),
(141, 121, '2022-03-25 09:18:39'),
(142, 123, '2022-03-25 09:19:07'),
(143, 121, '2022-03-25 09:20:38'),
(144, 123, '2022-03-25 09:26:36'),
(145, 121, '2022-03-25 09:28:16'),
(146, 123, '2022-03-25 09:28:34'),
(147, 121, '2022-03-25 10:06:36'),
(148, 123, '2022-03-25 10:28:37'),
(149, 121, '2022-03-25 10:31:57'),
(150, 123, '2022-03-25 10:32:29'),
(151, 121, '2022-03-25 10:42:05'),
(152, 123, '2022-03-25 10:42:23'),
(155, 121, '2022-03-25 11:04:31'),
(156, 123, '2022-03-25 11:05:07'),
(158, 121, '2022-03-28 09:02:00'),
(159, 122, '2022-03-28 09:02:16'),
(160, 121, '2022-03-28 12:53:34'),
(161, 123, '2022-03-28 12:53:47'),
(162, 121, '2022-03-28 12:54:12'),
(163, 122, '2022-03-28 12:54:40'),
(164, 121, '2022-03-28 12:56:17'),
(165, 123, '2022-03-28 12:56:39'),
(166, 121, '2022-03-28 12:59:10'),
(167, 123, '2022-03-28 12:59:35'),
(168, 121, '2022-03-28 13:00:26'),
(169, 123, '2022-03-28 13:13:40'),
(170, 121, '2022-03-28 13:24:27'),
(171, 122, '2022-03-28 13:26:31'),
(172, 121, '2022-03-28 13:28:11'),
(173, 122, '2022-03-28 13:28:39'),
(174, 121, '2022-03-28 13:37:06'),
(175, 123, '2022-03-28 13:37:19'),
(176, 121, '2022-03-28 13:38:31'),
(177, 123, '2022-03-28 13:38:49'),
(178, 123, '2022-03-28 13:57:08'),
(179, 122, '2022-03-28 13:58:07'),
(180, 123, '2022-03-28 14:13:01'),
(181, 122, '2022-03-28 14:13:14'),
(182, 123, '2022-03-28 16:43:51'),
(183, 122, '2022-03-28 16:46:03'),
(184, 123, '2022-03-28 16:50:04'),
(185, 122, '2022-03-28 16:56:44'),
(186, 123, '2022-03-28 17:09:20'),
(187, 122, '2022-03-28 17:09:50'),
(188, 123, '2022-03-28 17:19:53'),
(189, 122, '2022-03-28 17:20:27'),
(190, 123, '2022-03-28 17:33:20'),
(191, 122, '2022-03-28 17:33:41'),
(192, 123, '2022-03-28 17:38:27'),
(193, 122, '2022-03-28 17:38:45'),
(194, 121, '2022-03-29 07:15:09'),
(195, 123, '2022-03-29 07:15:23'),
(196, 121, '2022-03-29 07:30:02'),
(197, 123, '2022-03-29 07:30:17');

-- --------------------------------------------------------

--
-- Structure de la table `skills`
--

CREATE TABLE `skills` (
  `id` int NOT NULL,
  `ato_id` int NOT NULL,
  `name` varchar(255) CHARACTER SET utf8mb4 COLLATE utf8mb4_unicode_ci NOT NULL,
  `rating_system_id` int DEFAULT NULL,
  `is_technical` tinyint(1) NOT NULL
) ENGINE=InnoDB DEFAULT CHARSET=utf8mb4 COLLATE=utf8mb4_unicode_ci;

--
-- Déchargement des données de la table `skills`
--

INSERT INTO `skills` (`id`, `ato_id`, `name`, `rating_system_id`, `is_technical`) VALUES
(32, 603, 'PIL', 57, 1),
(33, 603, 'COM', NULL, 1),
(34, 603, 'CFIT', NULL, 0),
(35, 603, 'Conscience de la situation', NULL, 1),
(36, 603, 'CNT (TP/JPO)', 58, 0),
(37, 603, 'CT (TP/JPO)', 58, 1),
(38, 603, 'CNT ANPI', 66, 0),
(39, 603, 'eghjklm', 57, 1),
(40, 603, 'Simaero', 58, 1),
(41, 603, 'SimaeroCNT', 58, 0),
(42, 603, 'Compétence CT sans notation', NULL, 1),
(43, 603, 'Compétence CNT sans notation', NULL, 0),
(44, 626, 'CNT', 77, 0),
(46, 626, 'dd', NULL, 1),
(47, 626, 'Nom de la compétence', NULL, 1),
(48, 626, 'CT smileys', 85, 1),
(49, 626, 'CNT smileys', 85, 0);

-- --------------------------------------------------------

--
-- Structure de la table `skills_detail`
--

CREATE TABLE `skills_detail` (
  `id` int NOT NULL,
  `skills_id` int NOT NULL,
  `name` varchar(255) CHARACTER SET utf8mb4 COLLATE utf8mb4_unicode_ci NOT NULL
) ENGINE=InnoDB DEFAULT CHARSET=utf8mb4 COLLATE=utf8mb4_unicode_ci;

--
-- Déchargement des données de la table `skills_detail`
--

INSERT INTO `skills_detail` (`id`, `skills_id`, `name`) VALUES
(21, 37, 'PIL'),
(22, 37, 'TRA'),
(23, 37, 'CON'),
(24, 37, 'COM'),
(25, 37, 'PRO'),
(31, 36, 'TM'),
(32, 36, 'AM'),
(33, 36, 'RM ADM'),
(34, 36, 'SA'),
(35, 36, 'CFIT'),
(41, 38, 'TM'),
(42, 38, 'AM'),
(43, 38, 'RM ADM'),
(44, 38, 'SA'),
(45, 38, 'CFIT'),
(52, 39, 'sdfghj,;:'),
(53, 39, 'dfgb'),
(54, 39, 'jhgfds'),
(55, 40, 'Automatic Flight'),
(56, 40, 'Manual Flight'),
(57, 40, 'Lateral and Vertical path'),
(58, 40, 'Procedure SOP'),
(59, 40, 'Knowledge'),
(60, 40, 'Radio Phraseology'),
(61, 40, 'Task Sharing'),
(70, 41, 'Communication'),
(71, 41, 'Crew Resource Management'),
(72, 41, 'Decision making'),
(73, 41, 'Environment management'),
(74, 41, 'Leadership'),
(75, 41, 'Priority management'),
(76, 41, 'Situation Awareness'),
(77, 41, 'Session Final Grading'),
(81, 44, 'Conscience de soi'),
(82, 44, 'CFIT'),
(83, 44, 'Prise de décision'),
(96, 46, 'd'),
(97, 46, 's'),
(98, 46, 'q'),
(99, 46, 'a'),
(103, 48, 'PIL'),
(104, 48, 'PRO'),
(105, 48, 'COM'),
(106, 48, 'TRA'),
(107, 49, 'AM'),
(108, 49, 'TM'),
(109, 49, 'RM'),
(110, 49, 'CS');

-- --------------------------------------------------------

--
-- Structure de la table `student_formation`
--

CREATE TABLE `student_formation` (
  `id` int NOT NULL,
  `formation_id` int NOT NULL,
  `student_id` int NOT NULL,
  `status` varchar(255) CHARACTER SET utf8mb4 COLLATE utf8mb4_unicode_ci NOT NULL,
  `registered_on` datetime NOT NULL
) ENGINE=InnoDB DEFAULT CHARSET=utf8mb4 COLLATE=utf8mb4_unicode_ci;

--
-- Déchargement des données de la table `student_formation`
--

INSERT INTO `student_formation` (`id`, `formation_id`, `student_id`, `status`, `registered_on`) VALUES
(1, 207, 56, 'inProgress', '2022-03-15 12:27:16'),
(5, 251, 56, 'inProgress', '2022-03-15 12:27:16'),
(6, 207, 57, 'inProgress', '2022-03-15 12:27:16'),
(7, 207, 58, 'inProgress', '2022-03-15 12:27:16'),
(8, 207, 59, 'inProgress', '2022-03-15 12:27:16'),
(9, 207, 60, 'inProgress', '2022-03-15 12:27:16'),
(10, 207, 56, 'inProgress', '2022-03-15 12:27:16'),
(11, 207, 58, 'inProgress', '2022-03-15 12:27:16'),
(12, 251, 58, 'inProgress', '2022-03-15 12:27:16'),
(22, 255, 56, 'inProgress', '2022-03-15 12:27:16'),
(23, 255, 58, 'inProgress', '2022-03-15 12:27:16'),
(24, 255, 61, 'inProgress', '2022-03-15 12:27:16'),
(25, 255, 60, 'inProgress', '2022-03-15 12:27:16'),
(26, 255, 64, 'inProgress', '2022-03-15 12:27:16'),
(27, 255, 65, 'inProgress', '2022-03-15 12:27:16'),
(28, 255, 62, 'inProgress', '2022-03-15 12:27:16'),
(39, 256, 56, 'inProgress', '2022-03-15 12:27:16'),
(41, 256, 58, 'inProgress', '2022-03-15 12:27:16'),
(42, 256, 59, 'inProgress', '2022-03-15 12:27:16'),
(46, 256, 56, 'inProgress', '2022-03-15 12:27:16'),
(47, 256, 57, 'inProgress', '2022-03-15 12:27:16'),
(48, 256, 58, 'inProgress', '2022-03-15 12:27:16'),
(49, 256, 59, 'inProgress', '2022-03-15 12:27:16'),
(50, 256, 60, 'inProgress', '2022-03-15 12:27:16'),
(51, 256, 61, 'inProgress', '2022-03-15 12:27:16'),
(52, 256, 76, 'inProgress', '2022-03-15 12:27:16'),
(53, 257, 76, 'inProgress', '2022-03-15 12:27:16'),
(54, 257, 56, 'inProgress', '2022-03-15 12:27:16'),
(55, 258, 57, 'inProgress', '2022-03-15 12:27:16'),
(56, 258, 76, 'inProgress', '2022-03-15 12:27:16'),
(57, 258, 56, 'inProgress', '2022-03-15 12:27:16'),
(58, 258, 58, 'inProgress', '2022-03-15 12:27:16'),
(59, 258, 59, 'inProgress', '2022-03-15 12:27:16'),
(60, 258, 60, 'inProgress', '2022-03-15 12:27:16'),
(61, 258, 61, 'inProgress', '2022-03-15 12:27:16'),
(63, 261, 50, 'inProgress', '2022-03-15 12:27:16'),
(64, 268, 56, 'inProgress', '2022-03-15 12:27:16'),
(66, 261, 76, 'inProgress', '2022-03-15 12:27:16'),
(67, 268, 50, 'inProgress', '2022-03-15 12:27:16'),
(68, 268, 76, 'inProgress', '2022-03-15 12:27:16'),
(71, 270, 50, 'inProgress', '2022-03-15 12:27:16'),
(72, 270, 61, 'inProgress', '2022-03-15 12:27:16'),
(73, 273, 76, 'inProgress', '2022-03-15 12:27:16'),
(74, 274, 100, 'inProgress', '2022-03-15 12:27:16'),
(75, 275, 56, 'inProgress', '2022-03-15 12:27:16'),
(76, 274, 103, 'inProgress', '2022-03-15 12:27:16'),
(79, 276, 76, 'inProgress', '2022-03-15 12:27:16'),
(80, 277, 76, 'inProgress', '2022-03-15 12:27:16'),
(81, 258, 100, 'inProgress', '2022-03-15 12:27:16'),
(82, 273, 100, 'inProgress', '2022-03-15 12:27:16'),
(83, 277, 77, 'inProgress', '2022-03-15 12:27:16'),
(84, 278, 76, 'inProgress', '2022-03-15 12:27:16'),
(85, 278, 56, 'inProgress', '2022-03-15 12:27:16'),
(86, 279, 76, 'inProgress', '2022-03-15 12:27:16'),
(88, 280, 76, 'inProgress', '2022-03-15 12:27:16'),
(89, 282, 76, 'inProgress', '2022-03-15 12:27:16'),
(90, 283, 76, 'inProgress', '2022-03-15 12:27:16'),
(91, 278, 101, 'inProgress', '2022-03-15 12:27:16'),
(92, 286, 100, 'inProgress', '2022-03-15 12:27:16'),
(93, 287, 100, 'inProgress', '2022-03-15 12:27:16'),
(94, 288, 101, 'inProgress', '2022-03-15 12:27:16'),
(95, 289, 101, 'inProgress', '2022-03-15 12:27:16'),
(99, 292, 122, 'inProgress', '2022-03-21 13:12:47'),
(100, 292, 123, 'inProgress', '2022-03-21 13:13:55'),
(101, 300, 123, 'inProgress', '2022-03-21 13:55:54'),
(102, 302, 122, 'inProgress', '2022-03-21 14:11:53'),
(103, 307, 122, 'inProgress', '2022-03-22 09:52:58'),
(104, 311, 123, 'closed', '2022-03-23 09:23:37'),
(105, 312, 123, 'closed', '2022-03-23 09:42:11'),
(106, 315, 123, 'closed', '2022-03-23 09:54:10'),
(107, 317, 123, 'closed', '2022-03-23 10:43:23'),
(108, 326, 123, 'inProgress', '2022-03-24 09:37:12'),
(109, 326, 122, 'closed', '2022-03-24 09:48:07'),
(110, 327, 122, 'inProgress', '2022-03-24 10:03:50'),
(111, 329, 123, 'inProgress', '2022-03-25 09:18:04'),
(112, 330, 123, 'inProgress', '2022-03-25 10:05:42'),
(113, 331, 123, 'inProgress', '2022-03-25 10:38:28'),
(114, 331, 122, 'inProgress', '2022-03-25 10:38:28'),
(115, 332, 123, 'inProgress', '2022-03-25 10:41:38'),
(116, 333, 122, 'inProgress', '2022-03-25 10:49:26'),
(117, 333, 123, 'inProgress', '2022-03-25 10:49:26'),
(118, 335, 122, 'inProgress', '2022-03-25 10:53:47'),
(119, 335, 125, 'inProgress', '2022-03-25 12:34:21'),
(120, 336, 122, 'inProgress', '2022-03-26 07:48:40'),
(121, 338, 122, 'inProgress', '2022-03-28 08:38:18'),
(122, 339, 122, 'inProgress', '2022-03-28 09:01:02'),
(123, 341, 122, 'inProgress', '2022-03-28 12:05:34'),
(125, 341, 123, 'inProgress', '2022-03-28 12:29:16'),
(126, 342, 122, 'inProgress', '2022-03-28 12:36:18'),
(127, 343, 123, 'inProgress', '2022-03-28 12:52:01'),
(128, 334, 122, 'inProgress', '2022-03-28 12:58:27'),
(129, 334, 123, 'inProgress', '2022-03-28 12:58:27'),
(130, 344, 123, 'inProgress', '2022-03-28 13:05:32'),
(131, 344, 122, 'inProgress', '2022-03-28 13:05:32'),
(132, 345, 122, 'inProgress', '2022-03-28 13:36:29'),
(133, 345, 123, 'inProgress', '2022-03-28 13:36:29'),
(134, 346, 122, 'inProgress', '2022-03-28 13:55:04'),
(135, 350, 122, 'inProgress', '2022-03-28 16:42:25'),
(136, 351, 122, 'inProgress', '2022-03-29 07:14:05'),
(137, 351, 123, 'inProgress', '2022-03-29 07:14:06');

-- --------------------------------------------------------

--
-- Structure de la table `student_session`
--

CREATE TABLE `student_session` (
  `id` int NOT NULL,
  `session_id` int NOT NULL,
  `signature_id` int DEFAULT NULL,
  `student_id` int NOT NULL,
  `student_formation_id` int NOT NULL
) ENGINE=InnoDB DEFAULT CHARSET=utf8mb4 COLLATE=utf8mb4_unicode_ci;

--
-- Déchargement des données de la table `student_session`
--

INSERT INTO `student_session` (`id`, `session_id`, `signature_id`, `student_id`, `student_formation_id`) VALUES
(108, 118, 91, 123, 100),
(109, 119, 93, 123, 101),
(110, 120, 97, 122, 99),
(111, 121, 96, 56, 5),
(112, 122, 99, 122, 102),
(113, 123, 101, 122, 102),
(114, 124, 103, 122, 103),
(115, 125, 105, 122, 103),
(117, 127, 107, 123, 104),
(118, 128, 109, 123, 104),
(119, 129, 111, 123, 105),
(120, 130, 113, 123, 105),
(121, 131, 115, 123, 106),
(122, 132, 117, 123, 106),
(123, 133, 121, 123, 106),
(124, 134, 120, 123, 101),
(125, 135, 123, 123, 106),
(127, 137, 125, 123, 107),
(128, 138, NULL, 123, 107),
(129, 139, 128, 123, 108),
(130, 140, 130, 122, 109),
(131, 141, 132, 122, 109),
(132, 142, 134, 122, 110),
(133, 143, 136, 122, 110),
(134, 144, 138, 122, 110),
(135, 145, 140, 122, 110),
(136, 146, 142, 123, 111),
(137, 147, 144, 123, 111),
(138, 148, 146, 123, 111),
(139, 149, 148, 123, 112),
(140, 150, 150, 123, 112),
(141, 151, 152, 123, 115),
(142, 154, 156, 123, 113),
(145, 158, 159, 122, 121),
(150, 163, 161, 123, 127),
(151, 164, 163, 122, 114),
(152, 165, 165, 123, 113),
(153, 166, 167, 123, 129),
(154, 167, NULL, 123, 129),
(155, 168, NULL, 123, 129),
(156, 169, 169, 123, 129),
(157, 170, 171, 122, 110),
(159, 172, 173, 122, 110),
(160, 173, 175, 123, 133),
(161, 174, 177, 123, 133),
(162, 175, 179, 122, 134),
(164, 177, 181, 122, 134),
(165, 178, 183, 122, 135),
(166, 179, 185, 122, 135),
(168, 181, 187, 122, 135),
(169, 182, 189, 122, 135),
(170, 183, 191, 122, 135),
(171, 184, 193, 122, 135),
(172, 185, 195, 123, 137),
(173, 186, 197, 123, 137),
(175, 188, NULL, 122, 136);

-- --------------------------------------------------------

--
-- Structure de la table `type_aircraft`
--

CREATE TABLE `type_aircraft` (
  `id` int NOT NULL,
  `name` varchar(255) CHARACTER SET utf8mb4 COLLATE utf8mb4_unicode_ci NOT NULL,
  `manufacturer_id` int NOT NULL
) ENGINE=InnoDB DEFAULT CHARSET=utf8mb4 COLLATE=utf8mb4_unicode_ci;

--
-- Déchargement des données de la table `type_aircraft`
--

INSERT INTO `type_aircraft` (`id`, `name`, `manufacturer_id`) VALUES
(83, 'ATL', 20),
(84, 'DR-105A', 20),
(85, 'DR-1050', 20),
(86, 'DR-1051', 20),
(87, 'DR-1050 MM1', 20),
(88, 'DR-1051 MM1', 20),
(89, 'DR-1050 M', 20),
(90, 'DR-1051 M', 20),
(91, 'DR-200', 20),
(92, 'DR-250', 20),
(93, 'DR-220', 20),
(94, 'DR-221', 20),
(95, 'DR-253', 20),
(96, 'DR-340', 20),
(97, 'DR-315', 20),
(98, 'DR-360', 20),
(99, 'DR-380', 20),
(100, 'DR-330', 20),
(101, 'DR-300', 20),
(102, 'DR 400', 20),
(103, 'HR 100', 20),
(104, 'HR 200', 20),
(105, 'R 1180', 20),
(106, 'R 2112', 20),
(107, 'R 2160', 20),
(108, 'R 3000', 20),
(109, 'HR-100', 20),
(110, 'HR-200', 20),
(111, 'R-1180', 20),
(112, 'R-2100', 20),
(113, 'R-2112', 20),
(114, 'R-2160', 20),
(115, 'R-2120', 20),
(116, 'R-3000', 20),
(117, 'C150', 21),
(118, 'C152', 21),
(119, 'C172', 21),
(120, 'C177', 21),
(121, 'C180', 21),
(122, 'C182', 21),
(123, 'C206', 21),
(124, 'C210', 21),
(125, 'C350', 21),
(126, 'C400', 21),
(127, 'C208 CARAVAN', 21),
(128, 'AT', 22),
(129, '206', 23),
(130, '407', 23),
(131, 'M25Y', 24),
(132, 'Action', 25),
(133, 'Merlin', 26),
(134, 'Phase 2', 27),
(135, 'Bidulm', 27),
(136, 'Eurofox', 28),
(137, 'MCR', 29),
(138, 'COUGAR', 30),
(139, 'M16', 31),
(140, 'XENON', 32),
(141, 'Liberty', 33),
(142, 'Cross-over', 34),
(143, 'Cloud Surfer', 34),
(144, 'Dawn Chaser', 34),
(145, 'CH-7', 35),
(146, 'Lambada', 36),
(147, 'SF28', 37),
(148, 'S10', 38),
(149, '20E', 39),
(150, 'STD 3', 40),
(151, 'D-6856', 41),
(152, '3', 42),
(153, 'ASK21', 43),
(154, 'ASW', 43),
(155, 'J3', 44),
(156, 'J4', 44),
(157, 'J5', 44),
(158, 'PA-11', 44),
(159, 'PA-12', 44),
(160, 'PA-14', 44),
(161, 'PA-18', 44),
(162, 'PA-20', 44),
(163, 'PA-21', 44),
(164, 'PA-23', 44),
(165, 'PA-24', 44),
(166, 'PA-25', 44),
(167, 'PA-28', 44),
(168, 'PA-30', 44),
(169, 'PA-31', 44),
(170, 'PA-32', 44),
(171, 'PA-34', 44),
(172, 'PA-36', 44),
(173, 'PA-38', 44),
(174, 'PA-42', 44),
(175, 'PA-44', 44),
(176, 'PA-46', 44),
(177, 'PA-47', 44),
(178, 'VK-30', 45),
(179, 'SR20', 45),
(180, 'SR22', 45),
(181, 'Vision', 45),
(182, 'DA 20', 46),
(183, 'DA 40', 46),
(184, 'DA 42', 46),
(185, 'DA 50', 46),
(186, 'D-JET', 46),
(187, 'Rallye', 47),
(188, 'Gardan', 48),
(189, 'ST 10', 48),
(190, 'TB 9', 48),
(191, 'TB 10', 48),
(192, 'TB 200', 48),
(193, 'TB 20', 48),
(194, 'TB 21', 48),
(195, 'TB 30', 48),
(196, 'TBM 700', 48),
(197, 'TBM 850', 48),
(198, 'TBM 900', 48),
(199, 'RF-2', 49),
(200, 'RF-3', 49),
(201, 'RF-4', 49),
(202, 'RF-5', 49),
(203, 'RF-6', 49),
(204, 'RF-7', 49),
(205, 'RF-8', 49),
(206, 'RF-10', 49),
(207, 'RF-47', 49),
(208, 'PIONEER', 50),
(209, 'SYTON', 50),
(210, 'CAP 10', 51),
(211, 'CAP 20', 52),
(212, 'CAP 21', 52),
(213, 'CAP 230', 52),
(214, 'CAP 231', 52),
(215, 'CAP 232', 52),
(216, 'CAP 332', 52),
(217, 'CAP 432', 52),
(218, 'CR', 53),
(219, 'EXTRA', 54),
(220, 'PITTS', 55),
(221, 'GRUMMAN', 56),
(222, 'Test type', 58);

-- --------------------------------------------------------

--
-- Structure de la table `type_aircraft_model_aircraft`
--

CREATE TABLE `type_aircraft_model_aircraft` (
  `type_aircraft_id` int NOT NULL,
  `model_aircraft_id` int NOT NULL
) ENGINE=InnoDB DEFAULT CHARSET=utf8mb4 COLLATE=utf8mb4_unicode_ci;

--
-- Déchargement des données de la table `type_aircraft_model_aircraft`
--

INSERT INTO `type_aircraft_model_aircraft` (`type_aircraft_id`, `model_aircraft_id`) VALUES
(83, 147),
(84, 148),
(85, 149),
(85, 150),
(86, 149),
(86, 150),
(87, 151),
(88, 151),
(89, 152),
(90, 152),
(91, 153),
(92, 154),
(92, 155),
(93, 156),
(93, 157),
(93, 158),
(94, 155),
(94, 159),
(95, 155),
(95, 160),
(96, 161),
(97, 162),
(98, 163),
(99, 164),
(100, 165),
(101, 166),
(101, 167),
(101, 168),
(101, 169),
(102, 160),
(102, 161),
(102, 170),
(102, 171),
(102, 172),
(103, 173),
(104, 174),
(105, 175),
(106, 176),
(107, 177),
(108, 178),
(109, 179),
(109, 180),
(109, 181),
(109, 182),
(109, 183),
(109, 184),
(109, 185),
(109, 186),
(109, 187),
(110, 188),
(111, 189),
(111, 190),
(111, 191),
(112, 192),
(113, 193),
(114, 194),
(114, 195),
(115, 193),
(116, 169),
(116, 196),
(116, 197),
(116, 198),
(116, 199),
(117, 200),
(117, 201),
(118, 202),
(118, 203),
(119, 204),
(119, 205),
(119, 206),
(120, 207),
(120, 208),
(120, 209),
(121, 210),
(122, 211),
(122, 212),
(122, 213),
(122, 214),
(122, 215),
(122, 216),
(122, 217),
(122, 218),
(122, 219),
(122, 220),
(122, 221),
(122, 222),
(123, 223),
(123, 224),
(123, 225),
(124, 226),
(125, 227),
(126, 227),
(127, 228),
(127, 229),
(127, 230),
(127, 231),
(127, 232),
(127, 233),
(127, 234),
(128, 235),
(128, 236),
(128, 237),
(128, 238),
(128, 239),
(128, 240),
(129, 241),
(129, 242),
(129, 243),
(129, 244),
(129, 245),
(130, 246),
(131, 247),
(132, 248),
(133, 249),
(134, 250),
(134, 251),
(135, 252),
(136, 253),
(136, 254),
(137, 253),
(137, 255),
(137, 256),
(138, 257),
(139, 258),
(140, 259),
(141, 260),
(142, 261),
(142, 262),
(142, 263),
(142, 264),
(142, 265),
(142, 266),
(142, 267),
(143, 268),
(143, 269),
(143, 270),
(143, 271),
(143, 272),
(143, 273),
(144, 274),
(144, 275),
(144, 276),
(145, 277),
(146, 278),
(147, 279),
(148, 280),
(148, 281),
(148, 282),
(148, 283),
(149, 284),
(150, 285),
(151, 286),
(152, 287),
(153, 288),
(153, 289),
(154, 290),
(154, 291),
(154, 292),
(154, 293),
(155, 294),
(156, 295),
(157, 296),
(158, 297),
(159, 298),
(160, 299),
(161, 300),
(162, 301),
(163, 302),
(164, 303),
(164, 304),
(165, 305),
(166, 306),
(167, 307),
(167, 308),
(167, 309),
(167, 310),
(167, 311),
(168, 312),
(169, 313),
(169, 314),
(169, 315),
(169, 316),
(170, 317),
(170, 318),
(170, 319),
(171, 320),
(172, 321),
(173, 322),
(174, 316),
(175, 323),
(176, 324),
(176, 325),
(176, 326),
(176, 327),
(177, 328),
(178, 329),
(179, 330),
(180, 331),
(180, 332),
(181, 333),
(182, 334),
(183, 335),
(183, 336),
(183, 337),
(184, 338),
(184, 339),
(184, 340),
(184, 341),
(184, 342),
(185, 343),
(185, 344),
(186, 345),
(187, 346),
(187, 347),
(187, 348),
(187, 349),
(187, 350),
(187, 351),
(187, 352),
(187, 353),
(187, 354),
(187, 355),
(188, 356),
(189, 357),
(190, 358),
(191, 359),
(192, 360),
(193, 361),
(194, 362),
(195, 363),
(196, 364),
(197, 365),
(198, 366),
(199, 367),
(200, 368),
(201, 369),
(202, 370),
(203, 371),
(204, 372),
(205, 373),
(206, 374),
(207, 375),
(208, 376),
(208, 377),
(208, 378),
(208, 379),
(208, 380),
(208, 381),
(208, 382),
(209, 383),
(210, 155),
(210, 384),
(211, 385),
(211, 386),
(212, 387),
(213, 388),
(214, 389),
(214, 390),
(215, 391),
(216, 392),
(217, 393),
(218, 196),
(218, 394),
(218, 395),
(218, 396),
(219, 179),
(219, 397),
(219, 398),
(219, 399),
(219, 400),
(219, 401),
(219, 402),
(219, 403),
(220, 404),
(220, 405),
(220, 406),
(220, 407),
(220, 408),
(220, 409),
(220, 410),
(220, 411),
(220, 412),
(220, 413),
(220, 414),
(220, 415),
(220, 416),
(221, 417),
(221, 418),
(221, 419),
(221, 420),
(222, 421);

-- --------------------------------------------------------

--
-- Structure de la table `user`
--

CREATE TABLE `user` (
  `id` char(36) CHARACTER SET utf8mb4 COLLATE utf8mb4_unicode_ci NOT NULL COMMENT '(DC2Type:guid)',
  `email` varchar(180) CHARACTER SET utf8mb4 COLLATE utf8mb4_unicode_ci NOT NULL,
  `roles` json NOT NULL,
  `password` varchar(255) CHARACTER SET utf8mb4 COLLATE utf8mb4_unicode_ci NOT NULL,
  `firstname` varchar(255) CHARACTER SET utf8mb4 COLLATE utf8mb4_unicode_ci DEFAULT NULL,
  `lastname` varchar(255) CHARACTER SET utf8mb4 COLLATE utf8mb4_unicode_ci DEFAULT NULL,
  `phone` varchar(255) CHARACTER SET utf8mb4 COLLATE utf8mb4_unicode_ci DEFAULT NULL,
  `licence_number` varchar(255) CHARACTER SET utf8mb4 COLLATE utf8mb4_unicode_ci DEFAULT NULL,
  `last_login` datetime DEFAULT NULL,
  `token` varchar(255) CHARACTER SET utf8mb4 COLLATE utf8mb4_unicode_ci DEFAULT NULL,
  `created_at` datetime NOT NULL,
  `validate_at` datetime DEFAULT NULL,
  `last_login_ip` varchar(255) CHARACTER SET utf8mb4 COLLATE utf8mb4_unicode_ci DEFAULT NULL,
  `birthday` date DEFAULT NULL,
  `civility` varchar(255) CHARACTER SET utf8mb4 COLLATE utf8mb4_unicode_ci DEFAULT NULL,
  `avatar` varchar(255) CHARACTER SET utf8mb4 COLLATE utf8mb4_unicode_ci DEFAULT NULL,
  `avatar_file_id` int DEFAULT NULL,
  `new_last_login_ip` varchar(255) CHARACTER SET utf8mb4 COLLATE utf8mb4_unicode_ci DEFAULT NULL,
  `new_last_login` datetime DEFAULT NULL,
  `preference` json DEFAULT NULL,
  `postal_address_id` int DEFAULT NULL
) ENGINE=InnoDB DEFAULT CHARSET=utf8mb4 COLLATE=utf8mb4_unicode_ci;

--
-- Déchargement des données de la table `user`
--

INSERT INTO `user` (`id`, `email`, `roles`, `password`, `firstname`, `lastname`, `phone`, `licence_number`, `last_login`, `token`, `created_at`, `validate_at`, `last_login_ip`, `birthday`, `civility`, `avatar`, `avatar_file_id`, `new_last_login_ip`, `new_last_login`, `preference`, `postal_address_id`) VALUES
('18f25d6a-119e-11ec-acae-d60414d71c23', 'fi1@polaris.com', '[]', '$2y$13$bL.wmgQCbgfCmTHs/NNXBOBQJ14UEzMehsiW9vkM/c4swcNvP.1PS', 'Michel', 'FLIGHT', '0033060000000000', 'sans', '2022-03-17 10:31:55', NULL, '2021-09-09 18:45:01', '2021-09-09 18:45:01', '', '1990-02-07', 'men', '', 369, '88.18.249.154', '2022-03-17 10:52:08', '{\"sidebar\": true}', NULL),
('2be64b2c-1cdc-45cf-a43e-b095857384de', 'itatlantis@gmail.com', '[]', '$2y$13$bL.wmgQCbgfCmTHs/NNXBOBQJ14UEzMehsiW9vkM/c4swcNvP.1PS', 'Sergio', 'Di Donato', '123445555566', '1234567890', '2022-03-29 10:29:02', NULL, '2020-06-05 15:18:37', '2020-06-05 15:18:36', '149.154.210.10', '1966-06-04', 'men', NULL, 371, '109.88.121.158', '2022-03-29 11:01:47', '{\"sidebar\": true}', NULL),
('3f6be5e0-119e-11ec-acae-d60414d71c23', 'fi2@polaris.com', '[]', '$2y$13$bL.wmgQCbgfCmTHs/NNXBOBQJ14UEzMehsiW9vkM/c4swcNvP.1PS', 'Robert', 'FLIGHT', '003306000000000', 'sans', '2022-01-06 15:32:50', NULL, '2021-09-09 18:46:06', '2021-09-09 18:46:06', '', '1980-02-08', 'men', '', 363, '194.5.53.219', '2022-01-17 13:00:39', NULL, NULL),
('4e2e40d5-119e-11ec-acae-d60414d71c23', 'student1@polaris.com', '[]', '$2y$13$bL.wmgQCbgfCmTHs/NNXBOBQJ14UEzMehsiW9vkM/c4swcNvP.1PS', 'Valentin', 'STUD', '00000000000000', NULL, '2022-03-29 07:15:35', NULL, '2021-09-09 18:46:31', '2021-09-09 18:46:31', '', '2000-07-19', 'men', '', 359, '109.88.121.158', '2022-03-29 10:29:26', '{\"sidebar\": true}', NULL),
('4e77ec26-96de-11eb-a36d-089798b0d1ad', 'prevost.louise@marechal.fr', '[]', '$2y$13$bL.wmgQCbgfCmTHs/NNXBOBQJ14UEzMehsiW9vkM/c4swcNvP.1PS', 'user-0', 'user-0', '+33 1 27 62 32 07', NULL, NULL, NULL, '2021-04-06 13:45:10', NULL, NULL, '2002-07-27', 'women', NULL, NULL, NULL, NULL, NULL, NULL),
('4e910a9f-96de-11eb-a36d-089798b0d1ad', 'clerc.noel@voila.fr', '[]', '$2y$13$bL.wmgQCbgfCmTHs/NNXBOBQJ14UEzMehsiW9vkM/c4swcNvP.1PS', 'user-1', 'user-1', '+33 (0)1 44 60 83 18', NULL, NULL, NULL, '2021-04-06 13:45:10', NULL, NULL, '1995-06-13', 'men', NULL, NULL, NULL, NULL, NULL, NULL),
('4ea5258f-96de-11eb-a36d-089798b0d1ad', 'gerard77@tele2.fr', '[]', '$2y$13$bL.wmgQCbgfCmTHs/NNXBOBQJ14UEzMehsiW9vkM/c4swcNvP.1PS', 'user-2', 'user-2', '+33 (0)8 97 84 01 71', NULL, NULL, NULL, '2021-04-06 13:45:11', NULL, NULL, '2010-05-30', 'men', NULL, NULL, NULL, NULL, NULL, NULL),
('4eb9f58e-96de-11eb-a36d-089798b0d1ad', 'remy28@bouvet.com', '[]', '$2y$13$bL.wmgQCbgfCmTHs/NNXBOBQJ14UEzMehsiW9vkM/c4swcNvP.1PS', 'user-3', 'user-3', '+33 1 46 39 65 38', NULL, NULL, NULL, '2021-04-06 13:45:11', NULL, NULL, '2021-06-29', 'men', NULL, NULL, NULL, NULL, NULL, NULL),
('4ece7057-96de-11eb-a36d-089798b0d1ad', 'jmallet@martins.fr', '[]', '$2y$13$bL.wmgQCbgfCmTHs/NNXBOBQJ14UEzMehsiW9vkM/c4swcNvP.1PS', 'user-4', 'user-4', '0364556497', NULL, NULL, NULL, '2021-04-06 13:45:11', NULL, NULL, '2013-02-25', 'men', NULL, NULL, NULL, NULL, NULL, NULL),
('4ee20795-96de-11eb-a36d-089798b0d1ad', 'frederic.bousquet@charles.com', '[]', '$2y$13$bL.wmgQCbgfCmTHs/NNXBOBQJ14UEzMehsiW9vkM/c4swcNvP.1PS', 'user-5', 'user-5', '08 07 74 15 28', NULL, NULL, NULL, '2021-04-06 13:45:11', NULL, NULL, '2008-08-01', 'women', NULL, NULL, NULL, NULL, NULL, NULL),
('4ef751cf-96de-11eb-a36d-089798b0d1ad', 'jjourdan@tele2.fr', '[]', '$2y$13$bL.wmgQCbgfCmTHs/NNXBOBQJ14UEzMehsiW9vkM/c4swcNvP.1PS', 'user-6', 'user-6', '+33 5 49 92 39 73', NULL, NULL, NULL, '2021-04-06 13:45:11', NULL, NULL, '2032-04-10', 'women', NULL, NULL, NULL, NULL, NULL, NULL),
('4f0cb0dc-96de-11eb-a36d-089798b0d1ad', 'hlaroche@paris.fr', '[]', '$2y$13$bL.wmgQCbgfCmTHs/NNXBOBQJ14UEzMehsiW9vkM/c4swcNvP.1PS', 'user-7', 'user-7', '0235801591', NULL, NULL, NULL, '2021-04-06 13:45:11', NULL, NULL, '1981-05-20', 'women', NULL, NULL, NULL, NULL, NULL, NULL),
('4f201d24-96de-11eb-a36d-089798b0d1ad', 'alexandre.teixeira@dbmail.com', '[]', '$2y$13$bL.wmgQCbgfCmTHs/NNXBOBQJ14UEzMehsiW9vkM/c4swcNvP.1PS', 'user-8', 'user-8', '06 53 36 95 94', NULL, NULL, NULL, '2021-04-06 13:45:11', NULL, NULL, '2035-12-06', 'men', NULL, NULL, NULL, NULL, NULL, NULL),
('4f339837-96de-11eb-a36d-089798b0d1ad', 'alix.barre@parent.fr', '[]', '$2y$13$bL.wmgQCbgfCmTHs/NNXBOBQJ14UEzMehsiW9vkM/c4swcNvP.1PS', 'user-9', 'user-9', '0636269993', NULL, NULL, NULL, '2021-04-06 13:45:12', NULL, NULL, '1980-08-07', 'men', NULL, NULL, NULL, NULL, NULL, NULL),
('58061cac-119e-11ec-acae-d60414d71c23', 'student2@polaris.com', '[]', '$2y$13$bL.wmgQCbgfCmTHs/NNXBOBQJ14UEzMehsiW9vkM/c4swcNvP.1PS', 'Sylvie', 'STUD', '0000000000000', NULL, '2022-01-17 10:32:47', NULL, '2021-09-09 18:46:47', '2021-09-09 18:46:47', '', '1999-07-14', 'men', '', 360, '90.0.12.250', '2022-03-11 09:58:56', NULL, NULL),
('aa671f5e-94cc-11ec-8aeb-d60414d71c23', 'contact@polarislearning.com', '[]', '$2y$13$bL.wmgQCbgfCmTHs/NNXBOBQJ14UEzMehsiW9vkM/c4swcNvP.1PS', '', '', '', '', NULL, '62166c7972d1d', '2022-02-23 17:18:48', '2022-02-23 17:18:49', '', NULL, '', '', NULL, NULL, NULL, '[]', NULL),
('bb7b6793-9688-11eb-a36d-089798b0d1ad', 'user-0@test.fr', '[]', '$2y$13$bL.wmgQCbgfCmTHs/NNXBOBQJ14UEzMehsiW9vkM/c4swcNvP.1PS', 'user-0', 'user-0', '0895841149', NULL, '2022-03-04 13:40:34', NULL, '2021-04-06 03:32:36', '2021-04-06 08:52:59', NULL, '1963-03-20', 'women', NULL, 365, '82.65.206.82', '2022-03-15 13:08:27', '{\"sidebar\": true}', NULL),
('bb8e0dd1-9688-11eb-a36d-089798b0d1ad', 'user-1@test.fr', '[]', '$2y$13$bL.wmgQCbgfCmTHs/NNXBOBQJ14UEzMehsiW9vkM/c4swcNvP.1PS', 'user-1', 'user-1', '+33 (0)8 95 93 53 22', NULL, NULL, NULL, '2021-04-06 03:32:37', NULL, NULL, '1975-04-15', 'men', NULL, NULL, NULL, NULL, NULL, NULL),
('bb9ffed2-9688-11eb-a36d-089798b0d1ad', 'user-2@test.fr', '[]', '$2y$13$bL.wmgQCbgfCmTHs/NNXBOBQJ14UEzMehsiW9vkM/c4swcNvP.1PS', 'user-2', 'user-2', '07 44 58 28 37', NULL, NULL, NULL, '2021-04-06 03:32:37', NULL, NULL, '2018-07-09', 'men', NULL, NULL, NULL, NULL, NULL, NULL),
('bbb22509-9688-11eb-a36d-089798b0d1ad', 'user-3@test.fr', '[]', '$2y$13$bL.wmgQCbgfCmTHs/NNXBOBQJ14UEzMehsiW9vkM/c4swcNvP.1PS', 'user-3', 'user-3', '+33 (0)1 83 65 97 55', NULL, NULL, NULL, '2021-04-06 03:32:37', NULL, NULL, '1998-01-11', 'men', NULL, NULL, NULL, NULL, NULL, NULL),
('bbc41bba-9688-11eb-a36d-089798b0d1ad', 'user-4@test.fr', '[]', '$2y$13$bL.wmgQCbgfCmTHs/NNXBOBQJ14UEzMehsiW9vkM/c4swcNvP.1PS', 'user-4', 'user-4', '08 03 20 19 51', NULL, NULL, NULL, '2021-04-06 03:32:37', NULL, NULL, '2034-08-20', 'men', NULL, NULL, NULL, NULL, NULL, NULL),
('bbd61348-9688-11eb-a36d-089798b0d1ad', 'user-5@test.fr', '[]', '$2y$13$bL.wmgQCbgfCmTHs/NNXBOBQJ14UEzMehsiW9vkM/c4swcNvP.1PS', 'user-5', 'user-5', '+33 2 87 31 68 43', NULL, NULL, NULL, '2021-04-06 03:32:37', NULL, NULL, '1998-10-30', 'men', NULL, NULL, NULL, NULL, NULL, NULL),
('bbe81d84-9688-11eb-a36d-089798b0d1ad', 'user-6@test.fr', '[]', '$2y$13$bL.wmgQCbgfCmTHs/NNXBOBQJ14UEzMehsiW9vkM/c4swcNvP.1PS', 'user-6', 'user-6', '01 83 21 43 39', NULL, NULL, NULL, '2021-04-06 03:32:37', NULL, NULL, '1990-02-07', 'women', NULL, NULL, NULL, NULL, NULL, NULL),
('bbfa1cc1-9688-11eb-a36d-089798b0d1ad', 'user-7@test.fr', '[]', '$2y$13$bL.wmgQCbgfCmTHs/NNXBOBQJ14UEzMehsiW9vkM/c4swcNvP.1PS', 'user-7', 'user-7', '06 07 57 80 13', NULL, NULL, NULL, '2021-04-06 03:32:37', NULL, NULL, '2012-03-31', 'women', NULL, NULL, NULL, NULL, NULL, NULL),
('bc0c2e5f-9688-11eb-a36d-089798b0d1ad', 'user-8@test.fr', '[]', '$2y$13$bL.wmgQCbgfCmTHs/NNXBOBQJ14UEzMehsiW9vkM/c4swcNvP.1PS', 'user-8', 'user-8', '0400390684', NULL, NULL, NULL, '2021-04-06 03:32:37', NULL, NULL, '1982-04-02', 'men', NULL, NULL, NULL, NULL, NULL, NULL),
('bc1e791a-9688-11eb-a36d-089798b0d1ad', 'user-9@test.fr', '[]', '$2y$13$bL.wmgQCbgfCmTHs/NNXBOBQJ14UEzMehsiW9vkM/c4swcNvP.1PS', 'user-9', 'user-9', '+33 (0)7 47 87 53 16', NULL, NULL, NULL, '2021-04-06 03:32:38', NULL, NULL, '2015-06-17', 'women', NULL, NULL, NULL, NULL, NULL, NULL),
('f3ea90dd-ca78-400b-a099-07f18157e954', 'sergio.didonato@yahoo.com', '[]', '$2y$13$bL.wmgQCbgfCmTHs/NNXBOBQJ14UEzMehsiW9vkM/c4swcNvP.1PS', 'Alain', 'Delon', '0631739536', 'FRA.FCL-CA00143575', '2022-03-28 12:20:08', '617286e159716', '2020-06-05 15:16:55', '2020-06-05 15:16:55', '86.192.61.239', '1973-05-28', 'women', NULL, 355, '81.250.117.152', '2022-03-29 07:07:31', '{\"sidebar\": true}', 76),
('f96aea32-fdd3-4190-9a61-04ecc4104f5e', 'itatlantis2@gmail.com', '[\"ROLE_ADMIN\"]', '$2y$13$bL.wmgQCbgfCmTHs/NNXBOBQJ14UEzMehsiW9vkM/c4swcNvP.1PS', 'Sergio', 'Di Donato', '076968475', 'xxxxxxxxxxxxxx', '2022-03-29 12:48:59', '618416ba71a4f', '2020-03-24 16:47:44', '2020-04-22 12:33:20', '127.0.0.1', '1993-01-31', 'men', 'Sergiopng5f75d6590808fpng-5f9c44a7e7a15.png', 367, '127.0.0.1', '2022-03-29 14:14:12', '{\"sidebar\": true}', 71),
('fe77b7e2-706f-11ec-9b22-d60414d71c23', 'student3@polaris.com', '[]', '$2y$13$bL.wmgQCbgfCmTHs/NNXBOBQJ14UEzMehsiW9vkM/c4swcNvP.1PS', 'Sophie', 'STUD', '1234567890', NULL, '2022-01-10 12:44:41', NULL, '2022-01-08 10:44:33', '2022-01-08 10:44:45', '', '1991-07-17', 'men', '', 361, '141.11.28.225', '2022-01-17 10:33:41', '[]', NULL);

-- --------------------------------------------------------

--
-- Structure de la table `user_app_role`
--

CREATE TABLE `user_app_role` (
  `user_id` char(36) CHARACTER SET utf8mb4 COLLATE utf8mb4_unicode_ci NOT NULL COMMENT '(DC2Type:guid)',
  `app_role_id` int NOT NULL
) ENGINE=InnoDB DEFAULT CHARSET=utf8mb4 COLLATE=utf8mb4_unicode_ci;

--
-- Déchargement des données de la table `user_app_role`
--

INSERT INTO `user_app_role` (`user_id`, `app_role_id`) VALUES
('2be64b2c-1cdc-45cf-a43e-b095857384de', 17),
('3f6be5e0-119e-11ec-acae-d60414d71c23', 17),
('f3ea90dd-ca78-400b-a099-07f18157e954', 17),
('f96aea32-fdd3-4190-9a61-04ecc4104f5e', 17),
('2be64b2c-1cdc-45cf-a43e-b095857384de', 22),
('2be64b2c-1cdc-45cf-a43e-b095857384de', 23);

--
-- Index pour les tables déchargées
--

--
-- Index pour la table `action`
--
ALTER TABLE `action`
  ADD PRIMARY KEY (`id`);

--
-- Index pour la table `aircraft`
--
ALTER TABLE `aircraft`
  ADD PRIMARY KEY (`id`),
  ADD KEY `IDX_13D9672912469DE2` (`category_id`),
  ADD KEY `IDX_13D96729EA000B10` (`class_id`),
  ADD KEY `IDX_13D96729A23B42D` (`manufacturer_id`),
  ADD KEY `IDX_13D96729C54C8C93` (`type_id`),
  ADD KEY `IDX_13D967297975B7E7` (`model_id`),
  ADD KEY `IDX_13D96729577F21F8` (`engine_type_id`);

--
-- Index pour la table `aircraft_counter_type_value`
--
ALTER TABLE `aircraft_counter_type_value`
  ADD PRIMARY KEY (`aircraft_id`,`counter_type_value_id`),
  ADD KEY `IDX_E6BC0EF1846E2F5C` (`aircraft_id`),
  ADD KEY `IDX_E6BC0EF12402E8F` (`counter_type_value_id`);

--
-- Index pour la table `airport`
--
ALTER TABLE `airport`
  ADD PRIMARY KEY (`id`);

--
-- Index pour la table `app_role`
--
ALTER TABLE `app_role`
  ADD PRIMARY KEY (`id`);

--
-- Index pour la table `ato`
--
ALTER TABLE `ato`
  ADD PRIMARY KEY (`id`),
  ADD UNIQUE KEY `UNIQ_200AB83EFD54954B` (`postal_address_id`),
  ADD UNIQUE KEY `UNIQ_200AB83EF5A825DA` (`leader_responsible_id`),
  ADD UNIQUE KEY `UNIQ_200AB83EB8ECE616` (`security_manager_id`),
  ADD UNIQUE KEY `UNIQ_200AB83E521911ED` (`compliance_manager_id`),
  ADD UNIQUE KEY `UNIQ_200AB83EE36700E2` (`head_teacher_id`),
  ADD UNIQUE KEY `UNIQ_200AB83ED1F50D7E` (`assistant_head_teacher_id`),
  ADD UNIQUE KEY `UNIQ_200AB83E851FE69C` (`chief_ground_instructor_id`),
  ADD UNIQUE KEY `UNIQ_200AB83EBDA5B3D2` (`chief_flight_instructor_id`),
  ADD KEY `IDX_200AB83E727ACA70` (`parent_id`);

--
-- Index pour la table `ato_counter_type_value`
--
ALTER TABLE `ato_counter_type_value`
  ADD PRIMARY KEY (`ato_id`,`counter_type_value_id`),
  ADD KEY `IDX_82B4DD5847DC024` (`ato_id`),
  ADD KEY `IDX_82B4DD52402E8F` (`counter_type_value_id`);

--
-- Index pour la table `ato_instructor_skill`
--
ALTER TABLE `ato_instructor_skill`
  ADD PRIMARY KEY (`ato_id`,`instructor_skill_id`),
  ADD KEY `IDX_29651708847DC024` (`ato_id`),
  ADD KEY `IDX_2965170855E763E7` (`instructor_skill_id`);

--
-- Index pour la table `ato_role`
--
ALTER TABLE `ato_role`
  ADD PRIMARY KEY (`id`),
  ADD KEY `IDX_54883B97847DC024` (`ato_id`);

--
-- Index pour la table `ato_user`
--
ALTER TABLE `ato_user`
  ADD PRIMARY KEY (`id`),
  ADD KEY `IDX_8E7267B4847DC024` (`ato_id`),
  ADD KEY `IDX_8E7267B4A76ED395` (`user_id`);

--
-- Index pour la table `ato_user_action`
--
ALTER TABLE `ato_user_action`
  ADD PRIMARY KEY (`id`),
  ADD KEY `IDX_F1A04DE79D32F035` (`action_id`),
  ADD KEY `IDX_F1A04DE730A17E02` (`ato_user_id`);

--
-- Index pour la table `ato_user_ato_role`
--
ALTER TABLE `ato_user_ato_role`
  ADD PRIMARY KEY (`ato_user_id`,`ato_role_id`),
  ADD KEY `IDX_EAA3F26E30A17E02` (`ato_user_id`),
  ADD KEY `IDX_EAA3F26E41CC8F3B` (`ato_role_id`);

--
-- Index pour la table `category_aircraft`
--
ALTER TABLE `category_aircraft`
  ADD PRIMARY KEY (`id`);

--
-- Index pour la table `classroom`
--
ALTER TABLE `classroom`
  ADD PRIMARY KEY (`id`);

--
-- Index pour la table `class_aircraft`
--
ALTER TABLE `class_aircraft`
  ADD PRIMARY KEY (`id`);

--
-- Index pour la table `class_aircraft_manufacturer_aircraft`
--
ALTER TABLE `class_aircraft_manufacturer_aircraft`
  ADD PRIMARY KEY (`class_aircraft_id`,`manufacturer_aircraft_id`),
  ADD KEY `IDX_E01BD698BC00E06A` (`class_aircraft_id`),
  ADD KEY `IDX_E01BD69884B93B67` (`manufacturer_aircraft_id`);

--
-- Index pour la table `class_aircraft_model_aircraft`
--
ALTER TABLE `class_aircraft_model_aircraft`
  ADD PRIMARY KEY (`class_aircraft_id`,`model_aircraft_id`),
  ADD KEY `IDX_D4AC5D84BC00E06A` (`class_aircraft_id`),
  ADD KEY `IDX_D4AC5D84EA6C16B0` (`model_aircraft_id`);

--
-- Index pour la table `class_aircraft_type_aircraft`
--
ALTER TABLE `class_aircraft_type_aircraft`
  ADD PRIMARY KEY (`class_aircraft_id`,`type_aircraft_id`),
  ADD KEY `IDX_1C27305FBC00E06A` (`class_aircraft_id`),
  ADD KEY `IDX_1C27305FCF77F8CD` (`type_aircraft_id`);

--
-- Index pour la table `constraint`
--
ALTER TABLE `constraint`
  ADD PRIMARY KEY (`id`),
  ADD KEY `IDX_394A8EF255E763E7` (`instructor_skill_id`),
  ADD KEY `IDX_394A8EF29D32F035` (`action_id`),
  ADD KEY `IDX_394A8EF257901725` (`formation_item_id`),
  ADD KEY `IDX_394A8EF2727ACA70` (`parent_id`);

--
-- Index pour la table `counter`
--
ALTER TABLE `counter`
  ADD PRIMARY KEY (`id`),
  ADD KEY `IDX_C122947857901725` (`formation_item_id`),
  ADD KEY `IDX_C1229478613FECDF` (`session_id`),
  ADD KEY `IDX_C12294785200282E` (`formation_id`);

--
-- Index pour la table `counter_counter_type_value`
--
ALTER TABLE `counter_counter_type_value`
  ADD PRIMARY KEY (`counter_id`,`counter_type_value_id`),
  ADD KEY `IDX_9A27E752FCEEF2E3` (`counter_id`),
  ADD KEY `IDX_9A27E7522402E8F` (`counter_type_value_id`);

--
-- Index pour la table `counter_group`
--
ALTER TABLE `counter_group`
  ADD PRIMARY KEY (`id`);

--
-- Index pour la table `counter_predefined_value`
--
ALTER TABLE `counter_predefined_value`
  ADD PRIMARY KEY (`id`),
  ADD KEY `IDX_11873EEE4B27D0B2` (`counter_type_id`);

--
-- Index pour la table `counter_type`
--
ALTER TABLE `counter_type`
  ADD PRIMARY KEY (`id`);

--
-- Index pour la table `counter_type_counter_group`
--
ALTER TABLE `counter_type_counter_group`
  ADD PRIMARY KEY (`counter_type_id`,`counter_group_id`),
  ADD KEY `IDX_B20934924B27D0B2` (`counter_type_id`),
  ADD KEY `IDX_B2093492B2B3A245` (`counter_group_id`);

--
-- Index pour la table `counter_type_value`
--
ALTER TABLE `counter_type_value`
  ADD PRIMARY KEY (`id`);

--
-- Index pour la table `engine_type_aircraft`
--
ALTER TABLE `engine_type_aircraft`
  ADD PRIMARY KEY (`id`);

--
-- Index pour la table `event`
--
ALTER TABLE `event`
  ADD PRIMARY KEY (`id`),
  ADD KEY `IDX_3BAE0AA7613FECDF` (`session_id`);

--
-- Index pour la table `extra_lesson`
--
ALTER TABLE `extra_lesson`
  ADD PRIMARY KEY (`id`),
  ADD KEY `IDX_2E584C5BCDF80196` (`lesson_id`),
  ADD KEY `IDX_2E584C5B5200282E` (`formation_id`);

--
-- Index pour la table `extra_lesson_skills`
--
ALTER TABLE `extra_lesson_skills`
  ADD PRIMARY KEY (`extra_lesson_id`,`skills_id`),
  ADD KEY `IDX_3DC4DAAE3FD4DD80` (`extra_lesson_id`),
  ADD KEY `IDX_3DC4DAAE7FF61858` (`skills_id`);

--
-- Index pour la table `formation`
--
ALTER TABLE `formation`
  ADD PRIMARY KEY (`id`),
  ADD KEY `IDX_404021BF67595CFC` (`lesson_notation_id`),
  ADD KEY `IDX_404021BFB61422E` (`exercises_notation_id`),
  ADD KEY `IDX_404021BFE250A17B` (`exercise_decomposition_notation_id`),
  ADD KEY `IDX_404021BF847DC024` (`ato_id`);

--
-- Index pour la table `formation_item`
--
ALTER TABLE `formation_item`
  ADD PRIMARY KEY (`id`),
  ADD KEY `IDX_48C4C05E727ACA70` (`parent_id`),
  ADD KEY `IDX_48C4C05E5200282E` (`formation_id`),
  ADD KEY `IDX_48C4C05E3FD4DD80` (`extra_lesson_id`),
  ADD KEY `IDX_48C4C05E9680B7F7` (`notation_id`),
  ADD KEY `IDX_48C4C05E55D631A8` (`min_rating_id`),
  ADD KEY `IDX_48C4C05E6278D5A8` (`classroom_id`),
  ADD KEY `IDX_48C4C05EB0E02586` (`expected_value_id`);

--
-- Index pour la table `formation_items_technical_skills`
--
ALTER TABLE `formation_items_technical_skills`
  ADD PRIMARY KEY (`formation_item_id`,`skills_id`),
  ADD KEY `IDX_72D338D457901725` (`formation_item_id`),
  ADD KEY `IDX_72D338D47FF61858` (`skills_id`);

--
-- Index pour la table `formation_item_action`
--
ALTER TABLE `formation_item_action`
  ADD PRIMARY KEY (`formation_item_id`,`action_id`),
  ADD KEY `IDX_9EC8D98657901725` (`formation_item_id`),
  ADD KEY `IDX_9EC8D9869D32F035` (`action_id`);

--
-- Index pour la table `formation_item_formation_item`
--
ALTER TABLE `formation_item_formation_item`
  ADD PRIMARY KEY (`formation_item_source`,`formation_item_target`),
  ADD KEY `IDX_DEAC66A1868E2A67` (`formation_item_source`),
  ADD KEY `IDX_DEAC66A19F6B7AE8` (`formation_item_target`);

--
-- Index pour la table `formation_item_skills`
--
ALTER TABLE `formation_item_skills`
  ADD PRIMARY KEY (`formation_item_id`,`skills_id`),
  ADD KEY `IDX_C35436457901725` (`formation_item_id`),
  ADD KEY `IDX_C3543647FF61858` (`skills_id`);

--
-- Index pour la table `formation_practical_counter_type`
--
ALTER TABLE `formation_practical_counter_type`
  ADD PRIMARY KEY (`formation_id`,`counter_type_value_id`),
  ADD KEY `IDX_8EA8CCD95200282E` (`formation_id`),
  ADD KEY `IDX_8EA8CCD92402E8F` (`counter_type_value_id`);

--
-- Index pour la table `formation_theoretical_counter_type`
--
ALTER TABLE `formation_theoretical_counter_type`
  ADD PRIMARY KEY (`formation_id`,`counter_type_value_id`),
  ADD KEY `IDX_4B85E0E35200282E` (`formation_id`),
  ADD KEY `IDX_4B85E0E32402E8F` (`counter_type_value_id`);

--
-- Index pour la table `instructor_skill`
--
ALTER TABLE `instructor_skill`
  ADD PRIMARY KEY (`id`);

--
-- Index pour la table `instructor_skill_ato_user`
--
ALTER TABLE `instructor_skill_ato_user`
  ADD PRIMARY KEY (`instructor_skill_id`,`ato_user_id`),
  ADD KEY `IDX_1EC3796555E763E7` (`instructor_skill_id`),
  ADD KEY `IDX_1EC3796530A17E02` (`ato_user_id`);

--
-- Index pour la table `lesson_annotation`
--
ALTER TABLE `lesson_annotation`
  ADD PRIMARY KEY (`id`),
  ADD KEY `IDX_234D7723847DC024` (`ato_id`);

--
-- Index pour la table `lesson_annotation_value`
--
ALTER TABLE `lesson_annotation_value`
  ADD PRIMARY KEY (`id`);

--
-- Index pour la table `manufacturer_aircraft`
--
ALTER TABLE `manufacturer_aircraft`
  ADD PRIMARY KEY (`id`);

--
-- Index pour la table `media_object`
--
ALTER TABLE `media_object`
  ADD PRIMARY KEY (`id`),
  ADD KEY `IDX_14D431325200282E` (`formation_id`),
  ADD KEY `IDX_14D43132CDF80196` (`lesson_id`),
  ADD KEY `IDX_14D431329D32F035` (`action_id`),
  ADD KEY `IDX_14D431323FD4DD80` (`extra_lesson_id`);

--
-- Index pour la table `migration_versions`
--
ALTER TABLE `migration_versions`
  ADD PRIMARY KEY (`version`);

--
-- Index pour la table `model_aircraft`
--
ALTER TABLE `model_aircraft`
  ADD PRIMARY KEY (`id`),
  ADD KEY `IDX_D90336CA577F21F8` (`engine_type_id`),
  ADD KEY `IDX_D90336CA12469DE2` (`category_id`),
  ADD KEY `IDX_D90336CAA23B42D` (`manufacturer_id`);

--
-- Index pour la table `notification`
--
ALTER TABLE `notification`
  ADD PRIMARY KEY (`id`),
  ADD KEY `IDX_BF5476CAA76ED395` (`user_id`);

--
-- Index pour la table `postal_address`
--
ALTER TABLE `postal_address`
  ADD PRIMARY KEY (`id`);

--
-- Index pour la table `promotion`
--
ALTER TABLE `promotion`
  ADD PRIMARY KEY (`id`),
  ADD KEY `IDX_C11D7DD1847DC024` (`ato_id`);

--
-- Index pour la table `promotion_ato_user`
--
ALTER TABLE `promotion_ato_user`
  ADD PRIMARY KEY (`promotion_id`,`ato_user_id`),
  ADD KEY `IDX_4826C3F0139DF194` (`promotion_id`),
  ADD KEY `IDX_4826C3F030A17E02` (`ato_user_id`);

--
-- Index pour la table `promotion_formation`
--
ALTER TABLE `promotion_formation`
  ADD PRIMARY KEY (`id`),
  ADD UNIQUE KEY `UNIQ_3137F092139DF194` (`promotion_id`),
  ADD KEY `IDX_3137F0925200282E` (`formation_id`);

--
-- Index pour la table `rating`
--
ALTER TABLE `rating`
  ADD PRIMARY KEY (`id`);

--
-- Index pour la table `rating_ato`
--
ALTER TABLE `rating_ato`
  ADD PRIMARY KEY (`rating_id`,`ato_id`),
  ADD KEY `IDX_39D385C7A32EFC6` (`rating_id`),
  ADD KEY `IDX_39D385C7847DC024` (`ato_id`);

--
-- Index pour la table `rating_value`
--
ALTER TABLE `rating_value`
  ADD PRIMARY KEY (`id`),
  ADD UNIQUE KEY `UNIQ_80615708F6419510` (`media_value_id`),
  ADD KEY `IDX_80615708260075EB` (`rating_type_id`);

--
-- Index pour la table `refresh_tokens`
--
ALTER TABLE `refresh_tokens`
  ADD PRIMARY KEY (`id`),
  ADD UNIQUE KEY `UNIQ_9BACE7E1C74F2195` (`refresh_token`);

--
-- Index pour la table `resources`
--
ALTER TABLE `resources`
  ADD PRIMARY KEY (`id`),
  ADD KEY `IDX_EF66EBAE847DC024` (`ato_id`);

--
-- Index pour la table `resources_session`
--
ALTER TABLE `resources_session`
  ADD PRIMARY KEY (`resources_id`,`session_id`),
  ADD KEY `IDX_6E458FB3ACFC5BFF` (`resources_id`),
  ADD KEY `IDX_6E458FB3613FECDF` (`session_id`);

--
-- Index pour la table `session`
--
ALTER TABLE `session`
  ADD PRIMARY KEY (`id`),
  ADD UNIQUE KEY `UNIQ_D044D5D463D2D5DF` (`lesson_extra_id`),
  ADD UNIQUE KEY `UNIQ_D044D5D41AE37126` (`instructor_signature_id`),
  ADD UNIQUE KEY `UNIQ_D044D5D4E071F843` (`pdf_file_id`),
  ADD UNIQUE KEY `UNIQ_D044D5D494AE086B` (`correction_id`),
  ADD KEY `IDX_D044D5D48C4FC193` (`instructor_id`),
  ADD KEY `IDX_D044D5D45200282E` (`formation_id`),
  ADD KEY `IDX_D044D5D4CDF80196` (`lesson_id`),
  ADD KEY `IDX_D044D5D467595CFC` (`lesson_notation_id`),
  ADD KEY `IDX_D044D5D4F631AB5C` (`departure_airport_id`),
  ADD KEY `IDX_D044D5D47F43E343` (`arrival_airport_id`),
  ADD KEY `IDX_D044D5D4846E2F5C` (`aircraft_id`);

--
-- Index pour la table `session_exercise`
--
ALTER TABLE `session_exercise`
  ADD PRIMARY KEY (`id`);

--
-- Index pour la table `session_item`
--
ALTER TABLE `session_item`
  ADD PRIMARY KEY (`id`),
  ADD KEY `IDX_D96A2534613FECDF` (`session_id`),
  ADD KEY `IDX_D96A2534BC999F9F` (`rate_id`),
  ADD KEY `IDX_D96A253451AF2A67` (`student_rate_id`),
  ADD KEY `IDX_D96A253457901725` (`formation_item_id`),
  ADD KEY `IDX_D96A25346AD4BF0E` (`additional_for_session_id`);

--
-- Index pour la table `session_skill`
--
ALTER TABLE `session_skill`
  ADD PRIMARY KEY (`id`),
  ADD KEY `IDX_85405CA126ED0855` (`note_id`),
  ADD KEY `IDX_85405CA15585C142` (`skill_id`),
  ADD KEY `IDX_85405CA1613FECDF` (`session_id`);

--
-- Index pour la table `signature`
--
ALTER TABLE `signature`
  ADD PRIMARY KEY (`id`),
  ADD KEY `IDX_AE88014130A17E02` (`ato_user_id`);

--
-- Index pour la table `skills`
--
ALTER TABLE `skills`
  ADD PRIMARY KEY (`id`),
  ADD KEY `IDX_D5311670847DC024` (`ato_id`),
  ADD KEY `IDX_D5311670F31275AF` (`rating_system_id`);

--
-- Index pour la table `skills_detail`
--
ALTER TABLE `skills_detail`
  ADD PRIMARY KEY (`id`),
  ADD KEY `IDX_631971207FF61858` (`skills_id`);

--
-- Index pour la table `student_formation`
--
ALTER TABLE `student_formation`
  ADD PRIMARY KEY (`id`),
  ADD KEY `IDX_272EE03F5200282E` (`formation_id`),
  ADD KEY `IDX_272EE03FCB944F1A` (`student_id`);

--
-- Index pour la table `student_session`
--
ALTER TABLE `student_session`
  ADD PRIMARY KEY (`id`),
  ADD UNIQUE KEY `UNIQ_3D72602CED61183A` (`signature_id`),
  ADD KEY `IDX_3D72602C613FECDF` (`session_id`),
  ADD KEY `IDX_3D72602CCB944F1A` (`student_id`),
  ADD KEY `IDX_3D72602CCBDE9999` (`student_formation_id`);

--
-- Index pour la table `type_aircraft`
--
ALTER TABLE `type_aircraft`
  ADD PRIMARY KEY (`id`),
  ADD KEY `IDX_DE2640D5A23B42D` (`manufacturer_id`);

--
-- Index pour la table `type_aircraft_model_aircraft`
--
ALTER TABLE `type_aircraft_model_aircraft`
  ADD PRIMARY KEY (`type_aircraft_id`,`model_aircraft_id`),
  ADD KEY `IDX_114C446CCF77F8CD` (`type_aircraft_id`),
  ADD KEY `IDX_114C446CEA6C16B0` (`model_aircraft_id`);

--
-- Index pour la table `user`
--
ALTER TABLE `user`
  ADD PRIMARY KEY (`id`),
  ADD UNIQUE KEY `UNIQ_8D93D649E7927C74` (`email`),
  ADD UNIQUE KEY `UNIQ_8D93D64945A576B2` (`avatar_file_id`),
  ADD UNIQUE KEY `UNIQ_8D93D649FD54954B` (`postal_address_id`);

--
-- Index pour la table `user_app_role`
--
ALTER TABLE `user_app_role`
  ADD PRIMARY KEY (`user_id`,`app_role_id`),
  ADD KEY `IDX_B2CA4BCAA76ED395` (`user_id`),
  ADD KEY `IDX_B2CA4BCA3B5EA2E1` (`app_role_id`);

--
-- AUTO_INCREMENT pour les tables déchargées
--

--
-- AUTO_INCREMENT pour la table `action`
--
ALTER TABLE `action`
  MODIFY `id` int NOT NULL AUTO_INCREMENT, AUTO_INCREMENT=73;

--
-- AUTO_INCREMENT pour la table `airport`
--
ALTER TABLE `airport`
  MODIFY `id` int NOT NULL AUTO_INCREMENT, AUTO_INCREMENT=467;

--
-- AUTO_INCREMENT pour la table `app_role`
--
ALTER TABLE `app_role`
  MODIFY `id` int NOT NULL AUTO_INCREMENT, AUTO_INCREMENT=24;

--
-- AUTO_INCREMENT pour la table `ato`
--
ALTER TABLE `ato`
  MODIFY `id` int NOT NULL AUTO_INCREMENT, AUTO_INCREMENT=628;

--
-- AUTO_INCREMENT pour la table `ato_role`
--
ALTER TABLE `ato_role`
  MODIFY `id` int NOT NULL AUTO_INCREMENT, AUTO_INCREMENT=181;

--
-- AUTO_INCREMENT pour la table `ato_user`
--
ALTER TABLE `ato_user`
  MODIFY `id` int NOT NULL AUTO_INCREMENT, AUTO_INCREMENT=128;

--
-- AUTO_INCREMENT pour la table `ato_user_action`
--
ALTER TABLE `ato_user_action`
  MODIFY `id` int NOT NULL AUTO_INCREMENT;

--
-- AUTO_INCREMENT pour la table `category_aircraft`
--
ALTER TABLE `category_aircraft`
  MODIFY `id` int NOT NULL AUTO_INCREMENT, AUTO_INCREMENT=14;

--
-- AUTO_INCREMENT pour la table `class_aircraft`
--
ALTER TABLE `class_aircraft`
  MODIFY `id` int NOT NULL AUTO_INCREMENT, AUTO_INCREMENT=42;

--
-- AUTO_INCREMENT pour la table `constraint`
--
ALTER TABLE `constraint`
  MODIFY `id` int NOT NULL AUTO_INCREMENT, AUTO_INCREMENT=160;

--
-- AUTO_INCREMENT pour la table `counter`
--
ALTER TABLE `counter`
  MODIFY `id` int NOT NULL AUTO_INCREMENT, AUTO_INCREMENT=370;

--
-- AUTO_INCREMENT pour la table `counter_predefined_value`
--
ALTER TABLE `counter_predefined_value`
  MODIFY `id` int NOT NULL AUTO_INCREMENT, AUTO_INCREMENT=22;

--
-- AUTO_INCREMENT pour la table `counter_type_value`
--
ALTER TABLE `counter_type_value`
  MODIFY `id` int NOT NULL AUTO_INCREMENT, AUTO_INCREMENT=80;

--
-- AUTO_INCREMENT pour la table `engine_type_aircraft`
--
ALTER TABLE `engine_type_aircraft`
  MODIFY `id` int NOT NULL AUTO_INCREMENT, AUTO_INCREMENT=9;

--
-- AUTO_INCREMENT pour la table `event`
--
ALTER TABLE `event`
  MODIFY `id` int NOT NULL AUTO_INCREMENT;

--
-- AUTO_INCREMENT pour la table `extra_lesson`
--
ALTER TABLE `extra_lesson`
  MODIFY `id` int NOT NULL AUTO_INCREMENT, AUTO_INCREMENT=30;

--
-- AUTO_INCREMENT pour la table `formation`
--
ALTER TABLE `formation`
  MODIFY `id` int NOT NULL AUTO_INCREMENT, AUTO_INCREMENT=355;

--
-- AUTO_INCREMENT pour la table `formation_item`
--
ALTER TABLE `formation_item`
  MODIFY `id` int NOT NULL AUTO_INCREMENT, AUTO_INCREMENT=63838;

--
-- AUTO_INCREMENT pour la table `instructor_skill`
--
ALTER TABLE `instructor_skill`
  MODIFY `id` int NOT NULL AUTO_INCREMENT, AUTO_INCREMENT=21;

--
-- AUTO_INCREMENT pour la table `lesson_annotation`
--
ALTER TABLE `lesson_annotation`
  MODIFY `id` int NOT NULL AUTO_INCREMENT;

--
-- AUTO_INCREMENT pour la table `lesson_annotation_value`
--
ALTER TABLE `lesson_annotation_value`
  MODIFY `id` int NOT NULL AUTO_INCREMENT;

--
-- AUTO_INCREMENT pour la table `manufacturer_aircraft`
--
ALTER TABLE `manufacturer_aircraft`
  MODIFY `id` int NOT NULL AUTO_INCREMENT, AUTO_INCREMENT=59;

--
-- AUTO_INCREMENT pour la table `media_object`
--
ALTER TABLE `media_object`
  MODIFY `id` int NOT NULL AUTO_INCREMENT, AUTO_INCREMENT=383;

--
-- AUTO_INCREMENT pour la table `model_aircraft`
--
ALTER TABLE `model_aircraft`
  MODIFY `id` int NOT NULL AUTO_INCREMENT, AUTO_INCREMENT=422;

--
-- AUTO_INCREMENT pour la table `notification`
--
ALTER TABLE `notification`
  MODIFY `id` int NOT NULL AUTO_INCREMENT, AUTO_INCREMENT=138;

--
-- AUTO_INCREMENT pour la table `postal_address`
--
ALTER TABLE `postal_address`
  MODIFY `id` int NOT NULL AUTO_INCREMENT, AUTO_INCREMENT=78;

--
-- AUTO_INCREMENT pour la table `promotion`
--
ALTER TABLE `promotion`
  MODIFY `id` int NOT NULL AUTO_INCREMENT, AUTO_INCREMENT=15;

--
-- AUTO_INCREMENT pour la table `promotion_formation`
--
ALTER TABLE `promotion_formation`
  MODIFY `id` int NOT NULL AUTO_INCREMENT, AUTO_INCREMENT=8;

--
-- AUTO_INCREMENT pour la table `rating`
--
ALTER TABLE `rating`
  MODIFY `id` int NOT NULL AUTO_INCREMENT, AUTO_INCREMENT=86;

--
-- AUTO_INCREMENT pour la table `rating_value`
--
ALTER TABLE `rating_value`
  MODIFY `id` int NOT NULL AUTO_INCREMENT, AUTO_INCREMENT=421;

--
-- AUTO_INCREMENT pour la table `refresh_tokens`
--
ALTER TABLE `refresh_tokens`
  MODIFY `id` int NOT NULL AUTO_INCREMENT, AUTO_INCREMENT=104;

--
-- AUTO_INCREMENT pour la table `resources`
--
ALTER TABLE `resources`
  MODIFY `id` int NOT NULL AUTO_INCREMENT, AUTO_INCREMENT=925;

--
-- AUTO_INCREMENT pour la table `session`
--
ALTER TABLE `session`
  MODIFY `id` int NOT NULL AUTO_INCREMENT, AUTO_INCREMENT=189;

--
-- AUTO_INCREMENT pour la table `session_exercise`
--
ALTER TABLE `session_exercise`
  MODIFY `id` int NOT NULL AUTO_INCREMENT;

--
-- AUTO_INCREMENT pour la table `session_item`
--
ALTER TABLE `session_item`
  MODIFY `id` int NOT NULL AUTO_INCREMENT, AUTO_INCREMENT=772;

--
-- AUTO_INCREMENT pour la table `session_skill`
--
ALTER TABLE `session_skill`
  MODIFY `id` int NOT NULL AUTO_INCREMENT, AUTO_INCREMENT=113;

--
-- AUTO_INCREMENT pour la table `signature`
--
ALTER TABLE `signature`
  MODIFY `id` int NOT NULL AUTO_INCREMENT, AUTO_INCREMENT=198;

--
-- AUTO_INCREMENT pour la table `skills`
--
ALTER TABLE `skills`
  MODIFY `id` int NOT NULL AUTO_INCREMENT, AUTO_INCREMENT=50;

--
-- AUTO_INCREMENT pour la table `skills_detail`
--
ALTER TABLE `skills_detail`
  MODIFY `id` int NOT NULL AUTO_INCREMENT, AUTO_INCREMENT=111;

--
-- AUTO_INCREMENT pour la table `student_formation`
--
ALTER TABLE `student_formation`
  MODIFY `id` int NOT NULL AUTO_INCREMENT, AUTO_INCREMENT=138;

--
-- AUTO_INCREMENT pour la table `student_session`
--
ALTER TABLE `student_session`
  MODIFY `id` int NOT NULL AUTO_INCREMENT, AUTO_INCREMENT=176;

--
-- AUTO_INCREMENT pour la table `type_aircraft`
--
ALTER TABLE `type_aircraft`
  MODIFY `id` int NOT NULL AUTO_INCREMENT, AUTO_INCREMENT=223;

--
-- Contraintes pour les tables déchargées
--

--
-- Contraintes pour la table `aircraft`
--
ALTER TABLE `aircraft`
  ADD CONSTRAINT `FK_13D9672912469DE2` FOREIGN KEY (`category_id`) REFERENCES `category_aircraft` (`id`),
  ADD CONSTRAINT `FK_13D96729577F21F8` FOREIGN KEY (`engine_type_id`) REFERENCES `engine_type_aircraft` (`id`),
  ADD CONSTRAINT `FK_13D967297975B7E7` FOREIGN KEY (`model_id`) REFERENCES `model_aircraft` (`id`),
  ADD CONSTRAINT `FK_13D96729A23B42D` FOREIGN KEY (`manufacturer_id`) REFERENCES `manufacturer_aircraft` (`id`),
  ADD CONSTRAINT `FK_13D96729BF396750` FOREIGN KEY (`id`) REFERENCES `resources` (`id`) ON DELETE CASCADE,
  ADD CONSTRAINT `FK_13D96729C54C8C93` FOREIGN KEY (`type_id`) REFERENCES `type_aircraft` (`id`),
  ADD CONSTRAINT `FK_13D96729EA000B10` FOREIGN KEY (`class_id`) REFERENCES `class_aircraft` (`id`);

--
-- Contraintes pour la table `aircraft_counter_type_value`
--
ALTER TABLE `aircraft_counter_type_value`
  ADD CONSTRAINT `FK_E6BC0EF12402E8F` FOREIGN KEY (`counter_type_value_id`) REFERENCES `counter_type_value` (`id`) ON DELETE CASCADE,
  ADD CONSTRAINT `FK_E6BC0EF1846E2F5C` FOREIGN KEY (`aircraft_id`) REFERENCES `aircraft` (`id`) ON DELETE CASCADE;

--
-- Contraintes pour la table `ato`
--
ALTER TABLE `ato`
  ADD CONSTRAINT `FK_200AB83E521911ED` FOREIGN KEY (`compliance_manager_id`) REFERENCES `ato_user` (`id`) ON DELETE CASCADE,
  ADD CONSTRAINT `FK_200AB83E727ACA70` FOREIGN KEY (`parent_id`) REFERENCES `ato` (`id`),
  ADD CONSTRAINT `FK_200AB83E851FE69C` FOREIGN KEY (`chief_ground_instructor_id`) REFERENCES `ato_user` (`id`) ON DELETE CASCADE,
  ADD CONSTRAINT `FK_200AB83EB8ECE616` FOREIGN KEY (`security_manager_id`) REFERENCES `ato_user` (`id`) ON DELETE CASCADE,
  ADD CONSTRAINT `FK_200AB83EBDA5B3D2` FOREIGN KEY (`chief_flight_instructor_id`) REFERENCES `ato_user` (`id`) ON DELETE CASCADE,
  ADD CONSTRAINT `FK_200AB83ED1F50D7E` FOREIGN KEY (`assistant_head_teacher_id`) REFERENCES `ato_user` (`id`) ON DELETE CASCADE,
  ADD CONSTRAINT `FK_200AB83EE36700E2` FOREIGN KEY (`head_teacher_id`) REFERENCES `ato_user` (`id`) ON DELETE CASCADE,
  ADD CONSTRAINT `FK_200AB83EF5A825DA` FOREIGN KEY (`leader_responsible_id`) REFERENCES `ato_user` (`id`),
  ADD CONSTRAINT `FK_200AB83EFD54954B` FOREIGN KEY (`postal_address_id`) REFERENCES `postal_address` (`id`);

--
-- Contraintes pour la table `ato_counter_type_value`
--
ALTER TABLE `ato_counter_type_value`
  ADD CONSTRAINT `FK_82B4DD52402E8F` FOREIGN KEY (`counter_type_value_id`) REFERENCES `counter_type_value` (`id`) ON DELETE CASCADE,
  ADD CONSTRAINT `FK_82B4DD5847DC024` FOREIGN KEY (`ato_id`) REFERENCES `ato` (`id`) ON DELETE CASCADE;

--
-- Contraintes pour la table `ato_instructor_skill`
--
ALTER TABLE `ato_instructor_skill`
  ADD CONSTRAINT `FK_2965170855E763E7` FOREIGN KEY (`instructor_skill_id`) REFERENCES `instructor_skill` (`id`) ON DELETE CASCADE,
  ADD CONSTRAINT `FK_29651708847DC024` FOREIGN KEY (`ato_id`) REFERENCES `ato` (`id`) ON DELETE CASCADE;

--
-- Contraintes pour la table `ato_role`
--
ALTER TABLE `ato_role`
  ADD CONSTRAINT `FK_54883B97847DC024` FOREIGN KEY (`ato_id`) REFERENCES `ato` (`id`);

--
-- Contraintes pour la table `ato_user`
--
ALTER TABLE `ato_user`
  ADD CONSTRAINT `FK_8E7267B4847DC024` FOREIGN KEY (`ato_id`) REFERENCES `ato` (`id`) ON DELETE CASCADE,
  ADD CONSTRAINT `FK_8E7267B4A76ED395` FOREIGN KEY (`user_id`) REFERENCES `user` (`id`);

--
-- Contraintes pour la table `ato_user_action`
--
ALTER TABLE `ato_user_action`
  ADD CONSTRAINT `FK_F1A04DE730A17E02` FOREIGN KEY (`ato_user_id`) REFERENCES `ato_user` (`id`),
  ADD CONSTRAINT `FK_F1A04DE79D32F035` FOREIGN KEY (`action_id`) REFERENCES `action` (`id`);

--
-- Contraintes pour la table `ato_user_ato_role`
--
ALTER TABLE `ato_user_ato_role`
  ADD CONSTRAINT `FK_EAA3F26E30A17E02` FOREIGN KEY (`ato_user_id`) REFERENCES `ato_user` (`id`) ON DELETE CASCADE,
  ADD CONSTRAINT `FK_EAA3F26E41CC8F3B` FOREIGN KEY (`ato_role_id`) REFERENCES `ato_role` (`id`) ON DELETE CASCADE;

--
-- Contraintes pour la table `classroom`
--
ALTER TABLE `classroom`
  ADD CONSTRAINT `FK_497D309DBF396750` FOREIGN KEY (`id`) REFERENCES `resources` (`id`) ON DELETE CASCADE;

--
-- Contraintes pour la table `class_aircraft_manufacturer_aircraft`
--
ALTER TABLE `class_aircraft_manufacturer_aircraft`
  ADD CONSTRAINT `FK_E01BD69884B93B67` FOREIGN KEY (`manufacturer_aircraft_id`) REFERENCES `manufacturer_aircraft` (`id`) ON DELETE CASCADE,
  ADD CONSTRAINT `FK_E01BD698BC00E06A` FOREIGN KEY (`class_aircraft_id`) REFERENCES `class_aircraft` (`id`) ON DELETE CASCADE;

--
-- Contraintes pour la table `class_aircraft_model_aircraft`
--
ALTER TABLE `class_aircraft_model_aircraft`
  ADD CONSTRAINT `FK_D4AC5D84BC00E06A` FOREIGN KEY (`class_aircraft_id`) REFERENCES `class_aircraft` (`id`) ON DELETE CASCADE,
  ADD CONSTRAINT `FK_D4AC5D84EA6C16B0` FOREIGN KEY (`model_aircraft_id`) REFERENCES `model_aircraft` (`id`) ON DELETE CASCADE;

--
-- Contraintes pour la table `class_aircraft_type_aircraft`
--
ALTER TABLE `class_aircraft_type_aircraft`
  ADD CONSTRAINT `FK_1C27305FBC00E06A` FOREIGN KEY (`class_aircraft_id`) REFERENCES `class_aircraft` (`id`) ON DELETE CASCADE,
  ADD CONSTRAINT `FK_1C27305FCF77F8CD` FOREIGN KEY (`type_aircraft_id`) REFERENCES `type_aircraft` (`id`) ON DELETE CASCADE;

--
-- Contraintes pour la table `constraint`
--
ALTER TABLE `constraint`
  ADD CONSTRAINT `FK_394A8EF255E763E7` FOREIGN KEY (`instructor_skill_id`) REFERENCES `instructor_skill` (`id`),
  ADD CONSTRAINT `FK_394A8EF257901725` FOREIGN KEY (`formation_item_id`) REFERENCES `formation_item` (`id`) ON DELETE CASCADE,
  ADD CONSTRAINT `FK_394A8EF2727ACA70` FOREIGN KEY (`parent_id`) REFERENCES `formation_item` (`id`),
  ADD CONSTRAINT `FK_394A8EF29D32F035` FOREIGN KEY (`action_id`) REFERENCES `action` (`id`);

--
-- Contraintes pour la table `counter`
--
ALTER TABLE `counter`
  ADD CONSTRAINT `FK_C12294785200282E` FOREIGN KEY (`formation_id`) REFERENCES `formation` (`id`),
  ADD CONSTRAINT `FK_C122947857901725` FOREIGN KEY (`formation_item_id`) REFERENCES `formation_item` (`id`) ON DELETE CASCADE,
  ADD CONSTRAINT `FK_C1229478613FECDF` FOREIGN KEY (`session_id`) REFERENCES `session` (`id`);

--
-- Contraintes pour la table `counter_counter_type_value`
--
ALTER TABLE `counter_counter_type_value`
  ADD CONSTRAINT `FK_9A27E7522402E8F` FOREIGN KEY (`counter_type_value_id`) REFERENCES `counter_type_value` (`id`) ON DELETE CASCADE,
  ADD CONSTRAINT `FK_9A27E752FCEEF2E3` FOREIGN KEY (`counter_id`) REFERENCES `counter` (`id`) ON DELETE CASCADE;

--
-- Contraintes pour la table `counter_group`
--
ALTER TABLE `counter_group`
  ADD CONSTRAINT `FK_BE593DE7BF396750` FOREIGN KEY (`id`) REFERENCES `counter_type_value` (`id`) ON DELETE CASCADE;

--
-- Contraintes pour la table `counter_predefined_value`
--
ALTER TABLE `counter_predefined_value`
  ADD CONSTRAINT `FK_11873EEE4B27D0B2` FOREIGN KEY (`counter_type_id`) REFERENCES `counter_type` (`id`);

--
-- Contraintes pour la table `counter_type`
--
ALTER TABLE `counter_type`
  ADD CONSTRAINT `FK_C3538E4EBF396750` FOREIGN KEY (`id`) REFERENCES `counter_type_value` (`id`) ON DELETE CASCADE;

--
-- Contraintes pour la table `counter_type_counter_group`
--
ALTER TABLE `counter_type_counter_group`
  ADD CONSTRAINT `FK_B20934924B27D0B2` FOREIGN KEY (`counter_type_id`) REFERENCES `counter_type` (`id`) ON DELETE CASCADE,
  ADD CONSTRAINT `FK_B2093492B2B3A245` FOREIGN KEY (`counter_group_id`) REFERENCES `counter_group` (`id`) ON DELETE CASCADE;

--
-- Contraintes pour la table `event`
--
ALTER TABLE `event`
  ADD CONSTRAINT `FK_3BAE0AA7613FECDF` FOREIGN KEY (`session_id`) REFERENCES `session` (`id`);

--
-- Contraintes pour la table `extra_lesson`
--
ALTER TABLE `extra_lesson`
  ADD CONSTRAINT `FK_2E584C5B5200282E` FOREIGN KEY (`formation_id`) REFERENCES `formation` (`id`),
  ADD CONSTRAINT `FK_2E584C5BCDF80196` FOREIGN KEY (`lesson_id`) REFERENCES `formation_item` (`id`);

--
-- Contraintes pour la table `extra_lesson_skills`
--
ALTER TABLE `extra_lesson_skills`
  ADD CONSTRAINT `FK_3DC4DAAE3FD4DD80` FOREIGN KEY (`extra_lesson_id`) REFERENCES `extra_lesson` (`id`) ON DELETE CASCADE,
  ADD CONSTRAINT `FK_3DC4DAAE7FF61858` FOREIGN KEY (`skills_id`) REFERENCES `skills` (`id`) ON DELETE CASCADE;

--
-- Contraintes pour la table `formation`
--
ALTER TABLE `formation`
  ADD CONSTRAINT `FK_404021BF67595CFC` FOREIGN KEY (`lesson_notation_id`) REFERENCES `rating` (`id`),
  ADD CONSTRAINT `FK_404021BF847DC024` FOREIGN KEY (`ato_id`) REFERENCES `ato` (`id`),
  ADD CONSTRAINT `FK_404021BFB61422E` FOREIGN KEY (`exercises_notation_id`) REFERENCES `rating` (`id`),
  ADD CONSTRAINT `FK_404021BFE250A17B` FOREIGN KEY (`exercise_decomposition_notation_id`) REFERENCES `rating` (`id`);

--
-- Contraintes pour la table `formation_item`
--
ALTER TABLE `formation_item`
  ADD CONSTRAINT `FK_48C4C05E3FD4DD80` FOREIGN KEY (`extra_lesson_id`) REFERENCES `extra_lesson` (`id`) ON DELETE SET NULL,
  ADD CONSTRAINT `FK_48C4C05E5200282E` FOREIGN KEY (`formation_id`) REFERENCES `formation` (`id`) ON DELETE CASCADE,
  ADD CONSTRAINT `FK_48C4C05E55D631A8` FOREIGN KEY (`min_rating_id`) REFERENCES `rating_value` (`id`) ON DELETE CASCADE,
  ADD CONSTRAINT `FK_48C4C05E6278D5A8` FOREIGN KEY (`classroom_id`) REFERENCES `classroom` (`id`),
  ADD CONSTRAINT `FK_48C4C05E727ACA70` FOREIGN KEY (`parent_id`) REFERENCES `formation_item` (`id`) ON DELETE CASCADE,
  ADD CONSTRAINT `FK_48C4C05E9680B7F7` FOREIGN KEY (`notation_id`) REFERENCES `rating` (`id`),
  ADD CONSTRAINT `FK_48C4C05EB0E02586` FOREIGN KEY (`expected_value_id`) REFERENCES `rating_value` (`id`);

--
-- Contraintes pour la table `formation_items_technical_skills`
--
ALTER TABLE `formation_items_technical_skills`
  ADD CONSTRAINT `FK_72D338D457901725` FOREIGN KEY (`formation_item_id`) REFERENCES `formation_item` (`id`) ON DELETE CASCADE,
  ADD CONSTRAINT `FK_72D338D47FF61858` FOREIGN KEY (`skills_id`) REFERENCES `skills` (`id`) ON DELETE CASCADE;

--
-- Contraintes pour la table `formation_item_action`
--
ALTER TABLE `formation_item_action`
  ADD CONSTRAINT `FK_9EC8D98657901725` FOREIGN KEY (`formation_item_id`) REFERENCES `formation_item` (`id`) ON DELETE CASCADE,
  ADD CONSTRAINT `FK_9EC8D9869D32F035` FOREIGN KEY (`action_id`) REFERENCES `action` (`id`) ON DELETE CASCADE;

--
-- Contraintes pour la table `formation_item_formation_item`
--
ALTER TABLE `formation_item_formation_item`
  ADD CONSTRAINT `FK_DEAC66A1868E2A67` FOREIGN KEY (`formation_item_source`) REFERENCES `formation_item` (`id`) ON DELETE CASCADE,
  ADD CONSTRAINT `FK_DEAC66A19F6B7AE8` FOREIGN KEY (`formation_item_target`) REFERENCES `formation_item` (`id`) ON DELETE CASCADE;

--
-- Contraintes pour la table `formation_item_skills`
--
ALTER TABLE `formation_item_skills`
  ADD CONSTRAINT `FK_C35436457901725` FOREIGN KEY (`formation_item_id`) REFERENCES `formation_item` (`id`) ON DELETE CASCADE,
  ADD CONSTRAINT `FK_C3543647FF61858` FOREIGN KEY (`skills_id`) REFERENCES `skills` (`id`) ON DELETE CASCADE;

--
-- Contraintes pour la table `formation_practical_counter_type`
--
ALTER TABLE `formation_practical_counter_type`
  ADD CONSTRAINT `FK_8EA8CCD92402E8F` FOREIGN KEY (`counter_type_value_id`) REFERENCES `counter_type_value` (`id`) ON DELETE CASCADE,
  ADD CONSTRAINT `FK_8EA8CCD95200282E` FOREIGN KEY (`formation_id`) REFERENCES `formation` (`id`) ON DELETE CASCADE;

--
-- Contraintes pour la table `formation_theoretical_counter_type`
--
ALTER TABLE `formation_theoretical_counter_type`
  ADD CONSTRAINT `FK_4B85E0E32402E8F` FOREIGN KEY (`counter_type_value_id`) REFERENCES `counter_type_value` (`id`) ON DELETE CASCADE,
  ADD CONSTRAINT `FK_4B85E0E35200282E` FOREIGN KEY (`formation_id`) REFERENCES `formation` (`id`) ON DELETE CASCADE;

--
-- Contraintes pour la table `instructor_skill_ato_user`
--
ALTER TABLE `instructor_skill_ato_user`
  ADD CONSTRAINT `FK_1EC3796530A17E02` FOREIGN KEY (`ato_user_id`) REFERENCES `ato_user` (`id`) ON DELETE CASCADE,
  ADD CONSTRAINT `FK_1EC3796555E763E7` FOREIGN KEY (`instructor_skill_id`) REFERENCES `instructor_skill` (`id`) ON DELETE CASCADE;

--
-- Contraintes pour la table `lesson_annotation`
--
ALTER TABLE `lesson_annotation`
  ADD CONSTRAINT `FK_234D7723847DC024` FOREIGN KEY (`ato_id`) REFERENCES `ato` (`id`);

--
-- Contraintes pour la table `media_object`
--
ALTER TABLE `media_object`
  ADD CONSTRAINT `FK_14D431323FD4DD80` FOREIGN KEY (`extra_lesson_id`) REFERENCES `extra_lesson` (`id`),
  ADD CONSTRAINT `FK_14D431325200282E` FOREIGN KEY (`formation_id`) REFERENCES `formation` (`id`) ON DELETE CASCADE,
  ADD CONSTRAINT `FK_14D431329D32F035` FOREIGN KEY (`action_id`) REFERENCES `action` (`id`),
  ADD CONSTRAINT `FK_14D43132CDF80196` FOREIGN KEY (`lesson_id`) REFERENCES `formation_item` (`id`) ON DELETE CASCADE;

--
-- Contraintes pour la table `model_aircraft`
--
ALTER TABLE `model_aircraft`
  ADD CONSTRAINT `FK_D90336CA12469DE2` FOREIGN KEY (`category_id`) REFERENCES `category_aircraft` (`id`),
  ADD CONSTRAINT `FK_D90336CA577F21F8` FOREIGN KEY (`engine_type_id`) REFERENCES `engine_type_aircraft` (`id`),
  ADD CONSTRAINT `FK_D90336CAA23B42D` FOREIGN KEY (`manufacturer_id`) REFERENCES `manufacturer_aircraft` (`id`);

--
-- Contraintes pour la table `notification`
--
ALTER TABLE `notification`
  ADD CONSTRAINT `FK_BF5476CAA76ED395` FOREIGN KEY (`user_id`) REFERENCES `user` (`id`);

--
-- Contraintes pour la table `promotion`
--
ALTER TABLE `promotion`
  ADD CONSTRAINT `FK_C11D7DD1847DC024` FOREIGN KEY (`ato_id`) REFERENCES `ato` (`id`);

--
-- Contraintes pour la table `promotion_ato_user`
--
ALTER TABLE `promotion_ato_user`
  ADD CONSTRAINT `FK_4826C3F0139DF194` FOREIGN KEY (`promotion_id`) REFERENCES `promotion` (`id`) ON DELETE CASCADE,
  ADD CONSTRAINT `FK_4826C3F030A17E02` FOREIGN KEY (`ato_user_id`) REFERENCES `ato_user` (`id`) ON DELETE CASCADE;

--
-- Contraintes pour la table `promotion_formation`
--
ALTER TABLE `promotion_formation`
  ADD CONSTRAINT `FK_3137F092139DF194` FOREIGN KEY (`promotion_id`) REFERENCES `promotion` (`id`),
  ADD CONSTRAINT `FK_3137F0925200282E` FOREIGN KEY (`formation_id`) REFERENCES `formation` (`id`);

--
-- Contraintes pour la table `rating_ato`
--
ALTER TABLE `rating_ato`
  ADD CONSTRAINT `FK_39D385C7847DC024` FOREIGN KEY (`ato_id`) REFERENCES `ato` (`id`) ON DELETE CASCADE,
  ADD CONSTRAINT `FK_39D385C7A32EFC6` FOREIGN KEY (`rating_id`) REFERENCES `rating` (`id`) ON DELETE CASCADE;

--
-- Contraintes pour la table `rating_value`
--
ALTER TABLE `rating_value`
  ADD CONSTRAINT `FK_80615708260075EB` FOREIGN KEY (`rating_type_id`) REFERENCES `rating` (`id`),
  ADD CONSTRAINT `FK_80615708F6419510` FOREIGN KEY (`media_value_id`) REFERENCES `media_object` (`id`) ON DELETE CASCADE;

--
-- Contraintes pour la table `resources`
--
ALTER TABLE `resources`
  ADD CONSTRAINT `FK_EF66EBAE847DC024` FOREIGN KEY (`ato_id`) REFERENCES `ato` (`id`);

--
-- Contraintes pour la table `resources_session`
--
ALTER TABLE `resources_session`
  ADD CONSTRAINT `FK_6E458FB3613FECDF` FOREIGN KEY (`session_id`) REFERENCES `session` (`id`) ON DELETE CASCADE,
  ADD CONSTRAINT `FK_6E458FB3ACFC5BFF` FOREIGN KEY (`resources_id`) REFERENCES `resources` (`id`) ON DELETE CASCADE;

--
-- Contraintes pour la table `session`
--
ALTER TABLE `session`
  ADD CONSTRAINT `FK_D044D5D41AE37126` FOREIGN KEY (`instructor_signature_id`) REFERENCES `signature` (`id`) ON DELETE CASCADE,
  ADD CONSTRAINT `FK_D044D5D45200282E` FOREIGN KEY (`formation_id`) REFERENCES `formation` (`id`),
  ADD CONSTRAINT `FK_D044D5D463D2D5DF` FOREIGN KEY (`lesson_extra_id`) REFERENCES `extra_lesson` (`id`),
  ADD CONSTRAINT `FK_D044D5D467595CFC` FOREIGN KEY (`lesson_notation_id`) REFERENCES `rating_value` (`id`),
  ADD CONSTRAINT `FK_D044D5D47F43E343` FOREIGN KEY (`arrival_airport_id`) REFERENCES `airport` (`id`),
  ADD CONSTRAINT `FK_D044D5D4846E2F5C` FOREIGN KEY (`aircraft_id`) REFERENCES `aircraft` (`id`),
  ADD CONSTRAINT `FK_D044D5D48C4FC193` FOREIGN KEY (`instructor_id`) REFERENCES `ato_user` (`id`),
  ADD CONSTRAINT `FK_D044D5D494AE086B` FOREIGN KEY (`correction_id`) REFERENCES `session` (`id`),
  ADD CONSTRAINT `FK_D044D5D4CDF80196` FOREIGN KEY (`lesson_id`) REFERENCES `formation_item` (`id`),
  ADD CONSTRAINT `FK_D044D5D4E071F843` FOREIGN KEY (`pdf_file_id`) REFERENCES `media_object` (`id`),
  ADD CONSTRAINT `FK_D044D5D4F631AB5C` FOREIGN KEY (`departure_airport_id`) REFERENCES `airport` (`id`);

--
-- Contraintes pour la table `session_item`
--
ALTER TABLE `session_item`
  ADD CONSTRAINT `FK_D96A253451AF2A67` FOREIGN KEY (`student_rate_id`) REFERENCES `rating_value` (`id`),
  ADD CONSTRAINT `FK_D96A253457901725` FOREIGN KEY (`formation_item_id`) REFERENCES `formation_item` (`id`),
  ADD CONSTRAINT `FK_D96A2534613FECDF` FOREIGN KEY (`session_id`) REFERENCES `session` (`id`),
  ADD CONSTRAINT `FK_D96A25346AD4BF0E` FOREIGN KEY (`additional_for_session_id`) REFERENCES `session` (`id`),
  ADD CONSTRAINT `FK_D96A2534BC999F9F` FOREIGN KEY (`rate_id`) REFERENCES `rating_value` (`id`);

--
-- Contraintes pour la table `session_skill`
--
ALTER TABLE `session_skill`
  ADD CONSTRAINT `FK_85405CA126ED0855` FOREIGN KEY (`note_id`) REFERENCES `rating_value` (`id`),
  ADD CONSTRAINT `FK_85405CA15585C142` FOREIGN KEY (`skill_id`) REFERENCES `skills` (`id`),
  ADD CONSTRAINT `FK_85405CA1613FECDF` FOREIGN KEY (`session_id`) REFERENCES `session` (`id`);

--
-- Contraintes pour la table `signature`
--
ALTER TABLE `signature`
  ADD CONSTRAINT `FK_AE88014130A17E02` FOREIGN KEY (`ato_user_id`) REFERENCES `ato_user` (`id`);

--
-- Contraintes pour la table `skills`
--
ALTER TABLE `skills`
  ADD CONSTRAINT `FK_D5311670847DC024` FOREIGN KEY (`ato_id`) REFERENCES `ato` (`id`),
  ADD CONSTRAINT `FK_D5311670F31275AF` FOREIGN KEY (`rating_system_id`) REFERENCES `rating` (`id`);

--
-- Contraintes pour la table `skills_detail`
--
ALTER TABLE `skills_detail`
  ADD CONSTRAINT `FK_631971207FF61858` FOREIGN KEY (`skills_id`) REFERENCES `skills` (`id`);

--
-- Contraintes pour la table `student_formation`
--
ALTER TABLE `student_formation`
  ADD CONSTRAINT `FK_272EE03F5200282E` FOREIGN KEY (`formation_id`) REFERENCES `formation` (`id`),
  ADD CONSTRAINT `FK_272EE03FCB944F1A` FOREIGN KEY (`student_id`) REFERENCES `ato_user` (`id`);

--
-- Contraintes pour la table `student_session`
--
ALTER TABLE `student_session`
  ADD CONSTRAINT `FK_3D72602C613FECDF` FOREIGN KEY (`session_id`) REFERENCES `session` (`id`),
  ADD CONSTRAINT `FK_3D72602CCB944F1A` FOREIGN KEY (`student_id`) REFERENCES `ato_user` (`id`),
  ADD CONSTRAINT `FK_3D72602CCBDE9999` FOREIGN KEY (`student_formation_id`) REFERENCES `student_formation` (`id`),
  ADD CONSTRAINT `FK_3D72602CED61183A` FOREIGN KEY (`signature_id`) REFERENCES `signature` (`id`);

--
-- Contraintes pour la table `type_aircraft`
--
ALTER TABLE `type_aircraft`
  ADD CONSTRAINT `FK_DE2640D5A23B42D` FOREIGN KEY (`manufacturer_id`) REFERENCES `manufacturer_aircraft` (`id`);

--
-- Contraintes pour la table `type_aircraft_model_aircraft`
--
ALTER TABLE `type_aircraft_model_aircraft`
  ADD CONSTRAINT `FK_114C446CCF77F8CD` FOREIGN KEY (`type_aircraft_id`) REFERENCES `type_aircraft` (`id`) ON DELETE CASCADE,
  ADD CONSTRAINT `FK_114C446CEA6C16B0` FOREIGN KEY (`model_aircraft_id`) REFERENCES `model_aircraft` (`id`) ON DELETE CASCADE;

--
-- Contraintes pour la table `user`
--
ALTER TABLE `user`
  ADD CONSTRAINT `FK_8D93D64945A576B2` FOREIGN KEY (`avatar_file_id`) REFERENCES `media_object` (`id`) ON DELETE SET NULL,
  ADD CONSTRAINT `FK_8D93D649FD54954B` FOREIGN KEY (`postal_address_id`) REFERENCES `postal_address` (`id`);

--
-- Contraintes pour la table `user_app_role`
--
ALTER TABLE `user_app_role`
  ADD CONSTRAINT `FK_B2CA4BCA3B5EA2E1` FOREIGN KEY (`app_role_id`) REFERENCES `app_role` (`id`) ON DELETE CASCADE,
  ADD CONSTRAINT `FK_B2CA4BCAA76ED395` FOREIGN KEY (`user_id`) REFERENCES `user` (`id`) ON DELETE CASCADE;
COMMIT;

