CREATE TABLE `formation_items_technical_skills` (
  `formation_item_id` int NOT NULL,
  `skills_id` int NOT NULL
) ENGINE=InnoDB DEFAULT CHARSET=utf8mb4 COLLATE=utf8mb4_unicode_ci;

--
-- Déchargement des données de la table `formation_items_technical_skills`
--

INSERT INTO `formation_items_technical_skills` (`formation_item_id`, `skills_id`) VALUES
(484, 32),
(10687, 37),
(10708, 37),
(10730, 37),
(10747, 37),
(10748, 37),
(10749, 37),
(10750, 37),
(10751, 37),
(10752, 37),
(10753, 37),
(10893, 37),
(10894, 37),
(10895, 37),
(10896, 37),
(10897, 37),
(10898, 37),
(10899, 37),
(11046, 37),
(11047, 37),
(11048, 37),
(11049, 37),
(11050, 37),
(11051, 37),
(11052, 37),
(11053, 37),
(11054, 37),
(11055, 37),
(11056, 37),
(11256, 37),
(11257, 37),
(11258, 37),
(11259, 37),
(11260, 37),
(11261, 37),
(11262, 37),
(11263, 37),
(11264, 37),
(11265, 37),
(11436, 37),
(11437, 37),
(11438, 37),
(11439, 37),
(11440, 37),
(11442, 37),
(11443, 37),
(11444, 37),
(11445, 37),
(11593, 37),
(11594, 37),
(11620, 37),
(11621, 37),
(11622, 37),
(11623, 37),
(11624, 37),
(11727, 37),
(11728, 37),
(11729, 37),
(11731, 37),
(11732, 37),
(20103, 37),
(20104, 37),
(20105, 37),
(20106, 37),
(20107, 37),
(20108, 37),
(20109, 37),
(20110, 37),
(20111, 37),
(20112, 37),
(20114, 37),
(20115, 37),
(20116, 37),
(20117, 37),
(20118, 37),
(20119, 37),
(20120, 37),
(20122, 37),
(20123, 37),
(20124, 37),
(20125, 37),
(20126, 37),
(20127, 37),
(20128, 37),
(20129, 37),
(20130, 37),
(20131, 37),
(20132, 37),
(20134, 37),
(20135, 37),
(20136, 37),
(20137, 37),
(20138, 37),
(20139, 37),
(20140, 37),
(20141, 37),
(20142, 37),
(20143, 37),
(20145, 37),
(20146, 37),
(20147, 37),
(20148, 37),
(20149, 37),
(20151, 37),
(20152, 37),
(20153, 37),
(20154, 37),
(20268, 37),
(20269, 37),
(20270, 37),
(20272, 37),
(20273, 37),
(20418, 37),
(20419, 37),
(20421, 37),
(20422, 37),
(20423, 37),
(20424, 37),
(20425, 37),
(21507, 37),
(21508, 37),
(21509, 37),
(21511, 37),
(21512, 37),
(21622, 37),
(21623, 37),
(21624, 37),
(21626, 37),
(21627, 37),
(22994, 37),
(23050, 37),
(23084, 37),
(23113, 37),
(23142, 37),
(23175, 37),
(60219, 40),
(60220, 40),
(60221, 40),
(60222, 40),
(62178, 42),
(62179, 35),
(62180, 40);

-- --------------------------------------------------------

--
-- Structure de la table `formation_item_action`
--

CREATE TABLE `formation_item_action` (
  `formation_item_id` int NOT NULL,
  `action_id` int NOT NULL
) ENGINE=InnoDB DEFAULT CHARSET=utf8mb4 COLLATE=utf8mb4_unicode_ci;

--
-- Déchargement des données de la table `formation_item_action`
--

INSERT INTO `formation_item_action` (`formation_item_id`, `action_id`) VALUES
(62278, 72);

-- --------------------------------------------------------

--
-- Structure de la table `formation_item_formation_item`
--

CREATE TABLE `formation_item_formation_item` (
  `formation_item_source` int NOT NULL,
  `formation_item_target` int NOT NULL
) ENGINE=InnoDB DEFAULT CHARSET=utf8mb4 COLLATE=utf8mb4_unicode_ci;

-- --------------------------------------------------------

--
-- Structure de la table `formation_item_skills`
--

CREATE TABLE `formation_item_skills` (
  `formation_item_id` int NOT NULL,
  `skills_id` int NOT NULL
) ENGINE=InnoDB DEFAULT CHARSET=utf8mb4 COLLATE=utf8mb4_unicode_ci;

--
-- Déchargement des données de la table `formation_item_skills`
--

INSERT INTO `formation_item_skills` (`formation_item_id`, `skills_id`) VALUES
(484, 34),
(10687, 36),
(10708, 36),
(10730, 36),
(10747, 36),
(10748, 36),
(10749, 36),
(10750, 36),
(10751, 36),
(10752, 36),
(10753, 36),
(10893, 36),
(10894, 36),
(10895, 36),
(10896, 36),
(10897, 36),
(10898, 36),
(10899, 36),
(11046, 36),
(11047, 36),
(11048, 36),
(11049, 36),
(11050, 36),
(11051, 36),
(11052, 36),
(11053, 36),
(11054, 36),
(11055, 36),
(11056, 36),
(11256, 36),
(11257, 36),
(11258, 36),
(11259, 36),
(11260, 36),
(11261, 36),
(11262, 36),
(11263, 36),
(11264, 36),
(11265, 36),
(11436, 36),
(11437, 36),
(11438, 36),
(11439, 36),
(11440, 36),
(11442, 36),
(11443, 36),
(11444, 36),
(11445, 36),
(11593, 36),
(11594, 36),
(11620, 36),
(11621, 36),
(11622, 36),
(11623, 36),
(11624, 36),
(11727, 36),
(11728, 36),
(11729, 36),
(11731, 36),
(11732, 36),
(11881, 38),
(11882, 38),
(11883, 38),
(11884, 38),
(11885, 38),
(11886, 38),
(11887, 38),
(11888, 38),
(11889, 38),
(11890, 38),
(11891, 38),
(11892, 38),
(11893, 38),
(11894, 38),
(11895, 38),
(11896, 38),
(11897, 38),
(11898, 38),
(11899, 38),
(11900, 38),
(11901, 38),
(11902, 38),
(11903, 38),
(11904, 38),
(11920, 38),
(11921, 38),
(11922, 38),
(11923, 38),
(11924, 38),
(11925, 38),
(11926, 38),
(11927, 38),
(11928, 38),
(11929, 38),
(11930, 38),
(11931, 38),
(11932, 38),
(11933, 38),
(11934, 38),
(11935, 38),
(12300, 38),
(12301, 38),
(12305, 38),
(12306, 38),
(12307, 38),
(12308, 38),
(12309, 38),
(12310, 38),
(12311, 38),
(12312, 38),
(12313, 38),
(12314, 38),
(12315, 38),
(12316, 38),
(12317, 38),
(12318, 38),
(12319, 38),
(12320, 38),
(12321, 38),
(12322, 38),
(12323, 38),
(12324, 38),
(12325, 38),
(12326, 38),
(12327, 38),
(12328, 38),
(12330, 38),
(12331, 38),
(12332, 38),
(12334, 38),
(12335, 38),
(12336, 38),
(12338, 38),
(12339, 38),
(12341, 38),
(12342, 38),
(12343, 38),
(12344, 38),
(12734, 38),
(12735, 38),
(12736, 38),
(12737, 38),
(12738, 38),
(12739, 38),
(12740, 38),
(12741, 38),
(12742, 38),
(20103, 36),
(20104, 36),
(20105, 36),
(20106, 36),
(20107, 36),
(20108, 36),
(20109, 36),
(20110, 36),
(20111, 36),
(20112, 36),
(20114, 36),
(20115, 36),
(20116, 36),
(20117, 36),
(20118, 36),
(20119, 36),
(20120, 36),
(20122, 36),
(20123, 36),
(20124, 36),
(20125, 36),
(20126, 36),
(20127, 36),
(20128, 36),
(20129, 36),
(20130, 36),
(20131, 36),
(20132, 36),
(20134, 36),
(20135, 36),
(20136, 36),
(20137, 36),
(20138, 36),
(20139, 36),
(20140, 36),
(20141, 36),
(20142, 36),
(20143, 36),
(20145, 36),
(20146, 36),
(20147, 36),
(20148, 36),
(20149, 36),
(20151, 36),
(20152, 36),
(20153, 36),
(20154, 36),
(20268, 36),
(20269, 36),
(20270, 36),
(20272, 36),
(20273, 36),
(20418, 36),
(20419, 36),
(20421, 36),
(20422, 36),
(20423, 36),
(20424, 36),
(20425, 36),
(20848, 38),
(20849, 38),
(20850, 38),
(20851, 38),
(20852, 38),
(20853, 38),
(20854, 38),
(20855, 38),
(20856, 38),
(20857, 38),
(20858, 38),
(20859, 38),
(20860, 38),
(20861, 38),
(20862, 38),
(20863, 38),
(20864, 38),
(20865, 38),
(20866, 38),
(20867, 38),
(20868, 38),
(20869, 38),
(20870, 38),
(20871, 38),
(20872, 38),
(20873, 38),
(20874, 38),
(20875, 38),
(20876, 38),
(20877, 38),
(20878, 38),
(20879, 38),
(20880, 38),
(20881, 38),
(20882, 38),
(20883, 38),
(20884, 38),
(20885, 38),
(20886, 38),
(20887, 38),
(20888, 38),
(20889, 38),
(21310, 38),
(21311, 38),
(21312, 38),
(21313, 38),
(21314, 38),
(21315, 38),
(21316, 38),
(21317, 38),
(21318, 38),
(21319, 38),
(21320, 38),
(21321, 38),
(21322, 38),
(21323, 38),
(21324, 38),
(21325, 38),
(21326, 38),
(21327, 38),
(21328, 38),
(21329, 38),
(21330, 38),
(21331, 38),
(21332, 38),
(21333, 38),
(21334, 38),
(21335, 38),
(21336, 38),
(21337, 38),
(21338, 38),
(21339, 38),
(21340, 38),
(21341, 38),
(21342, 38),
(21343, 38),
(21344, 38),
(21345, 38),
(21346, 38),
(21347, 38),
(21348, 38),
(21349, 38),
(21350, 38),
(21351, 38),
(21507, 36),
(21508, 36),
(21509, 36),
(21511, 36),
(21512, 36),
(21622, 36),
(21623, 36),
(21624, 36),
(21626, 36),
(21627, 36),
(22048, 38),
(22049, 38),
(22050, 38),
(22051, 38),
(22052, 38),
(22053, 38),
(22054, 38),
(22055, 38),
(22056, 38),
(22057, 38),
(22058, 38),
(22059, 38),
(22060, 38),
(22061, 38),
(22062, 38),
(22063, 38),
(22064, 38),
(22065, 38),
(22066, 38),
(22067, 38),
(22068, 38),
(22069, 38),
(22070, 38),
(22071, 38),
(22072, 38),
(22073, 38),
(22074, 38),
(22075, 38),
(22076, 38),
(22077, 38),
(22078, 38),
(22079, 38),
(22080, 38),
(22081, 38),
(22082, 38),
(22083, 38),
(22084, 38),
(22085, 38),
(22086, 38),
(22087, 38),
(22088, 38),
(22089, 38),
(22994, 38),
(23050, 38),
(23084, 38),
(23113, 38),
(23142, 38),
(23175, 38),
(60219, 41),
(60220, 41),
(60221, 41),
(60222, 41),
(62178, 43),
(62179, 34),
(62180, 36);

-- --------------------------------------------------------

--
-- Structure de la table `formation_practical_counter_type`
--

CREATE TABLE `formation_practical_counter_type` (
  `formation_id` int NOT NULL,
  `counter_type_value_id` int NOT NULL
) ENGINE=InnoDB DEFAULT CHARSET=utf8mb4 COLLATE=utf8mb4_unicode_ci;

--
-- Déchargement des données de la table `formation_practical_counter_type`
--

INSERT INTO `formation_practical_counter_type` (`formation_id`, `counter_type_value_id`) VALUES
(219, 20),
(238, 30),
(239, 20),
(270, 45);

-- --------------------------------------------------------

--
-- Structure de la table `formation_theoretical_counter_type`
--

CREATE TABLE `formation_theoretical_counter_type` (
  `formation_id` int NOT NULL,
  `counter_type_value_id` int NOT NULL
) ENGINE=InnoDB DEFAULT CHARSET=utf8mb4 COLLATE=utf8mb4_unicode_ci;

--
-- Déchargement des données de la table `formation_theoretical_counter_type`
--

INSERT INTO `formation_theoretical_counter_type` (`formation_id`, `counter_type_value_id`) VALUES
(219, 6),
(231, 28),
(233, 28),
(234, 28),
(237, 6),
(238, 29),
(239, 6),
(240, 28),
(241, 28),
(242, 28),
(245, 28),
(246, 28),
(248, 28),
(308, 79),
(309, 79),
(310, 79),
(316, 79),
(318, 79),
(320, 79),
(321, 79),
(331, 6),
(332, 6),
(333, 6),
(334, 6),
(335, 6),
(336, 6);

-- --------------------------------------------------------

--
-- Structure de la table `instructor_skill`
--

CREATE TABLE `instructor_skill` (
  `id` int NOT NULL,
  `name` varchar(255) CHARACTER SET utf8mb4 COLLATE utf8mb4_unicode_ci NOT NULL
) ENGINE=InnoDB DEFAULT CHARSET=utf8mb4 COLLATE=utf8mb4_unicode_ci;

--
-- Déchargement des données de la table `instructor_skill`
--

INSERT INTO `instructor_skill` (`id`, `name`) VALUES
(6, 'Comp. instructeur 1'),
(7, 'Comp. instructeur 2'),
(8, 'test 2'),
(10, 'Comp. instructeur 1'),
(11, 'Comp. instructeur 2'),
(14, 'Qualif instructeur n°1'),
(15, 'SEP'),
(17, 'VDN'),
(18, 'MEP'),
(19, 'TEST'),
(20, 'VDN');

-- --------------------------------------------------------

--
-- Structure de la table `instructor_skill_ato_user`
--

CREATE TABLE `instructor_skill_ato_user` (
  `instructor_skill_id` int NOT NULL,
  `ato_user_id` int NOT NULL
) ENGINE=InnoDB DEFAULT CHARSET=utf8mb4 COLLATE=utf8mb4_unicode_ci;

--
-- Déchargement des données de la table `instructor_skill_ato_user`
--

INSERT INTO `instructor_skill_ato_user` (`instructor_skill_id`, `ato_user_id`) VALUES
(15, 50),
(15, 59),
(15, 76),
(15, 77),
(15, 98),
(15, 99),
(17, 59),
(17, 76),
(19, 77);

-- --------------------------------------------------------

--
-- Structure de la table `lesson_annotation`
--

CREATE TABLE `lesson_annotation` (
  `id` int NOT NULL,
  `ato_id` int NOT NULL,
  `name` varchar(255) CHARACTER SET utf8mb4 COLLATE utf8mb4_unicode_ci NOT NULL
) ENGINE=InnoDB DEFAULT CHARSET=utf8mb4 COLLATE=utf8mb4_unicode_ci;

-- --------------------------------------------------------

--
-- Structure de la table `lesson_annotation_value`
--

CREATE TABLE `lesson_annotation_value` (
  `id` int NOT NULL,
  `value` varchar(255) CHARACTER SET utf8mb4 COLLATE utf8mb4_unicode_ci NOT NULL
) ENGINE=InnoDB DEFAULT CHARSET=utf8mb4 COLLATE=utf8mb4_unicode_ci;

-- --------------------------------------------------------

--
-- Structure de la table `manufacturer_aircraft`
--

CREATE TABLE `manufacturer_aircraft` (
  `id` int NOT NULL,
  `name` varchar(255) CHARACTER SET utf8mb4 COLLATE utf8mb4_unicode_ci NOT NULL
) ENGINE=InnoDB DEFAULT CHARSET=utf8mb4 COLLATE=utf8mb4_unicode_ci;

--
-- Déchargement des données de la table `manufacturer_aircraft`
--

INSERT INTO `manufacturer_aircraft` (`id`, `name`) VALUES
(20, 'ROBIN'),
(21, 'CESSNA'),
(22, 'AIR-TRACTOR'),
(23, 'BELL'),
(24, 'CORSAIR'),
(25, 'PARAMANIA'),
(26, 'TAKEOGG'),
(27, 'COSMOS'),
(28, 'AEROPO'),
(29, 'DYNAERO'),
(30, 'ELA'),
(31, 'MAGNI'),
(32, 'CELIER'),
(33, 'TRIXY AVIATION'),
(34, 'BALLONS CHAIZE'),
(35, 'HELISPORT'),
(36, 'LAMBADA'),
(37, 'SCHEIBE'),
(38, 'STEMME'),
(39, 'LANGE ANTARES'),
(40, 'JANTAR'),
(41, 'ASW22'),
(42, 'NIMBUS'),
(43, 'ALEXANDER SCHLEICHER'),
(44, 'PIPER AIRCRAFT'),
(45, 'CIRRUS DESIGN'),
(46, 'DIAMOND'),
(47, 'MORANE-SAULNIER'),
(48, 'SOCATA'),
(49, 'FOURNIER'),
(50, 'ALPI AVIATION'),
(51, 'APEX'),
(52, 'MUDRY'),
(53, 'DYN\'AERO'),
(54, 'EXTRA AIRCRAFT'),
(55, 'CURTIS PITTS'),
(56, 'GRUMMAN AMERICA'),
(58, 'test constructeur');

-- --------------------------------------------------------

--
-- Structure de la table `media_object`
--

CREATE TABLE `media_object` (
  `id` int NOT NULL,
  `file_path` varchar(255) CHARACTER SET utf8mb4 COLLATE utf8mb4_unicode_ci DEFAULT NULL,
  `content_url` varchar(255) CHARACTER SET utf8mb4 COLLATE utf8mb4_unicode_ci NOT NULL,
  `formation_id` int DEFAULT NULL,
  `lesson_id` int DEFAULT NULL,
  `original_name` varchar(255) CHARACTER SET utf8mb4 COLLATE utf8mb4_unicode_ci NOT NULL,
  `action_id` int DEFAULT NULL,
  `extra_lesson_id` int DEFAULT NULL
) ENGINE=InnoDB DEFAULT CHARSET=utf8mb4 COLLATE=utf8mb4_unicode_ci;

--
-- Déchargement des données de la table `media_object`
--

INSERT INTO `media_object` (`id`, `file_path`, `content_url`, `formation_id`, `lesson_id`, `original_name`, `action_id`, `extra_lesson_id`) VALUES
(260, '603bb119f079c_example (11).xlsx', '/media/603bb119f079c_example (11).xlsx', NULL, NULL, 'example (11).xlsx', NULL, NULL),
(263, '603bf19bdfe4a_Aspects financiers.docx', '/media/603bf19bdfe4a_Aspects financiers.docx', NULL, NULL, 'Aspects financiers.docx', NULL, NULL),
(264, '603bf1b3c4ed6_formation test.xlsx', '/media/603bf1b3c4ed6_formation test.xlsx', NULL, NULL, 'formation test.xlsx', NULL, NULL),
(265, '6048d145944a1_example (1).xlsx', '/media/6048d145944a1_example (1).xlsx', NULL, NULL, 'example (1).xlsx', NULL, NULL),
(266, '6048d146c270c_example.xlsx', '/media/6048d146c270c_example.xlsx', NULL, NULL, 'example.xlsx', NULL, NULL),
(268, '60511afcb1159_31-12-2020-justificatif-de-deplacement-professionnel-couvre-feu-pdf.pdf', '/media/60511afcb1159_31-12-2020-justificatif-de-deplacement-professionnel-couvre-feu-pdf.pdf', NULL, NULL, '31-12-2020-justificatif-de-deplacement-professionnel-couvre-feu-pdf.pdf', NULL, NULL),
(269, '60511b89a4ede_31-12-2020-justificatif-de-deplacement-professionnel-couvre-feu-pdf.pdf', '/media/60511b89a4ede_31-12-2020-justificatif-de-deplacement-professionnel-couvre-feu-pdf.pdf', NULL, NULL, '31-12-2020-justificatif-de-deplacement-professionnel-couvre-feu-pdf.pdf', NULL, NULL),
(270, '60511c41dade3_31-12-2020-justificatif-de-deplacement-professionnel-couvre-feu-pdf.pdf', '/media/60511c41dade3_31-12-2020-justificatif-de-deplacement-professionnel-couvre-feu-pdf.pdf', NULL, NULL, '31-12-2020-justificatif-de-deplacement-professionnel-couvre-feu-pdf.pdf', NULL, NULL),
(271, '60511cfeb0f78_31-12-2020-justificatif-de-deplacement-professionnel-couvre-feu-pdf.pdf', '/media/60511cfeb0f78_31-12-2020-justificatif-de-deplacement-professionnel-couvre-feu-pdf.pdf', NULL, NULL, '31-12-2020-justificatif-de-deplacement-professionnel-couvre-feu-pdf.pdf', NULL, NULL),
(272, '60511f5b27b72_31-12-2020-justificatif-de-deplacement-professionnel-couvre-feu-pdf.pdf', '/media/60511f5b27b72_31-12-2020-justificatif-de-deplacement-professionnel-couvre-feu-pdf.pdf', NULL, NULL, '31-12-2020-justificatif-de-deplacement-professionnel-couvre-feu-pdf.pdf', NULL, NULL),
(273, '60511f5bd4924_logo V1 noir sur fond blanc.jpg', '/media/60511f5bd4924_logo V1 noir sur fond blanc.jpg', NULL, NULL, 'logo V1 noir sur fond blanc.jpg', NULL, NULL),
(287, '609524898d801_example (4).xlsx', '/media/609524898d801_example (4).xlsx', NULL, NULL, 'example (4).xlsx', NULL, NULL),
(288, '609524b902311_example (3).xlsx', '/media/609524b902311_example (3).xlsx', NULL, NULL, 'example (3).xlsx', NULL, NULL),
(290, '609a89985c72b_activation errors.txt', '/media/609a89985c72b_activation errors.txt', NULL, NULL, 'activation errors.txt', NULL, NULL),
(292, '60c241f5472b2_Cas possibles.xlsx', '/media/60c241f5472b2_Cas possibles.xlsx', NULL, NULL, 'Cas possibles.xlsx', NULL, NULL),
(293, '60fc282c90780_Capture d’écran 2021-07-24 à 16.46.57.png', '/media/60fc282c90780_Capture d’écran 2021-07-24 à 16.46.57.png', NULL, NULL, 'Capture d’écran 2021-07-24 à 16.46.57.png', NULL, NULL),
(294, '60fc2833d2307_Capture d’écran 2021-07-24 à 16.47.07.png', '/media/60fc2833d2307_Capture d’écran 2021-07-24 à 16.47.07.png', NULL, NULL, 'Capture d’écran 2021-07-24 à 16.47.07.png', NULL, NULL),
(295, '60fc2836dbc28_Capture d’écran 2021-07-24 à 16.47.28.png', '/media/60fc2836dbc28_Capture d’écran 2021-07-24 à 16.47.28.png', NULL, NULL, 'Capture d’écran 2021-07-24 à 16.47.28.png', NULL, NULL),
(296, '60fc283a5461a_Capture d’écran 2021-07-24 à 16.47.43.png', '/media/60fc283a5461a_Capture d’écran 2021-07-24 à 16.47.43.png', NULL, NULL, 'Capture d’écran 2021-07-24 à 16.47.43.png', NULL, NULL),
(299, '613b61c57ab5b_Capture d’écran 2021-09-10 à 15.46.11.png', '/media/613b61c57ab5b_Capture d’écran 2021-09-10 à 15.46.11.png', NULL, NULL, 'Capture d’écran 2021-09-10 à 15.46.11.png', NULL, NULL),
(300, '613b61ed701bf_Capture d’écran 2021-09-10 à 15.46.47.png', '/media/613b61ed701bf_Capture d’écran 2021-09-10 à 15.46.47.png', NULL, NULL, 'Capture d’écran 2021-09-10 à 15.46.47.png', NULL, NULL),
(301, '613b620985a94_Capture d’écran 2021-09-10 à 15.47.20.png', '/media/613b620985a94_Capture d’écran 2021-09-10 à 15.47.20.png', NULL, NULL, 'Capture d’écran 2021-09-10 à 15.47.20.png', NULL, NULL),
(302, '613b6223012e9_Capture d’écran 2021-09-10 à 15.47.45.png', '/media/613b6223012e9_Capture d’écran 2021-09-10 à 15.47.45.png', NULL, NULL, 'Capture d’écran 2021-09-10 à 15.47.45.png', NULL, NULL),
(306, '613b62bedefa7_Capture d’écran 2021-09-10 à 15.47.20.png', '/media/613b62bedefa7_Capture d’écran 2021-09-10 à 15.47.20.png', NULL, NULL, 'Capture d’écran 2021-09-10 à 15.47.20.png', NULL, NULL),
(308, '613b62cdae16d_Capture d’écran 2021-09-10 à 15.47.45.png', '/media/613b62cdae16d_Capture d’écran 2021-09-10 à 15.47.45.png', NULL, NULL, 'Capture d’écran 2021-09-10 à 15.47.45.png', NULL, NULL),
(309, '613b6dda7d71b_Rapport audit.pdf', '/media/613b6dda7d71b_Rapport audit.pdf', 248, NULL, 'Rapport audit.pdf', NULL, NULL),
(311, '61432a42bbe1d_Sergio.png', '/media/61432a42bbe1d_Sergio.png', NULL, NULL, 'Sergio.png', NULL, NULL),
(312, '615c4ad38aa70_Doc1.pdf', '/media/615c4ad38aa70_Doc1.pdf', NULL, NULL, 'Doc1.pdf', NULL, NULL),
(313, '615ee27d33922_Doc1.pdf', '/media/615ee27d33922_Doc1.pdf', NULL, NULL, 'Doc1.pdf', NULL, NULL),
(314, '6161787ab7b34_Doc1.pdf', '/media/6161787ab7b34_Doc1.pdf', NULL, NULL, 'Doc1.pdf', NULL, NULL),
(315, '6161794d6dfa9_Doc1.pdf', '/media/6161794d6dfa9_Doc1.pdf', NULL, NULL, 'Doc1.pdf', NULL, NULL),
(316, '61617aa05007c_Doc1.pdf', '/media/61617aa05007c_Doc1.pdf', NULL, NULL, 'Doc1.pdf', NULL, NULL),
(317, '61617c3bb14cf_Doc1.pdf', '/media/61617c3bb14cf_Doc1.pdf', NULL, NULL, 'Doc1.pdf', NULL, NULL),
(318, '61617ca7e462c_Doc1.pdf', '/media/61617ca7e462c_Doc1.pdf', NULL, NULL, 'Doc1.pdf', NULL, NULL),
(319, '61617d2de3988_Doc1.pdf', '/media/61617d2de3988_Doc1.pdf', NULL, NULL, 'Doc1.pdf', NULL, NULL),
(320, '61617d660533b_Doc1.pdf', '/media/61617d660533b_Doc1.pdf', 251, NULL, 'Doc1.pdf', NULL, NULL),
(325, '61729fcf606c7_Capture d’écran 2021-10-22 à 13.25.56.png', '/media/61729fcf606c7_Capture d’écran 2021-10-22 à 13.25.56.png', NULL, NULL, 'Capture d’écran 2021-10-22 à 13.25.56.png', NULL, NULL),
(326, '61729fd392bb5_Capture d’écran 2021-10-22 à 13.23.50.png', '/media/61729fd392bb5_Capture d’écran 2021-10-22 à 13.23.50.png', NULL, NULL, 'Capture d’écran 2021-10-22 à 13.23.50.png', NULL, NULL),
(327, '61729fd6cf5b4_Capture d’écran 2021-10-22 à 13.24.00.png', '/media/61729fd6cf5b4_Capture d’écran 2021-10-22 à 13.24.00.png', NULL, NULL, 'Capture d’écran 2021-10-22 à 13.24.00.png', NULL, NULL),
(329, '61729fe2185cd_Capture d’écran 2021-10-22 à 13.24.13.png', '/media/61729fe2185cd_Capture d’écran 2021-10-22 à 13.24.13.png', NULL, NULL, 'Capture d’écran 2021-10-22 à 13.24.13.png', NULL, NULL),
(330, '61729fe9dcee5_Capture d’écran 2021-10-22 à 13.24.30.png', '/media/61729fe9dcee5_Capture d’écran 2021-10-22 à 13.24.30.png', NULL, NULL, 'Capture d’écran 2021-10-22 à 13.24.30.png', NULL, NULL),
(333, '6173d73ad215f_IMG_7025.pdf', '/media/6173d73ad215f_IMG_7025.pdf', 255, NULL, 'IMG_7025.pdf', NULL, NULL),
(341, '61c988174683f_Test document.pdf', '/media/61c988174683f_Test document.pdf', 268, NULL, 'Test document.pdf', NULL, NULL),
(342, '61c98817d1154_Présentation1.pptx', '/media/61c98817d1154_Présentation1.pptx', 268, NULL, 'Présentation1.pptx', NULL, NULL),
(343, '61c98818429a2_Test document.docx', '/media/61c98818429a2_Test document.docx', 268, NULL, 'Test document.docx', NULL, NULL),
(344, '61c98dcf522bf_Test document.pdf', '/media/61c98dcf522bf_Test document.pdf', 270, NULL, 'Test document.pdf', NULL, NULL),
(345, '61c98dcfdf086_Présentation1.pptx', '/media/61c98dcfdf086_Présentation1.pptx', 270, NULL, 'Présentation1.pptx', NULL, NULL),
(346, '61c98dd047a84_Test document.docx', '/media/61c98dd047a84_Test document.docx', 270, NULL, 'Test document.docx', NULL, NULL),
(355, '61e54038205f5_s-1.jpeg', '/media/61e54038205f5_s-1.jpeg', NULL, NULL, 's-1.jpeg', NULL, NULL),
(359, '61e543134ea62_1.jpg', '/media/61e543134ea62_1.jpg', NULL, NULL, '1.jpg', NULL, NULL),
(360, '61e545fa020c9_8.jpg', '/media/61e545fa020c9_8.jpg', NULL, NULL, '8.jpg', NULL, NULL),
(361, '61e54612335e9_9.jpg', '/media/61e54612335e9_9.jpg', NULL, NULL, '9.jpg', NULL, NULL),
(363, '61e5688b8a93c_7.jpg', '/media/61e5688b8a93c_7.jpg', NULL, NULL, '7.jpg', NULL, NULL),
(364, '61e5716c4afcb_téléchargement.png', '/media/61e5716c4afcb_téléchargement.png', NULL, NULL, 'téléchargement.png', NULL, NULL),
(365, '61e571920511e_téléchargement.png', '/media/61e571920511e_téléchargement.png', NULL, NULL, 'téléchargement.png', NULL, NULL),
(369, '61eaf4865f562_61e5684700b0b_2.jpg', '/media/61eaf4865f562_61e5684700b0b_2.jpg', NULL, NULL, '61e5684700b0b_2.jpg', NULL, NULL),
(371, '61ec194ec980f_Sergio.png', '/media/61ec194ec980f_Sergio.png', NULL, NULL, 'Sergio.png', NULL, NULL),
(372, '623ac53bd94b8_Good Pilot.pdf', '/media/623ac53bd94b8_Good Pilot.pdf', 308, NULL, 'Good Pilot.pdf', NULL, NULL),
(373, '623ace7d59dd1_Good Pilot.pdf', '/media/623ace7d59dd1_Good Pilot.pdf', 309, NULL, 'Good Pilot.pdf', NULL, NULL),
(374, '623ae69d9362b_Good Pilot VDN.pdf', '/media/623ae69d9362b_Good Pilot VDN.pdf', 310, NULL, 'Good Pilot VDN.pdf', NULL, NULL),
(375, '623af26a523bd_Good Pilot LAPL-PPL.pdf', '/media/623af26a523bd_Good Pilot LAPL-PPL.pdf', 316, NULL, 'Good Pilot LAPL-PPL.pdf', NULL, NULL),
(376, '623c2fdc8268d_PPL vers LAPL.pdf', '/media/623c2fdc8268d_PPL vers LAPL.pdf', NULL, NULL, 'PPL vers LAPL.pdf', NULL, NULL),
(377, '623c32b2334d9_PPL vers LAPL.pdf', '/media/623c32b2334d9_PPL vers LAPL.pdf', 321, NULL, 'PPL vers LAPL.pdf', NULL, NULL),
(378, '623c389e76416_CCI01092021_4.jpg', '/media/623c389e76416_CCI01092021_4.jpg', NULL, NULL, 'CCI01092021_4.jpg', NULL, NULL),
(379, '623ec3de69179_a.png', '/media/623ec3de69179_a.png', NULL, NULL, 'a.png', NULL, NULL),
(380, '623ec3ec33a4d_b.png', '/media/623ec3ec33a4d_b.png', NULL, NULL, 'b.png', NULL, NULL),
(381, '623ec3f7e95b3_c.png', '/media/623ec3f7e95b3_c.png', NULL, NULL, 'c.png', NULL, NULL),
(382, '623ec404995dc_d.png', '/media/623ec404995dc_d.png', NULL, NULL, 'd.png', NULL, NULL),
(383, '624112f76c5a2_Sergio.png', '/media/624112f76c5a2_Sergio.png', NULL, NULL, 'Sergio.png', NULL, NULL);

-- --------------------------------------------------------

--
-- Structure de la table `migration_versions`
--

CREATE TABLE `migration_versions` (
  `version` varchar(14) CHARACTER SET utf8mb4 COLLATE utf8mb4_unicode_ci NOT NULL,
  `executed_at` datetime NOT NULL COMMENT '(DC2Type:datetime_immutable)'
) ENGINE=InnoDB DEFAULT CHARSET=utf8mb4 COLLATE=utf8mb4_unicode_ci;

--
-- Déchargement des données de la table `migration_versions`
--

INSERT INTO `migration_versions` (`version`, `executed_at`) VALUES
('20210311165355', '2021-03-11 16:54:34'),
('20210311165759', '2021-03-11 16:58:04'),
('20210311165924', '2021-03-11 16:59:28'),
('20210311191108', '2021-03-11 19:11:13'),
('20210316201711', '2021-03-16 20:17:24'),
('20210316201928', '2021-03-16 20:19:33'),
('20210316202339', '2021-03-16 20:23:44'),
('20210316202448', '2021-03-16 20:24:51'),
('20210316203338', '2021-03-16 20:33:42'),
('20210316221850', '2021-03-16 22:18:55'),
('20210316222444', '2021-03-16 22:24:48'),
('20210317004605', '2021-03-17 00:46:10'),
('20210317010753', '2021-03-17 01:07:57'),
('20210323053241', '2021-03-23 05:32:46'),
('20210323054949', '2021-03-23 05:49:53'),
('20210323055458', '2021-03-23 05:55:01'),
('20210323060429', '2021-03-23 06:04:43'),
('20210323061353', '2021-03-23 06:13:58'),
('20210323063124', '2021-03-23 06:31:28'),
('20210323063250', '2021-03-23 06:32:53'),
('20210323064715', '2021-03-23 06:47:28'),
('20210323083257', '2021-03-23 08:33:03'),
('20210323090635', '2021-03-23 09:06:40'),
('20210323090838', '2021-03-23 09:08:59'),
('20210323091218', '2021-03-23 09:12:30'),
('20210325112716', '2021-03-25 11:27:25'),
('20210325153010', '2021-03-25 15:30:15'),
('20210406034335', '2021-04-06 03:44:15'),
('20210406093344', '2021-04-06 09:33:51'),
('20210406111208', '2021-04-06 11:12:13'),
('20210406112256', '2021-04-06 11:27:38'),
('20210406113009', '2021-04-06 11:30:27'),
('20210429225251', '2021-04-29 22:53:45'),
('20210429233706', '2021-04-29 23:37:26'),
('20210506224020', '2021-05-06 22:40:28'),
('20210511114523', '2021-05-11 11:45:41'),
('20210513031939', '2021-05-13 03:19:49'),
('20210521050535', '2021-05-21 05:05:44'),
('20210603052338', '2021-06-03 05:40:38'),
('20210603114329', '2021-06-03 11:43:40'),
('20210701234348', '2021-07-01 23:44:00'),
('20210717185723', '2021-07-17 18:58:00'),
('20210821142720', '2021-08-21 14:27:32'),
('20210829024724', '2021-08-29 02:47:33'),
('20210909005825', '2021-09-09 01:12:56'),
('20210909005826', '2021-09-09 01:28:48'),
('20210920205501', '2021-09-20 20:55:09'),
('20211008175357', '2021-10-08 17:54:10'),
('20211020225346', '2021-10-20 22:53:57'),
('20211122221545', '2021-11-22 22:15:53'),
('20211213010400', '2021-12-13 01:10:12'),
('20211226011505', '2021-12-26 01:15:12'),
('20211228153303', '2021-12-28 15:33:10'),
('20220110234031', '2022-01-10 23:40:36'),
('20220117003252', '2022-01-17 00:32:59'),
('20220130145607', '2022-01-30 14:56:15'),
('20220222124050', '2022-02-22 12:42:28'),
('20220227102628', '2022-02-27 10:26:35'),
('20220314072530', '2022-03-15 12:27:16'),
('20220322003516', '2022-03-22 00:35:23');

-- --------------------------------------------------------

--
-- Structure de la table `model_aircraft`
--

CREATE TABLE `model_aircraft` (
  `id` int NOT NULL,
  `name` varchar(255) CHARACTER SET utf8mb4 COLLATE utf8mb4_unicode_ci NOT NULL,
  `engine_type_id` int NOT NULL,
  `category_id` int NOT NULL,
  `manufacturer_id` int NOT NULL
) ENGINE=InnoDB DEFAULT CHARSET=utf8mb4 COLLATE=utf8mb4_unicode_ci;

--
-- Déchargement des données de la table `model_aircraft`
--

INSERT INTO `model_aircraft` (`id`, `name`, `engine_type_id`, `category_id`, `manufacturer_id`) VALUES
(147, 'ATL', 4, 7, 20),
(148, ' Ambassadeur', 4, 7, 20),
(149, 'Ambassadeur', 4, 7, 20),
(150, 'Sicile', 4, 7, 20),
(151, 'Sicile-Record', 4, 7, 20),
(152, 'Excellence', 4, 7, 20),
(153, 'DR-200', 4, 7, 20),
(154, 'Capitaine', 4, 7, 20),
(155, 'B', 4, 7, 51),
(156, '2+2', 4, 7, 20),
(157, 'A 2+2', 4, 7, 20),
(158, 'AB 2+2', 4, 7, 20),
(159, 'Dauphin', 4, 7, 20),
(160, 'Régent', 4, 7, 20),
(161, 'Major', 4, 7, 20),
(162, 'Petit-Prince', 4, 7, 20),
(163, 'Chevalier', 4, 7, 20),
(164, 'Prince', 4, 7, 20),
(165, 'L\'Acrobat', 4, 7, 20),
(166, '108 2+2', 4, 7, 20),
(167, '180R Major', 4, 7, 20),
(168, '125', 4, 7, 20),
(169, '140', 4, 7, 20),
(170, 'Dauphin 2+2', 4, 7, 20),
(171, 'REMO 180', 4, 7, 20),
(172, 'REMO 200', 4, 7, 20),
(173, 'HR 100', 4, 7, 20),
(174, 'HR 200', 4, 7, 20),
(175, 'R 1180', 4, 7, 20),
(176, 'R 2112', 4, 7, 20),
(177, 'R 2160', 4, 7, 20),
(178, 'R 3000', 4, 7, 20),
(179, '200', 4, 7, 54),
(180, '200A', 4, 7, 20),
(181, '200B', 4, 7, 20),
(182, '210F Safari', 4, 7, 20),
(183, '320 Tiara', 4, 7, 20),
(184, '285 Tiara', 4, 7, 20),
(185, '235TR', 4, 7, 20),
(186, '250TR Président', 4, 7, 20),
(187, '320 4+2', 4, 7, 20),
(188, 'HR-200', 4, 7, 20),
(189, 'Aiglon', 4, 7, 20),
(190, 'T-Aiglon', 4, 7, 20),
(191, 'TD-Aiglon', 4, 7, 20),
(192, 'Club', 4, 7, 20),
(193, 'Alpha', 4, 7, 20),
(194, 'Sport', 4, 7, 20),
(195, 'Alpha Sport', 4, 7, 20),
(196, '120', 4, 7, 53),
(197, '120D', 4, 7, 20),
(198, '160', 4, 7, 20),
(199, '160S', 4, 7, 20),
(200, 'C150', 4, 7, 21),
(201, 'C150-Aerobat', 4, 7, 21),
(202, 'C152', 4, 7, 21),
(203, 'C152-Aerobat', 4, 7, 21),
(204, 'R-Skyhawk', 4, 7, 21),
(205, 'S-Skyhawk', 4, 7, 21),
(206, 'RG-Cutlass', 4, 7, 21),
(207, 'A-Cardinal', 4, 7, 21),
(208, 'B-Cardinal', 4, 7, 21),
(209, 'RG-Cardinal', 4, 7, 21),
(210, 'Skywagon', 4, 7, 21),
(211, 'C182', 4, 7, 21),
(212, 'C182A-Skylane', 4, 7, 21),
(213, 'C182C', 4, 7, 21),
(214, 'C182E-Skylane', 4, 7, 21),
(215, 'C182N-Skylane', 4, 7, 21),
(216, 'C182Q-Skylane', 4, 7, 21),
(217, 'R182-Skylane RG', 4, 7, 21),
(218, 'TR182-Turbo Skylane RG', 4, 7, 21),
(219, 'C182R', 4, 7, 21),
(220, 'T182', 4, 7, 21),
(221, '182S Skylane', 4, 7, 21),
(222, 'T182T Skylane', 4, 7, 21),
(223, 'Stationair', 4, 7, 21),
(224, 'Soloy Mk1', 5, 7, 21),
(225, 'Sloloy Mk2', 5, 7, 21),
(226, 'Centurion', 4, 7, 21),
(227, 'Corvalis TTX', 4, 7, 21),
(228, 'Caravan I', 5, 7, 21),
(229, 'Caravan 675', 5, 7, 21),
(230, 'Cargomaster', 5, 7, 21),
(231, 'Grand Caravan', 5, 7, 21),
(232, 'Super Cargomaster', 5, 7, 21),
(233, 'Caravan Amphibian', 5, 8, 21),
(234, 'Soloy PathFinder 21', 5, 7, 21),
(235, 'AT-400', 5, 7, 22),
(236, 'AT-401', 5, 7, 22),
(237, 'AT-402', 5, 7, 22),
(238, 'AT-502', 5, 7, 22),
(239, 'AT-602', 5, 7, 22),
(240, 'AT-802F', 5, 8, 22),
(241, '206L', 5, 9, 23),
(242, '206L1', 5, 9, 23),
(243, '206L3', 5, 9, 23),
(244, '206L4', 5, 9, 23),
(245, '206LT', 5, 9, 23),
(246, '407', 5, 9, 23),
(247, 'M25Y', 4, 10, 24),
(248, 'GT26', 4, 10, 25),
(249, '1200', 4, 10, 26),
(250, '582', 4, 10, 27),
(251, '503', 4, 10, 27),
(252, '447', 4, 10, 27),
(253, 'Jaribu', 4, 10, 29),
(254, '912', 4, 10, 28),
(255, '4S 912ULS', 4, 10, 29),
(256, '912S', 4, 10, 29),
(257, '07 914', 4, 10, 30),
(258, 'M16', 4, 10, 31),
(259, 'RST', 4, 10, 32),
(260, 'Rotax 914 Turbo', 4, 10, 33),
(261, 'JZ 18', 4, 10, 34),
(262, 'JZ 20', 4, 10, 34),
(263, 'JZ 22', 4, 10, 34),
(264, 'JZ 25', 4, 10, 34),
(265, 'JZ 30', 4, 10, 34),
(266, 'JZ 35', 4, 10, 34),
(267, 'JZ 40', 4, 10, 34),
(268, 'CS 1600', 4, 10, 34),
(269, 'CS 1800', 4, 10, 34),
(270, 'CS 2000', 4, 10, 34),
(271, 'CS 3000', 4, 10, 34),
(272, 'CS 4000', 4, 10, 34),
(273, 'CS 5000', 4, 10, 34),
(274, 'DC 67', 4, 10, 34),
(275, 'DC 70', 4, 10, 34),
(276, 'DC 77', 4, 10, 34),
(277, 'Kompress', 4, 10, 35),
(278, 'Lambada', 4, 11, 36),
(279, 'SF28', 4, 11, 37),
(280, 'S10', 4, 11, 38),
(281, 'S10-V', 4, 11, 38),
(282, 'S10-VT', 4, 11, 38),
(283, 'S10-15', 4, 11, 38),
(284, '20E', 4, 11, 39),
(285, 'STD 3', 6, 12, 40),
(286, 'D-6856', 6, 12, 41),
(287, '3', 6, 12, 42),
(288, 'ASK 21', 6, 12, 43),
(289, 'ASK 21 Mi', 6, 12, 43),
(290, 'ASW 12', 6, 12, 43),
(291, 'ASW 15', 6, 12, 43),
(292, 'ASW 17', 6, 12, 43),
(293, 'ASW 19', 6, 12, 43),
(294, 'Cub', 4, 7, 44),
(295, 'Cub Coupe', 4, 7, 44),
(296, 'Cub Cruiser', 4, 7, 44),
(297, 'Cub Special', 4, 7, 44),
(298, 'Cuper Cruiser', 4, 7, 44),
(299, 'Family Cruiser', 4, 7, 44),
(300, 'Super Cub', 4, 7, 44),
(301, 'Pacer', 4, 7, 44),
(302, 'PA21', 4, 7, 44),
(303, 'Apache', 4, 7, 44),
(304, 'Aztec', 4, 7, 44),
(305, 'Comanche', 4, 7, 44),
(306, 'Pawnee', 4, 7, 44),
(307, 'Cherokee', 4, 7, 44),
(308, 'Warrior', 4, 7, 44),
(309, 'Archer', 4, 7, 44),
(310, 'Dakota', 4, 7, 44),
(311, 'Arrow', 4, 7, 44),
(312, 'Twin Comanche', 4, 7, 44),
(313, 'Chieftain', 4, 7, 44),
(314, 'Mojave', 4, 7, 44),
(315, 'Navajo', 4, 7, 44),
(316, 'Cheyenne', 4, 7, 44),
(317, 'Cherokee Six', 4, 7, 44),
(318, 'Lance', 4, 7, 44),
(319, 'Saratoga', 4, 7, 44),
(320, 'Seneca', 4, 7, 44),
(321, 'Pawnee Brave', 4, 7, 44),
(322, 'Tomahawk', 4, 7, 44),
(323, 'Seminole', 4, 7, 44),
(324, 'Malibu', 4, 7, 44),
(325, 'Mirage', 4, 7, 44),
(326, 'Meridian', 4, 7, 44),
(327, 'Matrix', 4, 7, 44),
(328, 'Piper Jet', 4, 7, 44),
(329, 'VK-30', 4, 7, 45),
(330, 'SRV', 4, 7, 45),
(331, 'SR22', 4, 7, 45),
(332, 'SR22 T', 4, 7, 45),
(333, 'SF50', 4, 7, 45),
(334, 'Katana', 4, 7, 46),
(335, 'Star 180', 4, 7, 46),
(336, 'Star TDI', 4, 7, 46),
(337, 'DA 40-F', 4, 7, 46),
(338, 'TDI Twin Star', 4, 7, 46),
(339, '360 Twin Star', 4, 7, 46),
(340, 'VI', 4, 7, 46),
(341, 'MPP', 4, 7, 46),
(342, 'Opale', 4, 7, 46),
(343, 'Super Star', 4, 7, 46),
(344, 'Magnum', 4, 7, 46),
(345, 'D-JET', 4, 7, 46),
(346, 'MS 880', 4, 7, 47),
(347, 'MS 881', 4, 7, 47),
(348, 'MS 883', 4, 7, 47),
(349, 'MS 885', 4, 7, 47),
(350, 'MS 886', 4, 7, 47),
(351, 'MS 890', 4, 7, 47),
(352, 'MS 892', 4, 7, 47),
(353, 'MS 893', 4, 7, 47),
(354, 'MS 894 Minerva', 4, 7, 47),
(355, 'MS 110 Galopin', 4, 7, 47),
(356, 'GY-80', 4, 7, 48),
(357, 'Diplomate', 4, 7, 48),
(358, 'Tampico', 4, 7, 48),
(359, 'Tobago', 4, 7, 48),
(360, 'Tobago XL', 4, 7, 48),
(361, 'Trinidad', 4, 7, 48),
(362, 'TC Trinidad', 4, 7, 48),
(363, 'Epsilon', 4, 7, 48),
(364, 'TBM 700', 4, 7, 48),
(365, 'TBM 850', 4, 7, 48),
(366, 'TBM 900', 4, 7, 48),
(367, 'RF-2', 4, 11, 49),
(368, 'RF-3', 4, 11, 49),
(369, 'RF4', 4, 11, 49),
(370, 'RF-5', 4, 11, 49),
(371, 'RF-6', 4, 7, 49),
(372, 'RF-7', 4, 7, 49),
(373, 'RF-8', 4, 11, 49),
(374, 'RF-10', 4, 11, 49),
(375, 'RF-47', 4, 7, 49),
(376, '200S Sparrow', 4, 10, 50),
(377, '200 SDT', 4, 10, 50),
(378, '230', 4, 10, 50),
(379, 'Kite ULM', 4, 10, 50),
(380, 'Kite LSA', 4, 7, 50),
(381, 'Hawk', 4, 10, 50),
(382, '400', 4, 7, 50),
(383, 'AH 130', 4, 10, 50),
(384, 'C', 4, 7, 51),
(385, 'CAP 20', 4, 7, 52),
(386, 'CAP 20 L', 4, 7, 52),
(387, 'CAP 21', 4, 7, 52),
(388, 'CAP 230', 4, 7, 52),
(389, 'CAP 231', 4, 7, 52),
(390, 'EX', 4, 7, 52),
(391, 'CAP 232', 4, 7, 52),
(392, 'SC', 4, 7, 52),
(393, 'MXS', 4, 7, 52),
(394, '100', 4, 7, 53),
(395, '100 T', 4, 7, 53),
(396, '110', 4, 7, 53),
(397, '300', 4, 7, 54),
(398, '300S', 4, 7, 54),
(399, '300L', 4, 7, 54),
(400, '300LP', 4, 7, 54),
(401, '330', 4, 7, 54),
(402, '330LC', 4, 7, 54),
(403, '330SC', 4, 7, 54),
(404, 'S1', 4, 7, 55),
(405, 'S-1C', 4, 7, 55),
(406, 'S-1D', 4, 7, 55),
(407, 'S-1E', 4, 7, 55),
(408, 'S-1F', 4, 7, 55),
(409, 'S-1S', 4, 7, 55),
(410, 'S-1T', 4, 7, 55),
(411, 'S-1-11B', 4, 7, 55),
(412, 'S-2A', 4, 7, 55),
(413, 'S-2B', 4, 7, 55),
(414, 'S-2C', 4, 7, 55),
(415, 'S-2E', 4, 7, 55),
(416, 'S-2S', 4, 7, 55),
(417, 'AA-5', 4, 7, 56),
(418, 'AA-5A', 4, 7, 56),
(419, 'AA-5B', 4, 7, 56),
(420, 'AG-5B', 4, 7, 56),
(421, 'Test avion crée', 8, 13, 58);

-- --------------------------------------------------------

--
-- Structure de la table `notification`
--

CREATE TABLE `notification` (
  `id` int NOT NULL,
  `user_id` char(36) CHARACTER SET utf8mb4 COLLATE utf8mb4_unicode_ci NOT NULL COMMENT '(DC2Type:guid)',
  `content` varchar(255) CHARACTER SET utf8mb4 COLLATE utf8mb4_unicode_ci NOT NULL,
  `is_read` tinyint(1) NOT NULL,
  `created_at` datetime NOT NULL
) ENGINE=InnoDB DEFAULT CHARSET=utf8mb4 COLLATE=utf8mb4_unicode_ci;

--
-- Déchargement des données de la table `notification`
--

INSERT INTO `notification` (`id`, `user_id`, `content`, `is_read`, `created_at`) VALUES
(2, '2be64b2c-1cdc-45cf-a43e-b095857384de', '__test-test: Séances L2 à signer', 0, '2022-01-13 09:45:43'),
(3, 'bb7b6793-9688-11eb-a36d-089798b0d1ad', '__test-test: Séances Leçon 1 à signer', 0, '2022-01-16 10:53:04'),
(4, 'bb7b6793-9688-11eb-a36d-089798b0d1ad', '__test-test: Séances L1 à signer', 0, '2022-01-17 00:38:16'),
(5, '2be64b2c-1cdc-45cf-a43e-b095857384de', '__test-test: Séances L1 à signer', 0, '2022-01-17 08:52:37'),
(8, '2be64b2c-1cdc-45cf-a43e-b095857384de', '__test-test: Séances L2 à signer', 0, '2022-01-18 14:12:32'),
(9, '2be64b2c-1cdc-45cf-a43e-b095857384de', '__test-test: Séances L3 à signer', 0, '2022-01-18 14:42:56'),
(10, '2be64b2c-1cdc-45cf-a43e-b095857384de', '__test-test: Séances C1 à signer', 0, '2022-01-18 15:03:49'),
(11, '2be64b2c-1cdc-45cf-a43e-b095857384de', '__test-test: Séances C2 à signer', 0, '2022-01-18 15:27:54'),
(12, '2be64b2c-1cdc-45cf-a43e-b095857384de', '__test-test: Séances Approche du décrochage en virage et à une hauteur de sécurité déterminée à signer', 0, '2022-01-18 16:23:59'),
(13, '2be64b2c-1cdc-45cf-a43e-b095857384de', '__test-test: Séances Intégration sur aérodrome non controlé  🤦‍♂️ à signer', 0, '2022-01-18 16:39:01'),
(14, '2be64b2c-1cdc-45cf-a43e-b095857384de', '__test-test: Séances L4 à signer', 0, '2022-01-21 19:06:27'),
(15, '2be64b2c-1cdc-45cf-a43e-b095857384de', '__test-test: Séances L4 à signer', 0, '2022-01-21 19:06:46'),
(16, '2be64b2c-1cdc-45cf-a43e-b095857384de', '__test-test: Séances L1 à signer', 0, '2022-01-21 19:15:48'),
(19, '2be64b2c-1cdc-45cf-a43e-b095857384de', '__test-test: Séances L4 à signer', 0, '2022-01-22 08:50:22'),
(21, '2be64b2c-1cdc-45cf-a43e-b095857384de', '__test-test: Séances Approche du décrochage en virage et à une hauteur de sécurité déterminée à signer', 0, '2022-01-22 13:56:14'),
(22, '2be64b2c-1cdc-45cf-a43e-b095857384de', '__test-test: Séance L2 à signer', 0, '2022-01-31 15:17:05'),
(23, 'bb7b6793-9688-11eb-a36d-089798b0d1ad', '__test-test: Séance L1 à signer', 0, '2022-02-02 05:23:29'),
(24, '2be64b2c-1cdc-45cf-a43e-b095857384de', '__test-test: Séance L1 à signer', 0, '2022-02-02 09:41:21'),
(25, '2be64b2c-1cdc-45cf-a43e-b095857384de', '__test-test: Séance Fev1 à signer', 0, '2022-02-02 10:03:44'),
(40, '2be64b2c-1cdc-45cf-a43e-b095857384de', '__test-test: Séance Prat1 à signer', 0, '2022-02-08 11:31:06'),
(41, '2be64b2c-1cdc-45cf-a43e-b095857384de', '__test-test: Séance Fev1 à signer', 0, '2022-02-08 11:32:27'),
(44, '2be64b2c-1cdc-45cf-a43e-b095857384de', 'test-test: Séance S1 à signer', 0, '2022-02-24 10:31:47'),
(45, '2be64b2c-1cdc-45cf-a43e-b095857384de', 'test-test: Séance L1 à signer', 0, '2022-02-24 10:31:59'),
(46, '2be64b2c-1cdc-45cf-a43e-b095857384de', 'test-test: Séance L4 à signer', 0, '2022-02-24 10:32:09'),
(76, '2be64b2c-1cdc-45cf-a43e-b095857384de', 'test-test: Séance L1 à signer', 0, '2022-03-04 11:06:04'),
(77, '2be64b2c-1cdc-45cf-a43e-b095857384de', 'test-test: Séance L3 à signer', 0, '2022-03-04 14:09:33'),
(78, '58061cac-119e-11ec-acae-d60414d71c23', 'test-test: Séance Leçon 1 à signer', 0, '2022-03-11 09:55:01'),
(79, '58061cac-119e-11ec-acae-d60414d71c23', 'test-test: Séance Leçon 2 à signer', 0, '2022-03-11 10:14:50'),
(80, '58061cac-119e-11ec-acae-d60414d71c23', 'test-test: Séance Leçon 1 à signer', 0, '2022-03-11 10:20:36'),
(81, '58061cac-119e-11ec-acae-d60414d71c23', 'test-test: Séance Leçon 2 à signer', 0, '2022-03-11 10:21:49'),
(82, '58061cac-119e-11ec-acae-d60414d71c23', 'test-test: Séance Leçon 3 à signer', 0, '2022-03-11 10:24:31'),
(83, '2be64b2c-1cdc-45cf-a43e-b095857384de', 'ZZZZ-Base test mars 2022: Séance Leçon 1 à signer', 0, '2022-03-21 13:14:55'),
(84, '2be64b2c-1cdc-45cf-a43e-b095857384de', 'ZZZZ-Base test mars 2022: Séance 1 à signer', 0, '2022-03-21 13:56:39'),
(89, '2be64b2c-1cdc-45cf-a43e-b095857384de', 'ZZZZ-Base test mars 2022: Séance S1 à signer', 0, '2022-03-23 09:24:42'),
(90, '2be64b2c-1cdc-45cf-a43e-b095857384de', 'ZZZZ-Base test mars 2022: Séance S2 à signer', 0, '2022-03-23 09:30:29'),
(91, '2be64b2c-1cdc-45cf-a43e-b095857384de', 'ZZZZ-Base test mars 2022: Séance S1 à signer', 0, '2022-03-23 09:43:59'),
(92, '2be64b2c-1cdc-45cf-a43e-b095857384de', 'ZZZZ-Base test mars 2022: Séance S2 à signer', 0, '2022-03-23 09:46:05'),
(93, '2be64b2c-1cdc-45cf-a43e-b095857384de', 'ZZZZ-Base test mars 2022: Séance S1 à signer', 0, '2022-03-23 09:55:01'),
(94, '2be64b2c-1cdc-45cf-a43e-b095857384de', 'ZZZZ-Base test mars 2022: Séance S2 à signer', 0, '2022-03-23 09:58:29'),
(95, '2be64b2c-1cdc-45cf-a43e-b095857384de', 'ZZZZ-Base test mars 2022: Séance S1 à signer', 0, '2022-03-23 10:11:02'),
(96, '2be64b2c-1cdc-45cf-a43e-b095857384de', 'ZZZZ-Base test mars 2022: Séance 1 à signer', 0, '2022-03-23 10:14:37'),
(97, '2be64b2c-1cdc-45cf-a43e-b095857384de', 'ZZZZ-Base test mars 2022: Séance  à signer', 0, '2022-03-23 10:37:18'),
(98, '2be64b2c-1cdc-45cf-a43e-b095857384de', 'ZZZZ-Base test mars 2022: Séance S1 à signer', 0, '2022-03-23 10:43:56'),
(99, '2be64b2c-1cdc-45cf-a43e-b095857384de', 'ZZZZ-Base test mars 2022: Séance S2 à signer', 0, '2022-03-23 10:45:15'),
(100, '2be64b2c-1cdc-45cf-a43e-b095857384de', 'ZZZZ-Base test mars 2022: Séance S1 à signer', 0, '2022-03-24 09:38:01'),
(103, '4e2e40d5-119e-11ec-acae-d60414d71c23', 'ZZZZ-Base test mars 2022: Séance S1 à signer', 0, '2022-03-24 10:06:00'),
(104, '4e2e40d5-119e-11ec-acae-d60414d71c23', 'ZZZZ-Base test mars 2022: Séance S2 à signer', 0, '2022-03-24 10:12:39'),
(105, '4e2e40d5-119e-11ec-acae-d60414d71c23', 'ZZZZ-Base test mars 2022: Séance  à signer', 0, '2022-03-24 16:14:04'),
(106, '4e2e40d5-119e-11ec-acae-d60414d71c23', 'ZZZZ-Base test mars 2022: Séance  à signer', 0, '2022-03-24 16:20:31'),
(107, '2be64b2c-1cdc-45cf-a43e-b095857384de', 'ZZZZ-Base test mars 2022: Séance S1 à signer', 0, '2022-03-25 09:18:39'),
(108, '2be64b2c-1cdc-45cf-a43e-b095857384de', 'ZZZZ-Base test mars 2022: Séance  à signer', 0, '2022-03-25 09:20:38'),
(109, '2be64b2c-1cdc-45cf-a43e-b095857384de', 'ZZZZ-Base test mars 2022: Séance  à signer', 0, '2022-03-25 09:28:16'),
(110, '2be64b2c-1cdc-45cf-a43e-b095857384de', 'ZZZZ-Base test mars 2022: Séance L1 à signer', 0, '2022-03-25 10:06:36'),
(111, '2be64b2c-1cdc-45cf-a43e-b095857384de', 'ZZZZ-Base test mars 2022: Séance L2 à signer', 0, '2022-03-25 10:31:57'),
(112, '2be64b2c-1cdc-45cf-a43e-b095857384de', 'ZZZZ-Base test mars 2022: Séance L1 à signer', 0, '2022-03-25 10:42:05'),
(113, '2be64b2c-1cdc-45cf-a43e-b095857384de', 'ZZZZ-Base test mars 2022: Séance T2 à signer', 0, '2022-03-25 10:50:52'),
(114, '4e2e40d5-119e-11ec-acae-d60414d71c23', 'ZZZZ-Base test mars 2022: Séance T1 à signer', 0, '2022-03-25 11:01:15'),
(115, '4e2e40d5-119e-11ec-acae-d60414d71c23', 'ZZZZ-Base test mars 2022: Séance T1 à signer', 0, '2022-03-25 12:33:16'),
(116, '2be64b2c-1cdc-45cf-a43e-b095857384de', 'ZZZZ-Base test mars 2022: Séance Séance extra Mike à signer', 0, '2022-03-28 04:03:26'),
(117, '4e2e40d5-119e-11ec-acae-d60414d71c23', 'ZZZZ-Base test mars 2022: Séance Leçon 1 à signer', 0, '2022-03-29 10:39:35');

-- --------------------------------------------------------

--
-- Structure de la table `postal_address`
--

CREATE TABLE `postal_address` (
  `id` int NOT NULL,
  `number` varchar(255) CHARACTER SET utf8mb4 COLLATE utf8mb4_unicode_ci DEFAULT NULL,
  `street` varchar(255) CHARACTER SET utf8mb4 COLLATE utf8mb4_unicode_ci DEFAULT NULL,
  `city` varchar(255) CHARACTER SET utf8mb4 COLLATE utf8mb4_unicode_ci NOT NULL,
  `zipcode` varchar(255) CHARACTER SET utf8mb4 COLLATE utf8mb4_unicode_ci NOT NULL,
  `country` varchar(255) CHARACTER SET utf8mb4 COLLATE utf8mb4_unicode_ci NOT NULL
) ENGINE=InnoDB DEFAULT CHARSET=utf8mb4 COLLATE=utf8mb4_unicode_ci;

--
-- Déchargement des données de la table `postal_address`
--

INSERT INTO `postal_address` (`id`, `number`, `street`, `city`, `zipcode`, `country`) VALUES
(28, '79', '79', 'Pourcieux', '83470', 'France'),
(29, '56', 'chemin des Amandiers', 'Pourcieux', '83470', 'France'),
(30, '79', '79', 'Pourcieux', '83470', 'France'),
(49, '79', 'chemin des Amandiers', 'Pourcieux', '83470', 'France'),
(71, '79', 'Chemin des Amandiers', 'Pourcieux', '83470', 'France'),
(73, '', '', 'AEROPORT', '00000', 'FRANCE'),
(74, '7', 'rue du Poncelet', 'FESMY LE SART', '02450', 'FRANCE'),
(75, '7', 'rue du Poncelet', 'FESMY LE SART', '02450', 'FRANCE'),
(76, '7', 'rue du Poncelet', 'FESMY LE SART', '02450', 'FRANCE'),
(77, '', '', 'Paris', '9999', 'France'),
(78, '79', 'Chemin des amandiers', 'POURCIEUX', '83470', 'France'),
(80, '79', 'Chemin des amandiers', 'POURCIEUX', '83470', 'France');

-- --------------------------------------------------------

--
-- Structure de la table `promotion`
--

CREATE TABLE `promotion` (
  `id` int NOT NULL,
  `name` varchar(255) CHARACTER SET utf8mb4 COLLATE utf8mb4_unicode_ci NOT NULL,
  `ato_id` int NOT NULL,
  `created_at` datetime NOT NULL,
  `status` varchar(255) CHARACTER SET utf8mb4 COLLATE utf8mb4_unicode_ci NOT NULL
) ENGINE=InnoDB DEFAULT CHARSET=utf8mb4 COLLATE=utf8mb4_unicode_ci;

--
-- Déchargement des données de la table `promotion`
--

INSERT INTO `promotion` (`id`, `name`, `ato_id`, `created_at`, `status`) VALUES
(13, 'A1.TEO.27', 603, '2021-12-22 12:01:12', 'active'),
(14, '01JAN2022', 603, '2022-01-06 15:38:09', 'active');

-- --------------------------------------------------------

--
-- Structure de la table `promotion_ato_user`
--

CREATE TABLE `promotion_ato_user` (
  `promotion_id` int NOT NULL,
  `ato_user_id` int NOT NULL
) ENGINE=InnoDB DEFAULT CHARSET=utf8mb4 COLLATE=utf8mb4_unicode_ci;

--
-- Déchargement des données de la table `promotion_ato_user`
--

INSERT INTO `promotion_ato_user` (`promotion_id`, `ato_user_id`) VALUES
(13, 100),
(13, 101),
(14, 100),
(14, 101);

-- --------------------------------------------------------

--
-- Structure de la table `promotion_formation`
--

CREATE TABLE `promotion_formation` (
  `id` int NOT NULL,
  `formation_id` int NOT NULL,
  `promotion_id` int NOT NULL,
  `status` varchar(255) CHARACTER SET utf8mb4 COLLATE utf8mb4_unicode_ci NOT NULL
) ENGINE=InnoDB DEFAULT CHARSET=utf8mb4 COLLATE=utf8mb4_unicode_ci;

-- --------------------------------------------------------

--
-- Structure de la table `rating`
--

CREATE TABLE `rating` (
  `id` int NOT NULL,
  `name` varchar(255) CHARACTER SET utf8mb4 COLLATE utf8mb4_unicode_ci NOT NULL
) ENGINE=InnoDB DEFAULT CHARSET=utf8mb4 COLLATE=utf8mb4_unicode_ci;

--
-- Déchargement des données de la table `rating`
--

INSERT INTO `rating` (`id`, `name`) VALUES
(49, 'test 2'),
(51, 'test 3'),
(54, 'test'),
(56, 'test 55'),
(57, 'TP'),
(58, '123'),
(59, 'TP - Briefing'),
(60, 'TP - Vol'),
(61, 'TP (oui/non)'),
(62, 'Progression bilan'),
(63, 'Non effectué / Effectué (TP/JPO)'),
(64, 'ANPI leçons'),
(65, 'ANPI contrôle'),
(66, 'CNT (NA-I-S-P)'),
(71, 'Smiley'),
(72, 'A1.TEO.27'),
(74, '+/-/NR'),
(75, '++ -- NR'),
(76, '- / + / ++'),
(77, 'NR / - / + / ++'),
(78, 'Sans note'),
(79, 'TB/B/P/NR'),
(81, 'Notation Briefing NE/Vu'),
(82, 'Notation exercices en vol'),
(83, 'Bilan fin de phase oui/non'),
(84, 'Bilan fin de phase séance'),
(85, 'Smileys'),
(88, 'NR - + ++'),
(89, 'bien / pas bien');

-- --------------------------------------------------------

--
-- Structure de la table `rating_ato`
--

CREATE TABLE `rating_ato` (
  `rating_id` int NOT NULL,
  `ato_id` int NOT NULL
) ENGINE=InnoDB DEFAULT CHARSET=utf8mb4 COLLATE=utf8mb4_unicode_ci;

--
-- Déchargement des données de la table `rating_ato`
--

INSERT INTO `rating_ato` (`rating_id`, `ato_id`) VALUES
(57, 603),
(58, 603),
(59, 603),
(60, 603),
(61, 603),
(62, 603),
(63, 603),
(64, 603),
(65, 603),
(66, 603),
(71, 603),
(72, 603),
(74, 603),
(75, 603),
(76, 626),
(77, 626),
(78, 626),
(79, 626),
(81, 627),
(82, 627),
(83, 627),
(84, 627),
(85, 626),
(88, 630),
(89, 630);

-- --------------------------------------------------------

--
-- Structure de la table `rating_value`
--

CREATE TABLE `rating_value` (
  `id` int NOT NULL,
  `rating_type_id` int NOT NULL,
  `value` varchar(255) CHARACTER SET utf8mb4 COLLATE utf8mb4_unicode_ci DEFAULT NULL,
  `validate_exercise` tinyint(1) DEFAULT NULL,
  `position` int NOT NULL,
  `media_value_id` int DEFAULT NULL,
  `color` varchar(255) CHARACTER SET utf8mb4 COLLATE utf8mb4_unicode_ci DEFAULT NULL,
  `description` varchar(255) CHARACTER SET utf8mb4 COLLATE utf8mb4_unicode_ci DEFAULT NULL,
  `exercise_notperformed` tinyint(1) NOT NULL
) ENGINE=InnoDB DEFAULT CHARSET=utf8mb4 COLLATE=utf8mb4_unicode_ci;

--
-- Déchargement des données de la table `rating_value`
--

INSERT INTO `rating_value` (`id`, `rating_type_id`, `value`, `validate_exercise`, `position`, `media_value_id`, `color`, `description`, `exercise_notperformed`) VALUES
(157, 49, 'a', 1, 0, NULL, '#000000', NULL, 0),
(158, 49, 'b', 0, 1, NULL, '#000000', NULL, 0),
(162, 51, 'a', 1, 0, NULL, '#000000', NULL, 0),
(163, 51, 'b', 1, 1, NULL, '#000000', NULL, 0),
(164, 51, 'c', 1, 2, NULL, '#000000', NULL, 0),
(176, 54, 'a', 1, 0, NULL, '#000000', '', 0),
(177, 54, 'c', 0, 1, NULL, '#000000', '', 0),
(183, 56, 'a', 1, 0, NULL, '#000000', '', 0),
(184, 56, 'a', 0, 1, NULL, '#000000', '', 1),
(205, 59, 'NE', 0, 0, NULL, '#000000', '', 1),
(206, 59, 'Vu', 1, 1, NULL, '#000000', '', 0),
(211, 60, 'NE', 0, 0, NULL, '#000000', 'Non effectué', 1),
(212, 60, 'Vu', 1, 1, NULL, '#000000', '', 0),
(213, 60, 'Guidé', 1, 2, NULL, '#000000', '', 0),
(214, 60, 'Autonome', 1, 3, NULL, '#000000', '', 0),
(215, 57, 'NE', 0, 0, NULL, '#000000', '', 1),
(216, 57, 'Vu', 1, 1, NULL, '#000000', '', 0),
(217, 57, 'Guidé', 1, 2, NULL, '#000000', '', 0),
(218, 57, 'Autonome', 1, 3, NULL, '#000000', '', 0),
(227, 61, 'Oui', 1, 0, NULL, '#000000', '', 0),
(228, 61, 'Non', 0, 1, NULL, '#000000', '', 0),
(229, 62, 'Sous le standard', 1, 0, 293, '#f3afaf', '', 0),
(230, 62, 'Besoin d\'amélioration', 1, 1, 294, '#aaf7fd', '', 0),
(231, 62, 'Standard', 1, 2, 295, '#c2fdba', '', 0),
(232, 62, 'Au-dessus du standard', 1, 3, 296, '#37ba08', '', 0),
(233, 63, 'Non effectué', 0, 0, NULL, '#000000', '', 1),
(234, 63, 'Effectué', 1, 1, NULL, '#000000', '', 0),
(238, 65, 'I', 0, 0, NULL, '#000000', '', 1),
(239, 65, 'S', 1, 1, NULL, '#000000', '', 0),
(240, 65, 'P', 1, 2, NULL, '#000000', '', 0),
(241, 65, 'NA', 0, 3, NULL, '#000000', '', 1),
(248, 66, 'NA', 0, 0, NULL, '#000000', '', 0),
(249, 66, 'I', 1, 1, NULL, '#000000', '', 0),
(250, 66, 'S', 1, 2, NULL, '#000000', '', 0),
(251, 66, 'P', 1, 3, NULL, '#000000', '', 0),
(252, 64, 'E', 1, 0, NULL, '#000000', '', 0),
(253, 64, 'S', 1, 1, NULL, '#000000', '', 0),
(260, 58, '0', 0, 0, NULL, '#f64646', 'NR', 1),
(261, 58, '1', 0, 1, NULL, '#fd7c7c', 'Pas bien', 0),
(262, 58, '2', 0, 2, NULL, '#f7b0b0', 'Moins bien', 0),
(263, 58, '3', 1, 3, NULL, '#c8fbac', 'Dans la moyenne', 0),
(264, 58, '4', 1, 4, NULL, '#9bf769', 'Bien', 0),
(265, 58, '5', 1, 5, NULL, '#22fb13', 'Très bien', 0),
(319, 71, '', 0, 0, 325, '#000000', '', 1),
(320, 71, '', 0, 1, 326, '#000000', '', 0),
(321, 71, '', 0, 2, 327, '#000000', '', 0),
(322, 71, '', 1, 3, 329, '#000000', '', 0),
(323, 71, '', 1, 4, 330, '#000000', '', 0),
(328, 72, 'Oui', 1, 0, NULL, '#000000', 'Très bien', 0),
(329, 72, 'Oui', 0, 1, NULL, '#000000', 'Très bien', 1),
(332, 74, '+', 1, 0, NULL, '#000000', '', 0),
(333, 74, '-', 0, 1, NULL, '#000000', '', 1),
(334, 74, 'NR', 0, 2, NULL, '#000000', '', 1),
(341, 75, '++', 1, 0, NULL, '#19bf0d', 'Exercice validé', 0),
(342, 75, '- -', 0, 1, NULL, '#ff9500', 'Exercice sera reporté ', 0),
(343, 75, 'NR', 0, 2, NULL, '#0676bc', 'Exercice non réalisé', 1),
(344, 76, '-', 0, 0, NULL, '#ff7300', 'A parfaire', 0),
(345, 76, '+', 1, 1, NULL, '#0954ec', 'Bonne restitution', 0),
(346, 76, '++', 1, 2, NULL, '#7ad123', 'Très bonne restitution', 0),
(385, 78, '', 1, 0, NULL, '#000000', '', 0),
(386, 78, '', 1, 1, NULL, '#000000', '', 0),
(391, 77, 'NR', 0, 0, NULL, '#000000', 'Non réalisé', 1),
(392, 77, '-', 0, 1, NULL, '#fa9e00', 'A parfaire', 0),
(393, 77, '+', 1, 2, NULL, '#0fdb00', 'Restitution dans la moyenne', 0),
(394, 77, '++', 1, 3, NULL, '#0537ff', 'Très bonne restitution', 0),
(395, 79, 'Très bien', 1, 0, NULL, '#000000', '', 0),
(396, 79, 'Bien', 1, 1, NULL, '#000000', '', 0),
(397, 79, 'A parfaire', 0, 2, NULL, '#000000', '', 0),
(398, 79, 'NR', 0, 3, NULL, '#000000', '', 1),
(401, 81, 'NE', 0, 0, NULL, '#fca103', 'Non effectué', 1),
(402, 81, 'Vu', 1, 1, NULL, '#04cd1c', 'Vu', 0),
(403, 82, 'NE', 1, 0, NULL, '#fca103', 'L’exercice n’a pas été effectué.', 0),
(404, 82, 'Vu', 1, 1, NULL, '#04cd1c', 'L’exercice a été expliqué et démontré.', 0),
(405, 82, 'Guidé', 1, 2, NULL, '#515ad6', 'L’exercice est restitué mais il nécessite un guidage de la part de l\'instructeur. Le stagiaire n\'a pas atteint une performance acceptable.', 0),
(406, 82, 'Autonome', 1, 3, NULL, '#0189b7', 'L’exercice est exécuté en sécurité avec des erreurs mineures mais pas d\'écart majeur par rapport à l\'idéal. Le pilote démontre une aptitude technique.', 0),
(407, 83, 'Oui', 1, 0, NULL, '#04cd1c', '', 0),
(408, 83, 'Non', 0, 1, NULL, '#f53d3d', '', 1),
(413, 84, 'Sous le standard', 0, 0, NULL, '#f53d3d', '', 0),
(414, 84, 'Besoin d\'amélioration', 0, 1, NULL, '#fca103', '', 0),
(415, 84, 'Standard', 1, 2, NULL, '#04cd1c', '', 0),
(416, 84, 'Au dessus du standard', 1, 3, NULL, '#515ad6', '', 0),
(417, 85, '', 1, 0, 379, '#000000', 'Très bien', 0),
(418, 85, '', 1, 1, 380, '#000000', 'Bien', 0),
(419, 85, '', 1, 2, 381, '#000000', 'Dans la moyenne', 0),
(420, 85, '', 0, 3, 382, '#000000', 'A parfaire', 1),
(427, 88, 'NR', 0, 0, NULL, '#000000', 'Exercice non réalisé', 1),
(428, 88, '-', 0, 1, NULL, '#000000', '', 0),
(429, 88, '+', 1, 2, NULL, '#000000', '', 0),
(430, 88, '++', 1, 3, NULL, '#000000', '', 0),
(431, 89, 'Pas bien', 0, 0, NULL, '#000000', '', 0),
(432, 89, 'Bien', 1, 1, NULL, '#000000', '', 0);

-- --------------------------------------------------------

--
-- Structure de la table `resources`
--

CREATE TABLE `resources` (
  `id` int NOT NULL,
  `name` varchar(255) CHARACTER SET utf8mb4 COLLATE utf8mb4_unicode_ci NOT NULL,
  `type` varchar(255) CHARACTER SET utf8mb4 COLLATE utf8mb4_unicode_ci NOT NULL,
  `ato_id` int NOT NULL
) ENGINE=InnoDB DEFAULT CHARSET=utf8mb4 COLLATE=utf8mb4_unicode_ci;

--
-- Déchargement des données de la table `resources`
--

INSERT INTO `resources` (`id`, `name`, `type`, `ato_id`) VALUES
(915, 'F-HFEN', 'resource_aircraft', 603),
(920, 'Salle 1b', 'resource_classroom', 626),
(923, 'F-TUCH', 'resource_aircraft', 626),
(924, 'F-PALF', 'resource_aircraft', 627),
(925, 'Salle de test', 'resource_classroom', 626),
(926, 'test', 'resource_aircraft', 626),
(927, 'Appareil #1', 'resource_aircraft', 630);

-- --------------------------------------------------------

--
-- Structure de la table `session`
--

CREATE TABLE `session` (
  `id` int NOT NULL,
  `instructor_id` int NOT NULL,
  `start_at` datetime NOT NULL,
  `end_at` datetime DEFAULT NULL,
  `comments` longtext CHARACTER SET utf8mb4 COLLATE utf8mb4_unicode_ci,
  `is_theoretical` tinyint(1) NOT NULL,
  `formation_id` int NOT NULL,
  `lesson_id` int DEFAULT NULL,
  `lesson_notation_id` int DEFAULT NULL,
  `bloc_time` int DEFAULT NULL,
  `flight_time` int DEFAULT NULL,
  `lesson_extra_id` int DEFAULT NULL,
  `instructor_signature_id` int DEFAULT NULL,
  `success` tinyint(1) NOT NULL,
  `status` varchar(255) CHARACTER SET utf8mb4 COLLATE utf8mb4_unicode_ci NOT NULL,
  `pdf_file_id` int DEFAULT NULL,
  `validate_at` datetime DEFAULT NULL,
  `correction_id` int DEFAULT NULL,
  `departure_airport_id` int DEFAULT NULL,
  `arrival_airport_id` int DEFAULT NULL,
  `aircraft_id` int DEFAULT NULL
) ENGINE=InnoDB DEFAULT CHARSET=utf8mb4 COLLATE=utf8mb4_unicode_ci;

--
-- Déchargement des données de la table `session`
--

INSERT INTO `session` (`id`, `instructor_id`, `start_at`, `end_at`, `comments`, `is_theoretical`, `formation_id`, `lesson_id`, `lesson_notation_id`, `bloc_time`, `flight_time`, `lesson_extra_id`, `instructor_signature_id`, `success`, `status`, `pdf_file_id`, `validate_at`, `correction_id`, `departure_airport_id`, `arrival_airport_id`, `aircraft_id`) VALUES
(118, 121, '2022-03-21 14:10:00', '2022-03-21 14:14:00', '', 0, 292, 62276, NULL, 4, 0, NULL, 90, 0, 'validated', NULL, '2022-03-21 13:21:43', NULL, NULL, NULL, NULL),
(119, 121, '2022-03-21 14:35:00', '2022-03-21 14:56:00', '', 0, 300, 62311, NULL, 21, 0, NULL, 92, 0, 'validated', NULL, '2022-03-21 13:56:56', NULL, 2, 2, 923),
(120, 125, '2022-03-21 14:49:00', '2022-03-21 14:56:00', '', 0, 292, 62277, NULL, 7, 0, NULL, 94, 1, 'validated', NULL, '2022-03-21 14:12:55', NULL, NULL, NULL, 923),
(121, 50, '2022-03-21 14:49:00', '2022-03-21 14:59:00', '', 0, 251, 22994, NULL, 10, 0, NULL, 95, 1, 'validated', NULL, '2022-03-21 14:00:19', NULL, NULL, NULL, 915),
(122, 121, '2022-03-21 15:11:00', '2022-03-21 15:13:00', '', 0, 302, 62323, NULL, 2, 0, NULL, 98, 0, 'validated', NULL, '2022-03-21 14:16:38', NULL, 1, 1, 923),
(123, 121, '2022-03-21 15:15:00', '2022-03-21 15:16:00', '', 0, 302, 62324, NULL, 1, 0, NULL, 100, 0, 'validated', NULL, '2022-03-21 14:17:24', NULL, NULL, NULL, 923),
(124, 121, '2022-03-22 10:49:00', '2022-03-22 10:53:00', '', 0, 307, 62350, NULL, 4, 0, NULL, 102, 0, 'validated', NULL, '2022-03-22 09:54:50', NULL, 2, 2, 923),
(125, 121, '2022-03-22 10:49:00', '2022-03-22 10:55:00', '', 0, 307, 62351, NULL, 6, 0, NULL, 104, 1, 'validated', NULL, '2022-03-22 09:56:58', NULL, 2, 1, 923),
(127, 121, '2022-03-23 08:10:00', '2022-03-23 10:24:00', '', 0, 311, 62392, NULL, 134, 0, NULL, 106, 1, 'validated', NULL, '2022-03-23 09:25:20', NULL, 1, 1, 923),
(128, 121, '2022-03-23 08:10:00', '2022-03-23 10:30:00', '', 0, 311, 62393, NULL, 140, 0, NULL, 108, 1, 'validated', NULL, '2022-03-23 09:30:46', NULL, 1, 1, 923),
(129, 121, '2022-03-23 10:32:00', '2022-03-23 10:43:00', '', 0, 312, 62398, NULL, 11, 0, NULL, 110, 1, 'validated', NULL, '2022-03-23 09:44:10', NULL, 1, 3, 923),
(130, 121, '2022-03-23 10:32:00', '2022-03-23 10:45:00', '', 0, 312, 62399, NULL, 13, 0, NULL, 112, 1, 'validated', NULL, '2022-03-23 09:46:22', NULL, 2, 2, 923),
(131, 121, '2022-03-23 10:32:00', '2022-03-23 10:54:00', '', 0, 315, 62416, NULL, 22, 0, NULL, 114, 1, 'validated', NULL, '2022-03-23 09:55:14', NULL, 2, 2, 923),
(132, 121, '2022-03-23 10:32:00', '2022-03-23 10:58:00', '', 0, 315, 62417, NULL, 26, 0, NULL, 116, 0, 'validated', NULL, '2022-03-23 10:08:29', NULL, 4, 3, 923),
(133, 121, '2022-03-23 10:32:00', '2022-03-23 11:10:00', '', 0, 315, NULL, NULL, 38, 0, 2, 118, 0, 'validated', NULL, '2022-03-23 10:33:16', NULL, 1, 1, 923),
(134, 121, '2022-03-23 10:32:00', '2022-03-23 11:14:00', '', 0, 300, NULL, NULL, 42, 0, 3, 119, 0, 'validated', NULL, '2022-03-23 10:15:35', NULL, 1, 2, 923),
(135, 121, '2022-03-23 10:32:00', '2022-03-23 11:35:00', '', 0, 315, NULL, NULL, 63, 0, 4, 122, 1, 'validated', NULL, '2022-03-23 10:38:52', NULL, 2, 1, 923),
(137, 121, '2022-03-23 11:35:00', '2022-03-23 11:43:00', '', 0, 317, 62422, NULL, 8, 0, NULL, 124, 0, 'validated', NULL, '2022-03-23 10:44:07', NULL, 1, 2, 923),
(138, 121, '2022-02-01 12:35:00', '2022-02-01 13:44:00', '', 0, 317, 62423, NULL, 69, 0, NULL, 126, 1, 'toSign', NULL, NULL, NULL, 1, 1, 923),
(139, 121, '2022-03-24 10:04:00', '2022-03-24 10:37:00', '', 0, 326, 63443, NULL, 33, 0, NULL, 127, 1, 'validated', NULL, '2022-03-24 09:40:50', NULL, 2, 8, 923),
(140, 123, '2022-03-24 10:37:00', '2022-03-24 10:51:00', '', 0, 326, 63443, NULL, 14, 0, NULL, 129, 1, 'validated', NULL, '2022-03-24 09:53:40', NULL, 1, 1, 923),
(141, 123, '2022-03-24 10:37:00', '2022-03-24 10:54:00', '', 0, 326, 63444, NULL, 17, 0, NULL, 131, 0, 'validated', NULL, '2022-03-24 09:54:46', NULL, 1, 1, 923),
(142, 123, '2022-03-24 10:37:00', '2022-03-24 11:05:00', '', 0, 327, 63449, NULL, 28, 0, NULL, 133, 0, 'validated', NULL, '2022-03-24 10:06:53', NULL, 8, 8, 923),
(143, 123, '2022-03-24 10:37:00', '2022-03-24 11:12:00', '', 0, 327, 63450, NULL, 35, 0, NULL, 135, 0, 'validated', NULL, '2022-03-24 10:13:36', NULL, 4, 5, 923),
(144, 123, '2022-03-24 16:58:00', '2022-03-24 17:11:00', '', 0, 327, NULL, NULL, 13, 0, 11, 137, 0, 'validated', NULL, '2022-03-24 16:14:31', NULL, 6, 6, 923),
(145, 123, '2022-03-24 16:58:00', '2022-03-24 17:20:00', '', 0, 327, NULL, NULL, 22, 0, 12, 139, 1, 'validated', NULL, '2022-03-24 16:20:44', NULL, 6, 6, 923),
(146, 121, '2022-03-25 09:48:00', '2022-03-25 10:18:00', '', 0, 329, 63532, NULL, 30, 0, NULL, 141, 0, 'validated', NULL, '2022-03-25 09:19:07', NULL, 2, 2, 923),
(149, 121, '2022-03-25 10:51:00', '2022-03-25 11:05:00', '', 0, 330, 63546, 397, 14, 0, NULL, 147, 0, 'validated', NULL, '2022-03-25 10:28:37', NULL, 1, 1, 923),
(150, 121, '2022-03-25 11:27:00', '2022-03-25 11:31:00', '', 0, 330, 63547, NULL, 4, 0, NULL, 149, 0, 'validated', NULL, '2022-03-25 10:32:29', NULL, 1, 1, 923),
(151, 121, '2022-03-25 11:31:00', '2022-03-25 11:41:00', '', 0, 332, 63558, NULL, 10, 0, NULL, 151, 1, 'validated', NULL, '2022-03-25 10:42:23', NULL, 2, 2, 923),
(154, 121, '2022-03-25 10:31:40', '2022-03-25 11:31:40', '', 1, 331, 63552, NULL, 0, 0, NULL, 155, 1, 'validated', NULL, '2022-03-25 11:05:07', NULL, NULL, NULL, NULL),
(157, 121, '2022-03-26 07:33:19', '2022-03-29 13:14:00', '', 0, 336, 63586, 397, 4601, 0, NULL, 171, 0, 'validated', NULL, '2022-03-29 11:16:35', NULL, 1, 1, 923),
(164, 125, '2022-03-28 10:48:00', '2022-03-28 08:50:00', '', 0, 329, 63533, NULL, 118, 0, NULL, 166, 1, 'validated', NULL, '2022-03-28 06:51:22', NULL, 1, 1, 923),
(165, 125, '2022-03-28 09:51:00', '2022-03-28 10:04:00', '', 0, 292, 62277, NULL, 13, 0, NULL, 168, 1, 'validated', NULL, '2022-03-28 08:05:03', NULL, 1, 1, 923),
(167, 125, '2022-03-29 12:37:00', '2022-03-29 12:39:00', '', 0, 292, 62276, NULL, 2, 0, NULL, 170, 1, 'toSign', NULL, NULL, NULL, 1, 1, 923),
(168, 125, '2022-03-29 13:31:00', '2022-03-29 13:37:00', '', 0, 336, NULL, NULL, 6, 0, 26, 173, 1, 'validated', NULL, '2022-03-29 11:38:03', NULL, 1, 1, 923),
(169, 125, '2022-03-29 13:37:00', '2022-03-29 14:05:00', '', 0, 336, NULL, NULL, 28, 0, 27, 175, 1, 'validated', NULL, '2022-03-29 12:05:25', NULL, 1, 1, 923),
(170, 125, '2022-03-29 14:16:00', '2022-03-29 14:18:00', '', 0, 336, NULL, NULL, 2, 0, 28, 177, 1, 'validated', NULL, '2022-03-29 12:18:55', NULL, 1, 1, 923),
(173, 129, '2022-03-29 12:00:00', '2022-03-29 13:30:00', 'Commentaire leçon', 0, 339, 63631, 432, 90, 0, NULL, 183, 1, 'validated', NULL, '2022-03-29 13:50:28', NULL, 1, 1, 927),
(174, 129, '2022-03-29 15:48:00', '2022-03-29 15:51:00', 'Commentaire leçon 1', 0, 339, 63630, 432, 3, 0, NULL, 185, 1, 'validated', NULL, '2022-03-29 13:52:06', NULL, 1, 1, 927),
(175, 125, '2022-03-29 17:19:00', NULL, '', 0, 302, 62323, NULL, 0, 0, NULL, NULL, 0, 'toClose', NULL, NULL, NULL, NULL, NULL, 926),
(176, 129, '2022-03-29 17:55:00', NULL, '', 0, 339, 63632, NULL, 0, 0, NULL, NULL, 0, 'toClose', NULL, NULL, NULL, NULL, NULL, 927);

-- --------------------------------------------------------

--
-- Structure de la table `session_exercise`
--

CREATE TABLE `session_exercise` (
  `id` int NOT NULL
) ENGINE=InnoDB DEFAULT CHARSET=utf8mb4 COLLATE=utf8mb4_unicode_ci;

-- --------------------------------------------------------

--
-- Structure de la table `signature`
--

CREATE TABLE `signature` (
  `id` int NOT NULL,
  `ato_user_id` int NOT NULL,
  `date` datetime NOT NULL
) ENGINE=InnoDB DEFAULT CHARSET=utf8mb4 COLLATE=utf8mb4_unicode_ci;

--
-- Déchargement des données de la table `signature`
--

INSERT INTO `signature` (`id`, `ato_user_id`, `date`) VALUES
(1, 50, '2021-06-03 12:16:09'),
(3, 77, '2022-01-08 15:54:59'),
(4, 100, '2022-01-08 16:01:24'),
(5, 77, '2022-01-13 09:45:43'),
(6, 50, '2022-01-16 10:53:04'),
(7, 50, '2022-01-17 00:38:16'),
(8, 77, '2022-01-17 08:52:37'),
(9, 77, '2022-01-17 08:55:27'),
(10, 56, '2022-01-17 13:39:59'),
(11, 56, '2022-01-17 13:43:43'),
(12, 50, '2022-01-17 13:48:24'),
(13, 77, '2022-01-18 13:48:20'),
(14, 76, '2022-01-18 14:02:23'),
(15, 76, '2022-01-18 14:04:10'),
(16, 77, '2022-01-18 14:12:32'),
(17, 76, '2022-01-18 14:13:43'),
(18, 77, '2022-01-18 14:42:56'),
(19, 76, '2022-01-18 14:50:18'),
(20, 77, '2022-01-18 15:03:49'),
(21, 76, '2022-01-18 15:26:26'),
(22, 77, '2022-01-18 15:27:54'),
(23, 76, '2022-01-18 15:28:12'),
(24, 77, '2022-01-18 16:23:59'),
(25, 76, '2022-01-18 16:26:43'),
(26, 77, '2022-01-18 16:39:01'),
(27, 76, '2022-01-18 16:39:29'),
(28, 77, '2022-01-21 19:06:27'),
(29, 77, '2022-01-21 19:07:02'),
(30, 77, '2022-01-21 19:15:48'),
(31, 100, '2022-01-21 19:19:02'),
(32, 77, '2022-01-22 08:36:01'),
(33, 77, '2022-01-22 08:36:28'),
(34, 100, '2022-01-22 08:43:41'),
(35, 77, '2022-01-22 08:49:47'),
(36, 77, '2022-01-22 08:59:04'),
(37, 100, '2022-01-22 08:59:38'),
(38, 100, '2022-01-22 09:00:14'),
(39, 77, '2022-01-22 13:56:14'),
(40, 77, '2022-01-31 15:17:05'),
(41, 76, '2022-01-31 15:26:50'),
(42, 76, '2022-01-31 15:27:01'),
(43, 76, '2022-01-31 15:27:12'),
(44, 50, '2022-02-02 05:23:29'),
(45, 77, '2022-02-02 09:41:21'),
(46, 77, '2022-02-02 10:03:44'),
(47, 77, '2022-02-04 12:11:46'),
(48, 76, '2022-02-04 18:27:59'),
(49, 76, '2022-02-04 18:28:28'),
(50, 77, '2022-02-08 10:26:03'),
(51, 77, '2022-02-08 10:38:51'),
(52, 76, '2022-02-08 10:42:06'),
(53, 77, '2022-02-08 11:12:17'),
(54, 76, '2022-02-24 10:19:04'),
(55, 76, '2022-02-24 10:21:43'),
(56, 77, '2022-02-25 14:04:10'),
(57, 77, '2022-02-25 14:08:25'),
(58, 100, '2022-02-25 14:09:07'),
(59, 77, '2022-02-25 14:10:08'),
(60, 77, '2022-02-25 14:11:01'),
(61, 100, '2022-02-25 14:14:47'),
(62, 100, '2022-02-25 14:23:28'),
(63, 77, '2022-02-25 14:24:41'),
(64, 100, '2022-02-25 14:25:41'),
(65, 77, '2022-02-25 14:31:58'),
(66, 100, '2022-02-25 14:32:36'),
(67, 77, '2022-02-25 16:37:23'),
(68, 100, '2022-02-25 16:38:00'),
(69, 77, '2022-02-25 16:40:07'),
(70, 100, '2022-02-25 16:40:52'),
(71, 77, '2022-02-25 16:47:50'),
(72, 100, '2022-02-25 16:48:03'),
(73, 77, '2022-02-25 16:58:14'),
(74, 77, '2022-03-01 17:09:46'),
(75, 100, '2022-03-01 17:19:37'),
(76, 77, '2022-03-04 11:06:04'),
(77, 76, '2022-03-04 11:07:05'),
(78, 100, '2022-03-04 14:07:18'),
(79, 77, '2022-03-04 14:09:33'),
(80, 77, '2022-03-11 09:55:01'),
(81, 101, '2022-03-11 09:59:09'),
(82, 77, '2022-03-11 10:14:50'),
(83, 101, '2022-03-11 10:15:06'),
(84, 77, '2022-03-11 10:20:36'),
(85, 101, '2022-03-11 10:20:50'),
(86, 77, '2022-03-11 10:21:49'),
(87, 101, '2022-03-11 10:22:10'),
(88, 77, '2022-03-11 10:24:31'),
(89, 101, '2022-03-11 10:24:41'),
(90, 121, '2022-03-21 13:14:55'),
(91, 123, '2022-03-21 13:21:43'),
(92, 121, '2022-03-21 13:56:39'),
(93, 123, '2022-03-21 13:56:56'),
(94, 125, '2022-03-21 13:57:13'),
(95, 50, '2022-03-21 14:00:18'),
(96, 56, '2022-03-21 14:00:19'),
(97, 122, '2022-03-21 14:12:55'),
(98, 121, '2022-03-21 14:13:42'),
(99, 122, '2022-03-21 14:16:38'),
(100, 121, '2022-03-21 14:17:23'),
(101, 122, '2022-03-21 14:17:24'),
(102, 121, '2022-03-22 09:54:03'),
(103, 122, '2022-03-22 09:54:50'),
(104, 121, '2022-03-22 09:56:38'),
(105, 122, '2022-03-22 09:56:58'),
(106, 121, '2022-03-23 09:24:42'),
(107, 123, '2022-03-23 09:25:20'),
(108, 121, '2022-03-23 09:30:29'),
(109, 123, '2022-03-23 09:30:46'),
(110, 121, '2022-03-23 09:43:59'),
(111, 123, '2022-03-23 09:44:10'),
(112, 121, '2022-03-23 09:46:05'),
(113, 123, '2022-03-23 09:46:22'),
(114, 121, '2022-03-23 09:55:01'),
(115, 123, '2022-03-23 09:55:14'),
(116, 121, '2022-03-23 09:58:29'),
(117, 123, '2022-03-23 10:08:29'),
(118, 121, '2022-03-23 10:11:02'),
(119, 121, '2022-03-23 10:14:37'),
(120, 123, '2022-03-23 10:15:35'),
(121, 123, '2022-03-23 10:33:16'),
(122, 121, '2022-03-23 10:37:18'),
(123, 123, '2022-03-23 10:38:52'),
(124, 121, '2022-03-23 10:43:56'),
(125, 123, '2022-03-23 10:44:07'),
(126, 121, '2022-03-23 10:45:15'),
(127, 121, '2022-03-24 09:38:01'),
(128, 123, '2022-03-24 09:40:50'),
(129, 123, '2022-03-24 09:51:38'),
(130, 122, '2022-03-24 09:53:40'),
(131, 123, '2022-03-24 09:54:20'),
(132, 122, '2022-03-24 09:54:46'),
(133, 123, '2022-03-24 10:06:00'),
(134, 122, '2022-03-24 10:06:53'),
(135, 123, '2022-03-24 10:12:39'),
(136, 122, '2022-03-24 10:13:36'),
(137, 123, '2022-03-24 16:14:04'),
(138, 122, '2022-03-24 16:14:31'),
(139, 123, '2022-03-24 16:20:31'),
(140, 122, '2022-03-24 16:20:44'),
(141, 121, '2022-03-25 09:18:39'),
(142, 123, '2022-03-25 09:19:07'),
(143, 121, '2022-03-25 09:20:38'),
(144, 123, '2022-03-25 09:26:36'),
(145, 121, '2022-03-25 09:28:16'),
(146, 123, '2022-03-25 09:28:34'),
(147, 121, '2022-03-25 10:06:36'),
(148, 123, '2022-03-25 10:28:37'),
(149, 121, '2022-03-25 10:31:57'),
(150, 123, '2022-03-25 10:32:29'),
(151, 121, '2022-03-25 10:42:05'),
(152, 123, '2022-03-25 10:42:23'),
(155, 121, '2022-03-25 11:04:31'),
(156, 123, '2022-03-25 11:05:07'),
(158, 125, '2022-03-28 04:03:26'),
(159, 123, '2022-03-28 04:12:31'),
(160, 125, '2022-03-28 04:56:04'),
(161, 123, '2022-03-28 04:56:04'),
(162, 125, '2022-03-28 05:17:05'),
(163, 123, '2022-03-28 05:17:05'),
(164, 125, '2022-03-28 05:57:13'),
(165, 123, '2022-03-28 05:57:13'),
(166, 125, '2022-03-28 06:51:20'),
(167, 123, '2022-03-28 06:51:20'),
(168, 125, '2022-03-28 08:05:03'),
(169, 123, '2022-03-28 08:05:03'),
(170, 125, '2022-03-29 10:39:35'),
(171, 121, '2022-03-29 11:16:35'),
(172, 122, '2022-03-29 11:16:35'),
(173, 125, '2022-03-29 11:38:03'),
(174, 122, '2022-03-29 11:38:03'),
(175, 125, '2022-03-29 12:05:24'),
(176, 122, '2022-03-29 12:05:25'),
(177, 125, '2022-03-29 12:18:55'),
(178, 122, '2022-03-29 12:18:55'),
(179, 129, '2022-03-29 13:26:24'),
(180, 130, '2022-03-29 13:26:24'),
(181, 129, '2022-03-29 13:30:11'),
(182, 130, '2022-03-29 13:30:11'),
(183, 129, '2022-03-29 13:50:28'),
(184, 130, '2022-03-29 13:50:28'),
(185, 129, '2022-03-29 13:52:06'),
(186, 130, '2022-03-29 13:52:06');

-- --------------------------------------------------------

--
-- Structure de la table `skills`
--

CREATE TABLE `skills` (
  `id` int NOT NULL,
  `ato_id` int NOT NULL,
  `name` varchar(255) CHARACTER SET utf8mb4 COLLATE utf8mb4_unicode_ci NOT NULL,
  `rating_system_id` int DEFAULT NULL,
  `is_technical` tinyint(1) NOT NULL
) ENGINE=InnoDB DEFAULT CHARSET=utf8mb4 COLLATE=utf8mb4_unicode_ci;

--
-- Déchargement des données de la table `skills`
--

INSERT INTO `skills` (`id`, `ato_id`, `name`, `rating_system_id`, `is_technical`) VALUES
(32, 603, 'PIL', 57, 1),
(33, 603, 'COM', NULL, 1),
(34, 603, 'CFIT', NULL, 0),
(35, 603, 'Conscience de la situation', NULL, 1),
(36, 603, 'CNT (TP/JPO)', 58, 0),
(37, 603, 'CT (TP/JPO)', 58, 1),
(38, 603, 'CNT ANPI', 66, 0),
(39, 603, 'eghjklm', 57, 1),
(40, 603, 'Simaero', 58, 1),
(41, 603, 'SimaeroCNT', 58, 0),
(42, 603, 'Compétence CT sans notation', NULL, 1),
(43, 603, 'Compétence CNT sans notation', NULL, 0),
(44, 626, 'CNT', 77, 0),
(46, 626, 'dd', NULL, 1),
(47, 626, 'Nom de la compétence', NULL, 1),
(48, 626, 'CT smileys', 85, 1),
(49, 626, 'CNT smileys', 85, 0);

-- --------------------------------------------------------

--
-- Structure de la table `skills_detail`
--

CREATE TABLE `skills_detail` (
  `id` int NOT NULL,
  `skills_id` int NOT NULL,
  `name` varchar(255) CHARACTER SET utf8mb4 COLLATE utf8mb4_unicode_ci NOT NULL
) ENGINE=InnoDB DEFAULT CHARSET=utf8mb4 COLLATE=utf8mb4_unicode_ci;

--
-- Déchargement des données de la table `skills_detail`
--

INSERT INTO `skills_detail` (`id`, `skills_id`, `name`) VALUES
(21, 37, 'PIL'),
(22, 37, 'TRA'),
(23, 37, 'CON'),
(24, 37, 'COM'),
(25, 37, 'PRO'),
(31, 36, 'TM'),
(32, 36, 'AM'),
(33, 36, 'RM ADM'),
(34, 36, 'SA'),
(35, 36, 'CFIT'),
(41, 38, 'TM'),
(42, 38, 'AM'),
(43, 38, 'RM ADM'),
(44, 38, 'SA'),
(45, 38, 'CFIT'),
(52, 39, 'sdfghj,;:'),
(53, 39, 'dfgb'),
(54, 39, 'jhgfds'),
(55, 40, 'Automatic Flight'),
(56, 40, 'Manual Flight'),
(57, 40, 'Lateral and Vertical path'),
(58, 40, 'Procedure SOP'),
(59, 40, 'Knowledge'),
(60, 40, 'Radio Phraseology'),
(61, 40, 'Task Sharing'),
(70, 41, 'Communication'),
(71, 41, 'Crew Resource Management'),
(72, 41, 'Decision making'),
(73, 41, 'Environment management'),
(74, 41, 'Leadership'),
(75, 41, 'Priority management'),
(76, 41, 'Situation Awareness'),
(77, 41, 'Session Final Grading'),
(81, 44, 'Conscience de soi'),
(82, 44, 'CFIT'),
(83, 44, 'Prise de décision'),
(96, 46, 'd'),
(97, 46, 's'),
(98, 46, 'q'),
(99, 46, 'a'),
(103, 48, 'PIL'),
(104, 48, 'PRO'),
(105, 48, 'COM'),
(106, 48, 'TRA'),
(107, 49, 'AM'),
(108, 49, 'TM'),
(109, 49, 'RM'),
(110, 49, 'CS');

-- --------------------------------------------------------

--
-- Structure de la table `student_formation`
--

CREATE TABLE `student_formation` (
  `id` int NOT NULL,
  `formation_id` int NOT NULL,
  `student_id` int NOT NULL,
  `status` varchar(255) CHARACTER SET utf8mb4 COLLATE utf8mb4_unicode_ci NOT NULL,
  `registered_on` datetime NOT NULL
) ENGINE=InnoDB DEFAULT CHARSET=utf8mb4 COLLATE=utf8mb4_unicode_ci;

--
-- Déchargement des données de la table `student_formation`
--

INSERT INTO `student_formation` (`id`, `formation_id`, `student_id`, `status`, `registered_on`) VALUES
(1, 207, 56, 'inProgress', '2022-03-15 12:27:16'),
(5, 251, 56, 'inProgress', '2022-03-15 12:27:16'),
(6, 207, 57, 'inProgress', '2022-03-15 12:27:16'),
(7, 207, 58, 'inProgress', '2022-03-15 12:27:16'),
(8, 207, 59, 'inProgress', '2022-03-15 12:27:16'),
(9, 207, 60, 'inProgress', '2022-03-15 12:27:16'),
(10, 207, 56, 'inProgress', '2022-03-15 12:27:16'),
(11, 207, 58, 'inProgress', '2022-03-15 12:27:16'),
(12, 251, 58, 'inProgress', '2022-03-15 12:27:16'),
(22, 255, 56, 'inProgress', '2022-03-15 12:27:16'),
(23, 255, 58, 'inProgress', '2022-03-15 12:27:16'),
(24, 255, 61, 'inProgress', '2022-03-15 12:27:16'),
(25, 255, 60, 'inProgress', '2022-03-15 12:27:16'),
(26, 255, 64, 'inProgress', '2022-03-15 12:27:16'),
(27, 255, 65, 'inProgress', '2022-03-15 12:27:16'),
(28, 255, 62, 'inProgress', '2022-03-15 12:27:16'),
(39, 256, 56, 'inProgress', '2022-03-15 12:27:16'),
(41, 256, 58, 'inProgress', '2022-03-15 12:27:16'),
(42, 256, 59, 'inProgress', '2022-03-15 12:27:16'),
(46, 256, 56, 'inProgress', '2022-03-15 12:27:16'),
(47, 256, 57, 'inProgress', '2022-03-15 12:27:16'),
(48, 256, 58, 'inProgress', '2022-03-15 12:27:16'),
(49, 256, 59, 'inProgress', '2022-03-15 12:27:16'),
(50, 256, 60, 'inProgress', '2022-03-15 12:27:16'),
(51, 256, 61, 'inProgress', '2022-03-15 12:27:16'),
(52, 256, 76, 'inProgress', '2022-03-15 12:27:16'),
(53, 257, 76, 'inProgress', '2022-03-15 12:27:16'),
(54, 257, 56, 'inProgress', '2022-03-15 12:27:16'),
(55, 258, 57, 'inProgress', '2022-03-15 12:27:16'),
(56, 258, 76, 'inProgress', '2022-03-15 12:27:16'),
(57, 258, 56, 'inProgress', '2022-03-15 12:27:16'),
(58, 258, 58, 'inProgress', '2022-03-15 12:27:16'),
(59, 258, 59, 'inProgress', '2022-03-15 12:27:16'),
(60, 258, 60, 'inProgress', '2022-03-15 12:27:16'),
(61, 258, 61, 'inProgress', '2022-03-15 12:27:16'),
(63, 261, 50, 'inProgress', '2022-03-15 12:27:16'),
(64, 268, 56, 'inProgress', '2022-03-15 12:27:16'),
(66, 261, 76, 'inProgress', '2022-03-15 12:27:16'),
(67, 268, 50, 'inProgress', '2022-03-15 12:27:16'),
(68, 268, 76, 'inProgress', '2022-03-15 12:27:16'),
(71, 270, 50, 'inProgress', '2022-03-15 12:27:16'),
(72, 270, 61, 'inProgress', '2022-03-15 12:27:16'),
(73, 273, 76, 'inProgress', '2022-03-15 12:27:16'),
(74, 274, 100, 'inProgress', '2022-03-15 12:27:16'),
(75, 275, 56, 'inProgress', '2022-03-15 12:27:16'),
(76, 274, 103, 'inProgress', '2022-03-15 12:27:16'),
(79, 276, 76, 'inProgress', '2022-03-15 12:27:16'),
(80, 277, 76, 'inProgress', '2022-03-15 12:27:16'),
(81, 258, 100, 'inProgress', '2022-03-15 12:27:16'),
(82, 273, 100, 'inProgress', '2022-03-15 12:27:16'),
(83, 277, 77, 'inProgress', '2022-03-15 12:27:16'),
(84, 278, 76, 'inProgress', '2022-03-15 12:27:16'),
(85, 278, 56, 'inProgress', '2022-03-15 12:27:16'),
(86, 279, 76, 'inProgress', '2022-03-15 12:27:16'),
(88, 280, 76, 'inProgress', '2022-03-15 12:27:16'),
(89, 282, 76, 'inProgress', '2022-03-15 12:27:16'),
(90, 283, 76, 'inProgress', '2022-03-15 12:27:16'),
(91, 278, 101, 'inProgress', '2022-03-15 12:27:16'),
(92, 286, 100, 'inProgress', '2022-03-15 12:27:16'),
(93, 287, 100, 'inProgress', '2022-03-15 12:27:16'),
(94, 288, 101, 'inProgress', '2022-03-15 12:27:16'),
(95, 289, 101, 'inProgress', '2022-03-15 12:27:16'),
(99, 292, 122, 'inProgress', '2022-03-21 13:12:47'),
(100, 292, 123, 'inProgress', '2022-03-21 13:13:55'),
(101, 300, 123, 'inProgress', '2022-03-21 13:55:54'),
(102, 302, 122, 'inProgress', '2022-03-21 14:11:53'),
(103, 307, 122, 'inProgress', '2022-03-22 09:52:58'),
(104, 311, 123, 'closed', '2022-03-23 09:23:37'),
(105, 312, 123, 'closed', '2022-03-23 09:42:11'),
(106, 315, 123, 'closed', '2022-03-23 09:54:10'),
(107, 317, 123, 'closed', '2022-03-23 10:43:23'),
(108, 326, 123, 'inProgress', '2022-03-24 09:37:12'),
(109, 326, 122, 'closed', '2022-03-24 09:48:07'),
(110, 327, 122, 'inProgress', '2022-03-24 10:03:50'),
(111, 329, 123, 'inProgress', '2022-03-25 09:18:04'),
(112, 330, 123, 'inProgress', '2022-03-25 10:05:42'),
(113, 331, 123, 'inProgress', '2022-03-25 10:38:28'),
(114, 331, 122, 'inProgress', '2022-03-25 10:38:28'),
(115, 332, 123, 'inProgress', '2022-03-25 10:41:38'),
(116, 333, 122, 'inProgress', '2022-03-25 10:49:26'),
(117, 333, 123, 'inProgress', '2022-03-25 10:49:26'),
(118, 335, 122, 'inProgress', '2022-03-25 10:53:47'),
(119, 335, 125, 'inProgress', '2022-03-25 12:34:21'),
(120, 336, 122, 'inProgress', '2022-03-26 07:48:40'),
(121, 339, 130, 'inProgress', '2022-03-29 13:23:44');

-- --------------------------------------------------------

--
-- Structure de la table `type_aircraft`
--

CREATE TABLE `type_aircraft` (
  `id` int NOT NULL,
  `name` varchar(255) CHARACTER SET utf8mb4 COLLATE utf8mb4_unicode_ci NOT NULL,
  `manufacturer_id` int NOT NULL
) ENGINE=InnoDB DEFAULT CHARSET=utf8mb4 COLLATE=utf8mb4_unicode_ci;

--
-- Déchargement des données de la table `type_aircraft`
--

INSERT INTO `type_aircraft` (`id`, `name`, `manufacturer_id`) VALUES
(83, 'ATL', 20),
(84, 'DR-105A', 20),
(85, 'DR-1050', 20),
(86, 'DR-1051', 20),
(87, 'DR-1050 MM1', 20),
(88, 'DR-1051 MM1', 20),
(89, 'DR-1050 M', 20),
(90, 'DR-1051 M', 20),
(91, 'DR-200', 20),
(92, 'DR-250', 20),
(93, 'DR-220', 20),
(94, 'DR-221', 20),
(95, 'DR-253', 20),
(96, 'DR-340', 20),
(97, 'DR-315', 20),
(98, 'DR-360', 20),
(99, 'DR-380', 20),
(100, 'DR-330', 20),
(101, 'DR-300', 20),
(102, 'DR 400', 20),
(103, 'HR 100', 20),
(104, 'HR 200', 20),
(105, 'R 1180', 20),
(106, 'R 2112', 20),
(107, 'R 2160', 20),
(108, 'R 3000', 20),
(109, 'HR-100', 20),
(110, 'HR-200', 20),
(111, 'R-1180', 20),
(112, 'R-2100', 20),
(113, 'R-2112', 20),
(114, 'R-2160', 20),
(115, 'R-2120', 20),
(116, 'R-3000', 20),
(117, 'C150', 21),
(118, 'C152', 21),
(119, 'C172', 21),
(120, 'C177', 21),
(121, 'C180', 21),
(122, 'C182', 21),
(123, 'C206', 21),
(124, 'C210', 21),
(125, 'C350', 21),
(126, 'C400', 21),
(127, 'C208 CARAVAN', 21),
(128, 'AT', 22),
(129, '206', 23),
(130, '407', 23),
(131, 'M25Y', 24),
(132, 'Action', 25),
(133, 'Merlin', 26),
(134, 'Phase 2', 27),
(135, 'Bidulm', 27),
(136, 'Eurofox', 28),
(137, 'MCR', 29),
(138, 'COUGAR', 30),
(139, 'M16', 31),
(140, 'XENON', 32),
(141, 'Liberty', 33),
(142, 'Cross-over', 34),
(143, 'Cloud Surfer', 34),
(144, 'Dawn Chaser', 34),
(145, 'CH-7', 35),
(146, 'Lambada', 36),
(147, 'SF28', 37),
(148, 'S10', 38),
(149, '20E', 39),
(150, 'STD 3', 40),
(151, 'D-6856', 41),
(152, '3', 42),
(153, 'ASK21', 43),
(154, 'ASW', 43),
(155, 'J3', 44),
(156, 'J4', 44),
(157, 'J5', 44),
(158, 'PA-11', 44),
(159, 'PA-12', 44),
(160, 'PA-14', 44),
(161, 'PA-18', 44),
(162, 'PA-20', 44),
(163, 'PA-21', 44),
(164, 'PA-23', 44),
(165, 'PA-24', 44),
(166, 'PA-25', 44),
(167, 'PA-28', 44),
(168, 'PA-30', 44),
(169, 'PA-31', 44),
(170, 'PA-32', 44),
(171, 'PA-34', 44),
(172, 'PA-36', 44),
(173, 'PA-38', 44),
(174, 'PA-42', 44),
(175, 'PA-44', 44),
(176, 'PA-46', 44),
(177, 'PA-47', 44),
(178, 'VK-30', 45),
(179, 'SR20', 45),
(180, 'SR22', 45),
(181, 'Vision', 45),
(182, 'DA 20', 46),
(183, 'DA 40', 46),
(184, 'DA 42', 46),
(185, 'DA 50', 46),
(186, 'D-JET', 46),
(187, 'Rallye', 47),
(188, 'Gardan', 48),
(189, 'ST 10', 48),
(190, 'TB 9', 48),
(191, 'TB 10', 48),
(192, 'TB 200', 48),
(193, 'TB 20', 48),
(194, 'TB 21', 48),
(195, 'TB 30', 48),
(196, 'TBM 700', 48),
(197, 'TBM 850', 48),
(198, 'TBM 900', 48),
(199, 'RF-2', 49),
(200, 'RF-3', 49),
(201, 'RF-4', 49),
(202, 'RF-5', 49),
(203, 'RF-6', 49),
(204, 'RF-7', 49),
(205, 'RF-8', 49),
(206, 'RF-10', 49),
(207, 'RF-47', 49),
(208, 'PIONEER', 50),
(209, 'SYTON', 50),
(210, 'CAP 10', 51),
(211, 'CAP 20', 52),
(212, 'CAP 21', 52),
(213, 'CAP 230', 52),
(214, 'CAP 231', 52),
(215, 'CAP 232', 52),
(216, 'CAP 332', 52),
(217, 'CAP 432', 52),
(218, 'CR', 53),
(219, 'EXTRA', 54),
(220, 'PITTS', 55),
(221, 'GRUMMAN', 56),
(222, 'Test type', 58);

-- --------------------------------------------------------

--
-- Structure de la table `type_aircraft_model_aircraft`
--

CREATE TABLE `type_aircraft_model_aircraft` (
  `type_aircraft_id` int NOT NULL,
  `model_aircraft_id` int NOT NULL
) ENGINE=InnoDB DEFAULT CHARSET=utf8mb4 COLLATE=utf8mb4_unicode_ci;

--
-- Déchargement des données de la table `type_aircraft_model_aircraft`
--

INSERT INTO `type_aircraft_model_aircraft` (`type_aircraft_id`, `model_aircraft_id`) VALUES
(83, 147),
(84, 148),
(85, 149),
(85, 150),
(86, 149),
(86, 150),
(87, 151),
(88, 151),
(89, 152),
(90, 152),
(91, 153),
(92, 154),
(92, 155),
(93, 156),
(93, 157),
(93, 158),
(94, 155),
(94, 159),
(95, 155),
(95, 160),
(96, 161),
(97, 162),
(98, 163),
(99, 164),
(100, 165),
(101, 166),
(101, 167),
(101, 168),
(101, 169),
(102, 160),
(102, 161),
(102, 170),
(102, 171),
(102, 172),
(103, 173),
(104, 174),
(105, 175),
(106, 176),
(107, 177),
(108, 178),
(109, 179),
(109, 180),
(109, 181),
(109, 182),
(109, 183),
(109, 184),
(109, 185),
(109, 186),
(109, 187),
(110, 188),
(111, 189),
(111, 190),
(111, 191),
(112, 192),
(113, 193),
(114, 194),
(114, 195),
(115, 193),
(116, 169),
(116, 196),
(116, 197),
(116, 198),
(116, 199),
(117, 200),
(117, 201),
(118, 202),
(118, 203),
(119, 204),
(119, 205),
(119, 206),
(120, 207),
(120, 208),
(120, 209),
(121, 210),
(122, 211),
(122, 212),
(122, 213),
(122, 214),
(122, 215),
(122, 216),
(122, 217),
(122, 218),
(122, 219),
(122, 220),
(122, 221),
(122, 222),
(123, 223),
(123, 224),
(123, 225),
(124, 226),
(125, 227),
(126, 227),
(127, 228),
(127, 229),
(127, 230),
(127, 231),
(127, 232),
(127, 233),
(127, 234),
(128, 235),
(128, 236),
(128, 237),
(128, 238),
(128, 239),
(128, 240),
(129, 241),
(129, 242),
(129, 243),
(129, 244),
(129, 245),
(130, 246),
(131, 247),
(132, 248),
(133, 249),
(134, 250),
(134, 251),
(135, 252),
(136, 253),
(136, 254),
(137, 253),
(137, 255),
(137, 256),
(138, 257),
(139, 258),
(140, 259),
(141, 260),
(142, 261),
(142, 262),
(142, 263),
(142, 264),
(142, 265),
(142, 266),
(142, 267),
(143, 268),
(143, 269),
(143, 270),
(143, 271),
(143, 272),
(143, 273),
(144, 274),
(144, 275),
(144, 276),
(145, 277),
(146, 278),
(147, 279),
(148, 280),
(148, 281),
(148, 282),
(148, 283),
(149, 284),
(150, 285),
(151, 286),
(152, 287),
(153, 288),
(153, 289),
(154, 290),
(154, 291),
(154, 292),
(154, 293),
(155, 294),
(156, 295),
(157, 296),
(158, 297),
(159, 298),
(160, 299),
(161, 300),
(162, 301),
(163, 302),
(164, 303),
(164, 304),
(165, 305),
(166, 306),
(167, 307),
(167, 308),
(167, 309),
(167, 310),
(167, 311),
(168, 312),
(169, 313),
(169, 314),
(169, 315),
(169, 316),
(170, 317),
(170, 318),
(170, 319),
(171, 320),
(172, 321),
(173, 322),
(174, 316),
(175, 323),
(176, 324),
(176, 325),
(176, 326),
(176, 327),
(177, 328),
(178, 329),
(179, 330),
(180, 331),
(180, 332),
(181, 333),
(182, 334),
(183, 335),
(183, 336),
(183, 337),
(184, 338),
(184, 339),
(184, 340),
(184, 341),
(184, 342),
(185, 343),
(185, 344),
(186, 345),
(187, 346),
(187, 347),
(187, 348),
(187, 349),
(187, 350),
(187, 351),
(187, 352),
(187, 353),
(187, 354),
(187, 355),
(188, 356),
(189, 357),
(190, 358),
(191, 359),
(192, 360),
(193, 361),
(194, 362),
(195, 363),
(196, 364),
(197, 365),
(198, 366),
(199, 367),
(200, 368),
(201, 369),
(202, 370),
(203, 371),
(204, 372),
(205, 373),
(206, 374),
(207, 375),
(208, 376),
(208, 377),
(208, 378),
(208, 379),
(208, 380),
(208, 381),
(208, 382),
(209, 383),
(210, 155),
(210, 384),
(211, 385),
(211, 386),
(212, 387),
(213, 388),
(214, 389),
(214, 390),
(215, 391),
(216, 392),
(217, 393),
(218, 196),
(218, 394),
(218, 395),
(218, 396),
(219, 179),
(219, 397),
(219, 398),
(219, 399),
(219, 400),
(219, 401),
(219, 402),
(219, 403),
(220, 404),
(220, 405),
(220, 406),
(220, 407),
(220, 408),
(220, 409),
(220, 410),
(220, 411),
(220, 412),
(220, 413),
(220, 414),
(220, 415),
(220, 416),
(221, 417),
(221, 418),
(221, 419),
(221, 420),
(222, 421);

-- --------------------------------------------------------

--
-- Structure de la table `user_app_role`
--

CREATE TABLE `user_app_role` (
  `user_id` char(36) CHARACTER SET utf8mb4 COLLATE utf8mb4_unicode_ci NOT NULL COMMENT '(DC2Type:guid)',
  `app_role_id` int NOT NULL
) ENGINE=InnoDB DEFAULT CHARSET=utf8mb4 COLLATE=utf8mb4_unicode_ci;

--
-- Déchargement des données de la table `user_app_role`
--

INSERT INTO `user_app_role` (`user_id`, `app_role_id`) VALUES
('2be64b2c-1cdc-45cf-a43e-b095857384de', 17),
('3f6be5e0-119e-11ec-acae-d60414d71c23', 17),
('f3ea90dd-ca78-400b-a099-07f18157e954', 17),
('f96aea32-fdd3-4190-9a61-04ecc4104f5e', 17),
('2be64b2c-1cdc-45cf-a43e-b095857384de', 22),
('2be64b2c-1cdc-45cf-a43e-b095857384de', 23);

--
-- Index pour les tables déchargées
--

--
-- Index pour la table `action`
--
ALTER TABLE `action`
  ADD PRIMARY KEY (`id`);

--
-- Index pour la table `aircraft`
--
ALTER TABLE `aircraft`
  ADD PRIMARY KEY (`id`),
  ADD KEY `IDX_13D9672912469DE2` (`category_id`),
  ADD KEY `IDX_13D96729EA000B10` (`class_id`),
  ADD KEY `IDX_13D96729A23B42D` (`manufacturer_id`),
  ADD KEY `IDX_13D96729C54C8C93` (`type_id`),
  ADD KEY `IDX_13D967297975B7E7` (`model_id`),
  ADD KEY `IDX_13D96729577F21F8` (`engine_type_id`);

--
-- Index pour la table `aircraft_counter_type_value`
--
ALTER TABLE `aircraft_counter_type_value`
  ADD PRIMARY KEY (`aircraft_id`,`counter_type_value_id`),
  ADD KEY `IDX_E6BC0EF1846E2F5C` (`aircraft_id`),
  ADD KEY `IDX_E6BC0EF12402E8F` (`counter_type_value_id`);

--
-- Index pour la table `airport`
--
ALTER TABLE `airport`
  ADD PRIMARY KEY (`id`);

--
-- Index pour la table `app_role`
--
ALTER TABLE `app_role`
  ADD PRIMARY KEY (`id`);

--
-- Index pour la table `ato`
--
ALTER TABLE `ato`
  ADD PRIMARY KEY (`id`),
  ADD UNIQUE KEY `UNIQ_200AB83EFD54954B` (`postal_address_id`),
  ADD UNIQUE KEY `UNIQ_200AB83EF5A825DA` (`leader_responsible_id`),
  ADD UNIQUE KEY `UNIQ_200AB83EB8ECE616` (`security_manager_id`),
  ADD UNIQUE KEY `UNIQ_200AB83E521911ED` (`compliance_manager_id`),
  ADD UNIQUE KEY `UNIQ_200AB83EE36700E2` (`head_teacher_id`),
  ADD UNIQUE KEY `UNIQ_200AB83ED1F50D7E` (`assistant_head_teacher_id`),
  ADD UNIQUE KEY `UNIQ_200AB83E851FE69C` (`chief_ground_instructor_id`),
  ADD UNIQUE KEY `UNIQ_200AB83EBDA5B3D2` (`chief_flight_instructor_id`),
  ADD KEY `IDX_200AB83E727ACA70` (`parent_id`);

--
-- Index pour la table `ato_counter_type_value`
--
ALTER TABLE `ato_counter_type_value`
  ADD PRIMARY KEY (`ato_id`,`counter_type_value_id`),
  ADD KEY `IDX_82B4DD5847DC024` (`ato_id`),
  ADD KEY `IDX_82B4DD52402E8F` (`counter_type_value_id`);

--
-- Index pour la table `ato_instructor_skill`
--
ALTER TABLE `ato_instructor_skill`
  ADD PRIMARY KEY (`ato_id`,`instructor_skill_id`),
  ADD KEY `IDX_29651708847DC024` (`ato_id`),
  ADD KEY `IDX_2965170855E763E7` (`instructor_skill_id`);

--
-- Index pour la table `ato_role`
--
ALTER TABLE `ato_role`
  ADD PRIMARY KEY (`id`),
  ADD KEY `IDX_54883B97847DC024` (`ato_id`);

--
-- Index pour la table `ato_user`
--
ALTER TABLE `ato_user`
  ADD PRIMARY KEY (`id`),
  ADD KEY `IDX_8E7267B4847DC024` (`ato_id`),
  ADD KEY `IDX_8E7267B4A76ED395` (`user_id`);

--
-- Index pour la table `ato_user_action`
--
ALTER TABLE `ato_user_action`
  ADD PRIMARY KEY (`id`),
  ADD KEY `IDX_F1A04DE79D32F035` (`action_id`),
  ADD KEY `IDX_F1A04DE730A17E02` (`ato_user_id`);

--
-- Index pour la table `ato_user_ato_role`
--
ALTER TABLE `ato_user_ato_role`
  ADD PRIMARY KEY (`ato_user_id`,`ato_role_id`),
  ADD KEY `IDX_EAA3F26E30A17E02` (`ato_user_id`),
  ADD KEY `IDX_EAA3F26E41CC8F3B` (`ato_role_id`);

--
-- Index pour la table `category_aircraft`
--
ALTER TABLE `category_aircraft`
  ADD PRIMARY KEY (`id`);

--
-- Index pour la table `classroom`
--
ALTER TABLE `classroom`
  ADD PRIMARY KEY (`id`);

--
-- Index pour la table `class_aircraft`
--
ALTER TABLE `class_aircraft`
  ADD PRIMARY KEY (`id`);

--
-- Index pour la table `class_aircraft_manufacturer_aircraft`
--
ALTER TABLE `class_aircraft_manufacturer_aircraft`
  ADD PRIMARY KEY (`class_aircraft_id`,`manufacturer_aircraft_id`),
  ADD KEY `IDX_E01BD698BC00E06A` (`class_aircraft_id`),
  ADD KEY `IDX_E01BD69884B93B67` (`manufacturer_aircraft_id`);

--
-- Index pour la table `class_aircraft_model_aircraft`
--
ALTER TABLE `class_aircraft_model_aircraft`
  ADD PRIMARY KEY (`class_aircraft_id`,`model_aircraft_id`),
  ADD KEY `IDX_D4AC5D84BC00E06A` (`class_aircraft_id`),
  ADD KEY `IDX_D4AC5D84EA6C16B0` (`model_aircraft_id`);

--
-- Index pour la table `class_aircraft_type_aircraft`
--
ALTER TABLE `class_aircraft_type_aircraft`
  ADD PRIMARY KEY (`class_aircraft_id`,`type_aircraft_id`),
  ADD KEY `IDX_1C27305FBC00E06A` (`class_aircraft_id`),
  ADD KEY `IDX_1C27305FCF77F8CD` (`type_aircraft_id`);

--
-- Index pour la table `constraint`
--
ALTER TABLE `constraint`
  ADD PRIMARY KEY (`id`),
  ADD KEY `IDX_394A8EF255E763E7` (`instructor_skill_id`),
  ADD KEY `IDX_394A8EF29D32F035` (`action_id`),
  ADD KEY `IDX_394A8EF257901725` (`formation_item_id`),
  ADD KEY `IDX_394A8EF2727ACA70` (`parent_id`);

--
-- Index pour la table `counter_counter_type_value`
--
ALTER TABLE `counter_counter_type_value`
  ADD PRIMARY KEY (`counter_id`,`counter_type_value_id`),
  ADD KEY `IDX_9A27E752FCEEF2E3` (`counter_id`),
  ADD KEY `IDX_9A27E7522402E8F` (`counter_type_value_id`);

--
-- Index pour la table `counter_group`
--
ALTER TABLE `counter_group`
  ADD PRIMARY KEY (`id`);

--
-- Index pour la table `counter_predefined_value`
--
ALTER TABLE `counter_predefined_value`
  ADD PRIMARY KEY (`id`),
  ADD KEY `IDX_11873EEE4B27D0B2` (`counter_type_id`);

--
-- Index pour la table `counter_type`
--
ALTER TABLE `counter_type`
  ADD PRIMARY KEY (`id`);

--
-- Index pour la table `counter_type_counter_group`
--
ALTER TABLE `counter_type_counter_group`
  ADD PRIMARY KEY (`counter_type_id`,`counter_group_id`),
  ADD KEY `IDX_B20934924B27D0B2` (`counter_type_id`),
  ADD KEY `IDX_B2093492B2B3A245` (`counter_group_id`);

--
-- Index pour la table `counter_type_value`
--
ALTER TABLE `counter_type_value`
  ADD PRIMARY KEY (`id`);

--
-- Index pour la table `engine_type_aircraft`
--
ALTER TABLE `engine_type_aircraft`
  ADD PRIMARY KEY (`id`);

--
-- Index pour la table `extra_lesson`
--
ALTER TABLE `extra_lesson`
  ADD PRIMARY KEY (`id`),
  ADD KEY `IDX_2E584C5BCDF80196` (`lesson_id`),
  ADD KEY `IDX_2E584C5B5200282E` (`formation_id`);

--
-- Index pour la table `extra_lesson_skills`
--
ALTER TABLE `extra_lesson_skills`
  ADD PRIMARY KEY (`extra_lesson_id`,`skills_id`),
  ADD KEY `IDX_3DC4DAAE3FD4DD80` (`extra_lesson_id`),
  ADD KEY `IDX_3DC4DAAE7FF61858` (`skills_id`);

--
-- Index pour la table `formation`
--
ALTER TABLE `formation`
  ADD PRIMARY KEY (`id`),
  ADD KEY `IDX_404021BF67595CFC` (`lesson_notation_id`),
  ADD KEY `IDX_404021BFB61422E` (`exercises_notation_id`),
  ADD KEY `IDX_404021BFE250A17B` (`exercise_decomposition_notation_id`),
  ADD KEY `IDX_404021BF847DC024` (`ato_id`);

--
-- Index pour la table `formation_item`
--
ALTER TABLE `formation_item`
  ADD PRIMARY KEY (`id`),
  ADD KEY `IDX_48C4C05E727ACA70` (`parent_id`),
  ADD KEY `IDX_48C4C05E5200282E` (`formation_id`),
  ADD KEY `IDX_48C4C05E3FD4DD80` (`extra_lesson_id`),
  ADD KEY `IDX_48C4C05E9680B7F7` (`notation_id`),
  ADD KEY `IDX_48C4C05E55D631A8` (`min_rating_id`),
  ADD KEY `IDX_48C4C05E6278D5A8` (`classroom_id`),
  ADD KEY `IDX_48C4C05EB0E02586` (`expected_value_id`);

--
-- Index pour la table `formation_items_technical_skills`
--
ALTER TABLE `formation_items_technical_skills`
  ADD PRIMARY KEY (`formation_item_id`,`skills_id`),
  ADD KEY `IDX_72D338D457901725` (`formation_item_id`),
  ADD KEY `IDX_72D338D47FF61858` (`skills_id`);

--
-- Index pour la table `formation_item_action`
--
ALTER TABLE `formation_item_action`
  ADD PRIMARY KEY (`formation_item_id`,`action_id`),
  ADD KEY `IDX_9EC8D98657901725` (`formation_item_id`),
  ADD KEY `IDX_9EC8D9869D32F035` (`action_id`);

--
-- Index pour la table `formation_item_formation_item`
--
ALTER TABLE `formation_item_formation_item`
  ADD PRIMARY KEY (`formation_item_source`,`formation_item_target`),
  ADD KEY `IDX_DEAC66A1868E2A67` (`formation_item_source`),
  ADD KEY `IDX_DEAC66A19F6B7AE8` (`formation_item_target`);

--
-- Index pour la table `formation_item_skills`
--
ALTER TABLE `formation_item_skills`
  ADD PRIMARY KEY (`formation_item_id`,`skills_id`),
  ADD KEY `IDX_C35436457901725` (`formation_item_id`),
  ADD KEY `IDX_C3543647FF61858` (`skills_id`);

--
-- Index pour la table `formation_practical_counter_type`
--
ALTER TABLE `formation_practical_counter_type`
  ADD PRIMARY KEY (`formation_id`,`counter_type_value_id`),
  ADD KEY `IDX_8EA8CCD95200282E` (`formation_id`),
  ADD KEY `IDX_8EA8CCD92402E8F` (`counter_type_value_id`);

--
-- Index pour la table `formation_theoretical_counter_type`
--
ALTER TABLE `formation_theoretical_counter_type`
  ADD PRIMARY KEY (`formation_id`,`counter_type_value_id`),
  ADD KEY `IDX_4B85E0E35200282E` (`formation_id`),
  ADD KEY `IDX_4B85E0E32402E8F` (`counter_type_value_id`);

--
-- Index pour la table `instructor_skill`
--
ALTER TABLE `instructor_skill`
  ADD PRIMARY KEY (`id`);

--
-- Index pour la table `instructor_skill_ato_user`
--
ALTER TABLE `instructor_skill_ato_user`
  ADD PRIMARY KEY (`instructor_skill_id`,`ato_user_id`),
  ADD KEY `IDX_1EC3796555E763E7` (`instructor_skill_id`),
  ADD KEY `IDX_1EC3796530A17E02` (`ato_user_id`);

--
-- Index pour la table `lesson_annotation`
--
ALTER TABLE `lesson_annotation`
  ADD PRIMARY KEY (`id`),
  ADD KEY `IDX_234D7723847DC024` (`ato_id`);

--
-- Index pour la table `lesson_annotation_value`
--
ALTER TABLE `lesson_annotation_value`
  ADD PRIMARY KEY (`id`);

--
-- Index pour la table `manufacturer_aircraft`
--
ALTER TABLE `manufacturer_aircraft`
  ADD PRIMARY KEY (`id`);

--
-- Index pour la table `media_object`
--
ALTER TABLE `media_object`
  ADD PRIMARY KEY (`id`),
  ADD KEY `IDX_14D431325200282E` (`formation_id`),
  ADD KEY `IDX_14D43132CDF80196` (`lesson_id`),
  ADD KEY `IDX_14D431329D32F035` (`action_id`),
  ADD KEY `IDX_14D431323FD4DD80` (`extra_lesson_id`);

--
-- Index pour la table `migration_versions`
--
ALTER TABLE `migration_versions`
  ADD PRIMARY KEY (`version`);

--
-- Index pour la table `model_aircraft`
--
ALTER TABLE `model_aircraft`
  ADD PRIMARY KEY (`id`),
  ADD KEY `IDX_D90336CA577F21F8` (`engine_type_id`),
  ADD KEY `IDX_D90336CA12469DE2` (`category_id`),
  ADD KEY `IDX_D90336CAA23B42D` (`manufacturer_id`);

--
-- Index pour la table `notification`
--
ALTER TABLE `notification`
  ADD PRIMARY KEY (`id`),
  ADD KEY `IDX_BF5476CAA76ED395` (`user_id`);

--
-- Index pour la table `postal_address`
--
ALTER TABLE `postal_address`
  ADD PRIMARY KEY (`id`);

--
-- Index pour la table `promotion`
--
ALTER TABLE `promotion`
  ADD PRIMARY KEY (`id`),
  ADD KEY `IDX_C11D7DD1847DC024` (`ato_id`);

--
-- Index pour la table `promotion_ato_user`
--
ALTER TABLE `promotion_ato_user`
  ADD PRIMARY KEY (`promotion_id`,`ato_user_id`),
  ADD KEY `IDX_4826C3F0139DF194` (`promotion_id`),
  ADD KEY `IDX_4826C3F030A17E02` (`ato_user_id`);

--
-- Index pour la table `promotion_formation`
--
ALTER TABLE `promotion_formation`
  ADD PRIMARY KEY (`id`),
  ADD UNIQUE KEY `UNIQ_3137F092139DF194` (`promotion_id`),
  ADD KEY `IDX_3137F0925200282E` (`formation_id`);

--
-- Index pour la table `rating`
--
ALTER TABLE `rating`
  ADD PRIMARY KEY (`id`);

--
-- Index pour la table `rating_ato`
--
ALTER TABLE `rating_ato`
  ADD PRIMARY KEY (`rating_id`,`ato_id`),
  ADD KEY `IDX_39D385C7A32EFC6` (`rating_id`),
  ADD KEY `IDX_39D385C7847DC024` (`ato_id`);

--
-- Index pour la table `rating_value`
--
ALTER TABLE `rating_value`
  ADD PRIMARY KEY (`id`),
  ADD UNIQUE KEY `UNIQ_80615708F6419510` (`media_value_id`),
  ADD KEY `IDX_80615708260075EB` (`rating_type_id`);

--
-- Index pour la table `resources`
--
ALTER TABLE `resources`
  ADD PRIMARY KEY (`id`),
  ADD KEY `IDX_EF66EBAE847DC024` (`ato_id`);

--
-- Index pour la table `session`
--
ALTER TABLE `session`
  ADD PRIMARY KEY (`id`),
  ADD UNIQUE KEY `UNIQ_D044D5D463D2D5DF` (`lesson_extra_id`),
  ADD UNIQUE KEY `UNIQ_D044D5D41AE37126` (`instructor_signature_id`),
  ADD UNIQUE KEY `UNIQ_D044D5D4E071F843` (`pdf_file_id`),
  ADD UNIQUE KEY `UNIQ_D044D5D494AE086B` (`correction_id`),
  ADD KEY `IDX_D044D5D48C4FC193` (`instructor_id`),
  ADD KEY `IDX_D044D5D45200282E` (`formation_id`),
  ADD KEY `IDX_D044D5D4CDF80196` (`lesson_id`),
  ADD KEY `IDX_D044D5D467595CFC` (`lesson_notation_id`),
  ADD KEY `IDX_D044D5D4F631AB5C` (`departure_airport_id`),
  ADD KEY `IDX_D044D5D47F43E343` (`arrival_airport_id`),
  ADD KEY `IDX_D044D5D4846E2F5C` (`aircraft_id`);

--
-- Index pour la table `session_exercise`
--
ALTER TABLE `session_exercise`
  ADD PRIMARY KEY (`id`);

--
-- Index pour la table `signature`
--
ALTER TABLE `signature`
  ADD PRIMARY KEY (`id`),
  ADD KEY `IDX_AE88014130A17E02` (`ato_user_id`);

--
-- Index pour la table `skills`
--
ALTER TABLE `skills`
  ADD PRIMARY KEY (`id`),
  ADD KEY `IDX_D5311670847DC024` (`ato_id`),
  ADD KEY `IDX_D5311670F31275AF` (`rating_system_id`);

--
-- Index pour la table `skills_detail`
--
ALTER TABLE `skills_detail`
  ADD PRIMARY KEY (`id`),
  ADD KEY `IDX_631971207FF61858` (`skills_id`);

--
-- Index pour la table `student_formation`
--
ALTER TABLE `student_formation`
  ADD PRIMARY KEY (`id`),
  ADD KEY `IDX_272EE03F5200282E` (`formation_id`),
  ADD KEY `IDX_272EE03FCB944F1A` (`student_id`);

--
-- Index pour la table `type_aircraft`
--
ALTER TABLE `type_aircraft`
  ADD PRIMARY KEY (`id`),
  ADD KEY `IDX_DE2640D5A23B42D` (`manufacturer_id`);

--
-- Index pour la table `type_aircraft_model_aircraft`
--
ALTER TABLE `type_aircraft_model_aircraft`
  ADD PRIMARY KEY (`type_aircraft_id`,`model_aircraft_id`),
  ADD KEY `IDX_114C446CCF77F8CD` (`type_aircraft_id`),
  ADD KEY `IDX_114C446CEA6C16B0` (`model_aircraft_id`);

--
-- Index pour la table `user_app_role`
--
ALTER TABLE `user_app_role`
  ADD PRIMARY KEY (`user_id`,`app_role_id`),
  ADD KEY `IDX_B2CA4BCAA76ED395` (`user_id`),
  ADD KEY `IDX_B2CA4BCA3B5EA2E1` (`app_role_id`);

--
-- AUTO_INCREMENT pour les tables déchargées
--

--
-- AUTO_INCREMENT pour la table `action`
--
ALTER TABLE `action`
  MODIFY `id` int NOT NULL AUTO_INCREMENT, AUTO_INCREMENT=73;

--
-- AUTO_INCREMENT pour la table `airport`
--
ALTER TABLE `airport`
  MODIFY `id` int NOT NULL AUTO_INCREMENT, AUTO_INCREMENT=467;

--
-- AUTO_INCREMENT pour la table `app_role`
--
ALTER TABLE `app_role`
  MODIFY `id` int NOT NULL AUTO_INCREMENT, AUTO_INCREMENT=24;

--
-- AUTO_INCREMENT pour la table `ato`
--
ALTER TABLE `ato`
  MODIFY `id` int NOT NULL AUTO_INCREMENT, AUTO_INCREMENT=631;

--
-- AUTO_INCREMENT pour la table `ato_role`
--
ALTER TABLE `ato_role`
  MODIFY `id` int NOT NULL AUTO_INCREMENT, AUTO_INCREMENT=190;

--
-- AUTO_INCREMENT pour la table `ato_user`
--
ALTER TABLE `ato_user`
  MODIFY `id` int NOT NULL AUTO_INCREMENT, AUTO_INCREMENT=131;

--
-- AUTO_INCREMENT pour la table `ato_user_action`
--
ALTER TABLE `ato_user_action`
  MODIFY `id` int NOT NULL AUTO_INCREMENT;

--
-- AUTO_INCREMENT pour la table `category_aircraft`
--
ALTER TABLE `category_aircraft`
  MODIFY `id` int NOT NULL AUTO_INCREMENT, AUTO_INCREMENT=14;

--
-- AUTO_INCREMENT pour la table `class_aircraft`
--
ALTER TABLE `class_aircraft`
  MODIFY `id` int NOT NULL AUTO_INCREMENT, AUTO_INCREMENT=42;

--
-- AUTO_INCREMENT pour la table `constraint`
--
ALTER TABLE `constraint`
  MODIFY `id` int NOT NULL AUTO_INCREMENT, AUTO_INCREMENT=139;

--
-- AUTO_INCREMENT pour la table `counter_predefined_value`
--
ALTER TABLE `counter_predefined_value`
  MODIFY `id` int NOT NULL AUTO_INCREMENT, AUTO_INCREMENT=22;

--
-- AUTO_INCREMENT pour la table `counter_type_value`
--
ALTER TABLE `counter_type_value`
  MODIFY `id` int NOT NULL AUTO_INCREMENT, AUTO_INCREMENT=80;

--
-- AUTO_INCREMENT pour la table `engine_type_aircraft`
--
ALTER TABLE `engine_type_aircraft`
  MODIFY `id` int NOT NULL AUTO_INCREMENT, AUTO_INCREMENT=9;

--
-- AUTO_INCREMENT pour la table `extra_lesson`
--
ALTER TABLE `extra_lesson`
  MODIFY `id` int NOT NULL AUTO_INCREMENT, AUTO_INCREMENT=29;

--
-- AUTO_INCREMENT pour la table `formation`
--
ALTER TABLE `formation`
  MODIFY `id` int NOT NULL AUTO_INCREMENT, AUTO_INCREMENT=340;

--
-- AUTO_INCREMENT pour la table `formation_item`
--
ALTER TABLE `formation_item`
  MODIFY `id` int NOT NULL AUTO_INCREMENT, AUTO_INCREMENT=63635;

--
-- AUTO_INCREMENT pour la table `instructor_skill`
--
ALTER TABLE `instructor_skill`
  MODIFY `id` int NOT NULL AUTO_INCREMENT, AUTO_INCREMENT=21;

--
-- AUTO_INCREMENT pour la table `lesson_annotation`
--
ALTER TABLE `lesson_annotation`
  MODIFY `id` int NOT NULL AUTO_INCREMENT;

--
-- AUTO_INCREMENT pour la table `lesson_annotation_value`
--
ALTER TABLE `lesson_annotation_value`
  MODIFY `id` int NOT NULL AUTO_INCREMENT;

--
-- AUTO_INCREMENT pour la table `manufacturer_aircraft`
--
ALTER TABLE `manufacturer_aircraft`
  MODIFY `id` int NOT NULL AUTO_INCREMENT, AUTO_INCREMENT=59;

--
-- AUTO_INCREMENT pour la table `media_object`
--
ALTER TABLE `media_object`
  MODIFY `id` int NOT NULL AUTO_INCREMENT, AUTO_INCREMENT=384;

--
-- AUTO_INCREMENT pour la table `model_aircraft`
--
ALTER TABLE `model_aircraft`
  MODIFY `id` int NOT NULL AUTO_INCREMENT, AUTO_INCREMENT=422;

--
-- AUTO_INCREMENT pour la table `notification`
--
ALTER TABLE `notification`
  MODIFY `id` int NOT NULL AUTO_INCREMENT, AUTO_INCREMENT=118;

--
-- AUTO_INCREMENT pour la table `postal_address`
--
ALTER TABLE `postal_address`
  MODIFY `id` int NOT NULL AUTO_INCREMENT, AUTO_INCREMENT=81;

--
-- AUTO_INCREMENT pour la table `promotion`
--
ALTER TABLE `promotion`
  MODIFY `id` int NOT NULL AUTO_INCREMENT, AUTO_INCREMENT=15;

--
-- AUTO_INCREMENT pour la table `promotion_formation`
--
ALTER TABLE `promotion_formation`
  MODIFY `id` int NOT NULL AUTO_INCREMENT, AUTO_INCREMENT=8;

--
-- AUTO_INCREMENT pour la table `rating`
--
ALTER TABLE `rating`
  MODIFY `id` int NOT NULL AUTO_INCREMENT, AUTO_INCREMENT=90;

--
-- AUTO_INCREMENT pour la table `rating_value`
--
ALTER TABLE `rating_value`
  MODIFY `id` int NOT NULL AUTO_INCREMENT, AUTO_INCREMENT=433;

--
-- AUTO_INCREMENT pour la table `resources`
--
ALTER TABLE `resources`
  MODIFY `id` int NOT NULL AUTO_INCREMENT, AUTO_INCREMENT=928;

--
-- AUTO_INCREMENT pour la table `session`
--
ALTER TABLE `session`
  MODIFY `id` int NOT NULL AUTO_INCREMENT, AUTO_INCREMENT=177;

--
-- AUTO_INCREMENT pour la table `session_exercise`
--
ALTER TABLE `session_exercise`
  MODIFY `id` int NOT NULL AUTO_INCREMENT;

--
-- AUTO_INCREMENT pour la table `signature`
--
ALTER TABLE `signature`
  MODIFY `id` int NOT NULL AUTO_INCREMENT, AUTO_INCREMENT=187;

--
-- AUTO_INCREMENT pour la table `skills`
--
ALTER TABLE `skills`
  MODIFY `id` int NOT NULL AUTO_INCREMENT, AUTO_INCREMENT=50;

--
-- AUTO_INCREMENT pour la table `skills_detail`
--
ALTER TABLE `skills_detail`
  MODIFY `id` int NOT NULL AUTO_INCREMENT, AUTO_INCREMENT=111;

--
-- AUTO_INCREMENT pour la table `student_formation`
--
ALTER TABLE `student_formation`
  MODIFY `id` int NOT NULL AUTO_INCREMENT, AUTO_INCREMENT=122;

--
-- AUTO_INCREMENT pour la table `type_aircraft`
--
ALTER TABLE `type_aircraft`
  MODIFY `id` int NOT NULL AUTO_INCREMENT, AUTO_INCREMENT=223;

--
-- Contraintes pour les tables déchargées
--

--
-- Contraintes pour la table `aircraft`
--
ALTER TABLE `aircraft`
  ADD CONSTRAINT `FK_13D9672912469DE2` FOREIGN KEY (`category_id`) REFERENCES `category_aircraft` (`id`),
  ADD CONSTRAINT `FK_13D96729577F21F8` FOREIGN KEY (`engine_type_id`) REFERENCES `engine_type_aircraft` (`id`),
  ADD CONSTRAINT `FK_13D967297975B7E7` FOREIGN KEY (`model_id`) REFERENCES `model_aircraft` (`id`),
  ADD CONSTRAINT `FK_13D96729A23B42D` FOREIGN KEY (`manufacturer_id`) REFERENCES `manufacturer_aircraft` (`id`),
  ADD CONSTRAINT `FK_13D96729BF396750` FOREIGN KEY (`id`) REFERENCES `resources` (`id`) ON DELETE CASCADE,
  ADD CONSTRAINT `FK_13D96729C54C8C93` FOREIGN KEY (`type_id`) REFERENCES `type_aircraft` (`id`),
  ADD CONSTRAINT `FK_13D96729EA000B10` FOREIGN KEY (`class_id`) REFERENCES `class_aircraft` (`id`);

--
-- Contraintes pour la table `aircraft_counter_type_value`
--
ALTER TABLE `aircraft_counter_type_value`
  ADD CONSTRAINT `FK_E6BC0EF12402E8F` FOREIGN KEY (`counter_type_value_id`) REFERENCES `counter_type_value` (`id`) ON DELETE CASCADE,
  ADD CONSTRAINT `FK_E6BC0EF1846E2F5C` FOREIGN KEY (`aircraft_id`) REFERENCES `aircraft` (`id`) ON DELETE CASCADE;

--
-- Contraintes pour la table `ato`
--
ALTER TABLE `ato`
  ADD CONSTRAINT `FK_200AB83E521911ED` FOREIGN KEY (`compliance_manager_id`) REFERENCES `ato_user` (`id`) ON DELETE CASCADE,
  ADD CONSTRAINT `FK_200AB83E727ACA70` FOREIGN KEY (`parent_id`) REFERENCES `ato` (`id`),
  ADD CONSTRAINT `FK_200AB83E851FE69C` FOREIGN KEY (`chief_ground_instructor_id`) REFERENCES `ato_user` (`id`) ON DELETE CASCADE,
  ADD CONSTRAINT `FK_200AB83EB8ECE616` FOREIGN KEY (`security_manager_id`) REFERENCES `ato_user` (`id`) ON DELETE CASCADE,
  ADD CONSTRAINT `FK_200AB83EBDA5B3D2` FOREIGN KEY (`chief_flight_instructor_id`) REFERENCES `ato_user` (`id`) ON DELETE CASCADE,
  ADD CONSTRAINT `FK_200AB83ED1F50D7E` FOREIGN KEY (`assistant_head_teacher_id`) REFERENCES `ato_user` (`id`) ON DELETE CASCADE,
  ADD CONSTRAINT `FK_200AB83EE36700E2` FOREIGN KEY (`head_teacher_id`) REFERENCES `ato_user` (`id`) ON DELETE CASCADE,
  ADD CONSTRAINT `FK_200AB83EF5A825DA` FOREIGN KEY (`leader_responsible_id`) REFERENCES `ato_user` (`id`),
  ADD CONSTRAINT `FK_200AB83EFD54954B` FOREIGN KEY (`postal_address_id`) REFERENCES `postal_address` (`id`);

--
-- Contraintes pour la table `ato_counter_type_value`
--
ALTER TABLE `ato_counter_type_value`
  ADD CONSTRAINT `FK_82B4DD52402E8F` FOREIGN KEY (`counter_type_value_id`) REFERENCES `counter_type_value` (`id`) ON DELETE CASCADE,
  ADD CONSTRAINT `FK_82B4DD5847DC024` FOREIGN KEY (`ato_id`) REFERENCES `ato` (`id`) ON DELETE CASCADE;

--
-- Contraintes pour la table `ato_instructor_skill`
--
ALTER TABLE `ato_instructor_skill`
  ADD CONSTRAINT `FK_2965170855E763E7` FOREIGN KEY (`instructor_skill_id`) REFERENCES `instructor_skill` (`id`) ON DELETE CASCADE,
  ADD CONSTRAINT `FK_29651708847DC024` FOREIGN KEY (`ato_id`) REFERENCES `ato` (`id`) ON DELETE CASCADE;

--
-- Contraintes pour la table `ato_role`
--
ALTER TABLE `ato_role`
  ADD CONSTRAINT `FK_54883B97847DC024` FOREIGN KEY (`ato_id`) REFERENCES `ato` (`id`);

--
-- Contraintes pour la table `ato_user`
--
ALTER TABLE `ato_user`
  ADD CONSTRAINT `FK_8E7267B4847DC024` FOREIGN KEY (`ato_id`) REFERENCES `ato` (`id`) ON DELETE CASCADE,
  ADD CONSTRAINT `FK_8E7267B4A76ED395` FOREIGN KEY (`user_id`) REFERENCES `user` (`id`);

--
-- Contraintes pour la table `ato_user_action`
--
ALTER TABLE `ato_user_action`
  ADD CONSTRAINT `FK_F1A04DE730A17E02` FOREIGN KEY (`ato_user_id`) REFERENCES `ato_user` (`id`),
  ADD CONSTRAINT `FK_F1A04DE79D32F035` FOREIGN KEY (`action_id`) REFERENCES `action` (`id`);

--
-- Contraintes pour la table `ato_user_ato_role`
--
ALTER TABLE `ato_user_ato_role`
  ADD CONSTRAINT `FK_EAA3F26E30A17E02` FOREIGN KEY (`ato_user_id`) REFERENCES `ato_user` (`id`) ON DELETE CASCADE,
  ADD CONSTRAINT `FK_EAA3F26E41CC8F3B` FOREIGN KEY (`ato_role_id`) REFERENCES `ato_role` (`id`) ON DELETE CASCADE;

--
-- Contraintes pour la table `classroom`
--
ALTER TABLE `classroom`
  ADD CONSTRAINT `FK_497D309DBF396750` FOREIGN KEY (`id`) REFERENCES `resources` (`id`) ON DELETE CASCADE;

--
-- Contraintes pour la table `class_aircraft_manufacturer_aircraft`
--
ALTER TABLE `class_aircraft_manufacturer_aircraft`
  ADD CONSTRAINT `FK_E01BD69884B93B67` FOREIGN KEY (`manufacturer_aircraft_id`) REFERENCES `manufacturer_aircraft` (`id`) ON DELETE CASCADE,
  ADD CONSTRAINT `FK_E01BD698BC00E06A` FOREIGN KEY (`class_aircraft_id`) REFERENCES `class_aircraft` (`id`) ON DELETE CASCADE;

--
-- Contraintes pour la table `class_aircraft_model_aircraft`
--
ALTER TABLE `class_aircraft_model_aircraft`
  ADD CONSTRAINT `FK_D4AC5D84BC00E06A` FOREIGN KEY (`class_aircraft_id`) REFERENCES `class_aircraft` (`id`) ON DELETE CASCADE,
  ADD CONSTRAINT `FK_D4AC5D84EA6C16B0` FOREIGN KEY (`model_aircraft_id`) REFERENCES `model_aircraft` (`id`) ON DELETE CASCADE;

--
-- Contraintes pour la table `class_aircraft_type_aircraft`
--
ALTER TABLE `class_aircraft_type_aircraft`
  ADD CONSTRAINT `FK_1C27305FBC00E06A` FOREIGN KEY (`class_aircraft_id`) REFERENCES `class_aircraft` (`id`) ON DELETE CASCADE,
  ADD CONSTRAINT `FK_1C27305FCF77F8CD` FOREIGN KEY (`type_aircraft_id`) REFERENCES `type_aircraft` (`id`) ON DELETE CASCADE;

--
-- Contraintes pour la table `constraint`
--
ALTER TABLE `constraint`
  ADD CONSTRAINT `FK_394A8EF255E763E7` FOREIGN KEY (`instructor_skill_id`) REFERENCES `instructor_skill` (`id`),
  ADD CONSTRAINT `FK_394A8EF257901725` FOREIGN KEY (`formation_item_id`) REFERENCES `formation_item` (`id`) ON DELETE CASCADE,
  ADD CONSTRAINT `FK_394A8EF2727ACA70` FOREIGN KEY (`parent_id`) REFERENCES `formation_item` (`id`),
  ADD CONSTRAINT `FK_394A8EF29D32F035` FOREIGN KEY (`action_id`) REFERENCES `action` (`id`);

--
-- Contraintes pour la table `counter_counter_type_value`
--
ALTER TABLE `counter_counter_type_value`
  ADD CONSTRAINT `FK_9A27E7522402E8F` FOREIGN KEY (`counter_type_value_id`) REFERENCES `counter_type_value` (`id`) ON DELETE CASCADE,
  ADD CONSTRAINT `FK_9A27E752FCEEF2E3` FOREIGN KEY (`counter_id`) REFERENCES `counter` (`id`) ON DELETE CASCADE;

--
-- Contraintes pour la table `counter_group`
--
ALTER TABLE `counter_group`
  ADD CONSTRAINT `FK_BE593DE7BF396750` FOREIGN KEY (`id`) REFERENCES `counter_type_value` (`id`) ON DELETE CASCADE;

--
-- Contraintes pour la table `counter_predefined_value`
--
ALTER TABLE `counter_predefined_value`
  ADD CONSTRAINT `FK_11873EEE4B27D0B2` FOREIGN KEY (`counter_type_id`) REFERENCES `counter_type` (`id`);

--
-- Contraintes pour la table `counter_type`
--
ALTER TABLE `counter_type`
  ADD CONSTRAINT `FK_C3538E4EBF396750` FOREIGN KEY (`id`) REFERENCES `counter_type_value` (`id`) ON DELETE CASCADE;

--
-- Contraintes pour la table `counter_type_counter_group`
--
ALTER TABLE `counter_type_counter_group`
  ADD CONSTRAINT `FK_B20934924B27D0B2` FOREIGN KEY (`counter_type_id`) REFERENCES `counter_type` (`id`) ON DELETE CASCADE,
  ADD CONSTRAINT `FK_B2093492B2B3A245` FOREIGN KEY (`counter_group_id`) REFERENCES `counter_group` (`id`) ON DELETE CASCADE;

--
-- Contraintes pour la table `extra_lesson`
--
ALTER TABLE `extra_lesson`
  ADD CONSTRAINT `FK_2E584C5B5200282E` FOREIGN KEY (`formation_id`) REFERENCES `formation` (`id`),
  ADD CONSTRAINT `FK_2E584C5BCDF80196` FOREIGN KEY (`lesson_id`) REFERENCES `formation_item` (`id`);

--
-- Contraintes pour la table `extra_lesson_skills`
--
ALTER TABLE `extra_lesson_skills`
  ADD CONSTRAINT `FK_3DC4DAAE3FD4DD80` FOREIGN KEY (`extra_lesson_id`) REFERENCES `extra_lesson` (`id`) ON DELETE CASCADE,
  ADD CONSTRAINT `FK_3DC4DAAE7FF61858` FOREIGN KEY (`skills_id`) REFERENCES `skills` (`id`) ON DELETE CASCADE;

--
-- Contraintes pour la table `formation`
--
ALTER TABLE `formation`
  ADD CONSTRAINT `FK_404021BF67595CFC` FOREIGN KEY (`lesson_notation_id`) REFERENCES `rating` (`id`),
  ADD CONSTRAINT `FK_404021BF847DC024` FOREIGN KEY (`ato_id`) REFERENCES `ato` (`id`),
  ADD CONSTRAINT `FK_404021BFB61422E` FOREIGN KEY (`exercises_notation_id`) REFERENCES `rating` (`id`),
  ADD CONSTRAINT `FK_404021BFE250A17B` FOREIGN KEY (`exercise_decomposition_notation_id`) REFERENCES `rating` (`id`);

--
-- Contraintes pour la table `formation_item`
--
ALTER TABLE `formation_item`
  ADD CONSTRAINT `FK_48C4C05E3FD4DD80` FOREIGN KEY (`extra_lesson_id`) REFERENCES `extra_lesson` (`id`) ON DELETE SET NULL,
  ADD CONSTRAINT `FK_48C4C05E5200282E` FOREIGN KEY (`formation_id`) REFERENCES `formation` (`id`) ON DELETE CASCADE,
  ADD CONSTRAINT `FK_48C4C05E55D631A8` FOREIGN KEY (`min_rating_id`) REFERENCES `rating_value` (`id`) ON DELETE CASCADE,
  ADD CONSTRAINT `FK_48C4C05E6278D5A8` FOREIGN KEY (`classroom_id`) REFERENCES `classroom` (`id`),
  ADD CONSTRAINT `FK_48C4C05E727ACA70` FOREIGN KEY (`parent_id`) REFERENCES `formation_item` (`id`) ON DELETE CASCADE,
  ADD CONSTRAINT `FK_48C4C05E9680B7F7` FOREIGN KEY (`notation_id`) REFERENCES `rating` (`id`),
  ADD CONSTRAINT `FK_48C4C05EB0E02586` FOREIGN KEY (`expected_value_id`) REFERENCES `rating_value` (`id`);

--
-- Contraintes pour la table `formation_items_technical_skills`
--
ALTER TABLE `formation_items_technical_skills`
  ADD CONSTRAINT `FK_72D338D457901725` FOREIGN KEY (`formation_item_id`) REFERENCES `formation_item` (`id`) ON DELETE CASCADE,
  ADD CONSTRAINT `FK_72D338D47FF61858` FOREIGN KEY (`skills_id`) REFERENCES `skills` (`id`) ON DELETE CASCADE;

--
-- Contraintes pour la table `formation_item_action`
--
ALTER TABLE `formation_item_action`
  ADD CONSTRAINT `FK_9EC8D98657901725` FOREIGN KEY (`formation_item_id`) REFERENCES `formation_item` (`id`) ON DELETE CASCADE,
  ADD CONSTRAINT `FK_9EC8D9869D32F035` FOREIGN KEY (`action_id`) REFERENCES `action` (`id`) ON DELETE CASCADE;

--
-- Contraintes pour la table `formation_item_formation_item`
--
ALTER TABLE `formation_item_formation_item`
  ADD CONSTRAINT `FK_DEAC66A1868E2A67` FOREIGN KEY (`formation_item_source`) REFERENCES `formation_item` (`id`) ON DELETE CASCADE,
  ADD CONSTRAINT `FK_DEAC66A19F6B7AE8` FOREIGN KEY (`formation_item_target`) REFERENCES `formation_item` (`id`) ON DELETE CASCADE;

--
-- Contraintes pour la table `formation_item_skills`
--
ALTER TABLE `formation_item_skills`
  ADD CONSTRAINT `FK_C35436457901725` FOREIGN KEY (`formation_item_id`) REFERENCES `formation_item` (`id`) ON DELETE CASCADE,
  ADD CONSTRAINT `FK_C3543647FF61858` FOREIGN KEY (`skills_id`) REFERENCES `skills` (`id`) ON DELETE CASCADE;

--
-- Contraintes pour la table `formation_practical_counter_type`
--
ALTER TABLE `formation_practical_counter_type`
  ADD CONSTRAINT `FK_8EA8CCD92402E8F` FOREIGN KEY (`counter_type_value_id`) REFERENCES `counter_type_value` (`id`) ON DELETE CASCADE,
  ADD CONSTRAINT `FK_8EA8CCD95200282E` FOREIGN KEY (`formation_id`) REFERENCES `formation` (`id`) ON DELETE CASCADE;

--
-- Contraintes pour la table `formation_theoretical_counter_type`
--
ALTER TABLE `formation_theoretical_counter_type`
  ADD CONSTRAINT `FK_4B85E0E32402E8F` FOREIGN KEY (`counter_type_value_id`) REFERENCES `counter_type_value` (`id`) ON DELETE CASCADE,
  ADD CONSTRAINT `FK_4B85E0E35200282E` FOREIGN KEY (`formation_id`) REFERENCES `formation` (`id`) ON DELETE CASCADE;

--
-- Contraintes pour la table `instructor_skill_ato_user`
--
ALTER TABLE `instructor_skill_ato_user`
  ADD CONSTRAINT `FK_1EC3796530A17E02` FOREIGN KEY (`ato_user_id`) REFERENCES `ato_user` (`id`) ON DELETE CASCADE,
  ADD CONSTRAINT `FK_1EC3796555E763E7` FOREIGN KEY (`instructor_skill_id`) REFERENCES `instructor_skill` (`id`) ON DELETE CASCADE;

--
-- Contraintes pour la table `lesson_annotation`
--
ALTER TABLE `lesson_annotation`
  ADD CONSTRAINT `FK_234D7723847DC024` FOREIGN KEY (`ato_id`) REFERENCES `ato` (`id`);

--
-- Contraintes pour la table `media_object`
--
ALTER TABLE `media_object`
  ADD CONSTRAINT `FK_14D431323FD4DD80` FOREIGN KEY (`extra_lesson_id`) REFERENCES `extra_lesson` (`id`),
  ADD CONSTRAINT `FK_14D431325200282E` FOREIGN KEY (`formation_id`) REFERENCES `formation` (`id`) ON DELETE CASCADE,
  ADD CONSTRAINT `FK_14D431329D32F035` FOREIGN KEY (`action_id`) REFERENCES `action` (`id`),
  ADD CONSTRAINT `FK_14D43132CDF80196` FOREIGN KEY (`lesson_id`) REFERENCES `formation_item` (`id`) ON DELETE CASCADE;

--
-- Contraintes pour la table `model_aircraft`
--
ALTER TABLE `model_aircraft`
  ADD CONSTRAINT `FK_D90336CA12469DE2` FOREIGN KEY (`category_id`) REFERENCES `category_aircraft` (`id`),
  ADD CONSTRAINT `FK_D90336CA577F21F8` FOREIGN KEY (`engine_type_id`) REFERENCES `engine_type_aircraft` (`id`),
  ADD CONSTRAINT `FK_D90336CAA23B42D` FOREIGN KEY (`manufacturer_id`) REFERENCES `manufacturer_aircraft` (`id`);

--
-- Contraintes pour la table `notification`
--
ALTER TABLE `notification`
  ADD CONSTRAINT `FK_BF5476CAA76ED395` FOREIGN KEY (`user_id`) REFERENCES `user` (`id`);

--
-- Contraintes pour la table `promotion`
--
ALTER TABLE `promotion`
  ADD CONSTRAINT `FK_C11D7DD1847DC024` FOREIGN KEY (`ato_id`) REFERENCES `ato` (`id`);

--
-- Contraintes pour la table `promotion_ato_user`
--
ALTER TABLE `promotion_ato_user`
  ADD CONSTRAINT `FK_4826C3F0139DF194` FOREIGN KEY (`promotion_id`) REFERENCES `promotion` (`id`) ON DELETE CASCADE,
  ADD CONSTRAINT `FK_4826C3F030A17E02` FOREIGN KEY (`ato_user_id`) REFERENCES `ato_user` (`id`) ON DELETE CASCADE;

--
-- Contraintes pour la table `promotion_formation`
--
ALTER TABLE `promotion_formation`
  ADD CONSTRAINT `FK_3137F092139DF194` FOREIGN KEY (`promotion_id`) REFERENCES `promotion` (`id`),
  ADD CONSTRAINT `FK_3137F0925200282E` FOREIGN KEY (`formation_id`) REFERENCES `formation` (`id`);

--
-- Contraintes pour la table `rating_ato`
--
ALTER TABLE `rating_ato`
  ADD CONSTRAINT `FK_39D385C7847DC024` FOREIGN KEY (`ato_id`) REFERENCES `ato` (`id`) ON DELETE CASCADE,
  ADD CONSTRAINT `FK_39D385C7A32EFC6` FOREIGN KEY (`rating_id`) REFERENCES `rating` (`id`) ON DELETE CASCADE;

--
-- Contraintes pour la table `rating_value`
--
ALTER TABLE `rating_value`
  ADD CONSTRAINT `FK_80615708260075EB` FOREIGN KEY (`rating_type_id`) REFERENCES `rating` (`id`),
  ADD CONSTRAINT `FK_80615708F6419510` FOREIGN KEY (`media_value_id`) REFERENCES `media_object` (`id`) ON DELETE CASCADE;

--
-- Contraintes pour la table `resources`
--
ALTER TABLE `resources`
  ADD CONSTRAINT `FK_EF66EBAE847DC024` FOREIGN KEY (`ato_id`) REFERENCES `ato` (`id`);

--
-- Contraintes pour la table `session`
--
ALTER TABLE `session`
  ADD CONSTRAINT `FK_D044D5D41AE37126` FOREIGN KEY (`instructor_signature_id`) REFERENCES `signature` (`id`) ON DELETE CASCADE,
  ADD CONSTRAINT `FK_D044D5D45200282E` FOREIGN KEY (`formation_id`) REFERENCES `formation` (`id`),
  ADD CONSTRAINT `FK_D044D5D463D2D5DF` FOREIGN KEY (`lesson_extra_id`) REFERENCES `extra_lesson` (`id`),
  ADD CONSTRAINT `FK_D044D5D467595CFC` FOREIGN KEY (`lesson_notation_id`) REFERENCES `rating_value` (`id`),
  ADD CONSTRAINT `FK_D044D5D47F43E343` FOREIGN KEY (`arrival_airport_id`) REFERENCES `airport` (`id`),
  ADD CONSTRAINT `FK_D044D5D4846E2F5C` FOREIGN KEY (`aircraft_id`) REFERENCES `aircraft` (`id`),
  ADD CONSTRAINT `FK_D044D5D48C4FC193` FOREIGN KEY (`instructor_id`) REFERENCES `ato_user` (`id`),
  ADD CONSTRAINT `FK_D044D5D494AE086B` FOREIGN KEY (`correction_id`) REFERENCES `session` (`id`),
  ADD CONSTRAINT `FK_D044D5D4CDF80196` FOREIGN KEY (`lesson_id`) REFERENCES `formation_item` (`id`),
  ADD CONSTRAINT `FK_D044D5D4E071F843` FOREIGN KEY (`pdf_file_id`) REFERENCES `media_object` (`id`),
  ADD CONSTRAINT `FK_D044D5D4F631AB5C` FOREIGN KEY (`departure_airport_id`) REFERENCES `airport` (`id`);

--
-- Contraintes pour la table `signature`
--
ALTER TABLE `signature`
  ADD CONSTRAINT `FK_AE88014130A17E02` FOREIGN KEY (`ato_user_id`) REFERENCES `ato_user` (`id`);

--
-- Contraintes pour la table `skills`
--
ALTER TABLE `skills`
  ADD CONSTRAINT `FK_D5311670847DC024` FOREIGN KEY (`ato_id`) REFERENCES `ato` (`id`),
  ADD CONSTRAINT `FK_D5311670F31275AF` FOREIGN KEY (`rating_system_id`) REFERENCES `rating` (`id`);

--
-- Contraintes pour la table `skills_detail`
--
ALTER TABLE `skills_detail`
  ADD CONSTRAINT `FK_631971207FF61858` FOREIGN KEY (`skills_id`) REFERENCES `skills` (`id`);

--
-- Contraintes pour la table `student_formation`
--
ALTER TABLE `student_formation`
  ADD CONSTRAINT `FK_272EE03F5200282E` FOREIGN KEY (`formation_id`) REFERENCES `formation` (`id`),
  ADD CONSTRAINT `FK_272EE03FCB944F1A` FOREIGN KEY (`student_id`) REFERENCES `ato_user` (`id`);

--
-- Contraintes pour la table `type_aircraft`
--
ALTER TABLE `type_aircraft`
  ADD CONSTRAINT `FK_DE2640D5A23B42D` FOREIGN KEY (`manufacturer_id`) REFERENCES `manufacturer_aircraft` (`id`);

--
-- Contraintes pour la table `type_aircraft_model_aircraft`
--
ALTER TABLE `type_aircraft_model_aircraft`
  ADD CONSTRAINT `FK_114C446CCF77F8CD` FOREIGN KEY (`type_aircraft_id`) REFERENCES `type_aircraft` (`id`) ON DELETE CASCADE,
  ADD CONSTRAINT `FK_114C446CEA6C16B0` FOREIGN KEY (`model_aircraft_id`) REFERENCES `model_aircraft` (`id`) ON DELETE CASCADE;

--
-- Contraintes pour la table `user_app_role`
--
ALTER TABLE `user_app_role`
  ADD CONSTRAINT `FK_B2CA4BCA3B5EA2E1` FOREIGN KEY (`app_role_id`) REFERENCES `app_role` (`id`) ON DELETE CASCADE,
  ADD CONSTRAINT `FK_B2CA4BCAA76ED395` FOREIGN KEY (`user_id`) REFERENCES `user` (`id`) ON DELETE CASCADE;
--
-- Base de données : ` polaris_perso`
--
CREATE DATABASE IF NOT EXISTS ` polaris_perso` DEFAULT CHARACTER SET utf8mb4 COLLATE utf8mb4_unicode_ci;
USE ` polaris_perso`;

-- --------------------------------------------------------

--
-- Structure de la table `action`
--

CREATE TABLE `action` (
  `id` int NOT NULL,
  `label` longtext CHARACTER SET utf8mb4 COLLATE utf8mb4_unicode_ci NOT NULL,
  `actor` varchar(255) CHARACTER SET utf8mb4 COLLATE utf8mb4_unicode_ci NOT NULL
) ENGINE=InnoDB DEFAULT CHARSET=utf8mb4 COLLATE=utf8mb4_unicode_ci;

--
-- Déchargement des données de la table `action`
--

INSERT INTO `action` (`id`, `label`, `actor`) VALUES
(1, 'Action élève', 'student'),
(2, 'Action instructeur', 'instrcutor'),
(3, 'Action élève', 'student'),
(4, 'Action instructeur', 'instrcutor'),
(5, 'Action élève', 'student'),
(6, 'Action instructeur', 'instrcutor'),
(7, 'Action élève', 'student'),
(8, 'Action instructeur', 'instrcutor'),
(9, 'Action élève', 'student'),
(10, 'Action instructeur', 'instrcutor'),
(11, 'Action élève', 'student'),
(12, 'Action instructeur', 'instrcutor'),
(13, 'Action élève', 'student'),
(14, 'Action Instructeur', 'instrcutor'),
(15, 'Action élève', 'student'),
(16, 'Action instructeur', 'instrcutor'),
(17, 'Action élève', 'student'),
(18, 'Action instructeur', 'instrcutor'),
(19, 'Action élève', 'student'),
(20, 'Action instructeur', 'instrcutor'),
(21, 'Action élève', 'student'),
(22, 'Action instructeur', 'instrcutor'),
(23, 'Action élève', 'student'),
(24, 'Action instructeur', 'instrcutor'),
(25, 'Action élève', 'student'),
(26, 'Action instructeur', 'instrcutor'),
(27, 'Action élève', 'student'),
(28, 'Action instructeur', 'instrcutor'),
(29, 'Action élève', 'student'),
(30, 'Action instructeur', 'instrcutor'),
(31, 'Action élève', 'student'),
(32, '', 'student'),
(33, 'Action élève', 'student'),
(34, 'Action élève', 'student'),
(35, 'Action élève', 'student'),
(36, 'Action élève', 'student'),
(37, 'Action élève', 'student'),
(38, 'Action élève', 'student'),
(39, 'Action élève', 'student'),
(40, 'qsdfghjkl', 'student'),
(41, 'poiuytresq<', 'instrcutor'),
(42, 'qsdfghjkl', 'student'),
(43, 'poiuytresq<', 'instrcutor'),
(44, 'qsdfghjkl', 'student'),
(45, 'poiuytresq<', 'instrcutor'),
(46, 'qsdfghjkl', 'student'),
(47, 'poiuytresq<', 'instrcutor'),
(48, 'qsdfghjkl', 'student'),
(49, 'poiuytresq<', 'instrcutor'),
(50, 'qsdfghjkl', 'student'),
(51, 'poiuytresq<', 'instrcutor'),
(52, 'qsdfghjkl', 'student'),
(53, 'poiuytresq<', 'instrcutor'),
(54, 'qsdfghjkl', 'student'),
(55, 'poiuytresq<', 'instrcutor'),
(56, 'qsdfghjkl', 'student'),
(57, 'poiuytresq<', 'instrcutor'),
(58, 'qsdfghjkl', 'student'),
(59, 'poiuytresq<', 'instrcutor'),
(60, 'qsdfghjkl', 'student'),
(61, 'poiuytresq<', 'instrcutor'),
(62, '', 'student'),
(63, 'qsdfghjkl', 'student'),
(64, 'poiuytresq<', 'instrcutor'),
(65, '', 'student'),
(66, 'qsdfghjkl', 'student'),
(67, 'poiuytresq<', 'instrcutor'),
(68, '', 'student'),
(70, '', 'student'),
(71, '', 'student'),
(72, '', 'student');

-- --------------------------------------------------------

--
-- Structure de la table `aircraft`
--

CREATE TABLE `aircraft` (
  `id` int NOT NULL,
  `category_id` int NOT NULL,
  `class_id` int NOT NULL,
  `manufacturer_id` int NOT NULL,
  `type_id` int NOT NULL,
  `model_id` int NOT NULL,
  `engine_type_id` int NOT NULL,
  `registration` varchar(255) CHARACTER SET utf8mb4 COLLATE utf8mb4_unicode_ci NOT NULL,
  `power` varchar(255) CHARACTER SET utf8mb4 COLLATE utf8mb4_unicode_ci DEFAULT NULL,
  `cost_hour` double DEFAULT NULL,
  `state` varchar(255) CHARACTER SET utf8mb4 COLLATE utf8mb4_unicode_ci NOT NULL,
  `created_at` datetime NOT NULL
) ENGINE=InnoDB DEFAULT CHARSET=utf8mb4 COLLATE=utf8mb4_unicode_ci;

--
-- Déchargement des données de la table `aircraft`
--

INSERT INTO `aircraft` (`id`, `category_id`, `class_id`, `manufacturer_id`, `type_id`, `model_id`, `engine_type_id`, `registration`, `power`, `cost_hour`, `state`, `created_at`) VALUES
(915, 7, 23, 20, 102, 170, 4, 'F-HFEN', '120', 0, 'active', '2022-01-12 19:30:16'),
(923, 10, 29, 28, 136, 254, 4, 'F-TUCH', '0', 0, 'active', '2022-03-21 13:32:55'),
(924, 7, 23, 20, 102, 170, 4, 'F-PALF', '120', 0, 'active', '2022-03-22 10:06:56');

-- --------------------------------------------------------

--
-- Structure de la table `aircraft_counter_type_value`
--

CREATE TABLE `aircraft_counter_type_value` (
  `aircraft_id` int NOT NULL,
  `counter_type_value_id` int NOT NULL
) ENGINE=InnoDB DEFAULT CHARSET=utf8mb4 COLLATE=utf8mb4_unicode_ci;

--
-- Déchargement des données de la table `aircraft_counter_type_value`
--

INSERT INTO `aircraft_counter_type_value` (`aircraft_id`, `counter_type_value_id`) VALUES
(915, 1),
(923, 2),
(924, 1);

-- --------------------------------------------------------

--
-- Structure de la table `airport`
--

CREATE TABLE `airport` (
  `id` int NOT NULL,
  `code` varchar(10) CHARACTER SET utf8mb4 COLLATE utf8mb4_unicode_ci NOT NULL,
  `name` varchar(255) CHARACTER SET utf8mb4 COLLATE utf8mb4_unicode_ci NOT NULL
) ENGINE=InnoDB DEFAULT CHARSET=utf8mb4 COLLATE=utf8mb4_unicode_ci;

--
-- Déchargement des données de la table `airport`
--

INSERT INTO `airport` (`id`, `code`, `name`) VALUES
(1, 'FMEE', 'Aéroport de La Réunion Roland Garros'),
(2, 'FMEP', 'Aéroport de Saint-Pierre - Pierrefonds'),
(3, 'LF34', 'Base aérienne de Moussoulens'),
(4, 'LF7622', 'Aérodrome d\'Yvetot'),
(5, 'LFAB', 'Aérodrome de Dieppe - Saint-Aubin'),
(6, 'LFAC', 'Aéroport de Calais - Dunkerque'),
(7, 'LFAD', 'Aérodrome de Compiègne - Margny'),
(8, 'LFAE', 'Aérodrome d\'Eu - Mers - Le Tréport'),
(9, 'LFAF', 'Aérodrome de Laon - Chambry'),
(10, 'LFAG', 'Aéroport de Peronne - Saint-Quentin'),
(11, 'LFAI', 'Aéroport de Nangis Les Loges'),
(12, 'LFAJ', 'Aéroport d\'Argentan'),
(13, 'LFAK', 'Aérodrome de Dunkerque - Les Moëres'),
(14, 'LFAL', 'Aérodrome de La Flèche - Thorée-les-Pins'),
(15, 'LFAM', 'Aéroport de Berck sur Mer'),
(16, 'LFAO', 'Aérodrome de Bagnoles-de-l\'Orne - Couterne'),
(17, 'LFAP', 'Aérodrome de Rethel - Perthes'),
(18, 'LFAQ', 'Aérodrome d\'Albert - Bray'),
(19, 'LFAR', 'Aérodrome de Montdidier'),
(20, 'LFAS', 'Aérodrome de Falaise Mont d\'Eraines'),
(21, 'LFAT', 'Aéroport du Touquet Côte d\'Opale'),
(22, 'LFAU', 'Aérodrome de Vauville'),
(23, 'LFAV', 'Aéroport de Valenciennes - Denain'),
(24, 'LFAW', 'Aérodrome de Villerupt'),
(25, 'LFAX', 'Aéroport de Mortagne au Perche'),
(26, 'LFAY', 'Aéroport d\'Amiens - Glisy'),
(27, 'LFBA', 'Aéroport Agen - La Garenne'),
(28, 'LFBC', 'Base aérienne de Cazaux'),
(29, 'LFBD', 'Aéroport de Bordeaux - Mérignac'),
(30, 'LFBE', 'Aéroport Bergerac - Roumanière'),
(31, 'LFBF', 'Aéroport de Francazal - Toulouse'),
(32, 'LFBG', 'Base aérienne 709 Cognac - Châteaubernard'),
(33, 'LFBH', 'Aéroport de La Rochelle - île de Ré'),
(34, 'LFBI', 'Aéroport de Poitiers - Biard'),
(35, 'LFBJ', 'Aéroport de Saint-Junien Maryse Bastié'),
(36, 'LFBK', 'Aéroport de Montluçon Guéret'),
(37, 'LFBL', 'Aéroport de Limoges Bellegarde'),
(38, 'LFBM', 'Base aérienne 118 Mont de Marsan'),
(39, 'LFBN', 'Aérodrome de Niort Souché'),
(40, 'LFBO', 'Aéroport Toulouse Blagnac'),
(41, 'LFBP', 'Aéroport Pau Pyrénées'),
(42, 'LFBR', 'Aérodrome de Muret - Lherm'),
(43, 'LFBS', 'Aérodrome des Grands Lacs'),
(44, 'LFBT', 'Aéroport de Tarbes Lourdes Pyrénées'),
(45, 'LFBU', 'Aéroport international Angoulême - Cognac'),
(46, 'LFBX', 'Aéroport Périgueux Bassillac'),
(47, 'LFBY', 'Aéroport de Dax - Seyresse'),
(48, 'LFBZ', 'Aéroport de Biarritz Bayonne Anglet (BBA)'),
(49, 'LFCA', 'Aéroport de Châtellerault Targé'),
(50, 'LFCB', 'Aéroport de Bagnères de Luchon'),
(51, 'LFCC', 'Aéroport de Cahors - Lalbenque'),
(52, 'LFCD', 'Aéroport d\'Andernos les Bains'),
(53, 'LFCE', 'Aéroport de Guéret - Saint-Laurent'),
(54, 'LFCF', 'Aérodrome de Figeac - Livernon'),
(55, 'LFCG', 'Aérodrome de Saint-Girons - Antichan'),
(56, 'LFCH', 'Aéroport d\'Arcachon - La Teste-de-Buch'),
(57, 'LFCI', 'Aérodrome d\'Albi - Le Séquestre'),
(58, 'LFCJ', 'Aéroport de Jonzac - Neulles'),
(59, 'LFCK', 'Aéroport de Castres - Mazamet'),
(60, 'LFCL', 'Aéroport de Toulouse - Lasbordes'),
(61, 'LFCM', 'Aérodrome de Millau Larzac'),
(62, 'LFCN', 'Aéroport de Nogaro'),
(63, 'LFCO', 'Aéroport d\'Oloron - Herrère'),
(64, 'LFCP', 'Aéroport de Pons - Avy'),
(65, 'LFCQ', 'Aéroport de Graulhet - Montdragon'),
(66, 'LFCR', 'Aéroport de Rodez - Marcillac'),
(67, 'LFCS', 'Aéroport de Bordeaux - Léognan - Saucats'),
(68, 'LFCT', 'Aéroport de Thouars'),
(69, 'LFCU', 'Aérodrome d\'Ussel - Thalamy'),
(70, 'LFCV', 'Aéroport de Villefranche de Rouergue'),
(71, 'LFCW', 'Aérodrome de Villeneuve sur Lot'),
(72, 'LFCX', 'Aéroport de Castelsarrasin - Moissac'),
(73, 'LFCY', 'Aérodrome de Royan - Médis'),
(74, 'LFCZ', 'Aéroport de Mimizan'),
(75, 'LFDA', 'Aéroport d\'Aire sur l\'Adour'),
(76, 'LFDB', 'Aéroport de Montauban'),
(77, 'LFDC', 'Aéroport de Montendre - Marcillac'),
(78, 'LFDE', 'Aéroport d\'Égletons'),
(79, 'LFDF', 'Aéroport de Sainte-Foy la Grande'),
(80, 'LFDG', 'Aéroport de Gaillac - Lisle-sur-Tarn'),
(81, 'LFDH', 'Aéroport d\'Auch Lamothe'),
(82, 'LFDI', 'Aérodrome de Libourne - Artigues-de-Lussac'),
(83, 'LFDJ', 'Aérodrome de Pamiers - Les Pujols'),
(84, 'LFDK', 'Aéroport de Soulac sur Mer'),
(85, 'LFDL', 'Aéroport de Loudun'),
(86, 'LFDM', 'Aéroport de Marmande - Virazeil'),
(87, 'LFDN', 'Aéroport de Rochefort - Saint-Agnant'),
(88, 'LFDP', 'Aéroport de Saint-Pierre d\'Oléron'),
(89, 'LFDQ', 'Aérodrome de Castelnau Magnoac'),
(90, 'LFDR', 'Aéroport de La Réole - Floudès'),
(91, 'LFDS', 'Aéroport de Sarlat - Domme'),
(92, 'LFDT', 'Aérodrome de Tarbes - Laloubère'),
(93, 'LFDU', 'Aéroport de Lesparre - Saint-Laurent de Médoc'),
(94, 'LFDV', 'Aéroport de Couhé Vérac'),
(95, 'LFDW', 'Aéroport de Chauvigny'),
(96, 'LFDX', 'Aéroport de Fumel - Montayral'),
(97, 'LFDY', 'Aérodrome de Bordeaux - Yvrac'),
(98, 'LFDZ', 'Aéroport Condat sur Vézère'),
(99, 'LFEA', 'Aéroport de Belle Île'),
(100, 'LFEB', 'Aéroport de Dinan - Trélivan'),
(101, 'LFEC', 'Aéroport d\'Ouessant'),
(102, 'LFED', 'Aéroport de Pontivy'),
(103, 'LFEF', 'Aéroport d\'Amboise - Dierre'),
(104, 'LFEG', 'Aéroport d\'Argenton sur Creuse'),
(105, 'LFEH', 'Aérodrome d\'Aubigny sur Nère'),
(106, 'LFEI', 'Aéroport de Briare Chatillon'),
(107, 'LFEJ', 'Aéroport de Châteauroux - Villers'),
(108, 'LFEK', 'Aéroport d\'Issoudun Le Fay'),
(109, 'LFEL', 'Aéroport du Blanc'),
(110, 'LFEM', 'Aéroport de Montargis - Vimory'),
(111, 'LFEN', 'Aéroport de Tours - Sorigny'),
(112, 'LFEP', 'Aérodrome de Pouilly - Maconge'),
(113, 'LFEQ', 'Aéroport de Quiberon'),
(114, 'LFER', 'Aéroport de Redon - Bains-sur-Oust'),
(115, 'LFES', 'Aéroport de Guiscriff - Scaër'),
(116, 'LFET', 'Aéroport de Til Châtel'),
(117, 'LFEU', 'Aéroport de Bar-le-Duc - Les Hauts-de-Chée'),
(118, 'LFEV', 'Aérodrome de Gray - Saint-Adrien'),
(119, 'LFEW', 'Aéroport de Saulieu - Liernais'),
(120, 'LFEX', 'Aérodrome de Nancy - Azelot'),
(121, 'LFEY', 'Aéroport de l\'Île d\'Yeu'),
(122, 'LFEZ', 'Aérodrome de Nancy - Malzéville'),
(123, 'LFFB', 'Aérodrome de Buno - Bonnevaux'),
(124, 'LFFC', 'Aérodrome de Mantes - Chérence'),
(125, 'LFFD', 'Aérodrome de Saint-André de l\'Eure'),
(126, 'LFFE', 'Aérodrome d\'Enghien - Moisselles'),
(127, 'LFFG', 'Aérodrome de La Ferté-Gaucher'),
(128, 'LFFH', 'Aérodrome de Château-Thierry - Belleau'),
(129, 'LFFI', 'Aéroport d\'Ancenis'),
(130, 'LFFJ', 'Aérodrome de Joinville - Mussey'),
(131, 'LFFK', 'Aéroport de Fontenay le Comte'),
(132, 'LFFL', 'Aérodrome de Bailleau - Armenonville'),
(133, 'LFFM', 'Aérodrome de Lamotte Beuvron'),
(134, 'LFFN', 'Aéroport de Brienne le Château'),
(135, 'LFFP', 'Aérodrome de Pithiviers'),
(136, 'LFFQ', 'Aérodrome de La Ferté Alais'),
(137, 'LFFR', 'Aérodrome de Bar sur Seine'),
(138, 'LFFT', 'Aérodrome de Neufchâteau Rouceux'),
(139, 'LFFU', 'Aérodrome de Châteauneuf sur Cher'),
(140, 'LFFV', 'Aérodrome de Vierzon - Méreau'),
(141, 'LFFW', 'Aéroport de Montaigu - Saint-Georges'),
(142, 'LFFX', 'Aérodrome de Tournus - Cuisery'),
(143, 'LFFY', 'Aérodrome d\'Étrépagny'),
(144, 'LFFZ', 'Aéroport de Sézanne - Saint-Remy'),
(145, 'LFGA', 'Aéroport de Colmar - Houssen'),
(146, 'LFGB', 'Aérodrome de Mulhouse - Habsheim'),
(147, 'LFGC', 'Aérodrome de Strasbourg - Neuhof'),
(148, 'LFGD', 'Aérodrome d\'Arbois'),
(149, 'LFGE', 'Aéroport d\'Avallon'),
(150, 'LFGF', 'Aéroport de Beaune Challanges'),
(151, 'LFGG', 'Aéroport de Belfort - Chaux'),
(152, 'LFGH', 'Aéroport de Cosne sur Loire'),
(153, 'LFGI', 'Aéroport de Dijon - Darois'),
(154, 'LFGJ', 'Aéroport de Dole - Tavaux'),
(155, 'LFGK', 'Aéroport de Joigny'),
(156, 'LFGL', 'Aéroport de Lons-le-Saunier - Courlaoux'),
(157, 'LFGM', 'Aéroport de Montceau-les-Mines - Pouilloux'),
(158, 'LFGN', 'Aéroport de Paray le Monial'),
(159, 'LFGO', 'Aéroport de Pont sur Yonne'),
(160, 'LFGP', 'Aéroport de Saint-Florentin - Chéu'),
(161, 'LFGQ', 'Aéroport de Semur en Auxois'),
(162, 'LFGR', 'Aéroport de Doncourt lès Conflans'),
(163, 'LFGS', 'Aéroport de Longuyon - Villette'),
(164, 'LFGT', 'Aéroport de Sarrebourg - Buhl'),
(165, 'LFGU', 'Aéroport de Sarreguemines Neunkirch'),
(166, 'LFGW', 'Aérodrome de Verdun Le Rozelier'),
(167, 'LFGX', 'Aérodrome de Champagnole - Crotenay'),
(168, 'LFGY', 'Aérodrome de Saint-Dié - Remomeix'),
(169, 'LFGZ', 'Aérodrome de Nuits Saint-Georges'),
(170, 'LFHA', 'Aéroport d\'Issoire - Le Broc'),
(171, 'LFHC', 'Aérodrome de Pérouges - Meximieux'),
(172, 'LFHD', 'Aéroport de Pierrelatte'),
(173, 'LFHE', 'Aéroport de Romans - Saint-Paul'),
(174, 'LFHF', 'Aérodrome de Ruoms'),
(175, 'LFHG', 'Aérodrome de Saint-Chamond - L\'Horme'),
(176, 'LFHH', 'Aéroport de Vienne Reventin'),
(177, 'LFHI', 'Aérodrome de Morestel'),
(178, 'LFHJ', 'Aérodrome de Lyon - Corbas'),
(179, 'LFHL', 'Aéroport de Langogne - Lespéron'),
(180, 'LFHM', 'Aérodrome de Megève'),
(181, 'LFHN', 'Aérodrome de Bellegarde Vouvray'),
(182, 'LFHO', 'Aéroport d\'Aubenas Ardèche méridionale'),
(183, 'LFHP', 'Aéroport du Puy - Loudes'),
(184, 'LFHQ', 'Aéroport de Saint-Flour - Coltines'),
(185, 'LFHR', 'Aéroport de Brioude - Beaumont'),
(186, 'LFHS', 'Aérodrome de Bourg - Ceyzériat'),
(187, 'LFHT', 'Aéroport d\'Ambert Le Poyet'),
(188, 'LFHU', 'Altiport de l\'Alpe d\'Huez'),
(189, 'LFHV', 'Aéroport de Villefranche - Tarare'),
(190, 'LFHW', 'Aérodrome de Belleville - Villié-Morgon'),
(191, 'LFHX', 'Aérodrome de Lapalisse - Périgny'),
(192, 'LFHY', 'Aérodrome de Moulins - Montbeugny'),
(193, 'LFHZ', 'Aérodrome de Sallanches Mont Blanc'),
(194, 'LFIB', 'Aérodrome de Belvès - Saint-Pardoux'),
(195, 'LFID', 'Aéroport de Condom - Valence-sur-Baïse'),
(196, 'LFIF', 'Aérodrome de Saint-Affrique - Belmont'),
(197, 'LFIG', 'Aérodrome de Cassagnes - Bégonhès'),
(198, 'LFIH', 'Aéroport de Chalais'),
(199, 'LFIK', 'Aérodrome de Ribérac - Saint-Aulaye'),
(200, 'LFIL', 'Aérodrome de Rion des Landes'),
(201, 'LFIM', 'Aéroport de Saint-Gaudens - Montréjeau'),
(202, 'LFIP', 'Aérodrome de Peyresourde - Balestas'),
(203, 'LFIR', 'Aérodrome de Revel - Montgey'),
(204, 'LFIT', 'Aérodrome de Toulouse - Bourg Saint-Bernard'),
(205, 'LFIV', 'Aérodrome de Vendays - Montalivet'),
(206, 'LFIX', 'Aérodrome d\'Itxassou'),
(207, 'LFIY', 'Aérodrome de Saint-Jean d\'Angély - Saint-Denis du Pin'),
(208, 'LFJA', 'Aérodrome de Chaumont - Semoutiers'),
(209, 'LFJB', 'Aéroport de Mauleon'),
(210, 'LFJC', 'Aéroport de Clamecy'),
(211, 'LFJD', 'Aérodrome de Corlier'),
(212, 'LFJE', 'Aérodrome de La Motte Chalancon'),
(213, 'LFJF', 'Aérodrome d\'Aubenasson'),
(214, 'LFJH', 'Aérodrome de Cazères - Palaminy'),
(215, 'LFJI', 'Aérodrome de Marennes'),
(216, 'LFJL', 'Aéroport Metz Nancy Lorraine'),
(217, 'LFJR', 'Angers Loire Aéroport'),
(218, 'LFJS', 'Aéroport de Soissons - Courmelles'),
(219, 'LFJT', 'Aérodrome de Tours - Le Louroux'),
(220, 'LFJU', 'Aérodrome de Lurcy - Levis'),
(221, 'LFJY', 'Chambley-Bussières Air Base'),
(222, 'LFKA', 'Aérodrome d\'Albertville'),
(223, 'LFKB', 'Aéroport de Bastia Poretta'),
(224, 'LFKC', 'Aéroport de Calvi Sainte-Catherine'),
(225, 'LFKD', 'Aérodrome de Sollières - Sardières'),
(226, 'LFKE', 'Aérodrome de Saint-Jean en Royans'),
(227, 'LFKF', 'Aéroport de Figari Sud Corse'),
(228, 'LFKG', 'Aérodrome de Ghisonaccia Alzitone'),
(229, 'LFKH', 'Aérodrome de Saint-Jean d\'Avelanne'),
(230, 'LFKJ', 'Aéroport d\'Ajaccio Napoléon Bonaparte'),
(231, 'LFKL', 'Aérodrome de Lyon - Brindas'),
(232, 'LFKM', 'Aérodrome de Saint-Galmier'),
(233, 'LFKO', 'Aérodrome de Propriano'),
(234, 'LFKP', 'Aérodrome de La Tour-du-Pin - Cessieu'),
(235, 'LFKR', 'Aérodrome de Saint-Rémy de Maurienne'),
(236, 'LFKS', 'Base aérienne 126 de Solenzara'),
(237, 'LFKT', 'Aérodrome de Corte'),
(238, 'LFKX', 'Aérodrome de Méribel'),
(239, 'LFKY', 'Aérodrome de Belley - Peyrieu'),
(240, 'LFLA', 'Aéroport d\'Auxerre - Branches'),
(241, 'LFLB', 'Aéroport de Chambéry - Savoie'),
(242, 'LFLC', 'Aéroport de Clermont-Ferrand Auvergne'),
(243, 'LFLD', 'Aéroport de Bourges'),
(244, 'LFLE', 'Aéroport de Chambéry - Challes-les-Eaux'),
(245, 'LFLG', 'Aérodrome de Grenoble - Le Versoud'),
(246, 'LFLH', 'Aéroport de Chalon - Champforgeuil'),
(247, 'LFLI', 'Aérodrome d\'Annemasse'),
(248, 'LFLJ', 'Aérodrome de Courchevel'),
(249, 'LFLK', 'Aérodrome d\'Oyonnax - Arbent'),
(250, 'LFLL', 'Aéroport Lyon Saint-Exupéry'),
(251, 'LFLM', 'Aéroport de Mâcon - Charnay'),
(252, 'LFLN', 'Aéroport de Saint-Yan'),
(253, 'LFLO', 'Aéroport de Roanne - Renaison'),
(254, 'LFLP', 'Aéroport d\'Annecy Haute-Savoie Mont Blanc'),
(255, 'LFLQ', 'Aéroport de Montélimar - Ancône'),
(256, 'LFLR', 'Aéroport de Saint-Rambert d\'Albon'),
(257, 'LFLS', 'Aéroport International de Grenoble Isère'),
(258, 'LFLT', 'Aérodrome de Montluçon - Domérat'),
(259, 'LFLU', 'Aéroport de Valence - Chabeuil'),
(260, 'LFLV', 'Aéroport de Vichy - Charmeil'),
(261, 'LFLW', 'Aéroport d\'Aurillac'),
(262, 'LFLX', 'Aéroport de Châteauroux - Déols'),
(263, 'LFLY', 'Aéroport de Lyon Bron'),
(264, 'LFLZ', 'Aérodrome de Feurs - Chambéon'),
(265, 'LFMA', 'Aéroport d\'Aix Les Milles'),
(266, 'LFMC', 'Aéroport du Luc - Le Cannet'),
(267, 'LFMD', 'Aéroport de Cannes - Mandelieu'),
(268, 'LFME', 'Aéroport de Nîmes Courbessac'),
(269, 'LFMF', 'Aérodrome de Fayence'),
(270, 'LFMG', 'Aérodrome de Montagne Noire'),
(271, 'LFMH', 'Aéroport de Saint-Étienne - Bouthéon'),
(272, 'LFMI', 'Base aérienne 125 d\'Istres - Le Tubé'),
(273, 'LFMK', 'Aéroport de Carcassonne Salvaza'),
(274, 'LFML', 'Aéroport de Marseille Provence'),
(275, 'LFMN', 'Aéroport Nice Côte d\'Azur'),
(276, 'LFMO', 'Base aérienne 115 d\'Orange Caritat'),
(277, 'LFMP', 'Aéroport de Perpignan - Rivesaltes'),
(278, 'LFMQ', 'Aéroport du Castellet'),
(279, 'LFMR', 'Aéroport de Barcelonnette - Saint-Pons'),
(280, 'LFMS', 'Aérodrome d\'Alès Cévennes'),
(281, 'LFMT', 'Aéroport Montpellier Méditerranée'),
(282, 'LFMU', 'Aéroport de Béziers - Cap d\'Agde en Languedoc'),
(283, 'LFMV', 'Aéroport d\'Avignon - Caumont'),
(284, 'LFMW', 'Aéroport de Castelnaudary - Villeneuve'),
(285, 'LFMX', 'Aéroport de Château Arnoux Saint-Auban'),
(286, 'LFMY', 'Base aérienne 701 de Salon de Provence'),
(287, 'LFMZ', 'Aérodrome de Lézignan Corbières'),
(288, 'LFNA', 'Aérodrome de Gap - Tallard'),
(289, 'LFNB', 'Aérodrome de Mende - Brenoux'),
(290, 'LFNC', 'Aéroport de Mont-Dauphin - Saint-Crépin'),
(291, 'LFND', 'Aéroport de Pont - Saint - Esprit'),
(292, 'LFNE', 'Aérodrome de Salon - Eyguières'),
(293, 'LFNF', 'Aéroport de Vinon'),
(294, 'LFNG', 'Aéroport de Montpellier - Candillargues'),
(295, 'LFNH', 'Aérodrome de Carpentras'),
(296, 'LFNJ', 'Aérodrome d\'Aspres sur Buëch'),
(297, 'LFNL', 'Aérodrome de Saint-Martin de Londres'),
(298, 'LFNN', 'Aérodrome de Narbonne'),
(299, 'LFNO', 'Aérodrome de Florac - Sainte-Enimie'),
(300, 'LFNP', 'Aérodrome de Pézenas - Nizas'),
(301, 'LFNQ', 'Aérodrome de Mont-Louis La Quillane'),
(302, 'LFNR', 'Aérodrome de Berre - La Fare'),
(303, 'LFNS', 'Aérodrome de Sisteron Thèze'),
(304, 'LFNT', 'Aérodrome d\'Avignon - Pujaut'),
(305, 'LFNU', 'Aérodrome d\'Uzès'),
(306, 'LFNV', 'Aérodrome de Valréas - Visan'),
(307, 'LFNW', 'Aérodrome de Puivert'),
(308, 'LFNX', 'Aérodrome de Bédarieux - La Tour-sur-Orb'),
(309, 'LFNZ', 'Aérodrome du Mazet de Romanin'),
(310, 'LFOA', 'Base aérienne 702 d\'Avord'),
(311, 'LFOB', 'Aéroport de Beauvais Tillé'),
(312, 'LFOC', 'Aéroport de Châteaudun'),
(313, 'LFOD', 'Aérodrome de Saumur Saint-Florent'),
(314, 'LFOE', 'Base aérienne 105 d\'Évreux - Fauville'),
(315, 'LFOF', 'Aéroport d\'Alençon - Valframbert'),
(316, 'LFOG', 'Aéroport de Flers - Saint-Paul'),
(317, 'LFOH', 'Aéroport du Havre - Octeville'),
(318, 'LFOI', 'Aéroport d\'Abbeville'),
(319, 'LFOJ', 'Base aérienne 123 d\'Orléans - Bricy'),
(320, 'LFOK', 'Aéroport de Paris Vatry'),
(321, 'LFOL', 'Aéroport de L\'Aigle - Saint-Michel'),
(322, 'LFOM', 'Aéroport de Lessay'),
(323, 'LFON', 'Aérodrome de Dreux Vernouillet'),
(324, 'LFOO', 'Aéroport Les sables - Talmont'),
(325, 'LFOP', 'Aéroport Rouen Vallée de Seine'),
(326, 'LFOQ', 'Aéroport de Blois - Le Breuil'),
(327, 'LFOR', 'Aéroport de Chartres - Champhol'),
(328, 'LFOS', 'Aéroport de Saint-Valery - Vittefleur'),
(329, 'LFOT', 'Aéroport de Tours Val de Loire'),
(330, 'LFOU', 'Aérodrome de Cholet Le Pontreau'),
(331, 'LFOV', 'Aéroport de Laval - Entrammes'),
(332, 'LFOW', 'Aérodrome de Saint-Quentin - Roupy'),
(333, 'LFOX', 'Aéroport d\'Étampes Mondésir'),
(334, 'LFOY', 'Aéroport du Havre - Saint-Romain'),
(335, 'LFOZ', 'Aéroport d\'Orléans - Saint-Denis de l\'Hôtel'),
(336, 'LFPA', 'Aéroport de Persan - Beaumont'),
(337, 'LFPB', 'Aéroport Paris - Le Bourget'),
(338, 'LFPC', 'Base aérienne 110 de Creil'),
(339, 'LFPD', 'Aéroport de Bernay - Saint-Martin'),
(340, 'LFPE', 'Aéroport de Meaux - Esbly'),
(341, 'LFPF', 'Aérodrome de Beynes - Thiverval'),
(342, 'LFPG', 'Aéroport de Paris Charles de Gaulle'),
(343, 'LFPH', 'Aéroport de Chelles le Pin'),
(344, 'LFPI', 'Héliport de Paris - Issy-les-Moulineaux'),
(345, 'LFPK', 'Aéroport de Coulommiers - Voisins'),
(346, 'LFPL', 'Aéroport de Lognes - Émerainville'),
(347, 'LFPM', 'Base aérienne de Melun - Villaroche'),
(348, 'LFPN', 'Aéroport de Toussus le Noble'),
(349, 'LFPO', 'Aéroport Paris - Orly'),
(350, 'LFPP', 'Aéroport du Plessis - Belleville'),
(351, 'LFPQ', 'Aéroport de Fontenay - Trésigny'),
(352, 'LFPT', 'Aéroport de Pontoise - Cormeilles-en-Vexin'),
(353, 'LFPU', 'Aérodrome de Moret - Épisy'),
(354, 'LFPV', 'Base aérienne 107 de Vélizy Villacoublay'),
(355, 'LFPX', 'Aérodrome de Chavenay - Villepreux'),
(356, 'LFPY', 'Base aérienne 217 de Brétigny sur Orge'),
(357, 'LFPZ', 'Aérodrome de Saint-Cyr l\'École'),
(358, 'LFQA', 'Aéroport de Reims - Prunay'),
(359, 'LFQB', 'Aéroport de Troyes - Barberey'),
(360, 'LFQC', 'Aéroport de Lunéville - Croismare'),
(361, 'LFQD', 'Aéroport d\'Arras - Roclincourt'),
(362, 'LFQE', 'Base aérienne d\'Étain - Rouvres'),
(363, 'LFQF', 'Aéroport d\'Autun Bellevue'),
(364, 'LFQG', 'Aéroport de Nevers - Fourchambault'),
(365, 'LFQH', 'Aéroport de Chatillon Sur Seine'),
(366, 'LFQI', 'Base aérienne 103 de Cambrai - Épinoy'),
(367, 'LFQJ', 'Aéroport de Maubeuge - Élesmes'),
(368, 'LFQK', 'Aéroport de Châlons - Écury-sur-Coole'),
(369, 'LFQL', 'Aéroport de Lens - Bénifontaine'),
(370, 'LFQM', 'Aéroport de Besançon - La Vèze'),
(371, 'LFQN', 'Aéroport de Saint-Omer - Wizernes'),
(372, 'LFQO', 'Aéroport de Lille - Marcq-en-Baroeul'),
(373, 'LFQP', 'Base aérienne de Phalsbourg - Bourscheid'),
(374, 'LFQQ', 'Aéroport de Lille - Lesquin'),
(375, 'LFQS', 'Aéroport de Vitry en Artois'),
(376, 'LFQT', 'Aéroport de Merville - Calonne'),
(377, 'LFQU', 'Aérodrome de Sarre Union'),
(378, 'LFQV', 'Aéroport de Charleville-Mézières - Belval'),
(379, 'LFQW', 'Aéroport de Vesoul - Frotey'),
(380, 'LFQX', 'Aérodrome de Juvancourt'),
(381, 'LFQY', 'Aérodrome de Saverne - Steinbourg'),
(382, 'LFQZ', 'Aérodrome de Dieuze - Guéblange'),
(383, 'LFRA', 'Aérodrome d\'Angers - Avrillé'),
(384, 'LFRB', 'Aéroport de Brest Bretagne'),
(385, 'LFRC', 'Aéroport de Cherbourg - Maupertus'),
(386, 'LFRD', 'Aéroport de Dinard Pleurtuit Saint-Malo'),
(387, 'LFRE', 'Aéroport de La Baule Escoublac'),
(388, 'LFRF', 'Aéroport de Granville Mont Saint-Michel'),
(389, 'LFRG', 'Aéroport de Deauville - Saint-Gatien'),
(390, 'LFRH', 'Aéroport de Lorient Bretagne Sud'),
(391, 'LFRI', 'Aéroport de La Roche-sur-Yon - Les Ajoncs'),
(392, 'LFRJ', 'Base d\'aéronautique navale de Landivisiau'),
(393, 'LFRK', 'Aéroport de Caen - Carpiquet'),
(394, 'LFRL', 'Base d\'aéronautique navale de Lanvéoc - Poulmic'),
(395, 'LFRM', 'Aéroport du Mans - Arnage'),
(396, 'LFRN', 'Aéroport de Rennes - Saint-Jacques'),
(397, 'LFRO', 'Aéroport de Lannion'),
(398, 'LFRP', 'Aéroport de Ploërmel - Loyat'),
(399, 'LFRQ', 'Aéroport de Quimper Cornouaille'),
(400, 'LFRS', 'Aéroport Nantes Atlantique'),
(401, 'LFRT', 'Aéroport de Saint-Brieuc Armor'),
(402, 'LFRU', 'Aéroport de Morlaix Ploujean'),
(403, 'LFRV', 'Aéroport de Vannes - Meucon'),
(404, 'LFRW', 'Aérodrome d\'Avranches - Le Val Saint-Père'),
(405, 'LFRZ', 'Aéroport de Saint-Nazaire - Montoir'),
(406, 'LFSA', 'Aéroport de Besançon - Thise'),
(407, 'LFSB', 'Aéroport international Basel Mulhouse Freiburg'),
(408, 'LFSD', 'Aéroport de Dijon Bourgogne - Longvic'),
(409, 'LFSE', 'Aérodrome Epinal - Dogneville'),
(410, 'LFSF', 'Base aérienne 128 de Metz Frescaty'),
(411, 'LFSG', 'Aéroport d\'Épinal - Mirecourt'),
(412, 'LFSH', 'Aérodrome d\'Haguenau'),
(413, 'LFSI', 'Base aérienne 113 de Saint-Dizier - Robinson'),
(414, 'LFSJ', 'Aéroport de Sedan - Douzy'),
(415, 'LFSK', 'Aéroport de Vitry-le-François - Vauclerc'),
(416, 'LFSL', 'Aéroport de Brive Vallée de la Dordogne'),
(417, 'LFSM', 'Aéroport de Montbéliard - Courcelles'),
(418, 'LFSN', 'Aéroport de Nancy - Essey'),
(419, 'LFSO', 'Base aérienne 133 de Nancy - Ochey'),
(420, 'LFSP', 'Aérodrome de Pontarlier'),
(421, 'LFSR', 'Aéroport de Reims Champagne'),
(422, 'LFST', 'Aéroport de Strasbourg Entzheim'),
(423, 'LFSU', 'Aéroport de Langres - Rolampont'),
(424, 'LFSV', 'Aérodrome de Pont Saint-Vincent'),
(425, 'LFSW', 'Aéroport d\'Épernay - Plivot'),
(426, 'LFSX', 'Base aérienne 116 de Luxeuil - Saint-Sauveur'),
(427, 'LFSZ', 'Aéroport de Vittel Champ de courses'),
(428, 'LFTF', 'Aéroport de Cuers - Pierrefeu'),
(429, 'LFTH', 'Aéroport de Toulon - Hyères - Le Palyvestre'),
(430, 'LFTL', 'Héliport de Cannes - Quai du large'),
(431, 'LFTM', 'Aérodrome de Serres - La Bâtie-Montsaléon'),
(432, 'LFTN', 'Aérodrome de La Grand\'Combe'),
(433, 'LFTP', 'Aérodrome de Puimoisson'),
(434, 'LFTQ', 'Aérodrome de Châteaubriant - Pouancé'),
(435, 'LFTW', 'Aéroport de Nîmes - Garons'),
(436, 'LFTZ', 'Aéroport de La Môle - Saint-Tropez'),
(437, 'LFXA', 'Aérodrome d\'Ambérieu'),
(438, 'LFXB', 'Aéroport de Saintes - Thénac'),
(439, 'LFXI', 'Base aérienne 200 Apt - Saint-Christol'),
(440, 'LFXM', 'Aérodrome de Mourmelon'),
(441, 'LFXU', 'Aéroport des Mureaux'),
(442, 'LFYD', 'Aéroport de Damblain'),
(443, 'LFYG', 'Aérodrome de Cambrai - Niergnies'),
(444, 'LFYH', 'Aéroport de Broyes lès Pesmes'),
(445, 'LFYM', 'Aéroport de Marigny Le Grand'),
(446, 'LFYR', 'Aéroport de Romorantin - Pruniers'),
(447, 'LFYS', 'Aérodrome de Sainte-Léocadie'),
(448, 'LFYT', 'Base aérienne de Saint-Simon - Clastres'),
(449, 'SOCA', 'Aéroport de Cayenne - Rochambeau'),
(450, 'SOGS', 'Aérodrome de Grand Santi'),
(451, 'SOOA', 'Aérodrome de Maripasoula'),
(452, 'SOOG', 'Aérodrome de Saint-Georges de l\'Oyapock'),
(453, 'SOOK', 'Aérodrome de Kourou'),
(454, 'SOOM', 'Aérodrome de Saint Laurent du Maroni'),
(455, 'SOOR', 'Aérodrome de Régina'),
(456, 'SOOS', 'Aérodrome de Saül'),
(457, 'TFFA', 'Aérodrome de la Désirade - Grande Anse'),
(458, 'TFFB', 'Aérodrome de Basse Terre - Baillif'),
(459, 'TFFC', 'Aérodrome de Saint François'),
(460, 'TFFF', 'Aéroport de Martinique - Aimé Césaire'),
(461, 'TFFG', 'Aérodrome de Grand Case Espérance'),
(462, 'TFFJ', 'Aérodrome de Saint Barthélémy'),
(463, 'TFFM', 'Aérodrome de Grand Bourg'),
(464, 'TFFR', 'Aéroport de Guadeloupe - Pôle Caraïbes'),
(465, 'TFFS', 'Aérodrome Les Saintes - Terre de Haut'),
(466, 'TTFG', 'Aéroport de Saint-Martin Grand Case');

-- --------------------------------------------------------

--
-- Structure de la table `app_role`
--

CREATE TABLE `app_role` (
  `id` int NOT NULL,
  `name` varchar(255) CHARACTER SET utf8mb4 COLLATE utf8mb4_unicode_ci NOT NULL,
  `rights` longtext CHARACTER SET utf8mb4 COLLATE utf8mb4_unicode_ci NOT NULL COMMENT '(DC2Type:array)'
) ENGINE=InnoDB DEFAULT CHARSET=utf8mb4 COLLATE=utf8mb4_unicode_ci;

--
-- Déchargement des données de la table `app_role`
--

INSERT INTO `app_role` (`id`, `name`, `rights`) VALUES
(17, 'admin', 'O:43:\"Doctrine\\Common\\Collections\\ArrayCollection\":1:{s:53:\"\0Doctrine\\Common\\Collections\\ArrayCollection\0elements\";a:6:{s:5:\"users\";O:43:\"Doctrine\\Common\\Collections\\ArrayCollection\":1:{s:53:\"\0Doctrine\\Common\\Collections\\ArrayCollection\0elements\";a:5:{i:1;s:4:\"view\";i:2;s:6:\"create\";i:3;s:4:\"edit\";i:4;s:6:\"delete\";i:0;s:4:\"list\";}}s:5:\"roles\";O:43:\"Doctrine\\Common\\Collections\\ArrayCollection\":1:{s:53:\"\0Doctrine\\Common\\Collections\\ArrayCollection\0elements\";a:5:{i:0;s:4:\"list\";i:1;s:4:\"view\";i:2;s:6:\"create\";i:3;s:4:\"edit\";i:4;s:6:\"delete\";}}s:3:\"ato\";O:43:\"Doctrine\\Common\\Collections\\ArrayCollection\":1:{s:53:\"\0Doctrine\\Common\\Collections\\ArrayCollection\0elements\";a:5:{i:0;s:4:\"list\";i:1;s:4:\"view\";i:2;s:6:\"create\";i:3;s:4:\"edit\";i:4;s:6:\"delete\";}}s:8:\"aircraft\";O:43:\"Doctrine\\Common\\Collections\\ArrayCollection\":1:{s:53:\"\0Doctrine\\Common\\Collections\\ArrayCollection\0elements\";a:5:{i:0;s:4:\"list\";i:1;s:4:\"view\";i:2;s:6:\"create\";i:3;s:4:\"edit\";i:4;s:6:\"delete\";}}s:7:\"counter\";O:43:\"Doctrine\\Common\\Collections\\ArrayCollection\":1:{s:53:\"\0Doctrine\\Common\\Collections\\ArrayCollection\0elements\";a:5:{i:0;s:4:\"list\";i:1;s:4:\"view\";i:2;s:6:\"create\";i:3;s:4:\"edit\";i:4;s:6:\"delete\";}}s:9:\"formation\";O:43:\"Doctrine\\Common\\Collections\\ArrayCollection\":1:{s:53:\"\0Doctrine\\Common\\Collections\\ArrayCollection\0elements\";a:5:{i:0;s:4:\"list\";i:1;s:4:\"view\";i:2;s:6:\"create\";i:3;s:4:\"edit\";i:4;s:6:\"delete\";}}}}'),
(22, 'user et rôles', 'O:43:\"Doctrine\\Common\\Collections\\ArrayCollection\":1:{s:53:\"\0Doctrine\\Common\\Collections\\ArrayCollection\0elements\";a:6:{s:5:\"users\";O:43:\"Doctrine\\Common\\Collections\\ArrayCollection\":1:{s:53:\"\0Doctrine\\Common\\Collections\\ArrayCollection\0elements\";a:5:{i:0;s:4:\"list\";i:1;s:4:\"view\";i:2;s:6:\"create\";i:3;s:4:\"edit\";i:4;s:6:\"delete\";}}s:5:\"roles\";O:43:\"Doctrine\\Common\\Collections\\ArrayCollection\":1:{s:53:\"\0Doctrine\\Common\\Collections\\ArrayCollection\0elements\";a:5:{i:0;s:4:\"list\";i:1;s:4:\"view\";i:2;s:6:\"create\";i:3;s:4:\"edit\";i:4;s:6:\"delete\";}}s:3:\"ato\";O:43:\"Doctrine\\Common\\Collections\\ArrayCollection\":1:{s:53:\"\0Doctrine\\Common\\Collections\\ArrayCollection\0elements\";a:0:{}}s:8:\"aircraft\";O:43:\"Doctrine\\Common\\Collections\\ArrayCollection\":1:{s:53:\"\0Doctrine\\Common\\Collections\\ArrayCollection\0elements\";a:0:{}}s:7:\"counter\";O:43:\"Doctrine\\Common\\Collections\\ArrayCollection\":1:{s:53:\"\0Doctrine\\Common\\Collections\\ArrayCollection\0elements\";a:0:{}}s:9:\"formation\";O:43:\"Doctrine\\Common\\Collections\\ArrayCollection\":1:{s:53:\"\0Doctrine\\Common\\Collections\\ArrayCollection\0elements\";a:0:{}}}}'),
(23, 'formation', 'O:43:\"Doctrine\\Common\\Collections\\ArrayCollection\":1:{s:53:\"\0Doctrine\\Common\\Collections\\ArrayCollection\0elements\";a:6:{s:5:\"users\";O:43:\"Doctrine\\Common\\Collections\\ArrayCollection\":1:{s:53:\"\0Doctrine\\Common\\Collections\\ArrayCollection\0elements\";a:0:{}}s:5:\"roles\";O:43:\"Doctrine\\Common\\Collections\\ArrayCollection\":1:{s:53:\"\0Doctrine\\Common\\Collections\\ArrayCollection\0elements\";a:0:{}}s:3:\"ato\";O:43:\"Doctrine\\Common\\Collections\\ArrayCollection\":1:{s:53:\"\0Doctrine\\Common\\Collections\\ArrayCollection\0elements\";a:0:{}}s:8:\"aircraft\";O:43:\"Doctrine\\Common\\Collections\\ArrayCollection\":1:{s:53:\"\0Doctrine\\Common\\Collections\\ArrayCollection\0elements\";a:0:{}}s:7:\"counter\";O:43:\"Doctrine\\Common\\Collections\\ArrayCollection\":1:{s:53:\"\0Doctrine\\Common\\Collections\\ArrayCollection\0elements\";a:0:{}}s:9:\"formation\";O:43:\"Doctrine\\Common\\Collections\\ArrayCollection\":1:{s:53:\"\0Doctrine\\Common\\Collections\\ArrayCollection\0elements\";a:5:{i:0;s:4:\"list\";i:1;s:4:\"view\";i:2;s:6:\"create\";i:3;s:4:\"edit\";i:4;s:6:\"delete\";}}}}');

-- --------------------------------------------------------

--
-- Structure de la table `ato`
--

CREATE TABLE `ato` (
  `id` int NOT NULL,
  `postal_address_id` int NOT NULL,
  `code` varchar(255) CHARACTER SET utf8mb4 COLLATE utf8mb4_unicode_ci NOT NULL,
  `name` varchar(255) CHARACTER SET utf8mb4 COLLATE utf8mb4_unicode_ci NOT NULL,
  `contact_email` varchar(255) CHARACTER SET utf8mb4 COLLATE utf8mb4_unicode_ci DEFAULT NULL,
  `contact_phone` varchar(255) CHARACTER SET utf8mb4 COLLATE utf8mb4_unicode_ci DEFAULT NULL,
  `status` varchar(255) CHARACTER SET utf8mb4 COLLATE utf8mb4_unicode_ci NOT NULL,
  `parent_id` int DEFAULT NULL,
  `user_activated_automatically` tinyint(1) NOT NULL,
  `approval_number` varchar(255) CHARACTER SET utf8mb4 COLLATE utf8mb4_unicode_ci DEFAULT NULL,
  `organism_type` varchar(255) CHARACTER SET utf8mb4 COLLATE utf8mb4_unicode_ci DEFAULT NULL,
  `logo_path` varchar(255) CHARACTER SET utf8mb4 COLLATE utf8mb4_unicode_ci DEFAULT NULL,
  `last_update` datetime DEFAULT NULL,
  `configuration` json DEFAULT NULL,
  `dictionary` json DEFAULT NULL,
  `leader_responsible_id` int DEFAULT NULL,
  `security_manager_id` int DEFAULT NULL,
  `compliance_manager_id` int DEFAULT NULL,
  `head_teacher_id` int DEFAULT NULL,
  `assistant_head_teacher_id` int DEFAULT NULL,
  `chief_ground_instructor_id` int DEFAULT NULL,
  `chief_flight_instructor_id` int DEFAULT NULL
) ENGINE=InnoDB DEFAULT CHARSET=utf8mb4 COLLATE=utf8mb4_unicode_ci;

--
-- Déchargement des données de la table `ato`
--

INSERT INTO `ato` (`id`, `postal_address_id`, `code`, `name`, `contact_email`, `contact_phone`, `status`, `parent_id`, `user_activated_automatically`, `approval_number`, `organism_type`, `logo_path`, `last_update`, `configuration`, `dictionary`, `leader_responsible_id`, `security_manager_id`, `compliance_manager_id`, `head_teacher_id`, `assistant_head_teacher_id`, `chief_ground_instructor_id`, `chief_flight_instructor_id`) VALUES
(603, 49, 'test', 'test', 'test@test.fr', '0000000000', 'active', NULL, 1, '000000', 'association', NULL, NULL, '{\"validateSession\": false, \"studentSignatureAfterValidation\": true}', '{\"phase\": {\"color\": \"#000000\", \"label\": \"Phases\", \"bgColor\": \"#d6edff\"}, \"lesson\": {\"color\": \"#000000\", \"label\": \"Séances\", \"bgColor\": \"#8bccfd\"}, \"module\": {\"color\": \"#000000\", \"label\": \"Modules\", \"bgColor\": \"#42adff\"}, \"exercise\": {\"color\": \"#000000\", \"label\": \"Exercice\", \"bgColor\": \"#ebfaff\"}, \"moduleGroup\": {\"color\": \"#000000\", \"label\": \"Groupe de modules\", \"bgColor\": \"#008efa\"}, \"exerciseItem\": {\"color\": \"#000000\", \"label\": \"Étape\", \"bgColor\": \"#ffffff\"}, \"exercisesGroup\": {\"color\": \"#000000\", \"label\": \"Groupe d\'exercices\", \"bgColor\": \"#bde7f4\"}}', 76, 50, 50, 77, 61, 76, 50),
(626, 73, 'ZZZZ', 'Base test mars 2022', '', '', 'active', NULL, 1, '1234567890', 'association', NULL, NULL, '{\"validateSession\": false, \"studentSignatureAfterValidation\": true}', '{\"phase\": {\"color\": \"#000000\", \"label\": \"Phase\", \"bgColor\": \"#ffffff\"}, \"lesson\": {\"color\": \"#000000\", \"label\": \"Séance\", \"bgColor\": \"#94d1ff\"}, \"module\": {\"color\": \"#000000\", \"label\": \"Module\", \"bgColor\": \"#ffffff\"}, \"exercise\": {\"color\": \"#000000\", \"label\": \"Exercice\", \"bgColor\": \"#ffffff\"}, \"moduleGroup\": {\"color\": \"#000000\", \"label\": \"Groupe de modules\", \"bgColor\": \"#ffffff\"}, \"exerciseItem\": {\"color\": \"#000000\", \"label\": \"Étape\", \"bgColor\": \"#ffffff\"}, \"exercisesGroup\": {\"color\": \"#000000\", \"label\": \"Groupe d\'exercices\", \"bgColor\": \"#ffffff\"}}', NULL, NULL, NULL, 121, NULL, NULL, NULL),
(627, 77, 'ZZZZ', 'Thibault Palfroy', '', '', 'active', NULL, 1, '1234', 'association', NULL, NULL, '{\"validateSession\": false, \"studentSignatureAfterValidation\": true}', '{\"phase\": {\"color\": \"#000000\", \"label\": \"Groupe\", \"bgColor\": \"#fde7d3\"}, \"lesson\": {\"color\": \"#000000\", \"label\": \"Programme\", \"bgColor\": \"#bde6ff\"}, \"module\": {\"color\": \"#000000\", \"label\": \"PHASE\", \"bgColor\": \"#bef4ed\"}, \"exercise\": {\"color\": \"#000000\", \"label\": \"Exercice\", \"bgColor\": \"#ffffff\"}, \"moduleGroup\": {\"color\": \"#000000\", \"label\": \"Groupe de modules\", \"bgColor\": \"#ffffff\"}, \"exerciseItem\": {\"color\": \"#000000\", \"label\": \"Etape\", \"bgColor\": \"#ffffff\"}, \"exercisesGroup\": {\"color\": \"#000000\", \"label\": \"Groupe d\'exercices\", \"bgColor\": \"#ffffff\"}}', NULL, NULL, NULL, NULL, NULL, NULL, NULL);

-- --------------------------------------------------------

--
-- Structure de la table `ato_counter_type_value`
--

CREATE TABLE `ato_counter_type_value` (
  `ato_id` int NOT NULL,
  `counter_type_value_id` int NOT NULL
) ENGINE=InnoDB DEFAULT CHARSET=utf8mb4 COLLATE=utf8mb4_unicode_ci;

--
-- Déchargement des données de la table `ato_counter_type_value`
--

INSERT INTO `ato_counter_type_value` (`ato_id`, `counter_type_value_id`) VALUES
(603, 1),
(603, 2),
(603, 3),
(603, 4),
(603, 5),
(603, 6),
(603, 7),
(603, 8),
(603, 9),
(603, 10),
(603, 11),
(603, 12),
(603, 13),
(603, 14),
(603, 15),
(603, 20),
(603, 28),
(603, 29),
(603, 30),
(603, 31),
(603, 32),
(603, 34),
(603, 35),
(603, 36),
(603, 37),
(603, 38),
(603, 39),
(603, 44),
(603, 45),
(603, 49),
(603, 50),
(603, 51),
(603, 52),
(603, 53),
(603, 54),
(626, 1),
(626, 2),
(626, 3),
(626, 4),
(626, 5),
(626, 6),
(626, 7),
(626, 8),
(626, 9),
(626, 10),
(626, 11),
(626, 12),
(626, 13),
(626, 14),
(626, 15),
(626, 75),
(627, 1),
(627, 2),
(627, 3),
(627, 4),
(627, 5),
(627, 6),
(627, 7),
(627, 8),
(627, 9),
(627, 10),
(627, 11),
(627, 12),
(627, 13),
(627, 14),
(627, 15),
(627, 79);

-- --------------------------------------------------------

--
-- Structure de la table `ato_instructor_skill`
--

CREATE TABLE `ato_instructor_skill` (
  `ato_id` int NOT NULL,
  `instructor_skill_id` int NOT NULL
) ENGINE=InnoDB DEFAULT CHARSET=utf8mb4 COLLATE=utf8mb4_unicode_ci;

--
-- Déchargement des données de la table `ato_instructor_skill`
--

INSERT INTO `ato_instructor_skill` (`ato_id`, `instructor_skill_id`) VALUES
(603, 15),
(603, 17),
(603, 18),
(603, 19),
(626, 20);

-- --------------------------------------------------------

--
-- Structure de la table `ato_role`
--

CREATE TABLE `ato_role` (
  `id` int NOT NULL,
  `name` varchar(255) CHARACTER SET utf8mb4 COLLATE utf8mb4_unicode_ci NOT NULL,
  `rights` longtext CHARACTER SET utf8mb4 COLLATE utf8mb4_unicode_ci NOT NULL COMMENT '(DC2Type:array)',
  `ato_id` int NOT NULL,
  `start_flight` tinyint(1) NOT NULL,
  `validate_session` tinyint(1) NOT NULL
) ENGINE=InnoDB DEFAULT CHARSET=utf8mb4 COLLATE=utf8mb4_unicode_ci;

--
-- Déchargement des données de la table `ato_role`
--

INSERT INTO `ato_role` (`id`, `name`, `rights`, `ato_id`, `start_flight`, `validate_session`) VALUES
(111, 'Admins', 'a:10:{s:9:\"All users\";a:5:{i:0;s:4:\"list\";i:1;s:4:\"view\";i:2;s:6:\"create\";i:3;s:4:\"edit\";i:4;s:6:\"delete\";}s:11:\"instructors\";a:5:{i:0;s:4:\"list\";i:1;s:4:\"view\";i:2;s:6:\"create\";i:3;s:4:\"edit\";i:4;s:6:\"delete\";}s:8:\"students\";a:5:{i:0;s:4:\"list\";i:1;s:4:\"view\";i:2;s:6:\"create\";i:3;s:4:\"edit\";i:4;s:6:\"delete\";}s:5:\"roles\";a:5:{i:0;s:4:\"list\";i:1;s:4:\"view\";i:2;s:6:\"create\";i:3;s:4:\"edit\";i:4;s:6:\"delete\";}s:3:\"ato\";a:5:{i:0;s:4:\"list\";i:1;s:4:\"view\";i:2;s:6:\"create\";i:3;s:4:\"edit\";i:4;s:6:\"delete\";}s:9:\"resources\";a:5:{i:0;s:4:\"list\";i:1;s:4:\"view\";i:2;s:6:\"create\";i:3;s:4:\"edit\";i:4;s:6:\"delete\";}s:10:\"formations\";a:5:{i:0;s:4:\"list\";i:1;s:4:\"view\";i:2;s:6:\"create\";i:3;s:4:\"edit\";i:4;s:6:\"delete\";}s:14:\"qualifications\";a:5:{i:0;s:4:\"list\";i:1;s:4:\"view\";i:2;s:6:\"create\";i:3;s:4:\"edit\";i:4;s:6:\"delete\";}s:8:\"counters\";a:5:{i:0;s:4:\"list\";i:1;s:4:\"view\";i:2;s:6:\"create\";i:3;s:4:\"edit\";i:4;s:6:\"delete\";}s:12:\"ratingSystem\";a:5:{i:0;s:4:\"list\";i:1;s:4:\"view\";i:2;s:6:\"create\";i:3;s:4:\"edit\";i:4;s:6:\"delete\";}}', 603, 0, 0),
(112, 'Instructeurs', 'a:8:{s:9:\"All users\";a:2:{i:0;s:4:\"list\";i:1;s:4:\"view\";}s:11:\"instructors\";a:2:{i:0;s:4:\"list\";i:1;s:4:\"view\";}s:8:\"students\";a:4:{i:0;s:4:\"list\";i:1;s:4:\"view\";i:2;s:6:\"create\";i:3;s:4:\"edit\";}s:5:\"roles\";a:2:{i:0;s:4:\"list\";i:1;s:4:\"view\";}s:3:\"ato\";a:0:{}s:9:\"resources\";a:2:{i:0;s:4:\"list\";i:1;s:4:\"view\";}s:10:\"formations\";a:2:{i:0;s:4:\"list\";i:1;s:4:\"view\";}s:14:\"qualifications\";a:2:{i:0;s:4:\"list\";i:1;s:4:\"view\";}}', 603, 1, 0),
(113, 'Etudiants', 'a:4:{s:10:\"formations\";a:0:{}s:9:\"All users\";a:0:{}s:11:\"instructors\";a:0:{}s:8:\"students\";a:0:{}}', 603, 0, 0),
(145, 'Responsable pédagogique', 'a:10:{s:9:\"All users\";a:5:{i:0;s:4:\"list\";i:1;s:4:\"view\";i:2;s:6:\"create\";i:3;s:4:\"edit\";i:4;s:6:\"delete\";}s:11:\"instructors\";a:5:{i:0;s:4:\"list\";i:1;s:4:\"view\";i:2;s:6:\"create\";i:3;s:4:\"edit\";i:4;s:6:\"delete\";}s:8:\"students\";a:5:{i:0;s:4:\"list\";i:1;s:4:\"view\";i:2;s:6:\"create\";i:3;s:4:\"edit\";i:4;s:6:\"delete\";}s:5:\"roles\";a:5:{i:0;s:6:\"delete\";i:1;s:4:\"edit\";i:2;s:6:\"create\";i:3;s:4:\"view\";i:4;s:4:\"list\";}s:3:\"ato\";a:5:{i:0;s:4:\"list\";i:1;s:4:\"view\";i:2;s:6:\"create\";i:3;s:4:\"edit\";i:4;s:6:\"delete\";}s:9:\"resources\";a:5:{i:0;s:6:\"delete\";i:1;s:4:\"edit\";i:2;s:6:\"create\";i:3;s:4:\"view\";i:4;s:4:\"list\";}s:10:\"formations\";a:5:{i:0;s:4:\"list\";i:1;s:4:\"view\";i:2;s:6:\"create\";i:3;s:4:\"edit\";i:4;s:6:\"delete\";}s:14:\"qualifications\";a:5:{i:0;s:4:\"list\";i:1;s:4:\"view\";i:2;s:6:\"create\";i:3;s:4:\"edit\";i:4;s:6:\"delete\";}s:8:\"counters\";a:5:{i:0;s:6:\"delete\";i:1;s:4:\"edit\";i:2;s:6:\"create\";i:3;s:4:\"view\";i:4;s:4:\"list\";}s:12:\"ratingSystem\";a:5:{i:0;s:4:\"list\";i:1;s:4:\"view\";i:2;s:6:\"create\";i:3;s:4:\"edit\";i:4;s:6:\"delete\";}}', 603, 0, 1),
(171, 'DGAC', 'a:5:{s:9:\"All users\";a:2:{i:0;s:4:\"list\";i:1;s:4:\"view\";}s:8:\"students\";a:2:{i:0;s:4:\"list\";i:1;s:4:\"view\";}s:10:\"formations\";a:2:{i:0;s:4:\"list\";i:1;s:4:\"view\";}s:14:\"qualifications\";a:2:{i:0;s:4:\"list\";i:1;s:4:\"view\";}s:12:\"ratingSystem\";a:2:{i:0;s:4:\"list\";i:1;s:4:\"view\";}}', 603, 0, 0),
(175, 'Admins', 'a:10:{s:9:\"All users\";a:5:{i:0;s:4:\"list\";i:1;s:4:\"view\";i:2;s:6:\"create\";i:3;s:4:\"edit\";i:4;s:6:\"delete\";}s:11:\"instructors\";a:5:{i:0;s:4:\"list\";i:1;s:4:\"view\";i:2;s:6:\"create\";i:3;s:4:\"edit\";i:4;s:6:\"delete\";}s:8:\"students\";a:5:{i:0;s:4:\"list\";i:1;s:4:\"view\";i:2;s:6:\"create\";i:3;s:4:\"edit\";i:4;s:6:\"delete\";}s:5:\"roles\";a:5:{i:0;s:4:\"list\";i:1;s:4:\"view\";i:2;s:6:\"create\";i:3;s:4:\"edit\";i:4;s:6:\"delete\";}s:3:\"ato\";a:5:{i:0;s:4:\"list\";i:1;s:4:\"view\";i:2;s:6:\"create\";i:3;s:4:\"edit\";i:4;s:6:\"delete\";}s:9:\"resources\";a:5:{i:0;s:4:\"list\";i:1;s:4:\"view\";i:2;s:6:\"create\";i:3;s:4:\"edit\";i:4;s:6:\"delete\";}s:10:\"formations\";a:5:{i:0;s:4:\"list\";i:1;s:4:\"view\";i:2;s:6:\"create\";i:3;s:4:\"edit\";i:4;s:6:\"delete\";}s:14:\"qualifications\";a:5:{i:0;s:4:\"list\";i:1;s:4:\"view\";i:2;s:6:\"create\";i:3;s:4:\"edit\";i:4;s:6:\"delete\";}s:8:\"counters\";a:5:{i:0;s:4:\"list\";i:1;s:4:\"view\";i:2;s:6:\"create\";i:3;s:4:\"edit\";i:4;s:6:\"delete\";}s:12:\"ratingSystem\";a:5:{i:0;s:4:\"list\";i:1;s:4:\"view\";i:2;s:6:\"create\";i:3;s:4:\"edit\";i:4;s:6:\"delete\";}}', 626, 1, 1),
(176, 'Instructeurs', 'O:43:\"Doctrine\\Common\\Collections\\ArrayCollection\":1:{s:53:\"\0Doctrine\\Common\\Collections\\ArrayCollection\0elements\";a:0:{}}', 626, 1, 0),
(177, 'Etudiants', 'O:43:\"Doctrine\\Common\\Collections\\ArrayCollection\":1:{s:53:\"\0Doctrine\\Common\\Collections\\ArrayCollection\0elements\";a:0:{}}', 626, 0, 0),
(178, 'Admins', 'a:10:{s:9:\"All users\";a:5:{i:0;s:4:\"list\";i:1;s:4:\"view\";i:2;s:6:\"create\";i:3;s:4:\"edit\";i:4;s:6:\"delete\";}s:11:\"instructors\";a:5:{i:0;s:4:\"list\";i:1;s:4:\"view\";i:2;s:6:\"create\";i:3;s:4:\"edit\";i:4;s:6:\"delete\";}s:8:\"students\";a:5:{i:0;s:4:\"list\";i:1;s:4:\"view\";i:2;s:6:\"create\";i:3;s:4:\"edit\";i:4;s:6:\"delete\";}s:5:\"roles\";a:5:{i:0;s:4:\"list\";i:1;s:4:\"view\";i:2;s:6:\"create\";i:3;s:4:\"edit\";i:4;s:6:\"delete\";}s:3:\"ato\";a:5:{i:0;s:4:\"list\";i:1;s:4:\"view\";i:2;s:6:\"create\";i:3;s:4:\"edit\";i:4;s:6:\"delete\";}s:9:\"resources\";a:5:{i:0;s:4:\"list\";i:1;s:4:\"view\";i:2;s:6:\"create\";i:3;s:4:\"edit\";i:4;s:6:\"delete\";}s:10:\"formations\";a:5:{i:0;s:4:\"list\";i:1;s:4:\"view\";i:2;s:6:\"create\";i:3;s:4:\"edit\";i:4;s:6:\"delete\";}s:14:\"qualifications\";a:5:{i:0;s:4:\"list\";i:1;s:4:\"view\";i:2;s:6:\"create\";i:3;s:4:\"edit\";i:4;s:6:\"delete\";}s:8:\"counters\";a:5:{i:0;s:4:\"list\";i:1;s:4:\"view\";i:2;s:6:\"create\";i:3;s:4:\"edit\";i:4;s:6:\"delete\";}s:12:\"ratingSystem\";a:5:{i:0;s:4:\"list\";i:1;s:4:\"view\";i:2;s:6:\"create\";i:3;s:4:\"edit\";i:4;s:6:\"delete\";}}', 627, 1, 1),
(179, 'Instructeurs', 'a:9:{s:10:\"formations\";a:4:{i:0;s:4:\"view\";i:1;s:4:\"list\";i:2;s:6:\"create\";i:3;s:4:\"edit\";}s:9:\"All users\";a:4:{i:0;s:4:\"view\";i:1;s:4:\"list\";i:2;s:6:\"create\";i:3;s:4:\"edit\";}s:11:\"instructors\";a:4:{i:0;s:4:\"list\";i:1;s:4:\"view\";i:2;s:6:\"create\";i:3;s:4:\"edit\";}s:8:\"students\";a:4:{i:0;s:4:\"list\";i:1;s:4:\"view\";i:2;s:6:\"create\";i:3;s:4:\"edit\";}s:5:\"roles\";a:4:{i:0;s:4:\"list\";i:1;s:4:\"view\";i:2;s:6:\"create\";i:3;s:4:\"edit\";}s:9:\"resources\";a:4:{i:0;s:4:\"list\";i:1;s:4:\"view\";i:2;s:6:\"create\";i:3;s:4:\"edit\";}s:14:\"qualifications\";a:4:{i:0;s:4:\"list\";i:1;s:4:\"view\";i:2;s:6:\"create\";i:3;s:4:\"edit\";}s:8:\"counters\";a:4:{i:0;s:4:\"list\";i:1;s:4:\"view\";i:2;s:6:\"create\";i:3;s:4:\"edit\";}s:12:\"ratingSystem\";a:4:{i:0;s:4:\"list\";i:1;s:4:\"view\";i:2;s:6:\"create\";i:3;s:4:\"edit\";}}', 627, 1, 0),
(180, 'Stagaires', 'a:2:{s:10:\"formations\";a:1:{i:0;s:4:\"view\";}s:9:\"resources\";a:0:{}}', 627, 0, 0);

-- --------------------------------------------------------

--
-- Structure de la table `ato_user`
--

CREATE TABLE `ato_user` (
  `id` int NOT NULL,
  `ato_id` int NOT NULL,
  `user_id` char(36) CHARACTER SET utf8mb4 COLLATE utf8mb4_unicode_ci NOT NULL COMMENT '(DC2Type:guid)',
  `validate_at` datetime DEFAULT NULL
) ENGINE=InnoDB DEFAULT CHARSET=utf8mb4 COLLATE=utf8mb4_unicode_ci;

--
-- Déchargement des données de la table `ato_user`
--

INSERT INTO `ato_user` (`id`, `ato_id`, `user_id`, `validate_at`) VALUES
(50, 603, 'f96aea32-fdd3-4190-9a61-04ecc4104f5e', '2022-02-26 21:07:08'),
(56, 603, 'bb7b6793-9688-11eb-a36d-089798b0d1ad', '2021-04-06 03:32:37'),
(57, 603, 'bb8e0dd1-9688-11eb-a36d-089798b0d1ad', '2022-01-09 17:21:54'),
(58, 603, 'bb9ffed2-9688-11eb-a36d-089798b0d1ad', '2021-10-23 11:01:54'),
(59, 603, 'bbb22509-9688-11eb-a36d-089798b0d1ad', '2021-04-06 03:32:37'),
(60, 603, 'bbc41bba-9688-11eb-a36d-089798b0d1ad', '2021-04-06 03:32:37'),
(61, 603, 'bbd61348-9688-11eb-a36d-089798b0d1ad', '2021-04-06 03:32:37'),
(62, 603, 'bbe81d84-9688-11eb-a36d-089798b0d1ad', '2021-04-06 03:32:37'),
(63, 603, 'bbfa1cc1-9688-11eb-a36d-089798b0d1ad', '2021-04-06 03:32:37'),
(64, 603, 'bc0c2e5f-9688-11eb-a36d-089798b0d1ad', '2021-04-06 03:32:37'),
(65, 603, 'bc1e791a-9688-11eb-a36d-089798b0d1ad', '2021-04-06 03:32:38'),
(67, 603, '4e910a9f-96de-11eb-a36d-089798b0d1ad', '2021-04-06 13:45:10'),
(68, 603, '4ea5258f-96de-11eb-a36d-089798b0d1ad', '2021-04-06 13:45:11'),
(69, 603, '4eb9f58e-96de-11eb-a36d-089798b0d1ad', '2021-04-06 13:45:11'),
(70, 603, '4ece7057-96de-11eb-a36d-089798b0d1ad', '2021-04-06 13:45:11'),
(71, 603, '4ee20795-96de-11eb-a36d-089798b0d1ad', '2021-04-06 13:45:11'),
(72, 603, '4ef751cf-96de-11eb-a36d-089798b0d1ad', '2021-04-06 13:45:11'),
(74, 603, '4f201d24-96de-11eb-a36d-089798b0d1ad', '2021-04-06 13:45:11'),
(75, 603, '4f339837-96de-11eb-a36d-089798b0d1ad', '2021-04-06 13:45:12'),
(76, 603, '2be64b2c-1cdc-45cf-a43e-b095857384de', '2022-03-04 14:06:16'),
(77, 603, 'f3ea90dd-ca78-400b-a099-07f18157e954', '2021-10-22 11:53:52'),
(98, 603, '18f25d6a-119e-11ec-acae-d60414d71c23', '2022-01-06 15:36:50'),
(99, 603, '3f6be5e0-119e-11ec-acae-d60414d71c23', '2022-01-06 15:13:36'),
(100, 603, '4e2e40d5-119e-11ec-acae-d60414d71c23', '2022-01-06 15:13:54'),
(101, 603, '58061cac-119e-11ec-acae-d60414d71c23', '2022-01-06 16:41:54'),
(103, 603, 'fe77b7e2-706f-11ec-9b22-d60414d71c23', '2022-01-08 10:44:33'),
(119, 603, 'aa671f5e-94cc-11ec-8aeb-d60414d71c23', NULL),
(121, 626, 'f3ea90dd-ca78-400b-a099-07f18157e954', '2022-03-26 07:33:57'),
(122, 626, '4e2e40d5-119e-11ec-acae-d60414d71c23', '2022-03-17 10:20:13'),
(123, 626, '2be64b2c-1cdc-45cf-a43e-b095857384de', '2022-03-25 10:27:23'),
(124, 626, '18f25d6a-119e-11ec-acae-d60414d71c23', '2022-03-17 10:31:34'),
(125, 626, 'f96aea32-fdd3-4190-9a61-04ecc4104f5e', '2022-03-17 16:37:03'),
(126, 627, 'f3ea90dd-ca78-400b-a099-07f18157e954', '2022-03-22 10:06:03'),
(127, 627, '4e2e40d5-119e-11ec-acae-d60414d71c23', '2022-03-22 10:08:08');

-- --------------------------------------------------------

--
-- Structure de la table `ato_user_action`
--

CREATE TABLE `ato_user_action` (
  `id` int NOT NULL,
  `action_id` int NOT NULL,
  `ato_user_id` int NOT NULL,
  `state` varchar(255) CHARACTER SET utf8mb4 COLLATE utf8mb4_unicode_ci NOT NULL,
  `validate_at` datetime DEFAULT NULL
) ENGINE=InnoDB DEFAULT CHARSET=utf8mb4 COLLATE=utf8mb4_unicode_ci;

-- --------------------------------------------------------

--
-- Structure de la table `ato_user_ato_role`
--

CREATE TABLE `ato_user_ato_role` (
  `ato_user_id` int NOT NULL,
  `ato_role_id` int NOT NULL
) ENGINE=InnoDB DEFAULT CHARSET=utf8mb4 COLLATE=utf8mb4_unicode_ci;

--
-- Déchargement des données de la table `ato_user_ato_role`
--

INSERT INTO `ato_user_ato_role` (`ato_user_id`, `ato_role_id`) VALUES
(50, 111),
(50, 112),
(50, 145),
(56, 113),
(57, 113),
(58, 113),
(59, 112),
(60, 111),
(61, 113),
(62, 111),
(63, 111),
(64, 113),
(65, 111),
(67, 113),
(68, 113),
(69, 113),
(70, 111),
(71, 112),
(72, 112),
(74, 112),
(75, 113),
(76, 111),
(76, 112),
(76, 113),
(77, 111),
(77, 112),
(98, 112),
(98, 145),
(99, 112),
(100, 113),
(101, 113),
(103, 113),
(121, 175),
(121, 176),
(122, 177),
(123, 175),
(124, 176),
(125, 175),
(126, 178),
(126, 179),
(127, 180);

-- --------------------------------------------------------

--
-- Structure de la table `category_aircraft`
--

CREATE TABLE `category_aircraft` (
  `id` int NOT NULL,
  `name` varchar(255) CHARACTER SET utf8mb4 COLLATE utf8mb4_unicode_ci NOT NULL
) ENGINE=InnoDB DEFAULT CHARSET=utf8mb4 COLLATE=utf8mb4_unicode_ci;

--
-- Déchargement des données de la table `category_aircraft`
--

INSERT INTO `category_aircraft` (`id`, `name`) VALUES
(7, 'PLANE'),
(8, 'SEA PLANE'),
(9, 'HELICOPTER'),
(10, 'ULTRA-LIGHT'),
(11, 'MOTOGLIDER'),
(12, 'GLIDER'),
(13, 'test catégorie');

-- --------------------------------------------------------

--
-- Structure de la table `classroom`
--

CREATE TABLE `classroom` (
  `id` int NOT NULL,
  `nb_places` int DEFAULT NULL,
  `additional_information` longtext CHARACTER SET utf8mb4 COLLATE utf8mb4_unicode_ci
) ENGINE=InnoDB DEFAULT CHARSET=utf8mb4 COLLATE=utf8mb4_unicode_ci;

--
-- Déchargement des données de la table `classroom`
--

INSERT INTO `classroom` (`id`, `nb_places`, `additional_information`) VALUES
(920, 30, 'Limite COVID 20');

-- --------------------------------------------------------

--
-- Structure de la table `class_aircraft`
--

CREATE TABLE `class_aircraft` (
  `id` int NOT NULL,
  `name` varchar(255) CHARACTER SET utf8mb4 COLLATE utf8mb4_unicode_ci NOT NULL
) ENGINE=InnoDB DEFAULT CHARSET=utf8mb4 COLLATE=utf8mb4_unicode_ci;

--
-- Déchargement des données de la table `class_aircraft`
--

INSERT INTO `class_aircraft` (`id`, `name`) VALUES
(23, 'SEP LAND'),
(24, 'AMPHIBIAN'),
(25, 'SET LAND'),
(26, 'SET'),
(27, 'CLASS 1'),
(28, 'CLASS 2'),
(29, 'CLASS 3'),
(30, 'CLASS 4'),
(31, 'CLASS 5'),
(32, 'CLASS 6'),
(33, 'TMG'),
(34, 'CLUB'),
(35, '15 M'),
(36, 'LIBRE'),
(37, 'STANDARD'),
(38, 'MONDIAL'),
(39, 'DUAL'),
(40, '18 M'),
(41, 'test classe');

-- --------------------------------------------------------

--
-- Structure de la table `class_aircraft_manufacturer_aircraft`
--

CREATE TABLE `class_aircraft_manufacturer_aircraft` (
  `class_aircraft_id` int NOT NULL,
  `manufacturer_aircraft_id` int NOT NULL
) ENGINE=InnoDB DEFAULT CHARSET=utf8mb4 COLLATE=utf8mb4_unicode_ci;

-- --------------------------------------------------------

--
-- Structure de la table `class_aircraft_model_aircraft`
--

CREATE TABLE `class_aircraft_model_aircraft` (
  `class_aircraft_id` int NOT NULL,
  `model_aircraft_id` int NOT NULL
) ENGINE=InnoDB DEFAULT CHARSET=utf8mb4 COLLATE=utf8mb4_unicode_ci;

--
-- Déchargement des données de la table `class_aircraft_model_aircraft`
--

INSERT INTO `class_aircraft_model_aircraft` (`class_aircraft_id`, `model_aircraft_id`) VALUES
(23, 147),
(23, 148),
(23, 149),
(23, 150),
(23, 151),
(23, 152),
(23, 153),
(23, 154),
(23, 155),
(23, 156),
(23, 157),
(23, 158),
(23, 159),
(23, 160),
(23, 161),
(23, 162),
(23, 163),
(23, 164),
(23, 165),
(23, 166),
(23, 167),
(23, 168),
(23, 169),
(23, 170),
(23, 171),
(23, 172),
(23, 173),
(23, 174),
(23, 175),
(23, 176),
(23, 177),
(23, 178),
(23, 179),
(23, 180),
(23, 181),
(23, 182),
(23, 183),
(23, 184),
(23, 185),
(23, 186),
(23, 187),
(23, 188),
(23, 189),
(23, 190),
(23, 191),
(23, 192),
(23, 193),
(23, 194),
(23, 195),
(23, 196),
(23, 197),
(23, 198),
(23, 199),
(23, 200),
(23, 201),
(23, 202),
(23, 203),
(23, 204),
(23, 205),
(23, 206),
(23, 207),
(23, 208),
(23, 209),
(23, 210),
(23, 211),
(23, 212),
(23, 213),
(23, 214),
(23, 215),
(23, 216),
(23, 217),
(23, 218),
(23, 219),
(23, 220),
(23, 221),
(23, 222),
(23, 223),
(23, 226),
(23, 227),
(23, 294),
(23, 295),
(23, 296),
(23, 297),
(23, 298),
(23, 299),
(23, 300),
(23, 301),
(23, 302),
(23, 303),
(23, 304),
(23, 305),
(23, 306),
(23, 307),
(23, 308),
(23, 309),
(23, 310),
(23, 311),
(23, 312),
(23, 313),
(23, 314),
(23, 315),
(23, 316),
(23, 317),
(23, 318),
(23, 319),
(23, 320),
(23, 321),
(23, 322),
(23, 323),
(23, 329),
(23, 330),
(23, 331),
(23, 332),
(23, 334),
(23, 335),
(23, 336),
(23, 337),
(23, 338),
(23, 339),
(23, 340),
(23, 341),
(23, 342),
(23, 343),
(23, 344),
(23, 346),
(23, 347),
(23, 348),
(23, 349),
(23, 350),
(23, 351),
(23, 352),
(23, 353),
(23, 354),
(23, 355),
(23, 356),
(23, 357),
(23, 358),
(23, 359),
(23, 360),
(23, 361),
(23, 362),
(23, 363),
(23, 367),
(23, 368),
(23, 369),
(23, 370),
(23, 371),
(23, 372),
(23, 373),
(23, 374),
(23, 375),
(23, 380),
(23, 382),
(23, 384),
(23, 385),
(23, 386),
(23, 387),
(23, 388),
(23, 389),
(23, 390),
(23, 391),
(23, 392),
(23, 393),
(23, 394),
(23, 395),
(23, 396),
(23, 397),
(23, 398),
(23, 399),
(23, 400),
(23, 401),
(23, 402),
(23, 403),
(23, 404),
(23, 405),
(23, 406),
(23, 407),
(23, 408),
(23, 409),
(23, 410),
(23, 411),
(23, 412),
(23, 413),
(23, 414),
(23, 415),
(23, 416),
(23, 417),
(23, 418),
(23, 419),
(23, 420),
(24, 233),
(24, 240),
(25, 224),
(25, 225),
(25, 228),
(25, 229),
(25, 230),
(25, 231),
(25, 232),
(25, 234),
(25, 235),
(25, 236),
(25, 237),
(25, 238),
(25, 239),
(25, 240),
(25, 324),
(25, 325),
(25, 326),
(25, 327),
(25, 328),
(25, 333),
(25, 345),
(25, 364),
(25, 365),
(25, 366),
(26, 241),
(26, 242),
(26, 243),
(26, 244),
(26, 245),
(26, 246),
(27, 247),
(27, 248),
(28, 249),
(28, 250),
(28, 251),
(28, 252),
(29, 253),
(29, 254),
(29, 255),
(29, 256),
(29, 376),
(29, 377),
(29, 378),
(29, 379),
(29, 381),
(30, 257),
(30, 258),
(30, 259),
(30, 260),
(31, 261),
(31, 262),
(31, 263),
(31, 264),
(31, 265),
(31, 266),
(31, 267),
(31, 268),
(31, 269),
(31, 270),
(31, 271),
(31, 272),
(31, 273),
(31, 274),
(31, 275),
(31, 276),
(32, 277),
(32, 383),
(33, 278),
(33, 279),
(33, 280),
(33, 281),
(33, 282),
(33, 283),
(33, 284),
(34, 285),
(34, 293),
(35, 286),
(36, 287),
(37, 288),
(38, 289),
(39, 290),
(39, 291),
(40, 292),
(41, 421);

-- --------------------------------------------------------

--
-- Structure de la table `class_aircraft_type_aircraft`
--

CREATE TABLE `class_aircraft_type_aircraft` (
  `class_aircraft_id` int NOT NULL,
  `type_aircraft_id` int NOT NULL
) ENGINE=InnoDB DEFAULT CHARSET=utf8mb4 COLLATE=utf8mb4_unicode_ci;

-- --------------------------------------------------------

--
-- Structure de la table `constraint`
--

CREATE TABLE `constraint` (
  `id` int NOT NULL,
  `instructor_skill_id` int DEFAULT NULL,
  `action_id` int DEFAULT NULL,
  `formation_item_id` int DEFAULT NULL,
  `parent_id` int NOT NULL,
  `type` varchar(255) CHARACTER SET utf8mb4 COLLATE utf8mb4_unicode_ci NOT NULL,
  `formation_item_constraint_type` varchar(255) CHARACTER SET utf8mb4 COLLATE utf8mb4_unicode_ci DEFAULT NULL
) ENGINE=InnoDB DEFAULT CHARSET=utf8mb4 COLLATE=utf8mb4_unicode_ci;

--
-- Déchargement des données de la table `constraint`
--

INSERT INTO `constraint` (`id`, `instructor_skill_id`, `action_id`, `formation_item_id`, `parent_id`, `type`, `formation_item_constraint_type`) VALUES
(84, 17, NULL, NULL, 23050, 'instructorCompetence', NULL),
(88, NULL, NULL, 23187, 23189, 'validation', 'success'),
(91, NULL, NULL, 12823, 12824, 'validation', 'success'),
(92, NULL, NULL, 12824, 12825, 'validation', 'success'),
(95, 20, NULL, NULL, 62278, 'instructorCompetence', NULL),
(109, NULL, NULL, 62635, 62640, 'validation', 'success'),
(116, NULL, NULL, 62882, 62887, 'validation', 'success'),
(123, NULL, NULL, 62430, 62425, 'validation', 'success'),
(135, NULL, NULL, 62888, 62889, 'validation', 'success'),
(136, NULL, NULL, 63640, 63636, 'validation', 'success'),
(140, NULL, NULL, 63668, 63664, 'validation', 'success'),
(141, NULL, NULL, 63668, 63669, 'validation', 'success'),
(146, NULL, NULL, 63678, 63679, 'validation', 'success'),
(150, NULL, NULL, 63684, 63685, 'validation', 'success'),
(153, NULL, NULL, 63708, 63704, 'validation', 'success'),
(154, NULL, NULL, 63708, 63709, 'validation', 'success'),
(158, NULL, NULL, 63784, 63785, 'validation', 'success'),
(159, NULL, NULL, 63790, 63791, 'validation', 'success');

-- --------------------------------------------------------

--
-- Structure de la table `counter_counter_type_value`
--

CREATE TABLE `counter_counter_type_value` (
  `counter_id` int NOT NULL,
  `counter_type_value_id` int NOT NULL
) ENGINE=InnoDB DEFAULT CHARSET=utf8mb4 COLLATE=utf8mb4_unicode_ci;

--
-- Déchargement des données de la table `counter_counter_type_value`
--

INSERT INTO `counter_counter_type_value` (`counter_id`, `counter_type_value_id`) VALUES
(232, 29),
(323, 30);

-- --------------------------------------------------------

--
-- Structure de la table `counter_group`
--

CREATE TABLE `counter_group` (
  `id` int NOT NULL,
  `type` varchar(255) CHARACTER SET utf8mb4 COLLATE utf8mb4_unicode_ci NOT NULL
) ENGINE=InnoDB DEFAULT CHARSET=utf8mb4 COLLATE=utf8mb4_unicode_ci;

--
-- Déchargement des données de la table `counter_group`
--

INSERT INTO `counter_group` (`id`, `type`) VALUES
(18, 'durationGroup'),
(30, 'durationGroupExclusive'),
(31, 'durationGroupExclusive'),
(32, 'durationGroupExclusive'),
(37, 'durationGroup'),
(57, 'durationGroup'),
(58, 'durationGroup'),
(59, 'durationGroup'),
(65, 'booleanGroupExclusive'),
(70, 'durationGroup');

-- --------------------------------------------------------

--
-- Structure de la table `counter_predefined_value`
--

CREATE TABLE `counter_predefined_value` (
  `id` int NOT NULL,
  `counter_type_id` int NOT NULL,
  `value` longtext CHARACTER SET utf8mb4 COLLATE utf8mb4_unicode_ci NOT NULL
) ENGINE=InnoDB DEFAULT CHARSET=utf8mb4 COLLATE=utf8mb4_unicode_ci;

--
-- Déchargement des données de la table `counter_predefined_value`
--

INSERT INTO `counter_predefined_value` (`id`, `counter_type_id`, `value`) VALUES
(1, 52, 'Très concentré'),
(2, 52, 'Concentré'),
(3, 52, 'Passif'),
(4, 52, 'N\'était pas dans l\'avion'),
(12, 69, ''),
(13, 69, ''),
(14, 69, ''),
(15, 69, ''),
(16, 69, ''),
(17, 69, ''),
(18, 69, ''),
(19, 69, ''),
(20, 69, ''),
(21, 69, '');

-- --------------------------------------------------------

--
-- Structure de la table `counter_type`
--

CREATE TABLE `counter_type` (
  `id` int NOT NULL,
  `value_type` varchar(255) CHARACTER SET utf8mb4 COLLATE utf8mb4_unicode_ci NOT NULL,
  `is_basic_counter` tinyint(1) DEFAULT NULL,
  `theoretical_counter` tinyint(1) NOT NULL,
  `add_on_session_end` tinyint(1) NOT NULL,
  `is_flight_characteristic` tinyint(1) NOT NULL,
  `display_on_booklet` tinyint(1) NOT NULL
) ENGINE=InnoDB DEFAULT CHARSET=utf8mb4 COLLATE=utf8mb4_unicode_ci;

--
-- Déchargement des données de la table `counter_type`
--

INSERT INTO `counter_type` (`id`, `value_type`, `is_basic_counter`, `theoretical_counter`, `add_on_session_end`, `is_flight_characteristic`, `display_on_booklet`) VALUES
(1, 'duration', 0, 0, 0, 1, 1),
(2, 'duration', 0, 0, 0, 1, 1),
(3, 'duration', 0, 0, 0, 1, 1),
(4, 'duration', 0, 0, 0, 1, 1),
(5, 'duration', 0, 0, 0, 1, 1),
(6, 'duration', 0, 1, 0, 0, 1),
(7, 'duration', 0, 0, 0, 1, 1),
(8, 'duration', 0, 0, 0, 1, 1),
(9, 'duration', 1, 0, 0, 0, 1),
(10, 'duration', 1, 0, 0, 0, 1),
(11, 'duration', 1, 0, 0, 0, 1),
(12, 'duration', 0, 0, 0, 1, 1),
(13, 'duration', 0, 0, 0, 1, 1),
(14, 'duration', 0, 0, 0, 1, 1),
(15, 'duration', 0, 0, 0, 1, 1),
(19, 'numeric', 0, 0, 1, 0, 1),
(20, 'duration', 0, 0, 1, 0, 1),
(23, 'duration', 0, 0, 1, 0, 1),
(28, 'duration', 0, 1, 0, 0, 1),
(29, 'duration', 0, 1, 0, 0, 1),
(34, 'duration', 1, 1, 1, 1, 1),
(35, 'boolean', 0, 0, 1, 0, 1),
(36, 'boolean', 0, 0, 1, 0, 1),
(38, 'duration', 0, 0, 1, 0, 1),
(39, 'duration', 0, 0, 1, 0, 1),
(40, 'duration', 0, 0, 1, 0, 1),
(41, 'duration', 0, 0, 1, 0, 1),
(44, 'duration', 0, 0, 1, 0, 1),
(45, 'duration', 0, 0, 1, 0, 1),
(49, 'duration', 0, 0, 1, 0, 1),
(50, 'numeric', 0, 0, 1, 0, 1),
(51, 'boolean', 0, 0, 1, 0, 1),
(52, 'value', 0, 0, 1, 0, 1),
(53, 'duration', 0, 0, 1, 0, 1),
(54, 'duration', 0, 0, 1, 0, 1),
(55, 'duration', 0, 0, 1, 0, 1),
(56, 'duration', 0, 0, 1, 0, 1),
(66, 'boolean', 1, 0, 0, 0, 0),
(67, 'boolean', 1, 0, 0, 0, 0),
(69, 'value', 0, 0, 0, 0, 0),
(71, 'duration', 0, 0, 1, 0, 1),
(75, 'boolean', 0, 0, 1, 0, 1),
(79, 'duration', 0, 1, 1, 0, 0);

-- --------------------------------------------------------

--
-- Structure de la table `counter_type_counter_group`
--

CREATE TABLE `counter_type_counter_group` (
  `counter_type_id` int NOT NULL,
  `counter_group_id` int NOT NULL
) ENGINE=InnoDB DEFAULT CHARSET=utf8mb4 COLLATE=utf8mb4_unicode_ci;

--
-- Déchargement des données de la table `counter_type_counter_group`
--

INSERT INTO `counter_type_counter_group` (`counter_type_id`, `counter_group_id`) VALUES
(1, 18),
(1, 30),
(1, 31),
(1, 32),
(1, 70),
(2, 37),
(2, 70),
(3, 18),
(4, 37),
(5, 70),
(7, 30),
(7, 31),
(7, 32),
(7, 37),
(9, 30),
(9, 37),
(10, 31),
(10, 32),
(12, 30),
(12, 31),
(12, 32),
(12, 37),
(14, 32),
(15, 30),
(15, 31),
(53, 57),
(53, 58),
(53, 59),
(54, 57),
(54, 58),
(54, 59);

-- --------------------------------------------------------

--
-- Structure de la table `counter_type_value`
--

CREATE TABLE `counter_type_value` (
  `id` int NOT NULL,
  `counter_type` varchar(255) CHARACTER SET utf8mb4 COLLATE utf8mb4_unicode_ci NOT NULL,
  `name` varchar(255) CHARACTER SET utf8mb4 COLLATE utf8mb4_unicode_ci NOT NULL,
  `import_on_ato_create` tinyint(1) NOT NULL
) ENGINE=InnoDB DEFAULT CHARSET=utf8mb4 COLLATE=utf8mb4_unicode_ci;

--
-- Déchargement des données de la table `counter_type_value`
--

INSERT INTO `counter_type_value` (`id`, `counter_type`, `name`, `import_on_ato_create`) VALUES
(1, 'counter_type', 'SEP', 1),
(2, 'counter_type', 'MEP', 1),
(3, 'counter_type', 'SIMU FNPT II', 1),
(4, 'counter_type', 'SIMU FNPT II MCC', 1),
(5, 'counter_type', 'SIMU', 1),
(6, 'counter_type', 'Théorique', 1),
(7, 'counter_type', 'VFR', 1),
(8, 'counter_type', 'IFR', 1),
(9, 'counter_type', 'DUAL', 1),
(10, 'counter_type', 'PIC', 1),
(11, 'counter_type', 'SPIC', 1),
(12, 'counter_type', 'Day', 1),
(13, 'counter_type', 'Night', 1),
(14, 'counter_type', 'X-Country', 1),
(15, 'counter_type', 'Local', 1),
(18, 'counter_group', 'test 5', 0),
(19, 'counter_type', 'test 4', 0),
(20, 'counter_type', 'dfghfds', 0),
(23, 'counter_type', '', 0),
(28, 'counter_type', 'Bilan fin de phase', 0),
(29, 'counter_type', 'Théorique ATPi', 0),
(30, 'counter_group', 'Module 1', 0),
(31, 'counter_group', 'Module 2-1', 0),
(32, 'counter_group', 'Module 2-2', 0),
(34, 'counter_type', 'ertyujiklm', 0),
(35, 'counter_type', 'Validation 1', 0),
(36, 'counter_type', 'Validationytr', 0),
(37, 'counter_group', 'FIN DE PHASE', 0),
(38, 'counter_type', 'Statut', 0),
(39, 'counter_type', 'test 5', 0),
(40, 'counter_type', 'testtest', 0),
(41, 'counter_type', 'test', 0),
(44, 'counter_type', '27/12/2021 test', 0),
(45, 'counter_type', 'trez', 0),
(49, 'counter_type', 'Attente avant décollage', 0),
(50, 'counter_type', 'TDP', 0),
(51, 'counter_type', 'La météo est-elle bonne ?', 0),
(52, 'counter_type', 'Attitude de l\'élève', 0),
(53, 'counter_type', 'Temps de montée', 0),
(54, 'counter_type', 'Temps de descente', 0),
(55, 'counter_type', 'Temps de montée', 0),
(56, 'counter_type', 'Temps de descente', 0),
(57, 'counter_group', 'Temps montée/descente', 0),
(58, 'counter_group', 'Temps montée/descente', 0),
(59, 'counter_group', 'Temps', 0),
(65, 'counter_group', 'Attitude de l\'élève', 0),
(66, 'counter_type', 'Opérationnel', 0),
(67, 'counter_type', 'Conscience', 0),
(69, 'counter_type', 'Validation par choix', 0),
(70, 'counter_group', 'test 4', 0),
(71, 'counter_type', 'test 1', 0),
(75, 'counter_type', 'Validation', 0),
(79, 'counter_type', 'Bilan fin de phase', 0);

-- --------------------------------------------------------

--
-- Structure de la table `engine_type_aircraft`
--

CREATE TABLE `engine_type_aircraft` (
  `id` int NOT NULL,
  `name` varchar(255) CHARACTER SET utf8mb4 COLLATE utf8mb4_unicode_ci NOT NULL
) ENGINE=InnoDB DEFAULT CHARSET=utf8mb4 COLLATE=utf8mb4_unicode_ci;

--
-- Déchargement des données de la table `engine_type_aircraft`
--

INSERT INTO `engine_type_aircraft` (`id`, `name`) VALUES
(4, 'Piston'),
(5, 'Turboprop'),
(6, 'None'),
(7, 'Turbofan'),
(8, 'test motorisation');

-- --------------------------------------------------------

--
-- Structure de la table `extra_lesson`
--

CREATE TABLE `extra_lesson` (
  `id` int NOT NULL,
  `lesson_id` int DEFAULT NULL,
  `formation_id` int NOT NULL,
  `is_theoretical` tinyint(1) NOT NULL,
  `name` varchar(255) CHARACTER SET utf8mb4 COLLATE utf8mb4_unicode_ci NOT NULL,
  `goals` longtext CHARACTER SET utf8mb4 COLLATE utf8mb4_unicode_ci,
  `duration` int DEFAULT NULL,
  `is_test` tinyint(1) NOT NULL,
  `description` longtext CHARACTER SET utf8mb4 COLLATE utf8mb4_unicode_ci
) ENGINE=InnoDB DEFAULT CHARSET=utf8mb4 COLLATE=utf8mb4_unicode_ci;

--
-- Déchargement des données de la table `extra_lesson`
--

INSERT INTO `extra_lesson` (`id`, `lesson_id`, `formation_id`, `is_theoretical`, `name`, `goals`, `duration`, `is_test`, `description`) VALUES
(1, NULL, 287, 0, 'uuuu', 'ryurtyuuy', 0, 0, 'uuuytujuyrt'),
(2, NULL, 315, 0, 'S1', '', 0, 1, ''),
(3, 62311, 300, 0, '1', '', 0, 0, ''),
(4, NULL, 315, 0, '', '', 0, 0, NULL),
(5, NULL, 315, 0, '', '', 0, 0, NULL),
(6, NULL, 315, 0, 'S1', '', 0, 1, ''),
(7, NULL, 315, 0, '', '', 0, 0, NULL),
(8, NULL, 315, 0, 'S1', '', 0, 1, ''),
(9, NULL, 315, 0, '', '', 0, 0, NULL),
(10, NULL, 315, 0, 'S1', '', 0, 1, ''),
(11, NULL, 327, 0, '', '', 0, 0, NULL),
(12, NULL, 327, 0, '', '', 0, 0, NULL),
(13, NULL, 327, 0, '', '', 0, 0, NULL),
(14, NULL, 315, 0, 'S1', '', 0, 1, ''),
(15, NULL, 327, 0, '', '', 0, 0, NULL),
(16, NULL, 315, 0, 'S1', '', 0, 1, ''),
(17, NULL, 329, 0, '', '', 0, 0, NULL),
(18, NULL, 329, 0, '', '', 0, 0, NULL),
(24, 63449, 327, 0, 'S1', '', 0, 0, ''),
(26, 63450, 327, 0, 'S2 extraaaaaaaaaaa', '', 0, 0, ''),
(28, NULL, 350, 0, 'Extra au-delà de la dernière', '', 0, 0, NULL);

-- --------------------------------------------------------

--
-- Structure de la table `extra_lesson_skills`
--

CREATE TABLE `extra_lesson_skills` (
  `extra_lesson_id` int NOT NULL,
  `skills_id` int NOT NULL
) ENGINE=InnoDB DEFAULT CHARSET=utf8mb4 COLLATE=utf8mb4_unicode_ci;

-- --------------------------------------------------------

--
-- Structure de la table `formation`
--

CREATE TABLE `formation` (
  `id` int NOT NULL,
  `lesson_notation_id` int DEFAULT NULL,
  `exercises_notation_id` int DEFAULT NULL,
  `exercise_decomposition_notation_id` int DEFAULT NULL,
  `name` varchar(255) CHARACTER SET utf8mb4 COLLATE utf8mb4_unicode_ci NOT NULL,
  `subname` varchar(255) CHARACTER SET utf8mb4 COLLATE utf8mb4_unicode_ci DEFAULT NULL,
  `code` varchar(255) CHARACTER SET utf8mb4 COLLATE utf8mb4_unicode_ci NOT NULL,
  `version` varchar(255) CHARACTER SET utf8mb4 COLLATE utf8mb4_unicode_ci NOT NULL,
  `description` longtext CHARACTER SET utf8mb4 COLLATE utf8mb4_unicode_ci,
  `goals` longtext CHARACTER SET utf8mb4 COLLATE utf8mb4_unicode_ci,
  `duration` int DEFAULT NULL,
  `is_theoretical` tinyint(1) NOT NULL,
  `use_theoretical_counters` tinyint(1) NOT NULL,
  `theoretical_lesson_in_practical_formation` tinyint(1) NOT NULL,
  `time_bloc_management` tinyint(1) NOT NULL,
  `flight_time_managment` tinyint(1) NOT NULL,
  `use_base_counters` tinyint(1) NOT NULL,
  `flight_characteristics` tinyint(1) NOT NULL,
  `use_not_technical_skills` tinyint(1) NOT NULL,
  `comment_on_not_technical_skills` tinyint(1) NOT NULL,
  `use_color_code_for_not_technical_skills` tinyint(1) NOT NULL,
  `use_modules_group` tinyint(1) NOT NULL,
  `use_modules` tinyint(1) NOT NULL,
  `use_phases` tinyint(1) NOT NULL,
  `use_exercises_group` tinyint(1) NOT NULL,
  `use_exercises` tinyint(1) NOT NULL,
  `use_technical_skills` tinyint(1) NOT NULL,
  `use_exercises_decomposition` tinyint(1) NOT NULL,
  `is_active` tinyint(1) NOT NULL,
  `use_practical_counter` tinyint(1) NOT NULL,
  `use_formation_duration` tinyint(1) NOT NULL,
  `use_exercise_decomposition_notation` tinyint(1) NOT NULL,
  `use_exercises_comments` tinyint(1) NOT NULL,
  `created_at` datetime NOT NULL,
  `last_modification` datetime DEFAULT NULL,
  `enable_student_self_evaluation` tinyint(1) NOT NULL,
  `is_draft` tinyint(1) NOT NULL,
  `items` json DEFAULT NULL,
  `formation_create_step_on_save` int DEFAULT NULL,
  `ato_id` int DEFAULT NULL
) ENGINE=InnoDB DEFAULT CHARSET=utf8mb4 COLLATE=utf8mb4_unicode_ci;

--
-- Déchargement des données de la table `formation`
--

INSERT INTO `formation` (`id`, `lesson_notation_id`, `exercises_notation_id`, `exercise_decomposition_notation_id`, `name`, `subname`, `code`, `version`, `description`, `goals`, `duration`, `is_theoretical`, `use_theoretical_counters`, `theoretical_lesson_in_practical_formation`, `time_bloc_management`, `flight_time_managment`, `use_base_counters`, `flight_characteristics`, `use_not_technical_skills`, `comment_on_not_technical_skills`, `use_color_code_for_not_technical_skills`, `use_modules_group`, `use_modules`, `use_phases`, `use_exercises_group`, `use_exercises`, `use_technical_skills`, `use_exercises_decomposition`, `is_active`, `use_practical_counter`, `use_formation_duration`, `use_exercise_decomposition_notation`, `use_exercises_comments`, `created_at`, `last_modification`, `enable_student_self_evaluation`, `is_draft`, `items`, `formation_create_step_on_save`, `ato_id`) VALUES
(207, 57, 57, NULL, 'Formation de test', '', '001', '001', '', '', 0, 0, 0, 1, 1, 0, 1, 1, 1, 0, 0, 0, 0, 0, 0, 1, 1, 0, 0, 0, 0, 0, 0, '2021-10-20 23:10:19', '2021-08-29 02:50:19', 0, 0, '[]', 0, 603);
INSERT INTO `formation` (`id`, `lesson_notation_id`, `exercises_notation_id`, `exercise_decomposition_notation_id`, `name`, `subname`, `code`, `version`, `description`, `goals`, `duration`, `is_theoretical`, `use_theoretical_counters`, `theoretical_lesson_in_practical_formation`, `time_bloc_management`, `flight_time_managment`, `use_base_counters`, `flight_characteristics`, `use_not_technical_skills`, `comment_on_not_technical_skills`, `use_color_code_for_not_technical_skills`, `use_modules_group`, `use_modules`, `use_phases`, `use_exercises_group`, `use_exercises`, `use_technical_skills`, `use_exercises_decomposition`, `is_active`, `use_practical_counter`, `use_formation_duration`, `use_exercise_decomposition_notation`, `use_exercises_comments`, `created_at`, `last_modification`, `enable_student_self_evaluation`, `is_draft`, `items`, `formation_create_step_on_save`, `ato_id`) VALUES
(219, NULL, NULL, NULL, 'test 13-08-2021 Sergio', '', '', '', '<p>test desc</p>', '<p>test obj</p>', 0, 0, 1, 1, 1, 1, 1, 1, 1, 0, 0, 0, 1, 1, 1, 1, 1, 1, 0, 1, 0, 0, 0, '2021-09-09 06:53:56', '2021-05-13 03:39:13', 0, 1, '[{\"id\": 1, \"@id\": \"/api/modules_groups/1\", \"name\": \"Titre groupe 1\", \"@type\": \"ModulesGroup\", \"goals\": null, \"isNew\": true, \"itemId\": \"ckomce1rn00003b63adzu7f1r\", \"parent\": null, \"actions\": [], \"@context\": \"/api/contexts/ModulesGroup\", \"children\": [], \"counters\": [], \"isDroped\": 0, \"position\": null, \"formation\": null, \"isImported\": true, \"constraints\": [], \"description\": null, \"extraLesson\": null, \"maxDuration\": null, \"sessionItem\": null, \"requirements\": [], \"technicalSkills\": [], \"standardDuration\": null, \"notTechnicalSkill\": []}, {\"id\": 2, \"@id\": \"/api/modules_groups/2\", \"name\": \"Titre groupe 2\", \"@type\": \"ModulesGroup\", \"goals\": null, \"isNew\": true, \"itemId\": \"ckomce1rn00013b63alykfubx\", \"parent\": null, \"actions\": [], \"@context\": \"/api/contexts/ModulesGroup\", \"children\": [], \"counters\": [], \"isDroped\": 0, \"position\": null, \"formation\": null, \"isImported\": true, \"constraints\": [], \"description\": null, \"extraLesson\": null, \"maxDuration\": null, \"sessionItem\": null, \"requirements\": [], \"technicalSkills\": [], \"standardDuration\": null, \"notTechnicalSkill\": []}, {\"id\": 3, \"@id\": \"/api/modules_groups/3\", \"name\": \"Titre groupe 3\", \"@type\": \"ModulesGroup\", \"goals\": null, \"isNew\": true, \"itemId\": \"ckomce1rn00023b632n2ftg14\", \"parent\": null, \"actions\": [], \"@context\": \"/api/contexts/ModulesGroup\", \"children\": [], \"counters\": [], \"isDroped\": 0, \"position\": null, \"formation\": null, \"isImported\": true, \"constraints\": [], \"description\": null, \"extraLesson\": null, \"maxDuration\": null, \"sessionItem\": null, \"requirements\": [], \"technicalSkills\": [], \"standardDuration\": null, \"notTechnicalSkill\": []}, {\"id\": 4, \"@id\": \"/api/modules_groups/4\", \"name\": \"Titre groupe 4\", \"@type\": \"ModulesGroup\", \"goals\": null, \"isNew\": true, \"itemId\": \"ckomce1rn00033b63wvuci0k7\", \"parent\": null, \"actions\": [], \"@context\": \"/api/contexts/ModulesGroup\", \"children\": [], \"counters\": [], \"isDroped\": 0, \"position\": null, \"formation\": null, \"isImported\": true, \"constraints\": [], \"description\": null, \"extraLesson\": null, \"maxDuration\": null, \"sessionItem\": null, \"requirements\": [], \"technicalSkills\": [], \"standardDuration\": null, \"notTechnicalSkill\": []}, {\"id\": 5, \"@id\": \"/api/modules_groups/5\", \"name\": \"Titre groupe 5\", \"@type\": \"ModulesGroup\", \"goals\": null, \"isNew\": true, \"itemId\": \"ckomce1rn00043b63t5imudez\", \"parent\": null, \"actions\": [], \"@context\": \"/api/contexts/ModulesGroup\", \"children\": [], \"counters\": [], \"isDroped\": 0, \"position\": null, \"formation\": null, \"isImported\": true, \"constraints\": [], \"description\": null, \"extraLesson\": null, \"maxDuration\": null, \"sessionItem\": null, \"requirements\": [], \"technicalSkills\": [], \"standardDuration\": null, \"notTechnicalSkill\": []}, {\"id\": 6, \"@id\": \"/api/modules_groups/6\", \"name\": \"Titre groupe 6\", \"@type\": \"ModulesGroup\", \"goals\": null, \"isNew\": true, \"itemId\": \"ckomce1rn00053b636zs3f3ub\", \"parent\": null, \"actions\": [], \"@context\": \"/api/contexts/ModulesGroup\", \"children\": [], \"counters\": [], \"isDroped\": 0, \"position\": null, \"formation\": null, \"isImported\": true, \"constraints\": [], \"description\": null, \"extraLesson\": null, \"maxDuration\": null, \"sessionItem\": null, \"requirements\": [], \"technicalSkills\": [], \"standardDuration\": null, \"notTechnicalSkill\": []}, {\"id\": 7, \"@id\": \"/api/modules_groups/7\", \"name\": \"Titre groupe 7\", \"@type\": \"ModulesGroup\", \"goals\": null, \"isNew\": true, \"itemId\": \"ckomce1rn00063b637sxzu6y5\", \"parent\": null, \"actions\": [], \"@context\": \"/api/contexts/ModulesGroup\", \"children\": [], \"counters\": [], \"isDroped\": 0, \"position\": null, \"formation\": null, \"isImported\": true, \"constraints\": [], \"description\": null, \"extraLesson\": null, \"maxDuration\": null, \"sessionItem\": null, \"requirements\": [], \"technicalSkills\": [], \"standardDuration\": null, \"notTechnicalSkill\": []}, {\"id\": 8, \"@id\": \"/api/modules_groups/8\", \"name\": \"Titre groupe 8\", \"@type\": \"ModulesGroup\", \"goals\": null, \"isNew\": true, \"itemId\": \"ckomce1rn00073b63vkk6asbc\", \"parent\": null, \"actions\": [], \"@context\": \"/api/contexts/ModulesGroup\", \"children\": [], \"counters\": [], \"isDroped\": 0, \"position\": null, \"formation\": null, \"isImported\": true, \"constraints\": [], \"description\": null, \"extraLesson\": null, \"maxDuration\": null, \"sessionItem\": null, \"requirements\": [], \"technicalSkills\": [], \"standardDuration\": null, \"notTechnicalSkill\": []}, {\"id\": 9, \"@id\": \"/api/modules_groups/9\", \"name\": \"Titre groupe 9\", \"@type\": \"ModulesGroup\", \"goals\": null, \"isNew\": true, \"itemId\": \"ckomce1rn00083b6329ykhnep\", \"parent\": null, \"actions\": [], \"@context\": \"/api/contexts/ModulesGroup\", \"children\": [], \"counters\": [], \"isDroped\": 0, \"position\": null, \"formation\": null, \"isImported\": true, \"constraints\": [], \"description\": null, \"extraLesson\": null, \"maxDuration\": null, \"sessionItem\": null, \"requirements\": [], \"technicalSkills\": [], \"standardDuration\": null, \"notTechnicalSkill\": []}, {\"id\": 10, \"@id\": \"/api/modules_groups/10\", \"name\": \"Titre groupe 10\", \"@type\": \"ModulesGroup\", \"goals\": null, \"isNew\": true, \"itemId\": \"ckomce1rn00093b636kepaq4s\", \"parent\": null, \"actions\": [], \"@context\": \"/api/contexts/ModulesGroup\", \"children\": [], \"counters\": [], \"isDroped\": 0, \"position\": null, \"formation\": null, \"isImported\": true, \"constraints\": [], \"description\": null, \"extraLesson\": null, \"maxDuration\": null, \"sessionItem\": null, \"requirements\": [], \"technicalSkills\": [], \"standardDuration\": null, \"notTechnicalSkill\": []}, {\"id\": 1, \"@id\": \"/api/modules/1\", \"name\": \"Titre module 1\", \"@type\": \"Module\", \"goals\": null, \"isNew\": true, \"itemId\": \"ckomce1rn000a3b63czn1r3e0\", \"actions\": [], \"subname\": null, \"@context\": \"/api/contexts/Module\", \"children\": [], \"counters\": [], \"isDroped\": 1, \"position\": null, \"formation\": null, \"isImported\": true, \"constraints\": [], \"description\": null, \"extraLesson\": null, \"maxDuration\": null, \"sessionItem\": null, \"requirements\": [], \"isTheoretical\": false, \"technicalSkills\": [], \"standardDuration\": null, \"notTechnicalSkill\": [], \"formationItemFromListId\": \"/api/modules/1\"}, {\"id\": 2, \"@id\": \"/api/modules/2\", \"name\": \"Titre module 2\", \"@type\": \"Module\", \"goals\": null, \"isNew\": true, \"itemId\": \"ckomce1rn000b3b63gbvtlpay\", \"actions\": [], \"subname\": null, \"@context\": \"/api/contexts/Module\", \"children\": [], \"counters\": [], \"isDroped\": 1, \"position\": null, \"formation\": null, \"isImported\": true, \"constraints\": [], \"description\": null, \"extraLesson\": null, \"maxDuration\": null, \"sessionItem\": null, \"requirements\": [], \"isTheoretical\": false, \"technicalSkills\": [], \"standardDuration\": null, \"notTechnicalSkill\": [], \"formationItemFromListId\": \"/api/modules/2\"}, {\"id\": 3, \"@id\": \"/api/modules/3\", \"name\": \"Titre module 3\", \"@type\": \"Module\", \"goals\": null, \"isNew\": true, \"itemId\": \"ckomce1rn000c3b63haofdkmu\", \"actions\": [], \"subname\": null, \"@context\": \"/api/contexts/Module\", \"children\": [], \"counters\": [], \"isDroped\": 0, \"position\": null, \"formation\": null, \"isImported\": true, \"constraints\": [], \"description\": null, \"extraLesson\": null, \"maxDuration\": null, \"sessionItem\": null, \"requirements\": [], \"isTheoretical\": false, \"technicalSkills\": [], \"standardDuration\": null, \"notTechnicalSkill\": []}, {\"id\": 4, \"@id\": \"/api/modules/4\", \"name\": \"Titre module 4\", \"@type\": \"Module\", \"goals\": null, \"isNew\": true, \"itemId\": \"ckomce1rn000d3b635th0mer8\", \"actions\": [], \"subname\": null, \"@context\": \"/api/contexts/Module\", \"children\": [], \"counters\": [], \"isDroped\": 0, \"position\": null, \"formation\": null, \"isImported\": true, \"constraints\": [], \"description\": null, \"extraLesson\": null, \"maxDuration\": null, \"sessionItem\": null, \"requirements\": [], \"isTheoretical\": false, \"technicalSkills\": [], \"standardDuration\": null, \"notTechnicalSkill\": []}, {\"id\": 5, \"@id\": \"/api/modules/5\", \"name\": \"Titre module 5\", \"@type\": \"Module\", \"goals\": null, \"isNew\": true, \"itemId\": \"ckomce1rn000e3b639mz11d5q\", \"actions\": [], \"subname\": null, \"@context\": \"/api/contexts/Module\", \"children\": [], \"counters\": [], \"isDroped\": 0, \"position\": null, \"formation\": null, \"isImported\": true, \"constraints\": [], \"description\": null, \"extraLesson\": null, \"maxDuration\": null, \"sessionItem\": null, \"requirements\": [], \"isTheoretical\": false, \"technicalSkills\": [], \"standardDuration\": null, \"notTechnicalSkill\": []}, {\"id\": 6, \"@id\": \"/api/modules/6\", \"name\": \"Titre module 6\", \"@type\": \"Module\", \"goals\": null, \"isNew\": true, \"itemId\": \"ckomce1rn000f3b632me18mea\", \"actions\": [], \"subname\": null, \"@context\": \"/api/contexts/Module\", \"children\": [], \"counters\": [], \"isDroped\": 0, \"position\": null, \"formation\": null, \"isImported\": true, \"constraints\": [], \"description\": null, \"extraLesson\": null, \"maxDuration\": null, \"sessionItem\": null, \"requirements\": [], \"isTheoretical\": false, \"technicalSkills\": [], \"standardDuration\": null, \"notTechnicalSkill\": []}, {\"id\": 7, \"@id\": \"/api/modules/7\", \"name\": \"Titre module 7\", \"@type\": \"Module\", \"goals\": null, \"isNew\": true, \"itemId\": \"ckomce1rn000g3b63xn51fyb6\", \"actions\": [], \"subname\": null, \"@context\": \"/api/contexts/Module\", \"children\": [], \"counters\": [], \"isDroped\": 0, \"position\": null, \"formation\": null, \"isImported\": true, \"constraints\": [], \"description\": null, \"extraLesson\": null, \"maxDuration\": null, \"sessionItem\": null, \"requirements\": [], \"isTheoretical\": false, \"technicalSkills\": [], \"standardDuration\": null, \"notTechnicalSkill\": []}, {\"id\": 8, \"@id\": \"/api/modules/8\", \"name\": \"Titre module 8\", \"@type\": \"Module\", \"goals\": null, \"isNew\": true, \"itemId\": \"ckomce1rn000h3b63d4waur9t\", \"actions\": [], \"subname\": null, \"@context\": \"/api/contexts/Module\", \"children\": [], \"counters\": [], \"isDroped\": 0, \"position\": null, \"formation\": null, \"isImported\": true, \"constraints\": [], \"description\": null, \"extraLesson\": null, \"maxDuration\": null, \"sessionItem\": null, \"requirements\": [], \"isTheoretical\": false, \"technicalSkills\": [], \"standardDuration\": null, \"notTechnicalSkill\": []}, {\"id\": 9, \"@id\": \"/api/modules/9\", \"name\": \"Titre module 9\", \"@type\": \"Module\", \"goals\": null, \"isNew\": true, \"itemId\": \"ckomce1rn000i3b636x6a43gv\", \"actions\": [], \"subname\": null, \"@context\": \"/api/contexts/Module\", \"children\": [], \"counters\": [], \"isDroped\": 0, \"position\": null, \"formation\": null, \"isImported\": true, \"constraints\": [], \"description\": null, \"extraLesson\": null, \"maxDuration\": null, \"sessionItem\": null, \"requirements\": [], \"isTheoretical\": false, \"technicalSkills\": [], \"standardDuration\": null, \"notTechnicalSkill\": []}, {\"id\": 10, \"@id\": \"/api/modules/10\", \"name\": \"Titre module 10\", \"@type\": \"Module\", \"goals\": null, \"isNew\": true, \"itemId\": \"ckomce1rn000j3b63t6mz9fgn\", \"actions\": [], \"subname\": null, \"@context\": \"/api/contexts/Module\", \"children\": [], \"counters\": [], \"isDroped\": 0, \"position\": null, \"formation\": null, \"isImported\": true, \"constraints\": [], \"description\": null, \"extraLesson\": null, \"maxDuration\": null, \"sessionItem\": null, \"requirements\": [], \"isTheoretical\": false, \"technicalSkills\": [], \"standardDuration\": null, \"notTechnicalSkill\": []}, {\"@id\": \"/api/lessons/1\", \"name\": \"Leçon 1\", \"@type\": \"Lesson\", \"files\": [], \"goals\": null, \"isNew\": true, \"groupe\": false, \"itemId\": \"ckomce1rn000k3b63wgvu1axd\", \"actions\": [], \"ceiling\": null, \"@context\": \"/api/contexts/Lesson\", \"children\": [], \"counters\": [], \"isDroped\": 1, \"notation\": null, \"position\": null, \"classroom\": null, \"formation\": null, \"minRating\": null, \"isImported\": true, \"minWeather\": null, \"constraints\": [], \"description\": null, \"maxDuration\": null, \"requirements\": [], \"technicalRef\": null, \"isTheoretical\": false, \"minVisibility\": null, \"percentSuccess\": null, \"technicalSkills\": [], \"standardDuration\": null, \"notTechnicalSkill\": []}, {\"@id\": \"/api/lessons/2\", \"name\": \"Leçon 2\", \"@type\": \"Lesson\", \"files\": [], \"goals\": null, \"isNew\": true, \"groupe\": false, \"itemId\": \"ckomce1rn000l3b63fm0yxkvz\", \"actions\": [], \"ceiling\": null, \"@context\": \"/api/contexts/Lesson\", \"children\": [], \"counters\": [], \"isDroped\": 1, \"notation\": null, \"position\": null, \"classroom\": null, \"formation\": null, \"minRating\": null, \"isImported\": true, \"minWeather\": null, \"constraints\": [], \"description\": null, \"maxDuration\": null, \"requirements\": [], \"technicalRef\": null, \"isTheoretical\": false, \"minVisibility\": null, \"percentSuccess\": null, \"technicalSkills\": [], \"standardDuration\": null, \"notTechnicalSkill\": []}, {\"@id\": \"/api/lessons/3\", \"name\": \"Leçon 3\", \"@type\": \"Lesson\", \"files\": [], \"goals\": null, \"isNew\": true, \"groupe\": false, \"itemId\": \"ckomce1rn000m3b63qimcdvt1\", \"actions\": [], \"ceiling\": null, \"@context\": \"/api/contexts/Lesson\", \"children\": [], \"counters\": [], \"isDroped\": 1, \"notation\": null, \"position\": null, \"classroom\": null, \"formation\": null, \"minRating\": null, \"isImported\": true, \"minWeather\": null, \"constraints\": [], \"description\": null, \"maxDuration\": null, \"requirements\": [], \"technicalRef\": null, \"isTheoretical\": false, \"minVisibility\": null, \"percentSuccess\": null, \"technicalSkills\": [], \"standardDuration\": null, \"notTechnicalSkill\": []}, {\"@id\": \"/api/lessons/4\", \"name\": \"Leçon 4\", \"@type\": \"Lesson\", \"files\": [], \"goals\": null, \"isNew\": true, \"groupe\": false, \"itemId\": \"ckomce1rn000n3b63s2pkn1cn\", \"actions\": [], \"ceiling\": null, \"@context\": \"/api/contexts/Lesson\", \"children\": [], \"counters\": [], \"isDroped\": 1, \"notation\": null, \"position\": null, \"classroom\": null, \"formation\": null, \"minRating\": null, \"isImported\": true, \"minWeather\": null, \"constraints\": [], \"description\": null, \"maxDuration\": null, \"requirements\": [], \"technicalRef\": null, \"isTheoretical\": false, \"minVisibility\": null, \"percentSuccess\": null, \"technicalSkills\": [], \"standardDuration\": null, \"notTechnicalSkill\": []}, {\"@id\": \"/api/lessons/6\", \"name\": \"Leçon 6\", \"@type\": \"Lesson\", \"files\": [], \"goals\": null, \"isNew\": true, \"groupe\": false, \"itemId\": \"ckomce1rn000p3b63s7dw18im\", \"actions\": [], \"ceiling\": null, \"@context\": \"/api/contexts/Lesson\", \"children\": [], \"counters\": [], \"isDroped\": 0, \"notation\": null, \"position\": null, \"classroom\": null, \"formation\": null, \"minRating\": null, \"isImported\": true, \"minWeather\": null, \"constraints\": [], \"description\": null, \"maxDuration\": null, \"requirements\": [], \"technicalRef\": null, \"isTheoretical\": false, \"minVisibility\": null, \"percentSuccess\": null, \"technicalSkills\": [], \"standardDuration\": null, \"notTechnicalSkill\": []}, {\"@id\": \"/api/lessons/7\", \"name\": \"Leçon 7\", \"@type\": \"Lesson\", \"files\": [], \"goals\": null, \"isNew\": true, \"groupe\": false, \"itemId\": \"ckomce1rn000q3b637ufmqdgw\", \"actions\": [], \"ceiling\": null, \"@context\": \"/api/contexts/Lesson\", \"children\": [], \"counters\": [], \"isDroped\": 0, \"notation\": null, \"position\": null, \"classroom\": null, \"formation\": null, \"minRating\": null, \"isImported\": true, \"minWeather\": null, \"constraints\": [], \"description\": null, \"maxDuration\": null, \"requirements\": [], \"technicalRef\": null, \"isTheoretical\": false, \"minVisibility\": null, \"percentSuccess\": null, \"technicalSkills\": [], \"standardDuration\": null, \"notTechnicalSkill\": []}, {\"@id\": \"/api/lessons/8\", \"name\": \"Leçon 8\", \"@type\": \"Lesson\", \"files\": [], \"goals\": null, \"isNew\": true, \"groupe\": false, \"itemId\": \"ckomce1rn000r3b637mh7cp8w\", \"actions\": [], \"ceiling\": null, \"@context\": \"/api/contexts/Lesson\", \"children\": [], \"counters\": [], \"isDroped\": 0, \"notation\": null, \"position\": null, \"classroom\": null, \"formation\": null, \"minRating\": null, \"isImported\": true, \"minWeather\": null, \"constraints\": [], \"description\": null, \"maxDuration\": null, \"requirements\": [], \"technicalRef\": null, \"isTheoretical\": false, \"minVisibility\": null, \"percentSuccess\": null, \"technicalSkills\": [], \"standardDuration\": null, \"notTechnicalSkill\": []}, {\"@id\": \"/api/lessons/9\", \"name\": \"Leçon 9\", \"@type\": \"Lesson\", \"files\": [], \"goals\": null, \"isNew\": true, \"groupe\": false, \"itemId\": \"ckomce1rn000s3b63j0gpwd5j\", \"actions\": [], \"ceiling\": null, \"@context\": \"/api/contexts/Lesson\", \"children\": [], \"counters\": [], \"isDroped\": 0, \"notation\": null, \"position\": null, \"classroom\": null, \"formation\": null, \"minRating\": null, \"isImported\": true, \"minWeather\": null, \"constraints\": [], \"description\": null, \"maxDuration\": null, \"requirements\": [], \"technicalRef\": null, \"isTheoretical\": false, \"minVisibility\": null, \"percentSuccess\": null, \"technicalSkills\": [], \"standardDuration\": null, \"notTechnicalSkill\": []}, {\"@id\": \"/api/lessons/10\", \"name\": \"Leçon 10\", \"@type\": \"Lesson\", \"files\": [], \"goals\": null, \"isNew\": true, \"groupe\": false, \"itemId\": \"ckomce1rn000t3b63y2ex06eb\", \"actions\": [], \"ceiling\": null, \"@context\": \"/api/contexts/Lesson\", \"children\": [], \"counters\": [], \"isDroped\": 0, \"notation\": null, \"position\": null, \"classroom\": null, \"formation\": null, \"minRating\": null, \"isImported\": true, \"minWeather\": null, \"constraints\": [], \"description\": null, \"maxDuration\": null, \"requirements\": [], \"technicalRef\": null, \"isTheoretical\": false, \"minVisibility\": null, \"percentSuccess\": null, \"technicalSkills\": [], \"standardDuration\": null, \"notTechnicalSkill\": []}, {\"@id\": \"/api/lessons/11\", \"name\": \"Leçon 11\", \"@type\": \"Lesson\", \"files\": [], \"goals\": null, \"isNew\": true, \"groupe\": false, \"itemId\": \"ckomce1rn000u3b63cho0v3gf\", \"actions\": [], \"ceiling\": null, \"@context\": \"/api/contexts/Lesson\", \"children\": [], \"counters\": [], \"isDroped\": 0, \"notation\": null, \"position\": null, \"classroom\": null, \"formation\": null, \"minRating\": null, \"isImported\": true, \"minWeather\": null, \"constraints\": [], \"description\": null, \"maxDuration\": null, \"requirements\": [], \"technicalRef\": null, \"isTheoretical\": false, \"minVisibility\": null, \"percentSuccess\": null, \"technicalSkills\": [], \"standardDuration\": null, \"notTechnicalSkill\": []}, {\"@id\": \"/api/lessons/12\", \"name\": \"Leçon 12\", \"@type\": \"Lesson\", \"files\": [], \"goals\": null, \"isNew\": true, \"groupe\": false, \"itemId\": \"ckomce1rn000v3b63zixc5gci\", \"actions\": [], \"ceiling\": null, \"@context\": \"/api/contexts/Lesson\", \"children\": [], \"counters\": [], \"isDroped\": 0, \"notation\": null, \"position\": null, \"classroom\": null, \"formation\": null, \"minRating\": null, \"isImported\": true, \"minWeather\": null, \"constraints\": [], \"description\": null, \"maxDuration\": null, \"requirements\": [], \"technicalRef\": null, \"isTheoretical\": false, \"minVisibility\": null, \"percentSuccess\": null, \"technicalSkills\": [], \"standardDuration\": null, \"notTechnicalSkill\": []}, {\"@id\": \"/api/lessons/13\", \"name\": \"Leçon 13\", \"@type\": \"Lesson\", \"files\": [], \"goals\": null, \"isNew\": true, \"groupe\": false, \"itemId\": \"ckomce1rn000w3b63yo1okrcc\", \"actions\": [], \"ceiling\": null, \"@context\": \"/api/contexts/Lesson\", \"children\": [], \"counters\": [], \"isDroped\": 0, \"notation\": null, \"position\": null, \"classroom\": null, \"formation\": null, \"minRating\": null, \"isImported\": true, \"minWeather\": null, \"constraints\": [], \"description\": null, \"maxDuration\": null, \"requirements\": [], \"technicalRef\": null, \"isTheoretical\": false, \"minVisibility\": null, \"percentSuccess\": null, \"technicalSkills\": [], \"standardDuration\": null, \"notTechnicalSkill\": []}, {\"@id\": \"/api/lessons/14\", \"name\": \"Leçon 14\", \"@type\": \"Lesson\", \"files\": [], \"goals\": null, \"isNew\": true, \"groupe\": false, \"itemId\": \"ckomce1rn000x3b63hry6vvgt\", \"actions\": [], \"ceiling\": null, \"@context\": \"/api/contexts/Lesson\", \"children\": [], \"counters\": [], \"isDroped\": 0, \"notation\": null, \"position\": null, \"classroom\": null, \"formation\": null, \"minRating\": null, \"isImported\": true, \"minWeather\": null, \"constraints\": [], \"description\": null, \"maxDuration\": null, \"requirements\": [], \"technicalRef\": null, \"isTheoretical\": false, \"minVisibility\": null, \"percentSuccess\": null, \"technicalSkills\": [], \"standardDuration\": null, \"notTechnicalSkill\": []}, {\"@id\": \"/api/lessons/15\", \"name\": \"Leçon 15\", \"@type\": \"Lesson\", \"files\": [], \"goals\": null, \"isNew\": true, \"groupe\": false, \"itemId\": \"ckomce1rn000y3b63rn2s2l9y\", \"actions\": [], \"ceiling\": null, \"@context\": \"/api/contexts/Lesson\", \"children\": [], \"counters\": [], \"isDroped\": 0, \"notation\": null, \"position\": null, \"classroom\": null, \"formation\": null, \"minRating\": null, \"isImported\": true, \"minWeather\": null, \"constraints\": [], \"description\": null, \"maxDuration\": null, \"requirements\": [], \"technicalRef\": null, \"isTheoretical\": false, \"minVisibility\": null, \"percentSuccess\": null, \"technicalSkills\": [], \"standardDuration\": null, \"notTechnicalSkill\": []}, {\"@id\": \"/api/lessons/16\", \"name\": \"Leçon 16\", \"@type\": \"Lesson\", \"files\": [], \"goals\": null, \"isNew\": true, \"groupe\": false, \"itemId\": \"ckomce1rn000z3b63xmj83a9x\", \"actions\": [], \"ceiling\": null, \"@context\": \"/api/contexts/Lesson\", \"children\": [], \"counters\": [], \"isDroped\": 0, \"notation\": null, \"position\": null, \"classroom\": null, \"formation\": null, \"minRating\": null, \"isImported\": true, \"minWeather\": null, \"constraints\": [], \"description\": null, \"maxDuration\": null, \"requirements\": [], \"technicalRef\": null, \"isTheoretical\": false, \"minVisibility\": null, \"percentSuccess\": null, \"technicalSkills\": [], \"standardDuration\": null, \"notTechnicalSkill\": []}, {\"@id\": \"/api/lessons/17\", \"name\": \"Leçon 17\", \"@type\": \"Lesson\", \"files\": [], \"goals\": null, \"isNew\": true, \"groupe\": false, \"itemId\": \"ckomce1rn00103b634psmif8j\", \"actions\": [], \"ceiling\": null, \"@context\": \"/api/contexts/Lesson\", \"children\": [], \"counters\": [], \"isDroped\": 0, \"notation\": null, \"position\": null, \"classroom\": null, \"formation\": null, \"minRating\": null, \"isImported\": true, \"minWeather\": null, \"constraints\": [], \"description\": null, \"maxDuration\": null, \"requirements\": [], \"technicalRef\": null, \"isTheoretical\": false, \"minVisibility\": null, \"percentSuccess\": null, \"technicalSkills\": [], \"standardDuration\": null, \"notTechnicalSkill\": []}, {\"@id\": \"/api/lessons/18\", \"name\": \"Leçon 18\", \"@type\": \"Lesson\", \"files\": [], \"goals\": null, \"isNew\": true, \"groupe\": false, \"itemId\": \"ckomce1rn00113b6351s52t12\", \"actions\": [], \"ceiling\": null, \"@context\": \"/api/contexts/Lesson\", \"children\": [], \"counters\": [], \"isDroped\": 0, \"notation\": null, \"position\": null, \"classroom\": null, \"formation\": null, \"minRating\": null, \"isImported\": true, \"minWeather\": null, \"constraints\": [], \"description\": null, \"maxDuration\": null, \"requirements\": [], \"technicalRef\": null, \"isTheoretical\": false, \"minVisibility\": null, \"percentSuccess\": null, \"technicalSkills\": [], \"standardDuration\": null, \"notTechnicalSkill\": []}, {\"@id\": \"/api/lessons/19\", \"name\": \"Leçon 19\", \"@type\": \"Lesson\", \"files\": [], \"goals\": null, \"isNew\": true, \"groupe\": false, \"itemId\": \"ckomce1rn00123b63mx1enkm1\", \"actions\": [], \"ceiling\": null, \"@context\": \"/api/contexts/Lesson\", \"children\": [], \"counters\": [], \"isDroped\": 0, \"notation\": null, \"position\": null, \"classroom\": null, \"formation\": null, \"minRating\": null, \"isImported\": true, \"minWeather\": null, \"constraints\": [], \"description\": null, \"maxDuration\": null, \"requirements\": [], \"technicalRef\": null, \"isTheoretical\": false, \"minVisibility\": null, \"percentSuccess\": null, \"technicalSkills\": [], \"standardDuration\": null, \"notTechnicalSkill\": []}, {\"@id\": \"/api/lessons/20\", \"name\": \"Leçon 20\", \"@type\": \"Lesson\", \"files\": [], \"goals\": null, \"isNew\": true, \"groupe\": false, \"itemId\": \"ckomce1rn00133b639iyf30me\", \"actions\": [], \"ceiling\": null, \"@context\": \"/api/contexts/Lesson\", \"children\": [], \"counters\": [], \"isDroped\": 0, \"notation\": null, \"position\": null, \"classroom\": null, \"formation\": null, \"minRating\": null, \"isImported\": true, \"minWeather\": null, \"constraints\": [], \"description\": null, \"maxDuration\": null, \"requirements\": [], \"technicalRef\": null, \"isTheoretical\": false, \"minVisibility\": null, \"percentSuccess\": null, \"technicalSkills\": [], \"standardDuration\": null, \"notTechnicalSkill\": []}, {\"@id\": \"/api/lessons/21\", \"name\": \"Leçon 21\", \"@type\": \"Lesson\", \"files\": [], \"goals\": null, \"isNew\": true, \"groupe\": false, \"itemId\": \"ckomce1rn00143b6375chixv3\", \"actions\": [], \"ceiling\": null, \"@context\": \"/api/contexts/Lesson\", \"children\": [], \"counters\": [], \"isDroped\": 0, \"notation\": null, \"position\": null, \"classroom\": null, \"formation\": null, \"minRating\": null, \"isImported\": true, \"minWeather\": null, \"constraints\": [], \"description\": null, \"maxDuration\": null, \"requirements\": [], \"technicalRef\": null, \"isTheoretical\": false, \"minVisibility\": null, \"percentSuccess\": null, \"technicalSkills\": [], \"standardDuration\": null, \"notTechnicalSkill\": []}, {\"@id\": \"/api/lessons/22\", \"name\": \"Leçon 22\", \"@type\": \"Lesson\", \"files\": [], \"goals\": null, \"isNew\": true, \"groupe\": false, \"itemId\": \"ckomce1rn00153b63yk2bdgg2\", \"actions\": [], \"ceiling\": null, \"@context\": \"/api/contexts/Lesson\", \"children\": [], \"counters\": [], \"isDroped\": 0, \"notation\": null, \"position\": null, \"classroom\": null, \"formation\": null, \"minRating\": null, \"isImported\": true, \"minWeather\": null, \"constraints\": [], \"description\": null, \"maxDuration\": null, \"requirements\": [], \"technicalRef\": null, \"isTheoretical\": false, \"minVisibility\": null, \"percentSuccess\": null, \"technicalSkills\": [], \"standardDuration\": null, \"notTechnicalSkill\": []}, {\"@id\": \"/api/lessons/23\", \"name\": \"Leçon 23\", \"@type\": \"Lesson\", \"files\": [], \"goals\": null, \"isNew\": true, \"groupe\": false, \"itemId\": \"ckomce1rn00163b63xyq1q3oa\", \"actions\": [], \"ceiling\": null, \"@context\": \"/api/contexts/Lesson\", \"children\": [], \"counters\": [], \"isDroped\": 0, \"notation\": null, \"position\": null, \"classroom\": null, \"formation\": null, \"minRating\": null, \"isImported\": true, \"minWeather\": null, \"constraints\": [], \"description\": null, \"maxDuration\": null, \"requirements\": [], \"technicalRef\": null, \"isTheoretical\": false, \"minVisibility\": null, \"percentSuccess\": null, \"technicalSkills\": [], \"standardDuration\": null, \"notTechnicalSkill\": []}, {\"@id\": \"/api/lessons/24\", \"name\": \"Leçon 24\", \"@type\": \"Lesson\", \"files\": [], \"goals\": null, \"isNew\": true, \"groupe\": false, \"itemId\": \"ckomce1rn00173b63cfo4k8g3\", \"actions\": [], \"ceiling\": null, \"@context\": \"/api/contexts/Lesson\", \"children\": [], \"counters\": [], \"isDroped\": 0, \"notation\": null, \"position\": null, \"classroom\": null, \"formation\": null, \"minRating\": null, \"isImported\": true, \"minWeather\": null, \"constraints\": [], \"description\": null, \"maxDuration\": null, \"requirements\": [], \"technicalRef\": null, \"isTheoretical\": false, \"minVisibility\": null, \"percentSuccess\": null, \"technicalSkills\": [], \"standardDuration\": null, \"notTechnicalSkill\": []}, {\"@id\": \"/api/lessons/25\", \"name\": \"Leçon 25\", \"@type\": \"Lesson\", \"files\": [], \"goals\": null, \"isNew\": true, \"groupe\": false, \"itemId\": \"ckomce1rn00183b63kbs3d0n6\", \"actions\": [], \"ceiling\": null, \"@context\": \"/api/contexts/Lesson\", \"children\": [], \"counters\": [], \"isDroped\": 0, \"notation\": null, \"position\": null, \"classroom\": null, \"formation\": null, \"minRating\": null, \"isImported\": true, \"minWeather\": null, \"constraints\": [], \"description\": null, \"maxDuration\": null, \"requirements\": [], \"technicalRef\": null, \"isTheoretical\": false, \"minVisibility\": null, \"percentSuccess\": null, \"technicalSkills\": [], \"standardDuration\": null, \"notTechnicalSkill\": []}, {\"id\": 1, \"@id\": \"/api/phases/1\", \"name\": \"Phase 1\", \"@type\": \"Phase\", \"goals\": null, \"isNew\": true, \"itemId\": \"ckomce1rn00193b63i2muf75t\", \"actions\": [], \"@context\": \"/api/contexts/Phase\", \"children\": [], \"counters\": [], \"isDroped\": 1, \"position\": null, \"formation\": null, \"isImported\": true, \"constraints\": [], \"description\": null, \"extraLesson\": null, \"maxDuration\": null, \"sessionItem\": null, \"requirements\": [], \"technicalSkills\": [], \"standardDuration\": null, \"notTechnicalSkill\": [], \"formationItemFromListId\": \"/api/phases/1\"}, {\"id\": 2, \"@id\": \"/api/phases/2\", \"name\": \"Phase 2\", \"@type\": \"Phase\", \"goals\": null, \"isNew\": true, \"itemId\": \"ckomce1rn001a3b63ah7xjoer\", \"actions\": [], \"@context\": \"/api/contexts/Phase\", \"children\": [], \"counters\": [], \"isDroped\": 0, \"position\": null, \"formation\": null, \"isImported\": true, \"constraints\": [], \"description\": null, \"extraLesson\": null, \"maxDuration\": null, \"sessionItem\": null, \"requirements\": [], \"technicalSkills\": [], \"standardDuration\": null, \"notTechnicalSkill\": []}, {\"id\": 3, \"@id\": \"/api/phases/3\", \"name\": \"Phase 3\", \"@type\": \"Phase\", \"goals\": null, \"isNew\": true, \"itemId\": \"ckomce1rn001b3b63742x4a4h\", \"actions\": [], \"@context\": \"/api/contexts/Phase\", \"children\": [], \"counters\": [], \"isDroped\": 0, \"position\": null, \"formation\": null, \"isImported\": true, \"constraints\": [], \"description\": null, \"extraLesson\": null, \"maxDuration\": null, \"sessionItem\": null, \"requirements\": [], \"technicalSkills\": [], \"standardDuration\": null, \"notTechnicalSkill\": []}, {\"id\": 4, \"@id\": \"/api/phases/4\", \"name\": \"Phase 4\", \"@type\": \"Phase\", \"goals\": null, \"isNew\": true, \"itemId\": \"ckomce1rn001c3b632lttfsrp\", \"actions\": [], \"@context\": \"/api/contexts/Phase\", \"children\": [], \"counters\": [], \"isDroped\": 0, \"position\": null, \"formation\": null, \"isImported\": true, \"constraints\": [], \"description\": null, \"extraLesson\": null, \"maxDuration\": null, \"sessionItem\": null, \"requirements\": [], \"technicalSkills\": [], \"standardDuration\": null, \"notTechnicalSkill\": []}, {\"id\": 5, \"@id\": \"/api/phases/5\", \"name\": \"Phase 5\", \"@type\": \"Phase\", \"goals\": null, \"isNew\": true, \"itemId\": \"ckomce1rn001d3b63r4wvtywz\", \"actions\": [], \"@context\": \"/api/contexts/Phase\", \"children\": [], \"counters\": [], \"isDroped\": 0, \"position\": null, \"formation\": null, \"isImported\": true, \"constraints\": [], \"description\": null, \"extraLesson\": null, \"maxDuration\": null, \"sessionItem\": null, \"requirements\": [], \"technicalSkills\": [], \"standardDuration\": null, \"notTechnicalSkill\": []}, {\"id\": 6, \"@id\": \"/api/phases/6\", \"name\": \"Phase 6\", \"@type\": \"Phase\", \"goals\": null, \"isNew\": true, \"itemId\": \"ckomce1rn001e3b63opjlf3ws\", \"actions\": [], \"@context\": \"/api/contexts/Phase\", \"children\": [], \"counters\": [], \"isDroped\": 0, \"position\": null, \"formation\": null, \"isImported\": true, \"constraints\": [], \"description\": null, \"extraLesson\": null, \"maxDuration\": null, \"sessionItem\": null, \"requirements\": [], \"technicalSkills\": [], \"standardDuration\": null, \"notTechnicalSkill\": []}, {\"id\": 7, \"@id\": \"/api/phases/7\", \"name\": \"Phase 7\", \"@type\": \"Phase\", \"goals\": null, \"isNew\": true, \"itemId\": \"ckomce1rn001f3b63qrvmalx6\", \"actions\": [], \"@context\": \"/api/contexts/Phase\", \"children\": [], \"counters\": [], \"isDroped\": 0, \"position\": null, \"formation\": null, \"isImported\": true, \"constraints\": [], \"description\": null, \"extraLesson\": null, \"maxDuration\": null, \"sessionItem\": null, \"requirements\": [], \"technicalSkills\": [], \"standardDuration\": null, \"notTechnicalSkill\": []}, {\"id\": 8, \"@id\": \"/api/phases/8\", \"name\": \"Phase 8\", \"@type\": \"Phase\", \"goals\": null, \"isNew\": true, \"itemId\": \"ckomce1rn001g3b63ryw9cxjm\", \"actions\": [], \"@context\": \"/api/contexts/Phase\", \"children\": [], \"counters\": [], \"isDroped\": 0, \"position\": null, \"formation\": null, \"isImported\": true, \"constraints\": [], \"description\": null, \"extraLesson\": null, \"maxDuration\": null, \"sessionItem\": null, \"requirements\": [], \"technicalSkills\": [], \"standardDuration\": null, \"notTechnicalSkill\": []}, {\"id\": 9, \"@id\": \"/api/phases/9\", \"name\": \"Phase 9\", \"@type\": \"Phase\", \"goals\": null, \"isNew\": true, \"itemId\": \"ckomce1rn001h3b633xud5hwm\", \"actions\": [], \"@context\": \"/api/contexts/Phase\", \"children\": [], \"counters\": [], \"isDroped\": 0, \"position\": null, \"formation\": null, \"isImported\": true, \"constraints\": [], \"description\": null, \"extraLesson\": null, \"maxDuration\": null, \"sessionItem\": null, \"requirements\": [], \"technicalSkills\": [], \"standardDuration\": null, \"notTechnicalSkill\": []}, {\"id\": 10, \"@id\": \"/api/phases/10\", \"name\": \"Phase 10\", \"@type\": \"Phase\", \"goals\": null, \"isNew\": true, \"itemId\": \"ckomce1rn001i3b63zm64bx7a\", \"actions\": [], \"@context\": \"/api/contexts/Phase\", \"children\": [], \"counters\": [], \"isDroped\": 0, \"position\": null, \"formation\": null, \"isImported\": true, \"constraints\": [], \"description\": null, \"extraLesson\": null, \"maxDuration\": null, \"sessionItem\": null, \"requirements\": [], \"technicalSkills\": [], \"standardDuration\": null, \"notTechnicalSkill\": []}, {\"id\": 1, \"@id\": \"/api/exercises_groups/1\", \"name\": \"Ensemble d\'exercice 1\", \"@type\": \"ExercisesGroup\", \"goals\": null, \"isNew\": true, \"itemId\": \"ckomce1rn001j3b63wvv6luff\", \"actions\": [], \"@context\": \"/api/contexts/ExercisesGroup\", \"children\": [], \"counters\": [], \"isDroped\": 1, \"position\": null, \"formation\": null, \"isImported\": true, \"constraints\": [], \"description\": null, \"extraLesson\": null, \"maxDuration\": null, \"sessionItem\": null, \"requirements\": [], \"technicalSkills\": [], \"standardDuration\": null, \"notTechnicalSkill\": [], \"formationItemFromListId\": \"/api/exercises_groups/1\"}, {\"id\": 2, \"@id\": \"/api/exercises_groups/2\", \"name\": \"Ensemble d\'exercice 2\", \"@type\": \"ExercisesGroup\", \"goals\": null, \"isNew\": true, \"itemId\": \"ckomce1rn001k3b63nwyi0dog\", \"actions\": [], \"@context\": \"/api/contexts/ExercisesGroup\", \"children\": [], \"counters\": [], \"isDroped\": 0, \"position\": null, \"formation\": null, \"isImported\": true, \"constraints\": [], \"description\": null, \"extraLesson\": null, \"maxDuration\": null, \"sessionItem\": null, \"requirements\": [], \"technicalSkills\": [], \"standardDuration\": null, \"notTechnicalSkill\": []}, {\"id\": 3, \"@id\": \"/api/exercises_groups/3\", \"name\": \"Ensemble d\'exercice 3\", \"@type\": \"ExercisesGroup\", \"goals\": null, \"isNew\": true, \"itemId\": \"ckomce1rn001l3b635b6r90c7\", \"actions\": [], \"@context\": \"/api/contexts/ExercisesGroup\", \"children\": [], \"counters\": [], \"isDroped\": 0, \"position\": null, \"formation\": null, \"isImported\": true, \"constraints\": [], \"description\": null, \"extraLesson\": null, \"maxDuration\": null, \"sessionItem\": null, \"requirements\": [], \"technicalSkills\": [], \"standardDuration\": null, \"notTechnicalSkill\": []}, {\"id\": 4, \"@id\": \"/api/exercises_groups/4\", \"name\": \"Ensemble d\'exercice 4\", \"@type\": \"ExercisesGroup\", \"goals\": null, \"isNew\": true, \"itemId\": \"ckomce1rn001m3b63vdatccd6\", \"actions\": [], \"@context\": \"/api/contexts/ExercisesGroup\", \"children\": [], \"counters\": [], \"isDroped\": 0, \"position\": null, \"formation\": null, \"isImported\": true, \"constraints\": [], \"description\": null, \"extraLesson\": null, \"maxDuration\": null, \"sessionItem\": null, \"requirements\": [], \"technicalSkills\": [], \"standardDuration\": null, \"notTechnicalSkill\": []}, {\"id\": 5, \"@id\": \"/api/exercises_groups/5\", \"name\": \"Ensemble d\'exercice 5\", \"@type\": \"ExercisesGroup\", \"goals\": null, \"isNew\": true, \"itemId\": \"ckomce1rn001n3b63j5l3swkc\", \"actions\": [], \"@context\": \"/api/contexts/ExercisesGroup\", \"children\": [], \"counters\": [], \"isDroped\": 0, \"position\": null, \"formation\": null, \"isImported\": true, \"constraints\": [], \"description\": null, \"extraLesson\": null, \"maxDuration\": null, \"sessionItem\": null, \"requirements\": [], \"technicalSkills\": [], \"standardDuration\": null, \"notTechnicalSkill\": []}, {\"id\": 6, \"@id\": \"/api/exercises_groups/6\", \"name\": \"Ensemble d\'exercice 6\", \"@type\": \"ExercisesGroup\", \"goals\": null, \"isNew\": true, \"itemId\": \"ckomce1rn001o3b63m78m6fdk\", \"actions\": [], \"@context\": \"/api/contexts/ExercisesGroup\", \"children\": [], \"counters\": [], \"isDroped\": 0, \"position\": null, \"formation\": null, \"isImported\": true, \"constraints\": [], \"description\": null, \"extraLesson\": null, \"maxDuration\": null, \"sessionItem\": null, \"requirements\": [], \"technicalSkills\": [], \"standardDuration\": null, \"notTechnicalSkill\": []}, {\"id\": 7, \"@id\": \"/api/exercises_groups/7\", \"name\": \"Ensemble d\'exercice 7\", \"@type\": \"ExercisesGroup\", \"goals\": null, \"isNew\": true, \"itemId\": \"ckomce1rn001p3b63nsxrodqh\", \"actions\": [], \"@context\": \"/api/contexts/ExercisesGroup\", \"children\": [], \"counters\": [], \"isDroped\": 0, \"position\": null, \"formation\": null, \"isImported\": true, \"constraints\": [], \"description\": null, \"extraLesson\": null, \"maxDuration\": null, \"sessionItem\": null, \"requirements\": [], \"technicalSkills\": [], \"standardDuration\": null, \"notTechnicalSkill\": []}, {\"id\": 8, \"@id\": \"/api/exercises_groups/8\", \"name\": \"Ensemble d\'exercice 8\", \"@type\": \"ExercisesGroup\", \"goals\": null, \"isNew\": true, \"itemId\": \"ckomce1rn001q3b63rwg1ioop\", \"actions\": [], \"@context\": \"/api/contexts/ExercisesGroup\", \"children\": [], \"counters\": [], \"isDroped\": 0, \"position\": null, \"formation\": null, \"isImported\": true, \"constraints\": [], \"description\": null, \"extraLesson\": null, \"maxDuration\": null, \"sessionItem\": null, \"requirements\": [], \"technicalSkills\": [], \"standardDuration\": null, \"notTechnicalSkill\": []}, {\"id\": 9, \"@id\": \"/api/exercises_groups/9\", \"name\": \"Ensemble d\'exercice 9\", \"@type\": \"ExercisesGroup\", \"goals\": null, \"isNew\": true, \"itemId\": \"ckomce1rn001r3b63lglu0wbv\", \"actions\": [], \"@context\": \"/api/contexts/ExercisesGroup\", \"children\": [], \"counters\": [], \"isDroped\": 0, \"position\": null, \"formation\": null, \"isImported\": true, \"constraints\": [], \"description\": null, \"extraLesson\": null, \"maxDuration\": null, \"sessionItem\": null, \"requirements\": [], \"technicalSkills\": [], \"standardDuration\": null, \"notTechnicalSkill\": []}, {\"id\": 10, \"@id\": \"/api/exercises_groups/10\", \"name\": \"Ensemble d\'exercice 10\", \"@type\": \"ExercisesGroup\", \"goals\": null, \"isNew\": true, \"itemId\": \"ckomce1rn001s3b63whkvowf1\", \"actions\": [], \"@context\": \"/api/contexts/ExercisesGroup\", \"children\": [], \"counters\": [], \"isDroped\": 0, \"position\": null, \"formation\": null, \"isImported\": true, \"constraints\": [], \"description\": null, \"extraLesson\": null, \"maxDuration\": null, \"sessionItem\": null, \"requirements\": [], \"technicalSkills\": [], \"standardDuration\": null, \"notTechnicalSkill\": []}, {\"@id\": \"/api/exercises/1\", \"name\": \"Exercice 1\", \"@type\": \"Exercise\", \"goals\": null, \"isNew\": true, \"itemId\": \"ckomce1rn001t3b63swhib8b7\", \"actions\": [], \"@context\": \"/api/contexts/Exercise\", \"children\": [{\"id\": 1, \"@id\": \"/api/exercise_items/1\", \"name\": \"exercice partie  1.1\", \"@type\": \"ExerciseItem\", \"goals\": null, \"isNew\": true, \"parent\": \"/api/exercises/1\", \"actions\": [], \"children\": [], \"counters\": [], \"notation\": null, \"position\": null, \"formation\": null, \"constraints\": [], \"description\": null, \"extraLesson\": null, \"isImportant\": false, \"maxDuration\": null, \"sessionItem\": null, \"requirements\": [], \"technicalSkills\": [], \"standardDuration\": null, \"notTechnicalSkill\": []}], \"counters\": [], \"isDroped\": 1, \"notation\": null, \"position\": null, \"formation\": null, \"minRating\": null, \"isImported\": true, \"constraints\": [], \"description\": null, \"maxDuration\": null, \"requirements\": [], \"technicalSkills\": [], \"standardDuration\": null, \"notTechnicalSkill\": [], \"formationItemFromListId\": \"/api/exercises/1\"}, {\"id\": 1, \"@id\": \"/api/exercise_items/1\", \"name\": \"exercice partie  1.1\", \"@type\": \"ExerciseItem\", \"goals\": null, \"isNew\": true, \"itemId\": \"ckomce1rn001u3b63yzevt8nx\", \"parent\": \"/api/exercises/1\", \"actions\": [], \"@context\": \"/api/contexts/ExerciseItem\", \"children\": [], \"counters\": [], \"isDroped\": 0, \"notation\": null, \"position\": null, \"formation\": null, \"isImported\": true, \"constraints\": [], \"description\": null, \"extraLesson\": null, \"isImportant\": false, \"maxDuration\": null, \"sessionItem\": null, \"requirements\": [], \"technicalSkills\": [], \"standardDuration\": null, \"notTechnicalSkill\": []}, {\"@id\": \"/api/exercises/2\", \"name\": \"Exercice 2\", \"@type\": \"Exercise\", \"goals\": null, \"isNew\": true, \"itemId\": \"ckomce1rn001v3b634lkoumuk\", \"actions\": [], \"@context\": \"/api/contexts/Exercise\", \"children\": [{\"id\": 1, \"@id\": \"/api/exercise_items/1\", \"name\": \"exercice partie  2.1\", \"@type\": \"ExerciseItem\", \"goals\": null, \"isNew\": true, \"parent\": \"/api/exercises/2\", \"actions\": [], \"children\": [], \"counters\": [], \"notation\": null, \"position\": null, \"formation\": null, \"constraints\": [], \"description\": null, \"extraLesson\": null, \"isImportant\": false, \"maxDuration\": null, \"sessionItem\": null, \"requirements\": [], \"technicalSkills\": [], \"standardDuration\": null, \"notTechnicalSkill\": []}], \"counters\": [], \"isDroped\": 1, \"notation\": null, \"position\": null, \"formation\": null, \"minRating\": null, \"isImported\": true, \"constraints\": [], \"description\": null, \"maxDuration\": null, \"requirements\": [], \"technicalSkills\": [], \"standardDuration\": null, \"notTechnicalSkill\": [], \"formationItemFromListId\": \"/api/exercises/2\"}, {\"id\": 1, \"@id\": \"/api/exercise_items/1\", \"name\": \"exercice partie  2.1\", \"@type\": \"ExerciseItem\", \"goals\": null, \"isNew\": true, \"itemId\": \"ckomce1rn001w3b6369vzlocw\", \"parent\": \"/api/exercises/2\", \"actions\": [], \"@context\": \"/api/contexts/ExerciseItem\", \"children\": [], \"counters\": [], \"isDroped\": 0, \"notation\": null, \"position\": null, \"formation\": null, \"isImported\": true, \"constraints\": [], \"description\": null, \"extraLesson\": null, \"isImportant\": false, \"maxDuration\": null, \"sessionItem\": null, \"requirements\": [], \"technicalSkills\": [], \"standardDuration\": null, \"notTechnicalSkill\": []}, {\"@id\": \"/api/exercises/3\", \"name\": \"Exercice 3\", \"@type\": \"Exercise\", \"goals\": null, \"isNew\": true, \"itemId\": \"ckomce1rn001x3b63sh16hinn\", \"actions\": [], \"@context\": \"/api/contexts/Exercise\", \"children\": [], \"counters\": [], \"isDroped\": 1, \"notation\": null, \"position\": null, \"formation\": null, \"minRating\": null, \"isImported\": true, \"constraints\": [], \"description\": null, \"maxDuration\": null, \"requirements\": [], \"technicalSkills\": [], \"standardDuration\": null, \"notTechnicalSkill\": [], \"formationItemFromListId\": \"/api/exercises/3\"}, {\"@id\": \"/api/exercises/4\", \"name\": \"Exercice 4\", \"@type\": \"Exercise\", \"goals\": null, \"isNew\": true, \"itemId\": \"ckomce1rn001y3b63uksz3sqc\", \"actions\": [], \"@context\": \"/api/contexts/Exercise\", \"children\": [{\"id\": 1, \"@id\": \"/api/exercise_items/1\", \"name\": \"exercice partie  4.1\", \"@type\": \"ExerciseItem\", \"goals\": null, \"isNew\": true, \"parent\": \"/api/exercises/4\", \"actions\": [], \"children\": [], \"counters\": [], \"notation\": null, \"position\": null, \"formation\": null, \"constraints\": [], \"description\": null, \"extraLesson\": null, \"isImportant\": false, \"maxDuration\": null, \"sessionItem\": null, \"requirements\": [], \"technicalSkills\": [], \"standardDuration\": null, \"notTechnicalSkill\": []}, {\"id\": 2, \"@id\": \"/api/exercise_items/2\", \"name\": \"exercice partie  4.2\", \"@type\": \"ExerciseItem\", \"goals\": null, \"isNew\": true, \"parent\": \"/api/exercises/4\", \"actions\": [], \"children\": [], \"counters\": [], \"notation\": null, \"position\": null, \"formation\": null, \"constraints\": [], \"description\": null, \"extraLesson\": null, \"isImportant\": false, \"maxDuration\": null, \"sessionItem\": null, \"requirements\": [], \"technicalSkills\": [], \"standardDuration\": null, \"notTechnicalSkill\": []}, {\"id\": 3, \"@id\": \"/api/exercise_items/3\", \"name\": \"exercice partie  4.3\", \"@type\": \"ExerciseItem\", \"goals\": null, \"isNew\": true, \"parent\": \"/api/exercises/4\", \"actions\": [], \"children\": [], \"counters\": [], \"notation\": null, \"position\": null, \"formation\": null, \"constraints\": [], \"description\": null, \"extraLesson\": null, \"isImportant\": false, \"maxDuration\": null, \"sessionItem\": null, \"requirements\": [], \"technicalSkills\": [], \"standardDuration\": null, \"notTechnicalSkill\": []}, {\"id\": 4, \"@id\": \"/api/exercise_items/4\", \"name\": \"exercice partie  4.4\", \"@type\": \"ExerciseItem\", \"goals\": null, \"isNew\": true, \"parent\": \"/api/exercises/4\", \"actions\": [], \"children\": [], \"counters\": [], \"notation\": null, \"position\": null, \"formation\": null, \"constraints\": [], \"description\": null, \"extraLesson\": null, \"isImportant\": false, \"maxDuration\": null, \"sessionItem\": null, \"requirements\": [], \"technicalSkills\": [], \"standardDuration\": null, \"notTechnicalSkill\": []}], \"counters\": [], \"isDroped\": 1, \"notation\": null, \"position\": null, \"formation\": null, \"minRating\": null, \"isImported\": true, \"constraints\": [], \"description\": null, \"maxDuration\": null, \"requirements\": [], \"technicalSkills\": [], \"standardDuration\": null, \"notTechnicalSkill\": [], \"formationItemFromListId\": \"/api/exercises/4\"}, {\"id\": 1, \"@id\": \"/api/exercise_items/1\", \"name\": \"exercice partie  4.1\", \"@type\": \"ExerciseItem\", \"goals\": null, \"isNew\": true, \"itemId\": \"ckomce1rn001z3b63lxrvvplb\", \"parent\": \"/api/exercises/4\", \"actions\": [], \"@context\": \"/api/contexts/ExerciseItem\", \"children\": [], \"counters\": [], \"isDroped\": 0, \"notation\": null, \"position\": null, \"formation\": null, \"isImported\": true, \"constraints\": [], \"description\": null, \"extraLesson\": null, \"isImportant\": false, \"maxDuration\": null, \"sessionItem\": null, \"requirements\": [], \"technicalSkills\": [], \"standardDuration\": null, \"notTechnicalSkill\": []}, {\"id\": 2, \"@id\": \"/api/exercise_items/2\", \"name\": \"exercice partie  4.2\", \"@type\": \"ExerciseItem\", \"goals\": null, \"isNew\": true, \"itemId\": \"ckomce1rn00203b63jerg3sk9\", \"parent\": \"/api/exercises/4\", \"actions\": [], \"@context\": \"/api/contexts/ExerciseItem\", \"children\": [], \"counters\": [], \"isDroped\": 0, \"notation\": null, \"position\": null, \"formation\": null, \"isImported\": true, \"constraints\": [], \"description\": null, \"extraLesson\": null, \"isImportant\": false, \"maxDuration\": null, \"sessionItem\": null, \"requirements\": [], \"technicalSkills\": [], \"standardDuration\": null, \"notTechnicalSkill\": []}, {\"id\": 3, \"@id\": \"/api/exercise_items/3\", \"name\": \"exercice partie  4.3\", \"@type\": \"ExerciseItem\", \"goals\": null, \"isNew\": true, \"itemId\": \"ckomce1rn00213b63sy0b88nb\", \"parent\": \"/api/exercises/4\", \"actions\": [], \"@context\": \"/api/contexts/ExerciseItem\", \"children\": [], \"counters\": [], \"isDroped\": 0, \"notation\": null, \"position\": null, \"formation\": null, \"isImported\": true, \"constraints\": [], \"description\": null, \"extraLesson\": null, \"isImportant\": false, \"maxDuration\": null, \"sessionItem\": null, \"requirements\": [], \"technicalSkills\": [], \"standardDuration\": null, \"notTechnicalSkill\": []}, {\"id\": 4, \"@id\": \"/api/exercise_items/4\", \"name\": \"exercice partie  4.4\", \"@type\": \"ExerciseItem\", \"goals\": null, \"isNew\": true, \"itemId\": \"ckomce1rn00223b63ddyy86y9\", \"parent\": \"/api/exercises/4\", \"actions\": [], \"@context\": \"/api/contexts/ExerciseItem\", \"children\": [], \"counters\": [], \"isDroped\": 0, \"notation\": null, \"position\": null, \"formation\": null, \"isImported\": true, \"constraints\": [], \"description\": null, \"extraLesson\": null, \"isImportant\": false, \"maxDuration\": null, \"sessionItem\": null, \"requirements\": [], \"technicalSkills\": [], \"standardDuration\": null, \"notTechnicalSkill\": []}, {\"@id\": \"/api/exercises/5\", \"name\": \"Exercice 5\", \"@type\": \"Exercise\", \"goals\": null, \"isNew\": true, \"itemId\": \"ckomce1rn00233b630ih759in\", \"actions\": [], \"@context\": \"/api/contexts/Exercise\", \"children\": [], \"counters\": [], \"isDroped\": 1, \"notation\": null, \"position\": null, \"formation\": null, \"minRating\": null, \"isImported\": true, \"constraints\": [], \"description\": null, \"maxDuration\": null, \"requirements\": [], \"technicalSkills\": [], \"standardDuration\": null, \"notTechnicalSkill\": [], \"formationItemFromListId\": \"/api/exercises/5\"}, {\"@id\": \"/api/exercises/6\", \"name\": \"Exercice 6\", \"@type\": \"Exercise\", \"goals\": null, \"isNew\": true, \"itemId\": \"ckomce1rn00243b63vmetxgb6\", \"actions\": [], \"@context\": \"/api/contexts/Exercise\", \"children\": [{\"id\": 1, \"@id\": \"/api/exercise_items/1\", \"name\": \"exercice partie  6.1\", \"@type\": \"ExerciseItem\", \"goals\": null, \"isNew\": true, \"parent\": \"/api/exercises/6\", \"actions\": [], \"children\": [], \"counters\": [], \"notation\": null, \"position\": null, \"formation\": null, \"constraints\": [], \"description\": null, \"extraLesson\": null, \"isImportant\": false, \"maxDuration\": null, \"sessionItem\": null, \"requirements\": [], \"technicalSkills\": [], \"standardDuration\": null, \"notTechnicalSkill\": []}, {\"id\": 2, \"@id\": \"/api/exercise_items/2\", \"name\": \"exercice partie  6.2\", \"@type\": \"ExerciseItem\", \"goals\": null, \"isNew\": true, \"parent\": \"/api/exercises/6\", \"actions\": [], \"children\": [], \"counters\": [], \"notation\": null, \"position\": null, \"formation\": null, \"constraints\": [], \"description\": null, \"extraLesson\": null, \"isImportant\": false, \"maxDuration\": null, \"sessionItem\": null, \"requirements\": [], \"technicalSkills\": [], \"standardDuration\": null, \"notTechnicalSkill\": []}, {\"id\": 3, \"@id\": \"/api/exercise_items/3\", \"name\": \"exercice partie  6.3\", \"@type\": \"ExerciseItem\", \"goals\": null, \"isNew\": true, \"parent\": \"/api/exercises/6\", \"actions\": [], \"children\": [], \"counters\": [], \"notation\": null, \"position\": null, \"formation\": null, \"constraints\": [], \"description\": null, \"extraLesson\": null, \"isImportant\": false, \"maxDuration\": null, \"sessionItem\": null, \"requirements\": [], \"technicalSkills\": [], \"standardDuration\": null, \"notTechnicalSkill\": []}, {\"id\": 4, \"@id\": \"/api/exercise_items/4\", \"name\": \"exercice partie  6.4\", \"@type\": \"ExerciseItem\", \"goals\": null, \"isNew\": true, \"parent\": \"/api/exercises/6\", \"actions\": [], \"children\": [], \"counters\": [], \"notation\": null, \"position\": null, \"formation\": null, \"constraints\": [], \"description\": null, \"extraLesson\": null, \"isImportant\": false, \"maxDuration\": null, \"sessionItem\": null, \"requirements\": [], \"technicalSkills\": [], \"standardDuration\": null, \"notTechnicalSkill\": []}], \"counters\": [], \"isDroped\": 1, \"notation\": null, \"position\": null, \"formation\": null, \"minRating\": null, \"isImported\": true, \"constraints\": [], \"description\": null, \"maxDuration\": null, \"requirements\": [], \"technicalSkills\": [], \"standardDuration\": null, \"notTechnicalSkill\": [], \"formationItemFromListId\": \"/api/exercises/6\"}, {\"id\": 1, \"@id\": \"/api/exercise_items/1\", \"name\": \"exercice partie  6.1\", \"@type\": \"ExerciseItem\", \"goals\": null, \"isNew\": true, \"itemId\": \"ckomce1rn00253b63vln9hjtl\", \"parent\": \"/api/exercises/6\", \"actions\": [], \"@context\": \"/api/contexts/ExerciseItem\", \"children\": [], \"counters\": [], \"isDroped\": 0, \"notation\": null, \"position\": null, \"formation\": null, \"isImported\": true, \"constraints\": [], \"description\": null, \"extraLesson\": null, \"isImportant\": false, \"maxDuration\": null, \"sessionItem\": null, \"requirements\": [], \"technicalSkills\": [], \"standardDuration\": null, \"notTechnicalSkill\": []}, {\"id\": 2, \"@id\": \"/api/exercise_items/2\", \"name\": \"exercice partie  6.2\", \"@type\": \"ExerciseItem\", \"goals\": null, \"isNew\": true, \"itemId\": \"ckomce1rn00263b63aclxlhxu\", \"parent\": \"/api/exercises/6\", \"actions\": [], \"@context\": \"/api/contexts/ExerciseItem\", \"children\": [], \"counters\": [], \"isDroped\": 0, \"notation\": null, \"position\": null, \"formation\": null, \"isImported\": true, \"constraints\": [], \"description\": null, \"extraLesson\": null, \"isImportant\": false, \"maxDuration\": null, \"sessionItem\": null, \"requirements\": [], \"technicalSkills\": [], \"standardDuration\": null, \"notTechnicalSkill\": []}, {\"id\": 3, \"@id\": \"/api/exercise_items/3\", \"name\": \"exercice partie  6.3\", \"@type\": \"ExerciseItem\", \"goals\": null, \"isNew\": true, \"itemId\": \"ckomce1rn00273b63pi4a8xsq\", \"parent\": \"/api/exercises/6\", \"actions\": [], \"@context\": \"/api/contexts/ExerciseItem\", \"children\": [], \"counters\": [], \"isDroped\": 0, \"notation\": null, \"position\": null, \"formation\": null, \"isImported\": true, \"constraints\": [], \"description\": null, \"extraLesson\": null, \"isImportant\": false, \"maxDuration\": null, \"sessionItem\": null, \"requirements\": [], \"technicalSkills\": [], \"standardDuration\": null, \"notTechnicalSkill\": []}, {\"id\": 4, \"@id\": \"/api/exercise_items/4\", \"name\": \"exercice partie  6.4\", \"@type\": \"ExerciseItem\", \"goals\": null, \"isNew\": true, \"itemId\": \"ckomce1rn00283b63pt90vh71\", \"parent\": \"/api/exercises/6\", \"actions\": [], \"@context\": \"/api/contexts/ExerciseItem\", \"children\": [], \"counters\": [], \"isDroped\": 0, \"notation\": null, \"position\": null, \"formation\": null, \"isImported\": true, \"constraints\": [], \"description\": null, \"extraLesson\": null, \"isImportant\": false, \"maxDuration\": null, \"sessionItem\": null, \"requirements\": [], \"technicalSkills\": [], \"standardDuration\": null, \"notTechnicalSkill\": []}, {\"@id\": \"/api/exercises/7\", \"name\": \"Exercice 7\", \"@type\": \"Exercise\", \"goals\": null, \"isNew\": true, \"itemId\": \"ckomce1rn00293b63sh62sbxh\", \"actions\": [], \"@context\": \"/api/contexts/Exercise\", \"children\": [{\"id\": 1, \"@id\": \"/api/exercise_items/1\", \"name\": \"exercice partie  7.1\", \"@type\": \"ExerciseItem\", \"goals\": null, \"isNew\": true, \"parent\": \"/api/exercises/7\", \"actions\": [], \"children\": [], \"counters\": [], \"notation\": null, \"position\": null, \"formation\": null, \"constraints\": [], \"description\": null, \"extraLesson\": null, \"isImportant\": false, \"maxDuration\": null, \"sessionItem\": null, \"requirements\": [], \"technicalSkills\": [], \"standardDuration\": null, \"notTechnicalSkill\": []}, {\"id\": 2, \"@id\": \"/api/exercise_items/2\", \"name\": \"exercice partie  7.2\", \"@type\": \"ExerciseItem\", \"goals\": null, \"isNew\": true, \"parent\": \"/api/exercises/7\", \"actions\": [], \"children\": [], \"counters\": [], \"notation\": null, \"position\": null, \"formation\": null, \"constraints\": [], \"description\": null, \"extraLesson\": null, \"isImportant\": false, \"maxDuration\": null, \"sessionItem\": null, \"requirements\": [], \"technicalSkills\": [], \"standardDuration\": null, \"notTechnicalSkill\": []}, {\"id\": 3, \"@id\": \"/api/exercise_items/3\", \"name\": \"exercice partie  7.3\", \"@type\": \"ExerciseItem\", \"goals\": null, \"isNew\": true, \"parent\": \"/api/exercises/7\", \"actions\": [], \"children\": [], \"counters\": [], \"notation\": null, \"position\": null, \"formation\": null, \"constraints\": [], \"description\": null, \"extraLesson\": null, \"isImportant\": false, \"maxDuration\": null, \"sessionItem\": null, \"requirements\": [], \"technicalSkills\": [], \"standardDuration\": null, \"notTechnicalSkill\": []}, {\"id\": 4, \"@id\": \"/api/exercise_items/4\", \"name\": \"exercice partie  7.4\", \"@type\": \"ExerciseItem\", \"goals\": null, \"isNew\": true, \"parent\": \"/api/exercises/7\", \"actions\": [], \"children\": [], \"counters\": [], \"notation\": null, \"position\": null, \"formation\": null, \"constraints\": [], \"description\": null, \"extraLesson\": null, \"isImportant\": false, \"maxDuration\": null, \"sessionItem\": null, \"requirements\": [], \"technicalSkills\": [], \"standardDuration\": null, \"notTechnicalSkill\": []}, {\"id\": 5, \"@id\": \"/api/exercise_items/5\", \"name\": \"exercice partie  7.5\", \"@type\": \"ExerciseItem\", \"goals\": null, \"isNew\": true, \"parent\": \"/api/exercises/7\", \"actions\": [], \"children\": [], \"counters\": [], \"notation\": null, \"position\": null, \"formation\": null, \"constraints\": [], \"description\": null, \"extraLesson\": null, \"isImportant\": false, \"maxDuration\": null, \"sessionItem\": null, \"requirements\": [], \"technicalSkills\": [], \"standardDuration\": null, \"notTechnicalSkill\": []}], \"counters\": [], \"isDroped\": 1, \"notation\": null, \"position\": null, \"formation\": null, \"minRating\": null, \"isImported\": true, \"constraints\": [], \"description\": null, \"maxDuration\": null, \"requirements\": [], \"technicalSkills\": [], \"standardDuration\": null, \"notTechnicalSkill\": [], \"formationItemFromListId\": \"/api/exercises/7\"}, {\"id\": 1, \"@id\": \"/api/exercise_items/1\", \"name\": \"exercice partie  7.1\", \"@type\": \"ExerciseItem\", \"goals\": null, \"isNew\": true, \"itemId\": \"ckomce1rn002a3b63zqtirvkq\", \"parent\": \"/api/exercises/7\", \"actions\": [], \"@context\": \"/api/contexts/ExerciseItem\", \"children\": [], \"counters\": [], \"isDroped\": 0, \"notation\": null, \"position\": null, \"formation\": null, \"isImported\": true, \"constraints\": [], \"description\": null, \"extraLesson\": null, \"isImportant\": false, \"maxDuration\": null, \"sessionItem\": null, \"requirements\": [], \"technicalSkills\": [], \"standardDuration\": null, \"notTechnicalSkill\": []}, {\"id\": 2, \"@id\": \"/api/exercise_items/2\", \"name\": \"exercice partie  7.2\", \"@type\": \"ExerciseItem\", \"goals\": null, \"isNew\": true, \"itemId\": \"ckomce1rn002b3b63eo0r1ino\", \"parent\": \"/api/exercises/7\", \"actions\": [], \"@context\": \"/api/contexts/ExerciseItem\", \"children\": [], \"counters\": [], \"isDroped\": 0, \"notation\": null, \"position\": null, \"formation\": null, \"isImported\": true, \"constraints\": [], \"description\": null, \"extraLesson\": null, \"isImportant\": false, \"maxDuration\": null, \"sessionItem\": null, \"requirements\": [], \"technicalSkills\": [], \"standardDuration\": null, \"notTechnicalSkill\": []}, {\"id\": 3, \"@id\": \"/api/exercise_items/3\", \"name\": \"exercice partie  7.3\", \"@type\": \"ExerciseItem\", \"goals\": null, \"isNew\": true, \"itemId\": \"ckomce1rn002c3b636eeutzzl\", \"parent\": \"/api/exercises/7\", \"actions\": [], \"@context\": \"/api/contexts/ExerciseItem\", \"children\": [], \"counters\": [], \"isDroped\": 0, \"notation\": null, \"position\": null, \"formation\": null, \"isImported\": true, \"constraints\": [], \"description\": null, \"extraLesson\": null, \"isImportant\": false, \"maxDuration\": null, \"sessionItem\": null, \"requirements\": [], \"technicalSkills\": [], \"standardDuration\": null, \"notTechnicalSkill\": []}, {\"id\": 4, \"@id\": \"/api/exercise_items/4\", \"name\": \"exercice partie  7.4\", \"@type\": \"ExerciseItem\", \"goals\": null, \"isNew\": true, \"itemId\": \"ckomce1rn002d3b63sneuhm0j\", \"parent\": \"/api/exercises/7\", \"actions\": [], \"@context\": \"/api/contexts/ExerciseItem\", \"children\": [], \"counters\": [], \"isDroped\": 0, \"notation\": null, \"position\": null, \"formation\": null, \"isImported\": true, \"constraints\": [], \"description\": null, \"extraLesson\": null, \"isImportant\": false, \"maxDuration\": null, \"sessionItem\": null, \"requirements\": [], \"technicalSkills\": [], \"standardDuration\": null, \"notTechnicalSkill\": []}, {\"id\": 5, \"@id\": \"/api/exercise_items/5\", \"name\": \"exercice partie  7.5\", \"@type\": \"ExerciseItem\", \"goals\": null, \"isNew\": true, \"itemId\": \"ckomce1rn002e3b635e1r0ldv\", \"parent\": \"/api/exercises/7\", \"actions\": [], \"@context\": \"/api/contexts/ExerciseItem\", \"children\": [], \"counters\": [], \"isDroped\": 0, \"notation\": null, \"position\": null, \"formation\": null, \"isImported\": true, \"constraints\": [], \"description\": null, \"extraLesson\": null, \"isImportant\": false, \"maxDuration\": null, \"sessionItem\": null, \"requirements\": [], \"technicalSkills\": [], \"standardDuration\": null, \"notTechnicalSkill\": []}, {\"@id\": \"/api/exercises/8\", \"name\": \"Exercice 8\", \"@type\": \"Exercise\", \"goals\": null, \"isNew\": true, \"itemId\": \"ckomce1rn002f3b6391v5ll5t\", \"actions\": [], \"@context\": \"/api/contexts/Exercise\", \"children\": [{\"id\": 1, \"@id\": \"/api/exercise_items/1\", \"name\": \"exercice partie  8.1\", \"@type\": \"ExerciseItem\", \"goals\": null, \"isNew\": true, \"parent\": \"/api/exercises/8\", \"actions\": [], \"children\": [], \"counters\": [], \"notation\": null, \"position\": null, \"formation\": null, \"constraints\": [], \"description\": null, \"extraLesson\": null, \"isImportant\": false, \"maxDuration\": null, \"sessionItem\": null, \"requirements\": [], \"technicalSkills\": [], \"standardDuration\": null, \"notTechnicalSkill\": []}, {\"id\": 2, \"@id\": \"/api/exercise_items/2\", \"name\": \"exercice partie  8.2\", \"@type\": \"ExerciseItem\", \"goals\": null, \"isNew\": true, \"parent\": \"/api/exercises/8\", \"actions\": [], \"children\": [], \"counters\": [], \"notation\": null, \"position\": null, \"formation\": null, \"constraints\": [], \"description\": null, \"extraLesson\": null, \"isImportant\": false, \"maxDuration\": null, \"sessionItem\": null, \"requirements\": [], \"technicalSkills\": [], \"standardDuration\": null, \"notTechnicalSkill\": []}, {\"id\": 3, \"@id\": \"/api/exercise_items/3\", \"name\": \"exercice partie  8.3\", \"@type\": \"ExerciseItem\", \"goals\": null, \"isNew\": true, \"parent\": \"/api/exercises/8\", \"actions\": [], \"children\": [], \"counters\": [], \"notation\": null, \"position\": null, \"formation\": null, \"constraints\": [], \"description\": null, \"extraLesson\": null, \"isImportant\": false, \"maxDuration\": null, \"sessionItem\": null, \"requirements\": [], \"technicalSkills\": [], \"standardDuration\": null, \"notTechnicalSkill\": []}, {\"id\": 4, \"@id\": \"/api/exercise_items/4\", \"name\": \"exercice partie  8.4\", \"@type\": \"ExerciseItem\", \"goals\": null, \"isNew\": true, \"parent\": \"/api/exercises/8\", \"actions\": [], \"children\": [], \"counters\": [], \"notation\": null, \"position\": null, \"formation\": null, \"constraints\": [], \"description\": null, \"extraLesson\": null, \"isImportant\": false, \"maxDuration\": null, \"sessionItem\": null, \"requirements\": [], \"technicalSkills\": [], \"standardDuration\": null, \"notTechnicalSkill\": []}, {\"id\": 5, \"@id\": \"/api/exercise_items/5\", \"name\": \"exercice partie  8.5\", \"@type\": \"ExerciseItem\", \"goals\": null, \"isNew\": true, \"parent\": \"/api/exercises/8\", \"actions\": [], \"children\": [], \"counters\": [], \"notation\": null, \"position\": null, \"formation\": null, \"constraints\": [], \"description\": null, \"extraLesson\": null, \"isImportant\": false, \"maxDuration\": null, \"sessionItem\": null, \"requirements\": [], \"technicalSkills\": [], \"standardDuration\": null, \"notTechnicalSkill\": []}], \"counters\": [], \"isDroped\": 1, \"notation\": null, \"position\": null, \"formation\": null, \"minRating\": null, \"isImported\": true, \"constraints\": [], \"description\": null, \"maxDuration\": null, \"requirements\": [], \"technicalSkills\": [], \"standardDuration\": null, \"notTechnicalSkill\": [], \"formationItemFromListId\": \"/api/exercises/8\"}, {\"id\": 1, \"@id\": \"/api/exercise_items/1\", \"name\": \"exercice partie  8.1\", \"@type\": \"ExerciseItem\", \"goals\": null, \"isNew\": true, \"itemId\": \"ckomce1rn002g3b63grp7bkh5\", \"parent\": \"/api/exercises/8\", \"actions\": [], \"@context\": \"/api/contexts/ExerciseItem\", \"children\": [], \"counters\": [], \"isDroped\": 0, \"notation\": null, \"position\": null, \"formation\": null, \"isImported\": true, \"constraints\": [], \"description\": null, \"extraLesson\": null, \"isImportant\": false, \"maxDuration\": null, \"sessionItem\": null, \"requirements\": [], \"technicalSkills\": [], \"standardDuration\": null, \"notTechnicalSkill\": []}, {\"id\": 2, \"@id\": \"/api/exercise_items/2\", \"name\": \"exercice partie  8.2\", \"@type\": \"ExerciseItem\", \"goals\": null, \"isNew\": true, \"itemId\": \"ckomce1rn002h3b63kzfdqju4\", \"parent\": \"/api/exercises/8\", \"actions\": [], \"@context\": \"/api/contexts/ExerciseItem\", \"children\": [], \"counters\": [], \"isDroped\": 0, \"notation\": null, \"position\": null, \"formation\": null, \"isImported\": true, \"constraints\": [], \"description\": null, \"extraLesson\": null, \"isImportant\": false, \"maxDuration\": null, \"sessionItem\": null, \"requirements\": [], \"technicalSkills\": [], \"standardDuration\": null, \"notTechnicalSkill\": []}, {\"id\": 3, \"@id\": \"/api/exercise_items/3\", \"name\": \"exercice partie  8.3\", \"@type\": \"ExerciseItem\", \"goals\": null, \"isNew\": true, \"itemId\": \"ckomce1rn002i3b63p9gjcaiu\", \"parent\": \"/api/exercises/8\", \"actions\": [], \"@context\": \"/api/contexts/ExerciseItem\", \"children\": [], \"counters\": [], \"isDroped\": 0, \"notation\": null, \"position\": null, \"formation\": null, \"isImported\": true, \"constraints\": [], \"description\": null, \"extraLesson\": null, \"isImportant\": false, \"maxDuration\": null, \"sessionItem\": null, \"requirements\": [], \"technicalSkills\": [], \"standardDuration\": null, \"notTechnicalSkill\": []}, {\"id\": 4, \"@id\": \"/api/exercise_items/4\", \"name\": \"exercice partie  8.4\", \"@type\": \"ExerciseItem\", \"goals\": null, \"isNew\": true, \"itemId\": \"ckomce1rn002j3b63t5zsi9b2\", \"parent\": \"/api/exercises/8\", \"actions\": [], \"@context\": \"/api/contexts/ExerciseItem\", \"children\": [], \"counters\": [], \"isDroped\": 0, \"notation\": null, \"position\": null, \"formation\": null, \"isImported\": true, \"constraints\": [], \"description\": null, \"extraLesson\": null, \"isImportant\": false, \"maxDuration\": null, \"sessionItem\": null, \"requirements\": [], \"technicalSkills\": [], \"standardDuration\": null, \"notTechnicalSkill\": []}, {\"id\": 5, \"@id\": \"/api/exercise_items/5\", \"name\": \"exercice partie  8.5\", \"@type\": \"ExerciseItem\", \"goals\": null, \"isNew\": true, \"itemId\": \"ckomce1rn002k3b63r8k5z245\", \"parent\": \"/api/exercises/8\", \"actions\": [], \"@context\": \"/api/contexts/ExerciseItem\", \"children\": [], \"counters\": [], \"isDroped\": 0, \"notation\": null, \"position\": null, \"formation\": null, \"isImported\": true, \"constraints\": [], \"description\": null, \"extraLesson\": null, \"isImportant\": false, \"maxDuration\": null, \"sessionItem\": null, \"requirements\": [], \"technicalSkills\": [], \"standardDuration\": null, \"notTechnicalSkill\": []}, {\"@id\": \"/api/exercises/9\", \"name\": \"Exercice 9\", \"@type\": \"Exercise\", \"goals\": null, \"isNew\": true, \"itemId\": \"ckomce1rn002l3b6380h1yvyd\", \"actions\": [], \"@context\": \"/api/contexts/Exercise\", \"children\": [{\"id\": 1, \"@id\": \"/api/exercise_items/1\", \"name\": \"exercice partie  9.1\", \"@type\": \"ExerciseItem\", \"goals\": null, \"isNew\": true, \"parent\": \"/api/exercises/9\", \"actions\": [], \"children\": [], \"counters\": [], \"notation\": null, \"position\": null, \"formation\": null, \"constraints\": [], \"description\": null, \"extraLesson\": null, \"isImportant\": false, \"maxDuration\": null, \"sessionItem\": null, \"requirements\": [], \"technicalSkills\": [], \"standardDuration\": null, \"notTechnicalSkill\": []}, {\"id\": 2, \"@id\": \"/api/exercise_items/2\", \"name\": \"exercice partie  9.2\", \"@type\": \"ExerciseItem\", \"goals\": null, \"isNew\": true, \"parent\": \"/api/exercises/9\", \"actions\": [], \"children\": [], \"counters\": [], \"notation\": null, \"position\": null, \"formation\": null, \"constraints\": [], \"description\": null, \"extraLesson\": null, \"isImportant\": false, \"maxDuration\": null, \"sessionItem\": null, \"requirements\": [], \"technicalSkills\": [], \"standardDuration\": null, \"notTechnicalSkill\": []}], \"counters\": [], \"isDroped\": 0, \"notation\": null, \"position\": null, \"formation\": null, \"minRating\": null, \"isImported\": true, \"constraints\": [], \"description\": null, \"maxDuration\": null, \"requirements\": [], \"technicalSkills\": [], \"standardDuration\": null, \"notTechnicalSkill\": []}, {\"id\": 1, \"@id\": \"/api/exercise_items/1\", \"name\": \"exercice partie  9.1\", \"@type\": \"ExerciseItem\", \"goals\": null, \"isNew\": true, \"itemId\": \"ckomce1rn002m3b63n5vtkh6m\", \"parent\": \"/api/exercises/9\", \"actions\": [], \"@context\": \"/api/contexts/ExerciseItem\", \"children\": [], \"counters\": [], \"isDroped\": 0, \"notation\": null, \"position\": null, \"formation\": null, \"isImported\": true, \"constraints\": [], \"description\": null, \"extraLesson\": null, \"isImportant\": false, \"maxDuration\": null, \"sessionItem\": null, \"requirements\": [], \"technicalSkills\": [], \"standardDuration\": null, \"notTechnicalSkill\": []}, {\"id\": 2, \"@id\": \"/api/exercise_items/2\", \"name\": \"exercice partie  9.2\", \"@type\": \"ExerciseItem\", \"goals\": null, \"isNew\": true, \"itemId\": \"ckomce1rn002n3b63xmd8mnk4\", \"parent\": \"/api/exercises/9\", \"actions\": [], \"@context\": \"/api/contexts/ExerciseItem\", \"children\": [], \"counters\": [], \"isDroped\": 0, \"notation\": null, \"position\": null, \"formation\": null, \"isImported\": true, \"constraints\": [], \"description\": null, \"extraLesson\": null, \"isImportant\": false, \"maxDuration\": null, \"sessionItem\": null, \"requirements\": [], \"technicalSkills\": [], \"standardDuration\": null, \"notTechnicalSkill\": []}, {\"@id\": \"/api/exercises/10\", \"name\": \"Exercice 10\", \"@type\": \"Exercise\", \"goals\": null, \"isNew\": true, \"itemId\": \"ckomce1rn002o3b63z6hu1sxl\", \"actions\": [], \"@context\": \"/api/contexts/Exercise\", \"children\": [{\"id\": 1, \"@id\": \"/api/exercise_items/1\", \"name\": \"exercice partie  10.1\", \"@type\": \"ExerciseItem\", \"goals\": null, \"isNew\": true, \"parent\": \"/api/exercises/10\", \"actions\": [], \"children\": [], \"counters\": [], \"notation\": null, \"position\": null, \"formation\": null, \"constraints\": [], \"description\": null, \"extraLesson\": null, \"isImportant\": false, \"maxDuration\": null, \"sessionItem\": null, \"requirements\": [], \"technicalSkills\": [], \"standardDuration\": null, \"notTechnicalSkill\": []}], \"counters\": [], \"isDroped\": 0, \"notation\": null, \"position\": null, \"formation\": null, \"minRating\": null, \"isImported\": true, \"constraints\": [], \"description\": null, \"maxDuration\": null, \"requirements\": [], \"technicalSkills\": [], \"standardDuration\": null, \"notTechnicalSkill\": []}, {\"id\": 1, \"@id\": \"/api/exercise_items/1\", \"name\": \"exercice partie  10.1\", \"@type\": \"ExerciseItem\", \"goals\": null, \"isNew\": true, \"itemId\": \"ckomce1rn002p3b63vezutrlf\", \"parent\": \"/api/exercises/10\", \"actions\": [], \"@context\": \"/api/contexts/ExerciseItem\", \"children\": [], \"counters\": [], \"isDroped\": 0, \"notation\": null, \"position\": null, \"formation\": null, \"isImported\": true, \"constraints\": [], \"description\": null, \"extraLesson\": null, \"isImportant\": false, \"maxDuration\": null, \"sessionItem\": null, \"requirements\": [], \"technicalSkills\": [], \"standardDuration\": null, \"notTechnicalSkill\": []}, {\"id\": 1, \"@id\": \"/api/skills/1\", \"name\": \"Comp. Tech. 1\", \"@type\": \"Skills\", \"isNew\": true, \"itemId\": \"ckomce1rn002q3b630mqirwy9\", \"details\": [], \"@context\": \"/api/contexts/Skills\", \"isDroped\": 0, \"isImported\": true, \"isTechnical\": null, \"ratingSystem\": null}, {\"id\": 2, \"@id\": \"/api/skills/2\", \"name\": \"Comp. Tech. 2\", \"@type\": \"Skills\", \"isNew\": true, \"itemId\": \"ckomce1rn002r3b63xwu55slh\", \"details\": [], \"@context\": \"/api/contexts/Skills\", \"isDroped\": 0, \"isImported\": true, \"isTechnical\": null, \"ratingSystem\": null}, {\"id\": 3, \"@id\": \"/api/skills/3\", \"name\": \"Comp. Tech. 3\", \"@type\": \"Skills\", \"isNew\": true, \"itemId\": \"ckomce1rn002s3b63q1ogppmp\", \"details\": [], \"@context\": \"/api/contexts/Skills\", \"isDroped\": 0, \"isImported\": true, \"isTechnical\": null, \"ratingSystem\": null}, {\"id\": 4, \"@id\": \"/api/skills/4\", \"name\": \"Comp. Tech. 4\", \"@type\": \"Skills\", \"isNew\": true, \"itemId\": \"ckomce1rn002t3b63b8byim2p\", \"details\": [], \"@context\": \"/api/contexts/Skills\", \"isDroped\": 0, \"isImported\": true, \"isTechnical\": null, \"ratingSystem\": null}, {\"id\": 5, \"@id\": \"/api/skills/5\", \"name\": \"Comp. Tech. 5\", \"@type\": \"Skills\", \"isNew\": true, \"itemId\": \"ckomce1rn002u3b637qnkm5r4\", \"details\": [], \"@context\": \"/api/contexts/Skills\", \"isDroped\": 0, \"isImported\": true, \"isTechnical\": null, \"ratingSystem\": null}, {\"id\": 6, \"@id\": \"/api/skills/6\", \"name\": \"Comp. Tech. 6\", \"@type\": \"Skills\", \"isNew\": true, \"itemId\": \"ckomce1rn002v3b632zsxov6m\", \"details\": [], \"@context\": \"/api/contexts/Skills\", \"isDroped\": 0, \"isImported\": true, \"isTechnical\": null, \"ratingSystem\": null}, {\"id\": 7, \"@id\": \"/api/skills/7\", \"name\": \"Comp. Tech. 7\", \"@type\": \"Skills\", \"isNew\": true, \"itemId\": \"ckomce1rn002w3b63ewxx2gur\", \"details\": [], \"@context\": \"/api/contexts/Skills\", \"isDroped\": 0, \"isImported\": true, \"isTechnical\": null, \"ratingSystem\": null}, {\"id\": 8, \"@id\": \"/api/skills/8\", \"name\": \"Comp. Tech. 8\", \"@type\": \"Skills\", \"isNew\": true, \"itemId\": \"ckomce1rn002x3b63nuvv7yjd\", \"details\": [], \"@context\": \"/api/contexts/Skills\", \"isDroped\": 0, \"isImported\": true, \"isTechnical\": null, \"ratingSystem\": null}, {\"id\": 9, \"@id\": \"/api/skills/9\", \"name\": \"Comp. Tech. 9\", \"@type\": \"Skills\", \"isNew\": true, \"itemId\": \"ckomce1rn002y3b631kupd5n8\", \"details\": [], \"@context\": \"/api/contexts/Skills\", \"isDroped\": 0, \"isImported\": true, \"isTechnical\": null, \"ratingSystem\": null}, {\"id\": 10, \"@id\": \"/api/skills/10\", \"name\": \"Comp. Tech. 10\", \"@type\": \"Skills\", \"isNew\": true, \"itemId\": \"ckomce1rn002z3b63454fyi6m\", \"details\": [], \"@context\": \"/api/contexts/Skills\", \"isDroped\": 0, \"isImported\": true, \"isTechnical\": null, \"ratingSystem\": null}, {\"id\": 1, \"@id\": \"/api/skills/1\", \"name\": \"Comp. Non Tech. 1\", \"@type\": \"Skills\", \"isNew\": true, \"itemId\": \"ckomce1rn00303b63iggswfzh\", \"details\": [], \"@context\": \"/api/contexts/Skills\", \"isDroped\": 0, \"isImported\": true, \"isTechnical\": null, \"ratingSystem\": null}, {\"id\": 2, \"@id\": \"/api/skills/2\", \"name\": \"Comp. Non Tech. 2\", \"@type\": \"Skills\", \"isNew\": true, \"itemId\": \"ckomce1ro00313b63zwebt8ed\", \"details\": [], \"@context\": \"/api/contexts/Skills\", \"isDroped\": 0, \"isImported\": true, \"isTechnical\": null, \"ratingSystem\": null}, {\"id\": 3, \"@id\": \"/api/skills/3\", \"name\": \"Comp. Non Tech. 3\", \"@type\": \"Skills\", \"isNew\": true, \"itemId\": \"ckomce1ro00323b63atjoemk9\", \"details\": [], \"@context\": \"/api/contexts/Skills\", \"isDroped\": 0, \"isImported\": true, \"isTechnical\": null, \"ratingSystem\": null}, {\"id\": 4, \"@id\": \"/api/skills/4\", \"name\": \"Comp. Non Tech. 4\", \"@type\": \"Skills\", \"isNew\": true, \"itemId\": \"ckomce1ro00333b63k3a4vafr\", \"details\": [], \"@context\": \"/api/contexts/Skills\", \"isDroped\": 0, \"isImported\": true, \"isTechnical\": null, \"ratingSystem\": null}, {\"id\": 5, \"@id\": \"/api/skills/5\", \"name\": \"Comp. Non Tech. 5\", \"@type\": \"Skills\", \"isNew\": true, \"itemId\": \"ckomce1ro00343b63gj7z17mt\", \"details\": [], \"@context\": \"/api/contexts/Skills\", \"isDroped\": 0, \"isImported\": true, \"isTechnical\": null, \"ratingSystem\": null}, {\"id\": 6, \"@id\": \"/api/skills/6\", \"name\": \"Comp. Non Tech. 6\", \"@type\": \"Skills\", \"isNew\": true, \"itemId\": \"ckomce1ro00353b63n4rv8hp2\", \"details\": [], \"@context\": \"/api/contexts/Skills\", \"isDroped\": 0, \"isImported\": true, \"isTechnical\": null, \"ratingSystem\": null}, {\"id\": 7, \"@id\": \"/api/skills/7\", \"name\": \"Comp. Non Tech. 7\", \"@type\": \"Skills\", \"isNew\": true, \"itemId\": \"ckomce1ro00363b63nsrk6co8\", \"details\": [], \"@context\": \"/api/contexts/Skills\", \"isDroped\": 0, \"isImported\": true, \"isTechnical\": null, \"ratingSystem\": null}, {\"id\": 8, \"@id\": \"/api/skills/8\", \"name\": \"Comp. Non Tech. 8\", \"@type\": \"Skills\", \"isNew\": true, \"itemId\": \"ckomce1ro00373b63ev47hx0c\", \"details\": [], \"@context\": \"/api/contexts/Skills\", \"isDroped\": 0, \"isImported\": true, \"isTechnical\": null, \"ratingSystem\": null}, {\"id\": 9, \"@id\": \"/api/skills/9\", \"name\": \"Comp. Non Tech. 9\", \"@type\": \"Skills\", \"isNew\": true, \"itemId\": \"ckomce1ro00383b637s7g8odl\", \"details\": [], \"@context\": \"/api/contexts/Skills\", \"isDroped\": 0, \"isImported\": true, \"isTechnical\": null, \"ratingSystem\": null}, {\"id\": 10, \"@id\": \"/api/skills/10\", \"name\": \"Comp. Non Tech. 10\", \"@type\": \"Skills\", \"isNew\": true, \"itemId\": \"ckomce1ro00393b632wgvoe04\", \"details\": [], \"@context\": \"/api/contexts/Skills\", \"isDroped\": 0, \"isImported\": true, \"isTechnical\": null, \"ratingSystem\": null}]', 4, NULL);
INSERT INTO `formation` (`id`, `lesson_notation_id`, `exercises_notation_id`, `exercise_decomposition_notation_id`, `name`, `subname`, `code`, `version`, `description`, `goals`, `duration`, `is_theoretical`, `use_theoretical_counters`, `theoretical_lesson_in_practical_formation`, `time_bloc_management`, `flight_time_managment`, `use_base_counters`, `flight_characteristics`, `use_not_technical_skills`, `comment_on_not_technical_skills`, `use_color_code_for_not_technical_skills`, `use_modules_group`, `use_modules`, `use_phases`, `use_exercises_group`, `use_exercises`, `use_technical_skills`, `use_exercises_decomposition`, `is_active`, `use_practical_counter`, `use_formation_duration`, `use_exercise_decomposition_notation`, `use_exercises_comments`, `created_at`, `last_modification`, `enable_student_self_evaluation`, `is_draft`, `items`, `formation_create_step_on_save`, `ato_id`) VALUES
(224, NULL, NULL, NULL, 'Alibaba', '', '111', '12', '<p><span style=\"font-size: 36px;\"><strong style=\"\"><span style=\"font-size: 12px;\">Je te vends mon Toshiba pas cher amigo pcq c\'est ton Mac qui marche pas lol :-)))))</span></strong></span><br></p>', '', 2400, 0, 0, 0, 1, 0, 1, 1, 1, 0, 0, 1, 1, 1, 1, 1, 1, 1, 0, 0, 1, 0, 0, '2021-06-03 08:48:46', '2021-06-03 07:24:36', 0, 1, '[]', 4, NULL),
(225, NULL, NULL, NULL, 'Test', '', '1', '2', '', '', 0, 0, 0, 0, 1, 0, 1, 1, 0, 0, 0, 0, 0, 0, 0, 0, 0, 0, 1, 0, 0, 0, 0, '2021-10-20 22:57:30', '2021-05-14 12:56:19', 0, 0, '[]', 0, 603);
INSERT INTO `formation` (`id`, `lesson_notation_id`, `exercises_notation_id`, `exercise_decomposition_notation_id`, `name`, `subname`, `code`, `version`, `description`, `goals`, `duration`, `is_theoretical`, `use_theoretical_counters`, `theoretical_lesson_in_practical_formation`, `time_bloc_management`, `flight_time_managment`, `use_base_counters`, `flight_characteristics`, `use_not_technical_skills`, `comment_on_not_technical_skills`, `use_color_code_for_not_technical_skills`, `use_modules_group`, `use_modules`, `use_phases`, `use_exercises_group`, `use_exercises`, `use_technical_skills`, `use_exercises_decomposition`, `is_active`, `use_practical_counter`, `use_formation_duration`, `use_exercise_decomposition_notation`, `use_exercises_comments`, `created_at`, `last_modification`, `enable_student_self_evaluation`, `is_draft`, `items`, `formation_create_step_on_save`, `ato_id`) VALUES
(231, NULL, 57, 57, 'LAPL & PPL JPO (source)', '', 'JPO1', '04.1', '<p>4e édition, version 1 – fév. 2021</p>', '', 2700, 0, 1, 1, 1, 1, 1, 1, 1, 1, 0, 0, 1, 1, 1, 1, 1, 1, 0, 0, 1, 1, 0, '2021-07-27 16:39:17', '2021-07-24 12:50:11', 1, 1, '[{\"id\": 1, \"@id\": \"ckrjccw9p019n3h5zcr8mfxtb\", \"name\": \"PHASE 1 : MANIA/TOURS DE PISTE\", \"@type\": \"Module\", \"goals\": null, \"isNew\": true, \"itemId\": \"ckrjccw9p019o3h5zktsvfsro\", \"parent\": null, \"actions\": [], \"subname\": null, \"@context\": \"/api/contexts/Module\", \"children\": [], \"counters\": [], \"position\": null, \"formation\": null, \"isImported\": true, \"constraints\": [], \"description\": null, \"extraLesson\": null, \"maxDuration\": null, \"sessionItem\": null, \"requirements\": [], \"isTheoretical\": false, \"technicalSkills\": [], \"configISExpended\": null, \"standardDuration\": null, \"notTechnicalSkill\": [], \"formationItemFromListId\": null}, {\"id\": 2, \"@id\": \"ckrjccw9p019p3h5znodvxi50\", \"name\": \"PHASE 2 : PANNES EN TOURS DE PISTE\", \"@type\": \"Module\", \"goals\": null, \"isNew\": true, \"itemId\": \"ckrjccw9p019q3h5z9m1qxo1u\", \"parent\": null, \"actions\": [], \"subname\": null, \"@context\": \"/api/contexts/Module\", \"children\": [], \"counters\": [], \"position\": null, \"formation\": null, \"isImported\": true, \"constraints\": [], \"description\": null, \"extraLesson\": null, \"maxDuration\": null, \"sessionItem\": null, \"requirements\": [], \"isTheoretical\": false, \"technicalSkills\": [], \"configISExpended\": null, \"standardDuration\": null, \"notTechnicalSkill\": [], \"formationItemFromListId\": null}, {\"id\": 3, \"@id\": \"ckrjccw9p019r3h5zra8e83gv\", \"name\": \"PHASE 3 : NAVIGATION\", \"@type\": \"Module\", \"goals\": null, \"isNew\": true, \"itemId\": \"ckrjccw9p019s3h5zhd3dcx7h\", \"parent\": null, \"actions\": [], \"subname\": null, \"@context\": \"/api/contexts/Module\", \"children\": [], \"counters\": [], \"position\": null, \"formation\": null, \"isImported\": true, \"constraints\": [], \"description\": null, \"extraLesson\": null, \"maxDuration\": null, \"sessionItem\": null, \"requirements\": [], \"isTheoretical\": false, \"technicalSkills\": [], \"configISExpended\": null, \"standardDuration\": null, \"notTechnicalSkill\": [], \"formationItemFromListId\": null}, {\"id\": 4, \"@id\": \"ckrjccw9p019t3h5z50qrlpb9\", \"name\": \"PHASE 4 : PANNES EN NAVIGATION\", \"@type\": \"Module\", \"goals\": null, \"isNew\": true, \"itemId\": \"ckrjccw9p019u3h5z18xp171y\", \"parent\": null, \"actions\": [], \"subname\": null, \"@context\": \"/api/contexts/Module\", \"children\": [], \"counters\": [], \"position\": null, \"formation\": null, \"isImported\": true, \"constraints\": [], \"description\": null, \"extraLesson\": null, \"maxDuration\": null, \"sessionItem\": null, \"requirements\": [], \"isTheoretical\": false, \"technicalSkills\": [], \"configISExpended\": null, \"standardDuration\": null, \"notTechnicalSkill\": [], \"formationItemFromListId\": null}, {\"id\": 5, \"@id\": \"ckrjccw9p019v3h5za9isi6a2\", \"name\": \"PHASE 5 : NAVIGATIONS SOLO\", \"@type\": \"Module\", \"goals\": null, \"isNew\": true, \"itemId\": \"ckrjccw9p019w3h5zhq7x1maz\", \"parent\": null, \"actions\": [], \"subname\": null, \"@context\": \"/api/contexts/Module\", \"children\": [], \"counters\": [], \"position\": null, \"formation\": null, \"isImported\": true, \"constraints\": [], \"description\": null, \"extraLesson\": null, \"maxDuration\": null, \"sessionItem\": null, \"requirements\": [], \"isTheoretical\": false, \"technicalSkills\": [], \"configISExpended\": null, \"standardDuration\": null, \"notTechnicalSkill\": [], \"formationItemFromListId\": null}, {\"id\": 6, \"@id\": \"ckrjccw9p019x3h5zg5xxfgon\", \"name\": \"PHASE BITD\", \"@type\": \"Module\", \"goals\": null, \"isNew\": true, \"itemId\": \"ckrjccw9p019y3h5zlnz3r4ya\", \"parent\": null, \"actions\": [], \"subname\": null, \"@context\": \"/api/contexts/Module\", \"children\": [], \"counters\": [], \"position\": null, \"formation\": null, \"isImported\": true, \"constraints\": [], \"description\": null, \"extraLesson\": null, \"maxDuration\": null, \"sessionItem\": null, \"requirements\": [], \"isTheoretical\": false, \"technicalSkills\": [], \"configISExpended\": null, \"standardDuration\": null, \"notTechnicalSkill\": [], \"formationItemFromListId\": null}, {\"id\": 1, \"@id\": \"ckrjccw9p019z3h5zw084dayv\", \"name\": \"MANIA1 - Mise en œuvre, roulage, vol d\'accoutumance / Assiette-Inclinaison-Ligne droite\", \"@type\": \"Lesson\", \"goals\": null, \"isNew\": true, \"groupe\": false, \"itemId\": \"ckrjccw9p01a03h5z5zlzatpg\", \"parent\": null, \"actions\": [], \"ceiling\": null, \"@context\": \"/api/contexts/Lesson\", \"children\": [], \"counters\": [], \"notation\": null, \"position\": null, \"classroom\": null, \"minRating\": null, \"isImported\": true, \"minWeather\": null, \"constraints\": [], \"description\": null, \"maxDuration\": null, \"requirements\": [], \"technicalRef\": null, \"isTheoretical\": false, \"minVisibility\": null, \"percentSuccess\": null, \"technicalSkills\": [], \"configISExpended\": null, \"standardDuration\": null, \"notTechnicalSkill\": [], \"subscribedStudent\": []}, {\"id\": 2, \"@id\": \"ckrjccw9p01a13h5zqtqojore\", \"name\": \"MANIA2 - Utilisation du moteur et du compensateur\", \"@type\": \"Lesson\", \"goals\": null, \"isNew\": true, \"groupe\": false, \"itemId\": \"ckrjccw9p01a23h5zvyak1ix8\", \"parent\": null, \"actions\": [], \"ceiling\": null, \"@context\": \"/api/contexts/Lesson\", \"children\": [], \"counters\": [], \"notation\": null, \"position\": null, \"classroom\": null, \"minRating\": null, \"isImported\": true, \"minWeather\": null, \"constraints\": [], \"description\": null, \"maxDuration\": null, \"requirements\": [], \"technicalRef\": null, \"isTheoretical\": false, \"minVisibility\": null, \"percentSuccess\": null, \"technicalSkills\": [], \"configISExpended\": null, \"standardDuration\": null, \"notTechnicalSkill\": [], \"subscribedStudent\": []}, {\"id\": 3, \"@id\": \"ckrjccw9p01a33h5z3ay5vacl\", \"name\": \"MANIA3 - Alignement et décollage / Assiette-Vitesse et Assiette-Trajectoire\", \"@type\": \"Lesson\", \"goals\": null, \"isNew\": true, \"groupe\": false, \"itemId\": \"ckrjccw9p01a43h5zfpwgdmdw\", \"parent\": null, \"actions\": [], \"ceiling\": null, \"@context\": \"/api/contexts/Lesson\", \"children\": [], \"counters\": [], \"notation\": null, \"position\": null, \"classroom\": null, \"minRating\": null, \"isImported\": true, \"minWeather\": null, \"constraints\": [], \"description\": null, \"maxDuration\": null, \"requirements\": [], \"technicalRef\": null, \"isTheoretical\": false, \"minVisibility\": null, \"percentSuccess\": null, \"technicalSkills\": [], \"configISExpended\": null, \"standardDuration\": null, \"notTechnicalSkill\": [], \"subscribedStudent\": []}, {\"id\": 4, \"@id\": \"ckrjccw9p01a53h5zwcg4ofiy\", \"name\": \"MANIA4 - Relation Puissance-Vitesse-Incidence et changements de configuration\", \"@type\": \"Lesson\", \"goals\": null, \"isNew\": true, \"groupe\": false, \"itemId\": \"ckrjccw9p01a63h5zjvukfumk\", \"parent\": null, \"actions\": [], \"ceiling\": null, \"@context\": \"/api/contexts/Lesson\", \"children\": [], \"counters\": [], \"notation\": null, \"position\": null, \"classroom\": null, \"minRating\": null, \"isImported\": true, \"minWeather\": null, \"constraints\": [], \"description\": null, \"maxDuration\": null, \"requirements\": [], \"technicalRef\": null, \"isTheoretical\": false, \"minVisibility\": null, \"percentSuccess\": null, \"technicalSkills\": [], \"configISExpended\": null, \"standardDuration\": null, \"notTechnicalSkill\": [], \"subscribedStudent\": []}, {\"id\": 5, \"@id\": \"ckrjccw9p01a73h5z5gaseo2i\", \"name\": \"MANIA5 - Palier, montée et descente, contrôle du cap\", \"@type\": \"Lesson\", \"goals\": null, \"isNew\": true, \"groupe\": false, \"itemId\": \"ckrjccw9p01a83h5zthigzq3b\", \"parent\": null, \"actions\": [], \"ceiling\": null, \"@context\": \"/api/contexts/Lesson\", \"children\": [], \"counters\": [], \"notation\": null, \"position\": null, \"classroom\": null, \"minRating\": null, \"isImported\": true, \"minWeather\": null, \"constraints\": [], \"description\": null, \"maxDuration\": null, \"requirements\": [], \"technicalRef\": null, \"isTheoretical\": false, \"minVisibility\": null, \"percentSuccess\": null, \"technicalSkills\": [], \"configISExpended\": null, \"standardDuration\": null, \"notTechnicalSkill\": [], \"subscribedStudent\": []}, {\"id\": 6, \"@id\": \"ckrjccw9p01a93h5zyqcmmd8p\", \"name\": \"MANIA6 - Virages en palier, montée et descente, symétrie du vol et relation dans le virage\", \"@type\": \"Lesson\", \"goals\": null, \"isNew\": true, \"groupe\": false, \"itemId\": \"ckrjccw9p01aa3h5z5iahx537\", \"parent\": null, \"actions\": [], \"ceiling\": null, \"@context\": \"/api/contexts/Lesson\", \"children\": [], \"counters\": [], \"notation\": null, \"position\": null, \"classroom\": null, \"minRating\": null, \"isImported\": true, \"minWeather\": null, \"constraints\": [], \"description\": null, \"maxDuration\": null, \"requirements\": [], \"technicalRef\": null, \"isTheoretical\": false, \"minVisibility\": null, \"percentSuccess\": null, \"technicalSkills\": [], \"configISExpended\": null, \"standardDuration\": null, \"notTechnicalSkill\": [], \"subscribedStudent\": []}, {\"id\": 7, \"@id\": \"ckrjccw9p01ab3h5ztdmsiuwa\", \"name\": \"MANIA7 - Vol lent à différentes configurations\", \"@type\": \"Lesson\", \"goals\": null, \"isNew\": true, \"groupe\": false, \"itemId\": \"ckrjccw9p01ac3h5z174a2nk2\", \"parent\": null, \"actions\": [], \"ceiling\": null, \"@context\": \"/api/contexts/Lesson\", \"children\": [], \"counters\": [], \"notation\": null, \"position\": null, \"classroom\": null, \"minRating\": null, \"isImported\": true, \"minWeather\": null, \"constraints\": [], \"description\": null, \"maxDuration\": null, \"requirements\": [], \"technicalRef\": null, \"isTheoretical\": false, \"minVisibility\": null, \"percentSuccess\": null, \"technicalSkills\": [], \"configISExpended\": null, \"standardDuration\": null, \"notTechnicalSkill\": [], \"subscribedStudent\": []}, {\"id\": 8, \"@id\": \"ckrjccw9p01ad3h5z59zliy31\", \"name\": \"TDP1 - Approche à 1,3Vs et approche interrompue\", \"@type\": \"Lesson\", \"goals\": null, \"isNew\": true, \"groupe\": false, \"itemId\": \"ckrjccw9p01ae3h5z4ew4pyhv\", \"parent\": null, \"actions\": [], \"ceiling\": null, \"@context\": \"/api/contexts/Lesson\", \"children\": [], \"counters\": [], \"notation\": null, \"position\": null, \"classroom\": null, \"minRating\": null, \"isImported\": true, \"minWeather\": null, \"constraints\": [], \"description\": null, \"maxDuration\": null, \"requirements\": [], \"technicalRef\": null, \"isTheoretical\": false, \"minVisibility\": null, \"percentSuccess\": null, \"technicalSkills\": [], \"configISExpended\": null, \"standardDuration\": null, \"notTechnicalSkill\": [], \"subscribedStudent\": []}, {\"id\": 9, \"@id\": \"ckrjccw9p01af3h5z3hlanbah\", \"name\": \"TDP2 - Tours de piste, chargement, centrage et stabilité longitudinale\", \"@type\": \"Lesson\", \"goals\": null, \"isNew\": true, \"groupe\": false, \"itemId\": \"ckrjccw9p01ag3h5zouw4exc6\", \"parent\": null, \"actions\": [], \"ceiling\": null, \"@context\": \"/api/contexts/Lesson\", \"children\": [], \"counters\": [], \"notation\": null, \"position\": null, \"classroom\": null, \"minRating\": null, \"isImported\": true, \"minWeather\": null, \"constraints\": [], \"description\": null, \"maxDuration\": null, \"requirements\": [], \"technicalRef\": null, \"isTheoretical\": false, \"minVisibility\": null, \"percentSuccess\": null, \"technicalSkills\": [], \"configISExpended\": null, \"standardDuration\": null, \"notTechnicalSkill\": [], \"subscribedStudent\": []}, {\"id\": 10, \"@id\": \"ckrjccw9p01ah3h5zfeap1g24\", \"name\": \"MANIA8 - Décrochages, approches du décrochage et virages à grande inclinaison\", \"@type\": \"Lesson\", \"goals\": null, \"isNew\": true, \"groupe\": false, \"itemId\": \"ckrjccw9p01ai3h5ziyc94v9q\", \"parent\": null, \"actions\": [], \"ceiling\": null, \"@context\": \"/api/contexts/Lesson\", \"children\": [], \"counters\": [], \"notation\": null, \"position\": null, \"classroom\": null, \"minRating\": null, \"isImported\": true, \"minWeather\": null, \"constraints\": [], \"description\": null, \"maxDuration\": null, \"requirements\": [], \"technicalRef\": null, \"isTheoretical\": false, \"minVisibility\": null, \"percentSuccess\": null, \"technicalSkills\": [], \"configISExpended\": null, \"standardDuration\": null, \"notTechnicalSkill\": [], \"subscribedStudent\": []}, {\"id\": 11, \"@id\": \"ckrjccw9p01aj3h5zrjvlbe29\", \"name\": \"BILAN DE PROGRESSION / PHASE 1 - MANIA/TOURS DE PISTE\", \"@type\": \"Lesson\", \"goals\": null, \"isNew\": true, \"groupe\": false, \"itemId\": \"ckrjccw9p01ak3h5zl9gno614\", \"parent\": null, \"actions\": [], \"ceiling\": null, \"@context\": \"/api/contexts/Lesson\", \"children\": [], \"counters\": [], \"notation\": null, \"position\": null, \"classroom\": null, \"minRating\": null, \"isImported\": true, \"minWeather\": null, \"constraints\": [], \"description\": null, \"maxDuration\": null, \"requirements\": [], \"technicalRef\": null, \"isTheoretical\": false, \"minVisibility\": null, \"percentSuccess\": null, \"technicalSkills\": [], \"configISExpended\": null, \"standardDuration\": null, \"notTechnicalSkill\": [], \"subscribedStudent\": []}, {\"id\": 12, \"@id\": \"ckrjccw9p01al3h5zo0v7mvuv\", \"name\": \"TDP3 - Panne moteur après décollage et panne volets\", \"@type\": \"Lesson\", \"goals\": null, \"isNew\": true, \"groupe\": false, \"itemId\": \"ckrjccw9p01am3h5zlaq1r9kp\", \"parent\": null, \"actions\": [], \"ceiling\": null, \"@context\": \"/api/contexts/Lesson\", \"children\": [], \"counters\": [], \"notation\": null, \"position\": null, \"classroom\": null, \"minRating\": null, \"isImported\": true, \"minWeather\": null, \"constraints\": [], \"description\": null, \"maxDuration\": null, \"requirements\": [], \"technicalRef\": null, \"isTheoretical\": false, \"minVisibility\": null, \"percentSuccess\": null, \"technicalSkills\": [], \"configISExpended\": null, \"standardDuration\": null, \"notTechnicalSkill\": [], \"subscribedStudent\": []}, {\"id\": 13, \"@id\": \"ckrjccw9p01an3h5zpzxgofzy\", \"name\": \"MANIA9 - Vol moteur réduit et montées adaptées\", \"@type\": \"Lesson\", \"goals\": null, \"isNew\": true, \"groupe\": false, \"itemId\": \"ckrjccw9p01ao3h5z86v5lnoc\", \"parent\": null, \"actions\": [], \"ceiling\": null, \"@context\": \"/api/contexts/Lesson\", \"children\": [], \"counters\": [], \"notation\": null, \"position\": null, \"classroom\": null, \"minRating\": null, \"isImported\": true, \"minWeather\": null, \"constraints\": [], \"description\": null, \"maxDuration\": null, \"requirements\": [], \"technicalRef\": null, \"isTheoretical\": false, \"minVisibility\": null, \"percentSuccess\": null, \"technicalSkills\": [], \"configISExpended\": null, \"standardDuration\": null, \"notTechnicalSkill\": [], \"subscribedStudent\": []}, {\"id\": 14, \"@id\": \"ckrjccw9p01ap3h5zjxzej5i4\", \"name\": \"TDP4 - Panne d\'anémomètre et PTL\", \"@type\": \"Lesson\", \"goals\": null, \"isNew\": true, \"groupe\": false, \"itemId\": \"ckrjccw9p01aq3h5z6b6t04ip\", \"parent\": null, \"actions\": [], \"ceiling\": null, \"@context\": \"/api/contexts/Lesson\", \"children\": [], \"counters\": [], \"notation\": null, \"position\": null, \"classroom\": null, \"minRating\": null, \"isImported\": true, \"minWeather\": null, \"constraints\": [], \"description\": null, \"maxDuration\": null, \"requirements\": [], \"technicalRef\": null, \"isTheoretical\": false, \"minVisibility\": null, \"percentSuccess\": null, \"technicalSkills\": [], \"configISExpended\": null, \"standardDuration\": null, \"notTechnicalSkill\": [], \"subscribedStudent\": []}, {\"id\": 15, \"@id\": \"ckrjccw9p01ar3h5zpju9nma0\", \"name\": \"TDP5 - PTE/PTU et panne radio\", \"@type\": \"Lesson\", \"goals\": null, \"isNew\": true, \"groupe\": false, \"itemId\": \"ckrjccw9p01as3h5zw6fryici\", \"parent\": null, \"actions\": [], \"ceiling\": null, \"@context\": \"/api/contexts/Lesson\", \"children\": [], \"counters\": [], \"notation\": null, \"position\": null, \"classroom\": null, \"minRating\": null, \"isImported\": true, \"minWeather\": null, \"constraints\": [], \"description\": null, \"maxDuration\": null, \"requirements\": [], \"technicalRef\": null, \"isTheoretical\": false, \"minVisibility\": null, \"percentSuccess\": null, \"technicalSkills\": [], \"configISExpended\": null, \"standardDuration\": null, \"notTechnicalSkill\": [], \"subscribedStudent\": []}, {\"id\": 16, \"@id\": \"ckrjccw9p01at3h5ze7p2up2w\", \"name\": \"TDP6 - PTE et feu moteur au sol\", \"@type\": \"Lesson\", \"goals\": null, \"isNew\": true, \"groupe\": false, \"itemId\": \"ckrjccw9p01au3h5z3rbdbgqu\", \"parent\": null, \"actions\": [], \"ceiling\": null, \"@context\": \"/api/contexts/Lesson\", \"children\": [], \"counters\": [], \"notation\": null, \"position\": null, \"classroom\": null, \"minRating\": null, \"isImported\": true, \"minWeather\": null, \"constraints\": [], \"description\": null, \"maxDuration\": null, \"requirements\": [], \"technicalRef\": null, \"isTheoretical\": false, \"minVisibility\": null, \"percentSuccess\": null, \"technicalSkills\": [], \"configISExpended\": null, \"standardDuration\": null, \"notTechnicalSkill\": [], \"subscribedStudent\": []}, {\"id\": 17, \"@id\": \"ckrjccw9p01av3h5zfopbchqw\", \"name\": \"NAV1 - Navigation vers le terrain de déroutement préférentiel et tour de piste\", \"@type\": \"Lesson\", \"goals\": null, \"isNew\": true, \"groupe\": false, \"itemId\": \"ckrjccw9p01aw3h5zw6fcblkw\", \"parent\": null, \"actions\": [], \"ceiling\": null, \"@context\": \"/api/contexts/Lesson\", \"children\": [], \"counters\": [], \"notation\": null, \"position\": null, \"classroom\": null, \"minRating\": null, \"isImported\": true, \"minWeather\": null, \"constraints\": [], \"description\": null, \"maxDuration\": null, \"requirements\": [], \"technicalRef\": null, \"isTheoretical\": false, \"minVisibility\": null, \"percentSuccess\": null, \"technicalSkills\": [], \"configISExpended\": null, \"standardDuration\": null, \"notTechnicalSkill\": [], \"subscribedStudent\": []}, {\"id\": 18, \"@id\": \"ckrjccw9p01ax3h5zeh6b2cdn\", \"name\": \"TDP7 - Révision tours de piste et pannes\", \"@type\": \"Lesson\", \"goals\": null, \"isNew\": true, \"groupe\": false, \"itemId\": \"ckrjccw9p01ay3h5zwhbsj61m\", \"parent\": null, \"actions\": [], \"ceiling\": null, \"@context\": \"/api/contexts/Lesson\", \"children\": [], \"counters\": [], \"notation\": null, \"position\": null, \"classroom\": null, \"minRating\": null, \"isImported\": true, \"minWeather\": null, \"constraints\": [], \"description\": null, \"maxDuration\": null, \"requirements\": [], \"technicalRef\": null, \"isTheoretical\": false, \"minVisibility\": null, \"percentSuccess\": null, \"technicalSkills\": [], \"configISExpended\": null, \"standardDuration\": null, \"notTechnicalSkill\": [], \"subscribedStudent\": []}, {\"id\": 19, \"@id\": \"ckrjccw9p01az3h5z1cv51xa1\", \"name\": \"BILAN DE PROGRESSION / PHASE 2 - PANNES EN TOUR DE PISTE \", \"@type\": \"Lesson\", \"goals\": null, \"isNew\": true, \"groupe\": false, \"itemId\": \"ckrjccw9p01b03h5z4f5vzlqr\", \"parent\": null, \"actions\": [], \"ceiling\": null, \"@context\": \"/api/contexts/Lesson\", \"children\": [], \"counters\": [], \"notation\": null, \"position\": null, \"classroom\": null, \"minRating\": null, \"isImported\": true, \"minWeather\": null, \"constraints\": [], \"description\": null, \"maxDuration\": null, \"requirements\": [], \"technicalRef\": null, \"isTheoretical\": false, \"minVisibility\": null, \"percentSuccess\": null, \"technicalSkills\": [], \"configISExpended\": null, \"standardDuration\": null, \"notTechnicalSkill\": [], \"subscribedStudent\": []}, {\"id\": 20, \"@id\": \"ckrjccw9p01b13h5zlh8wckd0\", \"name\": \"SOLO1 - Le lâcher \", \"@type\": \"Lesson\", \"goals\": null, \"isNew\": true, \"groupe\": false, \"itemId\": \"ckrjccw9p01b23h5zcjj4grnp\", \"parent\": null, \"actions\": [], \"ceiling\": null, \"@context\": \"/api/contexts/Lesson\", \"children\": [], \"counters\": [], \"notation\": null, \"position\": null, \"classroom\": null, \"minRating\": null, \"isImported\": true, \"minWeather\": null, \"constraints\": [], \"description\": null, \"maxDuration\": null, \"requirements\": [], \"technicalRef\": null, \"isTheoretical\": false, \"minVisibility\": null, \"percentSuccess\": null, \"technicalSkills\": [], \"configISExpended\": null, \"standardDuration\": null, \"notTechnicalSkill\": [], \"subscribedStudent\": []}, {\"id\": 21, \"@id\": \"ckrjccw9p01b33h5z6tp6ipxp\", \"name\": \"NAV2 - Navigation en cheminement vers un terrain non contrôlé et décollage/atterrissage adaptés\", \"@type\": \"Lesson\", \"goals\": null, \"isNew\": true, \"groupe\": false, \"itemId\": \"ckrjccw9p01b43h5z5bukxflr\", \"parent\": null, \"actions\": [], \"ceiling\": null, \"@context\": \"/api/contexts/Lesson\", \"children\": [], \"counters\": [], \"notation\": null, \"position\": null, \"classroom\": null, \"minRating\": null, \"isImported\": true, \"minWeather\": null, \"constraints\": [], \"description\": null, \"maxDuration\": null, \"requirements\": [], \"technicalRef\": null, \"isTheoretical\": false, \"minVisibility\": null, \"percentSuccess\": null, \"technicalSkills\": [], \"configISExpended\": null, \"standardDuration\": null, \"notTechnicalSkill\": [], \"subscribedStudent\": []}, {\"id\": 22, \"@id\": \"ckrjccw9p01b53h5zpoz9ktiw\", \"name\": \"MANIA10 - Approche du décrochage et virage engagé\", \"@type\": \"Lesson\", \"goals\": null, \"isNew\": true, \"groupe\": false, \"itemId\": \"ckrjccw9p01b63h5z1m5imt13\", \"parent\": null, \"actions\": [], \"ceiling\": null, \"@context\": \"/api/contexts/Lesson\", \"children\": [], \"counters\": [], \"notation\": null, \"position\": null, \"classroom\": null, \"minRating\": null, \"isImported\": true, \"minWeather\": null, \"constraints\": [], \"description\": null, \"maxDuration\": null, \"requirements\": [], \"technicalRef\": null, \"isTheoretical\": false, \"minVisibility\": null, \"percentSuccess\": null, \"technicalSkills\": [], \"configISExpended\": null, \"standardDuration\": null, \"notTechnicalSkill\": [], \"subscribedStudent\": []}, {\"id\": 23, \"@id\": \"ckrjccw9p01b73h5zzk27r9tn\", \"name\": \"SOLO2 - Tours de piste publié en solo\", \"@type\": \"Lesson\", \"goals\": null, \"isNew\": true, \"groupe\": false, \"itemId\": \"ckrjccw9p01b83h5zbeu2jswz\", \"parent\": null, \"actions\": [], \"ceiling\": null, \"@context\": \"/api/contexts/Lesson\", \"children\": [], \"counters\": [], \"notation\": null, \"position\": null, \"classroom\": null, \"minRating\": null, \"isImported\": true, \"minWeather\": null, \"constraints\": [], \"description\": null, \"maxDuration\": null, \"requirements\": [], \"technicalRef\": null, \"isTheoretical\": false, \"minVisibility\": null, \"percentSuccess\": null, \"technicalSkills\": [], \"configISExpended\": null, \"standardDuration\": null, \"notTechnicalSkill\": [], \"subscribedStudent\": []}, {\"id\": 24, \"@id\": \"ckrjccw9p01b93h5zvmiu7guu\", \"name\": \"NAV3 - Navigation à l\'estime vers un terrain non contrôlé et décollage adapté\", \"@type\": \"Lesson\", \"goals\": null, \"isNew\": true, \"groupe\": false, \"itemId\": \"ckrjccw9p01ba3h5zrikzs24h\", \"parent\": null, \"actions\": [], \"ceiling\": null, \"@context\": \"/api/contexts/Lesson\", \"children\": [], \"counters\": [], \"notation\": null, \"position\": null, \"classroom\": null, \"minRating\": null, \"isImported\": true, \"minWeather\": null, \"constraints\": [], \"description\": null, \"maxDuration\": null, \"requirements\": [], \"technicalRef\": null, \"isTheoretical\": false, \"minVisibility\": null, \"percentSuccess\": null, \"technicalSkills\": [], \"configISExpended\": null, \"standardDuration\": null, \"notTechnicalSkill\": [], \"subscribedStudent\": []}, {\"id\": 25, \"@id\": \"ckrjccw9p01bb3h5z6csn447x\", \"name\": \"SOLO3 - Tours de piste publié en solo\", \"@type\": \"Lesson\", \"goals\": null, \"isNew\": true, \"groupe\": false, \"itemId\": \"ckrjccw9p01bc3h5zlamsdqmv\", \"parent\": null, \"actions\": [], \"ceiling\": null, \"@context\": \"/api/contexts/Lesson\", \"children\": [], \"counters\": [], \"notation\": null, \"position\": null, \"classroom\": null, \"minRating\": null, \"isImported\": true, \"minWeather\": null, \"constraints\": [], \"description\": null, \"maxDuration\": null, \"requirements\": [], \"technicalRef\": null, \"isTheoretical\": false, \"minVisibility\": null, \"percentSuccess\": null, \"technicalSkills\": [], \"configISExpended\": null, \"standardDuration\": null, \"notTechnicalSkill\": [], \"subscribedStudent\": []}, {\"id\": 26, \"@id\": \"ckrjccw9p01bd3h5z9klp9rgp\", \"name\": \"NAV4 - Navigation à l\'estime vers un terrain contrôlé, utilisation du log de navigation, utilisation de flanquements et atterrissage adapté\", \"@type\": \"Lesson\", \"goals\": null, \"isNew\": true, \"groupe\": false, \"itemId\": \"ckrjccw9p01be3h5z3eburvv7\", \"parent\": null, \"actions\": [], \"ceiling\": null, \"@context\": \"/api/contexts/Lesson\", \"children\": [], \"counters\": [], \"notation\": null, \"position\": null, \"classroom\": null, \"minRating\": null, \"isImported\": true, \"minWeather\": null, \"constraints\": [], \"description\": null, \"maxDuration\": null, \"requirements\": [], \"technicalRef\": null, \"isTheoretical\": false, \"minVisibility\": null, \"percentSuccess\": null, \"technicalSkills\": [], \"configISExpended\": null, \"standardDuration\": null, \"notTechnicalSkill\": [], \"subscribedStudent\": []}, {\"id\": 27, \"@id\": \"ckrjccw9p01bf3h5zarik893d\", \"name\": \"SOLO4 - Vol local en solo\", \"@type\": \"Lesson\", \"goals\": null, \"isNew\": true, \"groupe\": false, \"itemId\": \"ckrjccw9p01bg3h5z5r19o1bu\", \"parent\": null, \"actions\": [], \"ceiling\": null, \"@context\": \"/api/contexts/Lesson\", \"children\": [], \"counters\": [], \"notation\": null, \"position\": null, \"classroom\": null, \"minRating\": null, \"isImported\": true, \"minWeather\": null, \"constraints\": [], \"description\": null, \"maxDuration\": null, \"requirements\": [], \"technicalRef\": null, \"isTheoretical\": false, \"minVisibility\": null, \"percentSuccess\": null, \"technicalSkills\": [], \"configISExpended\": null, \"standardDuration\": null, \"notTechnicalSkill\": [], \"subscribedStudent\": []}, {\"id\": 28, \"@id\": \"ckrjccw9p01bh3h5zefxd0xly\", \"name\": \"NAV5 - Navigation à l\'estime vers un terrain contrôlé avec ATIS en passant à la verticale d\'un VOR et briefing arrivée\", \"@type\": \"Lesson\", \"goals\": null, \"isNew\": true, \"groupe\": false, \"itemId\": \"ckrjccw9p01bi3h5ztmd2wnfp\", \"parent\": null, \"actions\": [], \"ceiling\": null, \"@context\": \"/api/contexts/Lesson\", \"children\": [], \"counters\": [], \"notation\": null, \"position\": null, \"classroom\": null, \"minRating\": null, \"isImported\": true, \"minWeather\": null, \"constraints\": [], \"description\": null, \"maxDuration\": null, \"requirements\": [], \"technicalRef\": null, \"isTheoretical\": false, \"minVisibility\": null, \"percentSuccess\": null, \"technicalSkills\": [], \"configISExpended\": null, \"standardDuration\": null, \"notTechnicalSkill\": [], \"subscribedStudent\": []}, {\"id\": 29, \"@id\": \"ckrjccw9p01bj3h5zrvmd3sur\", \"name\": \"SOLO5 - Vol local en solo (Non applicable LAPL)\", \"@type\": \"Lesson\", \"goals\": null, \"isNew\": true, \"groupe\": false, \"itemId\": \"ckrjccw9p01bk3h5zlnnc6mwn\", \"parent\": null, \"actions\": [], \"ceiling\": null, \"@context\": \"/api/contexts/Lesson\", \"children\": [], \"counters\": [], \"notation\": null, \"position\": null, \"classroom\": null, \"minRating\": null, \"isImported\": true, \"minWeather\": null, \"constraints\": [], \"description\": null, \"maxDuration\": null, \"requirements\": [], \"technicalRef\": null, \"isTheoretical\": false, \"minVisibility\": null, \"percentSuccess\": null, \"technicalSkills\": [], \"configISExpended\": null, \"standardDuration\": null, \"notTechnicalSkill\": [], \"subscribedStudent\": []}, {\"id\": 30, \"@id\": \"ckrjccw9p01bl3h5zkw62nr9y\", \"name\": \"NAV6 - Navigation vers un terrain AFIS et atterrissage forcé moteur réduit\", \"@type\": \"Lesson\", \"goals\": null, \"isNew\": true, \"groupe\": false, \"itemId\": \"ckrjccw9p01bm3h5zyvkav2eu\", \"parent\": null, \"actions\": [], \"ceiling\": null, \"@context\": \"/api/contexts/Lesson\", \"children\": [], \"counters\": [], \"notation\": null, \"position\": null, \"classroom\": null, \"minRating\": null, \"isImported\": true, \"minWeather\": null, \"constraints\": [], \"description\": null, \"maxDuration\": null, \"requirements\": [], \"technicalRef\": null, \"isTheoretical\": false, \"minVisibility\": null, \"percentSuccess\": null, \"technicalSkills\": [], \"configISExpended\": null, \"standardDuration\": null, \"notTechnicalSkill\": [], \"subscribedStudent\": []}, {\"id\": 31, \"@id\": \"ckrjccw9p01bn3h5zm2p48vwm\", \"name\": \"BILAN DE PROGRESSION / PHASE 3 - NAVIGATIONS\", \"@type\": \"Lesson\", \"goals\": null, \"isNew\": true, \"groupe\": false, \"itemId\": \"ckrjccw9p01bo3h5zk9c6tci1\", \"parent\": null, \"actions\": [], \"ceiling\": null, \"@context\": \"/api/contexts/Lesson\", \"children\": [], \"counters\": [], \"notation\": null, \"position\": null, \"classroom\": null, \"minRating\": null, \"isImported\": true, \"minWeather\": null, \"constraints\": [], \"description\": null, \"maxDuration\": null, \"requirements\": [], \"technicalRef\": null, \"isTheoretical\": false, \"minVisibility\": null, \"percentSuccess\": null, \"technicalSkills\": [], \"configISExpended\": null, \"standardDuration\": null, \"notTechnicalSkill\": [], \"subscribedStudent\": []}, {\"id\": 32, \"@id\": \"ckrjccw9p01bp3h5zxdnde15s\", \"name\": \"SOLO6 - Vol local en solo (Non applicable LAPL)\", \"@type\": \"Lesson\", \"goals\": null, \"isNew\": true, \"groupe\": false, \"itemId\": \"ckrjccw9p01bq3h5z4t94gpv9\", \"parent\": null, \"actions\": [], \"ceiling\": null, \"@context\": \"/api/contexts/Lesson\", \"children\": [], \"counters\": [], \"notation\": null, \"position\": null, \"classroom\": null, \"minRating\": null, \"isImported\": true, \"minWeather\": null, \"constraints\": [], \"description\": null, \"maxDuration\": null, \"requirements\": [], \"technicalRef\": null, \"isTheoretical\": false, \"minVisibility\": null, \"percentSuccess\": null, \"technicalSkills\": [], \"configISExpended\": null, \"standardDuration\": null, \"notTechnicalSkill\": [], \"subscribedStudent\": []}, {\"id\": 33, \"@id\": \"ckrjccw9p01br3h5zy2eodcwr\", \"name\": \"NAV7 - Navigation en niveau de vol vers un terrain avec trajectoire antibruit et atterrissage forcé moteur réduit\", \"@type\": \"Lesson\", \"goals\": null, \"isNew\": true, \"groupe\": false, \"itemId\": \"ckrjccw9p01bs3h5z9svxwpfg\", \"parent\": null, \"actions\": [], \"ceiling\": null, \"@context\": \"/api/contexts/Lesson\", \"children\": [], \"counters\": [], \"notation\": null, \"position\": null, \"classroom\": null, \"minRating\": null, \"isImported\": true, \"minWeather\": null, \"constraints\": [], \"description\": null, \"maxDuration\": null, \"requirements\": [], \"technicalRef\": null, \"isTheoretical\": false, \"minVisibility\": null, \"percentSuccess\": null, \"technicalSkills\": [], \"configISExpended\": null, \"standardDuration\": null, \"notTechnicalSkill\": [], \"subscribedStudent\": []}, {\"id\": 34, \"@id\": \"ckrjccw9p01bt3h5zgtk45fmo\", \"name\": \"SOLO7 - Vol local en solo (Non applicable LAPL)\", \"@type\": \"Lesson\", \"goals\": null, \"isNew\": true, \"groupe\": false, \"itemId\": \"ckrjccw9p01bu3h5z914j6g7h\", \"parent\": null, \"actions\": [], \"ceiling\": null, \"@context\": \"/api/contexts/Lesson\", \"children\": [], \"counters\": [], \"notation\": null, \"position\": null, \"classroom\": null, \"minRating\": null, \"isImported\": true, \"minWeather\": null, \"constraints\": [], \"description\": null, \"maxDuration\": null, \"requirements\": [], \"technicalRef\": null, \"isTheoretical\": false, \"minVisibility\": null, \"percentSuccess\": null, \"technicalSkills\": [], \"configISExpended\": null, \"standardDuration\": null, \"notTechnicalSkill\": [], \"subscribedStudent\": []}, {\"id\": 35, \"@id\": \"ckrjccw9p01bv3h5zh4kolt9e\", \"name\": \"NAV8 - Navigation aller-retour vers un terrain et exercice d\'égarement\", \"@type\": \"Lesson\", \"goals\": null, \"isNew\": true, \"groupe\": false, \"itemId\": \"ckrjccw9p01bw3h5z00udyn57\", \"parent\": null, \"actions\": [], \"ceiling\": null, \"@context\": \"/api/contexts/Lesson\", \"children\": [], \"counters\": [], \"notation\": null, \"position\": null, \"classroom\": null, \"minRating\": null, \"isImported\": true, \"minWeather\": null, \"constraints\": [], \"description\": null, \"maxDuration\": null, \"requirements\": [], \"technicalRef\": null, \"isTheoretical\": false, \"minVisibility\": null, \"percentSuccess\": null, \"technicalSkills\": [], \"configISExpended\": null, \"standardDuration\": null, \"notTechnicalSkill\": [], \"subscribedStudent\": []}, {\"id\": 36, \"@id\": \"ckrjccw9p01bx3h5zv4rj2zgo\", \"name\": \"NAV9 - Navigation aller-retour vers un terrain et exercice de déroutement\", \"@type\": \"Lesson\", \"goals\": null, \"isNew\": true, \"groupe\": false, \"itemId\": \"ckrjccw9p01by3h5ztcbm7ak9\", \"parent\": null, \"actions\": [], \"ceiling\": null, \"@context\": \"/api/contexts/Lesson\", \"children\": [], \"counters\": [], \"notation\": null, \"position\": null, \"classroom\": null, \"minRating\": null, \"isImported\": true, \"minWeather\": null, \"constraints\": [], \"description\": null, \"maxDuration\": null, \"requirements\": [], \"technicalRef\": null, \"isTheoretical\": false, \"minVisibility\": null, \"percentSuccess\": null, \"technicalSkills\": [], \"configISExpended\": null, \"standardDuration\": null, \"notTechnicalSkill\": [], \"subscribedStudent\": []}, {\"id\": 37, \"@id\": \"ckrjccw9p01bz3h5zatze1ri8\", \"name\": \"NAV10 - Plan de vol et navigation avec déroutement\", \"@type\": \"Lesson\", \"goals\": null, \"isNew\": true, \"groupe\": false, \"itemId\": \"ckrjccw9p01c03h5zza1s9foo\", \"parent\": null, \"actions\": [], \"ceiling\": null, \"@context\": \"/api/contexts/Lesson\", \"children\": [], \"counters\": [], \"notation\": null, \"position\": null, \"classroom\": null, \"minRating\": null, \"isImported\": true, \"minWeather\": null, \"constraints\": [], \"description\": null, \"maxDuration\": null, \"requirements\": [], \"technicalRef\": null, \"isTheoretical\": false, \"minVisibility\": null, \"percentSuccess\": null, \"technicalSkills\": [], \"configISExpended\": null, \"standardDuration\": null, \"notTechnicalSkill\": [], \"subscribedStudent\": []}, {\"id\": 38, \"@id\": \"ckrjccw9p01c13h5zpw8m8xvn\", \"name\": \"NAV11 - Navigation avec déroutement, VFR ON TOP et plan de vol\", \"@type\": \"Lesson\", \"goals\": null, \"isNew\": true, \"groupe\": false, \"itemId\": \"ckrjccw9p01c23h5z6rp1w35r\", \"parent\": null, \"actions\": [], \"ceiling\": null, \"@context\": \"/api/contexts/Lesson\", \"children\": [], \"counters\": [], \"notation\": null, \"position\": null, \"classroom\": null, \"minRating\": null, \"isImported\": true, \"minWeather\": null, \"constraints\": [], \"description\": null, \"maxDuration\": null, \"requirements\": [], \"technicalRef\": null, \"isTheoretical\": false, \"minVisibility\": null, \"percentSuccess\": null, \"technicalSkills\": [], \"configISExpended\": null, \"standardDuration\": null, \"notTechnicalSkill\": [], \"subscribedStudent\": []}, {\"id\": 39, \"@id\": \"ckrjccw9p01c33h5zt9osmqtj\", \"name\": \"NAV GPS (optionnel)\", \"@type\": \"Lesson\", \"goals\": null, \"isNew\": true, \"groupe\": false, \"itemId\": \"ckrjccw9p01c43h5zazvh9pi8\", \"parent\": null, \"actions\": [], \"ceiling\": null, \"@context\": \"/api/contexts/Lesson\", \"children\": [], \"counters\": [], \"notation\": null, \"position\": null, \"classroom\": null, \"minRating\": null, \"isImported\": true, \"minWeather\": null, \"constraints\": [], \"description\": null, \"maxDuration\": null, \"requirements\": [], \"technicalRef\": null, \"isTheoretical\": false, \"minVisibility\": null, \"percentSuccess\": null, \"technicalSkills\": [], \"configISExpended\": null, \"standardDuration\": null, \"notTechnicalSkill\": [], \"subscribedStudent\": []}, {\"id\": 40, \"@id\": \"ckrjccw9p01c53h5zm8xil89l\", \"name\": \"MANIA11 - Atterrissage de précaution hors aérodrome et révision des exercices de maniabilité\", \"@type\": \"Lesson\", \"goals\": null, \"isNew\": true, \"groupe\": false, \"itemId\": \"ckrjccw9p01c63h5zpcnz04lq\", \"parent\": null, \"actions\": [], \"ceiling\": null, \"@context\": \"/api/contexts/Lesson\", \"children\": [], \"counters\": [], \"notation\": null, \"position\": null, \"classroom\": null, \"minRating\": null, \"isImported\": true, \"minWeather\": null, \"constraints\": [], \"description\": null, \"maxDuration\": null, \"requirements\": [], \"technicalRef\": null, \"isTheoretical\": false, \"minVisibility\": null, \"percentSuccess\": null, \"technicalSkills\": [], \"configISExpended\": null, \"standardDuration\": null, \"notTechnicalSkill\": [], \"subscribedStudent\": []}, {\"id\": 41, \"@id\": \"ckrjccw9p01c73h5zjbcgsn0k\", \"name\": \"NAV12 - Navigation avec déroutement et gestion d\'une escale\", \"@type\": \"Lesson\", \"goals\": null, \"isNew\": true, \"groupe\": false, \"itemId\": \"ckrjccw9p01c83h5zbcd2suqz\", \"parent\": null, \"actions\": [], \"ceiling\": null, \"@context\": \"/api/contexts/Lesson\", \"children\": [], \"counters\": [], \"notation\": null, \"position\": null, \"classroom\": null, \"minRating\": null, \"isImported\": true, \"minWeather\": null, \"constraints\": [], \"description\": null, \"maxDuration\": null, \"requirements\": [], \"technicalRef\": null, \"isTheoretical\": false, \"minVisibility\": null, \"percentSuccess\": null, \"technicalSkills\": [], \"configISExpended\": null, \"standardDuration\": null, \"notTechnicalSkill\": [], \"subscribedStudent\": []}, {\"id\": 42, \"@id\": \"ckrjccw9p01c93h5zao8houo1\", \"name\": \"BILAN DE PROGRESSION / PHASE 4 - PANNES EN NAVIGATION\", \"@type\": \"Lesson\", \"goals\": null, \"isNew\": true, \"groupe\": false, \"itemId\": \"ckrjccw9p01ca3h5zqfsr371t\", \"parent\": null, \"actions\": [], \"ceiling\": null, \"@context\": \"/api/contexts/Lesson\", \"children\": [], \"counters\": [], \"notation\": null, \"position\": null, \"classroom\": null, \"minRating\": null, \"isImported\": true, \"minWeather\": null, \"constraints\": [], \"description\": null, \"maxDuration\": null, \"requirements\": [], \"technicalRef\": null, \"isTheoretical\": false, \"minVisibility\": null, \"percentSuccess\": null, \"technicalSkills\": [], \"configISExpended\": null, \"standardDuration\": null, \"notTechnicalSkill\": [], \"subscribedStudent\": []}, {\"id\": 43, \"@id\": \"ckrjccw9p01cb3h5zgf5wv0yg\", \"name\": \"NAV SOLO1 - Navigation solo aller-retour vers un terrain proche\", \"@type\": \"Lesson\", \"goals\": null, \"isNew\": true, \"groupe\": false, \"itemId\": \"ckrjccw9p01cc3h5zvgd4p1tc\", \"parent\": null, \"actions\": [], \"ceiling\": null, \"@context\": \"/api/contexts/Lesson\", \"children\": [], \"counters\": [], \"notation\": null, \"position\": null, \"classroom\": null, \"minRating\": null, \"isImported\": true, \"minWeather\": null, \"constraints\": [], \"description\": null, \"maxDuration\": null, \"requirements\": [], \"technicalRef\": null, \"isTheoretical\": false, \"minVisibility\": null, \"percentSuccess\": null, \"technicalSkills\": [], \"configISExpended\": null, \"standardDuration\": null, \"notTechnicalSkill\": [], \"subscribedStudent\": []}, {\"id\": 44, \"@id\": \"ckrjccw9p01cd3h5zmlv9xrgl\", \"name\": \"NAV 13 - Navigation aller-retour vers un terrain et perte de références visuelles extérieures (Non applicable LAPL)\", \"@type\": \"Lesson\", \"goals\": null, \"isNew\": true, \"groupe\": false, \"itemId\": \"ckrjccw9p01ce3h5zut3s3pza\", \"parent\": null, \"actions\": [], \"ceiling\": null, \"@context\": \"/api/contexts/Lesson\", \"children\": [], \"counters\": [], \"notation\": null, \"position\": null, \"classroom\": null, \"minRating\": null, \"isImported\": true, \"minWeather\": null, \"constraints\": [], \"description\": null, \"maxDuration\": null, \"requirements\": [], \"technicalRef\": null, \"isTheoretical\": false, \"minVisibility\": null, \"percentSuccess\": null, \"technicalSkills\": [], \"configISExpended\": null, \"standardDuration\": null, \"notTechnicalSkill\": [], \"subscribedStudent\": []}, {\"id\": 45, \"@id\": \"ckrjccw9p01cf3h5zq1xs3c1l\", \"name\": \"NAV SOLO2 - Navigation solo aller-retour vers un terrain (Non applicable LAPL)\", \"@type\": \"Lesson\", \"goals\": null, \"isNew\": true, \"groupe\": false, \"itemId\": \"ckrjccw9p01cg3h5zzf1wc3ol\", \"parent\": null, \"actions\": [], \"ceiling\": null, \"@context\": \"/api/contexts/Lesson\", \"children\": [], \"counters\": [], \"notation\": null, \"position\": null, \"classroom\": null, \"minRating\": null, \"isImported\": true, \"minWeather\": null, \"constraints\": [], \"description\": null, \"maxDuration\": null, \"requirements\": [], \"technicalRef\": null, \"isTheoretical\": false, \"minVisibility\": null, \"percentSuccess\": null, \"technicalSkills\": [], \"configISExpended\": null, \"standardDuration\": null, \"notTechnicalSkill\": [], \"subscribedStudent\": []}, {\"id\": 46, \"@id\": \"ckrjccw9p01ch3h5zqoj1xekn\", \"name\": \"NAV SOLO3 (PPL) / NAV SOLO2 (LAPL)- Navigation solo +150 Nm en 3 étapes (PPL) +80 Nm en 2 étapes (LAPL)\", \"@type\": \"Lesson\", \"goals\": null, \"isNew\": true, \"groupe\": false, \"itemId\": \"ckrjccw9p01ci3h5zgl6slgkz\", \"parent\": null, \"actions\": [], \"ceiling\": null, \"@context\": \"/api/contexts/Lesson\", \"children\": [], \"counters\": [], \"notation\": null, \"position\": null, \"classroom\": null, \"minRating\": null, \"isImported\": true, \"minWeather\": null, \"constraints\": [], \"description\": null, \"maxDuration\": null, \"requirements\": [], \"technicalRef\": null, \"isTheoretical\": false, \"minVisibility\": null, \"percentSuccess\": null, \"technicalSkills\": [], \"configISExpended\": null, \"standardDuration\": null, \"notTechnicalSkill\": [], \"subscribedStudent\": []}, {\"id\": 47, \"@id\": \"ckrjccw9p01cj3h5z2vmi3zl7\", \"name\": \"TEST BLANC - Vol de révision type test PPL(A)- LAPL(A)\", \"@type\": \"Lesson\", \"goals\": null, \"isNew\": true, \"groupe\": false, \"itemId\": \"ckrjccw9p01ck3h5z0wpr9vzc\", \"parent\": null, \"actions\": [], \"ceiling\": null, \"@context\": \"/api/contexts/Lesson\", \"children\": [], \"counters\": [], \"notation\": null, \"position\": null, \"classroom\": null, \"minRating\": null, \"isImported\": true, \"minWeather\": null, \"constraints\": [], \"description\": null, \"maxDuration\": null, \"requirements\": [], \"technicalRef\": null, \"isTheoretical\": false, \"minVisibility\": null, \"percentSuccess\": null, \"technicalSkills\": [], \"configISExpended\": null, \"standardDuration\": null, \"notTechnicalSkill\": [], \"subscribedStudent\": []}, {\"id\": 48, \"@id\": \"ckrjccw9p01cl3h5z3aasgw3g\", \"name\": \"BILAN DE FORMATION / PHASE 5 - NAVIGATIONS SOLO\", \"@type\": \"Lesson\", \"goals\": null, \"isNew\": true, \"groupe\": false, \"itemId\": \"ckrjccw9p01cm3h5zpv36f03h\", \"parent\": null, \"actions\": [], \"ceiling\": null, \"@context\": \"/api/contexts/Lesson\", \"children\": [], \"counters\": [], \"notation\": null, \"position\": null, \"classroom\": null, \"minRating\": null, \"isImported\": true, \"minWeather\": null, \"constraints\": [], \"description\": null, \"maxDuration\": null, \"requirements\": [], \"technicalRef\": null, \"isTheoretical\": false, \"minVisibility\": null, \"percentSuccess\": null, \"technicalSkills\": [], \"configISExpended\": null, \"standardDuration\": null, \"notTechnicalSkill\": [], \"subscribedStudent\": []}, {\"id\": 49, \"@id\": \"ckrjccw9p01cn3h5zt6okz7d5\", \"name\": \"BITD PIL1 : Pilotage de base aux instruments\", \"@type\": \"Lesson\", \"goals\": null, \"isNew\": true, \"groupe\": false, \"itemId\": \"ckrjccw9p01co3h5zitl3w4k9\", \"parent\": null, \"actions\": [], \"ceiling\": null, \"@context\": \"/api/contexts/Lesson\", \"children\": [], \"counters\": [], \"notation\": null, \"position\": null, \"classroom\": null, \"minRating\": null, \"isImported\": true, \"minWeather\": null, \"constraints\": [], \"description\": null, \"maxDuration\": null, \"requirements\": [], \"technicalRef\": null, \"isTheoretical\": false, \"minVisibility\": null, \"percentSuccess\": null, \"technicalSkills\": [], \"configISExpended\": null, \"standardDuration\": null, \"notTechnicalSkill\": [], \"subscribedStudent\": []}, {\"id\": 50, \"@id\": \"ckrjccw9p01cp3h5z30i1wb08\", \"name\": \"BITD PIL2 : Pilotage de base aux instruments\", \"@type\": \"Lesson\", \"goals\": null, \"isNew\": true, \"groupe\": false, \"itemId\": \"ckrjccw9p01cq3h5z63jh7x6m\", \"parent\": null, \"actions\": [], \"ceiling\": null, \"@context\": \"/api/contexts/Lesson\", \"children\": [], \"counters\": [], \"notation\": null, \"position\": null, \"classroom\": null, \"minRating\": null, \"isImported\": true, \"minWeather\": null, \"constraints\": [], \"description\": null, \"maxDuration\": null, \"requirements\": [], \"technicalRef\": null, \"isTheoretical\": false, \"minVisibility\": null, \"percentSuccess\": null, \"technicalSkills\": [], \"configISExpended\": null, \"standardDuration\": null, \"notTechnicalSkill\": [], \"subscribedStudent\": []}, {\"id\": 51, \"@id\": \"ckrjccw9p01cr3h5zwf0hh7bj\", \"name\": \"BITD NAV1 : Navigation à l\'aide du VOR et du VOR/DME\", \"@type\": \"Lesson\", \"goals\": null, \"isNew\": true, \"groupe\": false, \"itemId\": \"ckrjccw9p01cs3h5zewx722kl\", \"parent\": null, \"actions\": [], \"ceiling\": null, \"@context\": \"/api/contexts/Lesson\", \"children\": [], \"counters\": [], \"notation\": null, \"position\": null, \"classroom\": null, \"minRating\": null, \"isImported\": true, \"minWeather\": null, \"constraints\": [], \"description\": null, \"maxDuration\": null, \"requirements\": [], \"technicalRef\": null, \"isTheoretical\": false, \"minVisibility\": null, \"percentSuccess\": null, \"technicalSkills\": [], \"configISExpended\": null, \"standardDuration\": null, \"notTechnicalSkill\": [], \"subscribedStudent\": []}, {\"id\": 52, \"@id\": \"ckrjccw9p01ct3h5zsd7nn2q9\", \"name\": \"BITD NAV2 : Navigation à l\'aide de l\'ADF\", \"@type\": \"Lesson\", \"goals\": null, \"isNew\": true, \"groupe\": false, \"itemId\": \"ckrjccw9p01cu3h5z7l3l9oyi\", \"parent\": null, \"actions\": [], \"ceiling\": null, \"@context\": \"/api/contexts/Lesson\", \"children\": [], \"counters\": [], \"notation\": null, \"position\": null, \"classroom\": null, \"minRating\": null, \"isImported\": true, \"minWeather\": null, \"constraints\": [], \"description\": null, \"maxDuration\": null, \"requirements\": [], \"technicalRef\": null, \"isTheoretical\": false, \"minVisibility\": null, \"percentSuccess\": null, \"technicalSkills\": [], \"configISExpended\": null, \"standardDuration\": null, \"notTechnicalSkill\": [], \"subscribedStudent\": []}, {\"id\": 53, \"@id\": \"ckrjccw9p01cv3h5zskxw3viq\", \"name\": \"BILAN DE FORMATION / BITD\", \"@type\": \"Lesson\", \"goals\": null, \"isNew\": true, \"groupe\": false, \"itemId\": \"ckrjccw9p01cw3h5z3kexn74d\", \"parent\": null, \"actions\": [], \"ceiling\": null, \"@context\": \"/api/contexts/Lesson\", \"children\": [], \"counters\": [], \"notation\": null, \"position\": null, \"classroom\": null, \"minRating\": null, \"isImported\": true, \"minWeather\": null, \"constraints\": [], \"description\": null, \"maxDuration\": null, \"requirements\": [], \"technicalRef\": null, \"isTheoretical\": false, \"minVisibility\": null, \"percentSuccess\": null, \"technicalSkills\": [], \"configISExpended\": null, \"standardDuration\": null, \"notTechnicalSkill\": [], \"subscribedStudent\": []}, {\"id\": 1, \"@id\": \"ckrjccw9p01cx3h5z3ww88i8y\", \"name\": \"Briefings\", \"@type\": \"Phase\", \"goals\": null, \"isNew\": true, \"itemId\": \"ckrjccw9p01cy3h5zfri4ws80\", \"parent\": null, \"actions\": [], \"@context\": \"/api/contexts/Phase\", \"children\": [], \"counters\": [], \"position\": null, \"formation\": null, \"isImported\": true, \"constraints\": [], \"description\": null, \"extraLesson\": null, \"maxDuration\": null, \"sessionItem\": null, \"requirements\": [], \"technicalSkills\": [], \"configISExpended\": null, \"standardDuration\": null, \"notTechnicalSkill\": [], \"formationItemFromListId\": null}, {\"id\": 2, \"@id\": \"ckrjccw9p01cz3h5zhcaog3ge\", \"name\": \"Exercices en vol\", \"@type\": \"Phase\", \"goals\": null, \"isNew\": true, \"itemId\": \"ckrjccw9p01d03h5zxmpf8bcq\", \"parent\": null, \"actions\": [], \"@context\": \"/api/contexts/Phase\", \"children\": [], \"counters\": [], \"position\": null, \"formation\": null, \"isImported\": true, \"constraints\": [], \"description\": null, \"extraLesson\": null, \"maxDuration\": null, \"sessionItem\": null, \"requirements\": [], \"technicalSkills\": [], \"configISExpended\": null, \"standardDuration\": null, \"notTechnicalSkill\": [], \"formationItemFromListId\": null}, {\"id\": 3, \"@id\": \"ckrjccw9p01d13h5zq2enb639\", \"name\": \"Observations Générales\", \"@type\": \"Phase\", \"goals\": null, \"isNew\": true, \"itemId\": \"ckrjccw9p01d23h5zy7cewtye\", \"parent\": null, \"actions\": [], \"@context\": \"/api/contexts/Phase\", \"children\": [], \"counters\": [], \"position\": null, \"formation\": null, \"isImported\": true, \"constraints\": [], \"description\": null, \"extraLesson\": null, \"maxDuration\": null, \"sessionItem\": null, \"requirements\": [], \"technicalSkills\": [], \"configISExpended\": null, \"standardDuration\": null, \"notTechnicalSkill\": [], \"formationItemFromListId\": null}, {\"id\": 4, \"@id\": \"ckrjccw9p01d33h5zywr5hwyl\", \"name\": \"Débriefing\", \"@type\": \"Phase\", \"goals\": null, \"isNew\": true, \"itemId\": \"ckrjccw9p01d43h5ze5jeiqkb\", \"parent\": null, \"actions\": [], \"@context\": \"/api/contexts/Phase\", \"children\": [], \"counters\": [], \"position\": null, \"formation\": null, \"isImported\": true, \"constraints\": [], \"description\": null, \"extraLesson\": null, \"maxDuration\": null, \"sessionItem\": null, \"requirements\": [], \"technicalSkills\": [], \"configISExpended\": null, \"standardDuration\": null, \"notTechnicalSkill\": [], \"formationItemFromListId\": null}, {\"id\": 1, \"@id\": \"ckrjccw9p01d53h5zicj5x37r\", \"name\": \"Recherches personnelles avant le vol :\", \"@type\": \"ExercisesGroup\", \"goals\": null, \"isNew\": true, \"itemId\": \"ckrjccw9p01d63h5z4x60m3rs\", \"actions\": [], \"@context\": \"/api/contexts/ExercisesGroup\", \"children\": [], \"counters\": [], \"position\": null, \"formation\": null, \"isImported\": true, \"constraints\": [], \"description\": null, \"extraLesson\": null, \"maxDuration\": null, \"sessionItem\": null, \"requirements\": [], \"technicalSkills\": [], \"configISExpended\": null, \"standardDuration\": null, \"notTechnicalSkill\": [], \"formationItemFromListId\": null}, {\"id\": 2, \"@id\": \"ckrjccw9p01d73h5zsyfwmanm\", \"name\": \"Préparation du vol\", \"@type\": \"ExercisesGroup\", \"goals\": null, \"isNew\": true, \"itemId\": \"ckrjccw9p01d83h5zvmrg3te0\", \"actions\": [], \"@context\": \"/api/contexts/ExercisesGroup\", \"children\": [], \"counters\": [], \"position\": null, \"formation\": null, \"isImported\": true, \"constraints\": [], \"description\": null, \"extraLesson\": null, \"maxDuration\": null, \"sessionItem\": null, \"requirements\": [], \"technicalSkills\": [], \"configISExpended\": null, \"standardDuration\": null, \"notTechnicalSkill\": [], \"formationItemFromListId\": null}, {\"id\": 3, \"@id\": \"ckrjccw9p01d93h5z3kl3yhlh\", \"name\": \"4 tours de piste\", \"@type\": \"ExercisesGroup\", \"goals\": null, \"isNew\": true, \"itemId\": \"ckrjccw9p01da3h5z7e5ctyg7\", \"actions\": [], \"@context\": \"/api/contexts/ExercisesGroup\", \"children\": [], \"counters\": [], \"position\": null, \"formation\": null, \"isImported\": true, \"constraints\": [], \"description\": null, \"extraLesson\": null, \"maxDuration\": null, \"sessionItem\": null, \"requirements\": [], \"technicalSkills\": [], \"configISExpended\": null, \"standardDuration\": null, \"notTechnicalSkill\": [], \"formationItemFromListId\": null}, {\"id\": 4, \"@id\": \"ckrjccw9p01db3h5zz0xoqler\", \"name\": \"5 tours de piste\", \"@type\": \"ExercisesGroup\", \"goals\": null, \"isNew\": true, \"itemId\": \"ckrjccw9p01dc3h5za0dvh9rq\", \"actions\": [], \"@context\": \"/api/contexts/ExercisesGroup\", \"children\": [], \"counters\": [], \"isDroped\": 2, \"position\": null, \"formation\": null, \"isImported\": true, \"constraints\": [], \"description\": null, \"extraLesson\": null, \"maxDuration\": null, \"sessionItem\": null, \"requirements\": [], \"technicalSkills\": [], \"configISExpended\": null, \"standardDuration\": null, \"notTechnicalSkill\": [], \"formationItemFromListId\": \"ckrjccw9p01db3h5zz0xoqler\"}, {\"id\": 5, \"@id\": \"ckrjccw9p01dd3h5zwj3yzs7l\", \"name\": \"Navigation aller\", \"@type\": \"ExercisesGroup\", \"goals\": null, \"isNew\": true, \"itemId\": \"ckrjccw9p01de3h5zn6zaethm\", \"actions\": [], \"@context\": \"/api/contexts/ExercisesGroup\", \"children\": [], \"counters\": [], \"position\": null, \"formation\": null, \"isImported\": true, \"constraints\": [], \"description\": null, \"extraLesson\": null, \"maxDuration\": null, \"sessionItem\": null, \"requirements\": [], \"technicalSkills\": [], \"configISExpended\": null, \"standardDuration\": null, \"notTechnicalSkill\": [], \"formationItemFromListId\": null}, {\"id\": 6, \"@id\": \"ckrjccw9p01df3h5zecruko3c\", \"name\": \"Navigation retour\", \"@type\": \"ExercisesGroup\", \"goals\": null, \"isNew\": true, \"itemId\": \"ckrjccw9p01dg3h5z88g0byb2\", \"actions\": [], \"@context\": \"/api/contexts/ExercisesGroup\", \"children\": [], \"counters\": [], \"position\": null, \"formation\": null, \"isImported\": true, \"constraints\": [], \"description\": null, \"extraLesson\": null, \"maxDuration\": null, \"sessionItem\": null, \"requirements\": [], \"technicalSkills\": [], \"configISExpended\": null, \"standardDuration\": null, \"notTechnicalSkill\": [], \"formationItemFromListId\": null}, {\"id\": 7, \"@id\": \"ckrjccw9p01dh3h5zs88co8s0\", \"name\": \"Feu moteur au retour\", \"@type\": \"ExercisesGroup\", \"goals\": null, \"isNew\": true, \"itemId\": \"ckrjccw9p01di3h5z0aopjbkm\", \"actions\": [], \"@context\": \"/api/contexts/ExercisesGroup\", \"children\": [], \"counters\": [], \"position\": null, \"formation\": null, \"isImported\": true, \"constraints\": [], \"description\": null, \"extraLesson\": null, \"maxDuration\": null, \"sessionItem\": null, \"requirements\": [], \"technicalSkills\": [], \"configISExpended\": null, \"standardDuration\": null, \"notTechnicalSkill\": [], \"formationItemFromListId\": null}, {\"id\": 8, \"@id\": \"ckrjccw9p01dj3h5zuzxz0pca\", \"name\": \"Pilotage de base aux instruments\", \"@type\": \"ExercisesGroup\", \"goals\": null, \"isNew\": true, \"itemId\": \"ckrjccw9p01dk3h5zc0im49r5\", \"actions\": [], \"@context\": \"/api/contexts/ExercisesGroup\", \"children\": [], \"counters\": [], \"position\": null, \"formation\": null, \"isImported\": true, \"constraints\": [], \"description\": null, \"extraLesson\": null, \"maxDuration\": null, \"sessionItem\": null, \"requirements\": [], \"technicalSkills\": [], \"configISExpended\": null, \"standardDuration\": null, \"notTechnicalSkill\": [], \"formationItemFromListId\": null}, {\"id\": 9, \"@id\": \"ckrjccw9p01dl3h5z79wn510n\", \"name\": \"Programme du test PPL(A) ou LAPL(A)\", \"@type\": \"ExercisesGroup\", \"goals\": null, \"isNew\": true, \"itemId\": \"ckrjccw9p01dm3h5zne4t8hs1\", \"actions\": [], \"@context\": \"/api/contexts/ExercisesGroup\", \"children\": [], \"counters\": [], \"position\": null, \"formation\": null, \"isImported\": true, \"constraints\": [], \"description\": null, \"extraLesson\": null, \"maxDuration\": null, \"sessionItem\": null, \"requirements\": [], \"technicalSkills\": [], \"configISExpended\": null, \"standardDuration\": null, \"notTechnicalSkill\": [], \"formationItemFromListId\": null}, {\"id\": 10, \"@id\": \"ckrjccw9p01dn3h5zdih32j1i\", \"name\": \"Trajet aller\", \"@type\": \"ExercisesGroup\", \"goals\": null, \"isNew\": true, \"itemId\": \"ckrjccw9p01do3h5zooog4zs7\", \"actions\": [], \"@context\": \"/api/contexts/ExercisesGroup\", \"children\": [], \"counters\": [], \"position\": null, \"formation\": null, \"isImported\": true, \"constraints\": [], \"description\": null, \"extraLesson\": null, \"maxDuration\": null, \"sessionItem\": null, \"requirements\": [], \"technicalSkills\": [], \"configISExpended\": null, \"standardDuration\": null, \"notTechnicalSkill\": [], \"formationItemFromListId\": null}, {\"id\": 11, \"@id\": \"ckrjccw9p01dp3h5z86fixqs1\", \"name\": \"Trajet retour\", \"@type\": \"ExercisesGroup\", \"goals\": null, \"isNew\": true, \"itemId\": \"ckrjccw9p01dq3h5zy4qm4fxl\", \"actions\": [], \"@context\": \"/api/contexts/ExercisesGroup\", \"children\": [], \"counters\": [], \"position\": null, \"formation\": null, \"isImported\": true, \"constraints\": [], \"description\": null, \"extraLesson\": null, \"maxDuration\": null, \"sessionItem\": null, \"requirements\": [], \"technicalSkills\": [], \"configISExpended\": null, \"standardDuration\": null, \"notTechnicalSkill\": [], \"formationItemFromListId\": null}, {\"id\": 12, \"@id\": \"ckrjccw9p01dr3h5zms8gpudw\", \"name\": \"Baisse de la pression essence :\", \"@type\": \"ExercisesGroup\", \"goals\": null, \"isNew\": true, \"itemId\": \"ckrjccw9p01ds3h5z9khkcoi1\", \"actions\": [], \"@context\": \"/api/contexts/ExercisesGroup\", \"children\": [], \"counters\": [], \"position\": null, \"formation\": null, \"isImported\": true, \"constraints\": [], \"description\": null, \"extraLesson\": null, \"maxDuration\": null, \"sessionItem\": null, \"requirements\": [], \"technicalSkills\": [], \"configISExpended\": null, \"standardDuration\": null, \"notTechnicalSkill\": [], \"formationItemFromListId\": null}, {\"id\": 13, \"@id\": \"ckrjccw9p01dt3h5z2ulxh7sr\", \"name\": \"Givrage sévère carburateur :\", \"@type\": \"ExercisesGroup\", \"goals\": null, \"isNew\": true, \"itemId\": \"ckrjccw9p01du3h5z98909pm3\", \"actions\": [], \"@context\": \"/api/contexts/ExercisesGroup\", \"children\": [], \"counters\": [], \"position\": null, \"formation\": null, \"isImported\": true, \"constraints\": [], \"description\": null, \"extraLesson\": null, \"maxDuration\": null, \"sessionItem\": null, \"requirements\": [], \"technicalSkills\": [], \"configISExpended\": null, \"standardDuration\": null, \"notTechnicalSkill\": [], \"formationItemFromListId\": null}, {\"id\": 14, \"@id\": \"ckrjccw9q01dv3h5z2ah0jt5b\", \"name\": \"Panne alternateur en vol :\", \"@type\": \"ExercisesGroup\", \"goals\": null, \"isNew\": true, \"itemId\": \"ckrjccw9q01dw3h5zjpuh0e7b\", \"actions\": [], \"@context\": \"/api/contexts/ExercisesGroup\", \"children\": [], \"counters\": [], \"position\": null, \"formation\": null, \"isImported\": true, \"constraints\": [], \"description\": null, \"extraLesson\": null, \"maxDuration\": null, \"sessionItem\": null, \"requirements\": [], \"technicalSkills\": [], \"configISExpended\": null, \"standardDuration\": null, \"notTechnicalSkill\": [], \"formationItemFromListId\": null}, {\"id\": 1, \"@id\": \"ckrjccw9q01dx3h5zse2y6it3\", \"name\": \"MANIA1\", \"@type\": \"Exercise\", \"goals\": null, \"isNew\": true, \"itemId\": \"ckrjccw9q01dy3h5z90xjsmvc\", \"actions\": [], \"@context\": \"/api/contexts/Exercise\", \"children\": [], \"counters\": [], \"notation\": null, \"position\": null, \"minRating\": null, \"isImported\": true, \"constraints\": [], \"description\": null, \"maxDuration\": null, \"requirements\": [], \"technicalSkills\": [], \"configISExpended\": null, \"standardDuration\": null, \"notTechnicalSkill\": []}, {\"id\": 2, \"@id\": \"ckrjccw9q01dz3h5zl5tr50o8\", \"name\": \"Diriger l\'avion au sol, comment respecter le marquage et les consignes\", \"@type\": \"Exercise\", \"goals\": null, \"isNew\": true, \"itemId\": \"ckrjccw9q01e03h5zvkey3xth\", \"actions\": [], \"@context\": \"/api/contexts/Exercise\", \"children\": [], \"counters\": [], \"notation\": null, \"position\": null, \"minRating\": null, \"isImported\": true, \"constraints\": [], \"description\": null, \"maxDuration\": null, \"requirements\": [], \"technicalSkills\": [], \"configISExpended\": null, \"standardDuration\": null, \"notTechnicalSkill\": []}, {\"id\": 3, \"@id\": \"ckrjccw9q01e13h5zvnd4yd2l\", \"name\": \"Effets des commandes\", \"@type\": \"Exercise\", \"goals\": null, \"isNew\": true, \"itemId\": \"ckrjccw9q01e23h5zlzolskpp\", \"actions\": [], \"@context\": \"/api/contexts/Exercise\", \"children\": [], \"counters\": [], \"notation\": null, \"position\": null, \"minRating\": null, \"isImported\": true, \"constraints\": [], \"description\": null, \"maxDuration\": null, \"requirements\": [], \"technicalSkills\": [], \"configISExpended\": null, \"standardDuration\": null, \"notTechnicalSkill\": []}, {\"id\": 4, \"@id\": \"ckrjccw9q01e33h5z1nczaltq\", \"name\": \"Tracé du repère pare-brise\", \"@type\": \"Exercise\", \"goals\": null, \"isNew\": true, \"itemId\": \"ckrjccw9q01e43h5zwbygsr73\", \"actions\": [], \"@context\": \"/api/contexts/Exercise\", \"children\": [], \"counters\": [], \"notation\": null, \"position\": null, \"minRating\": null, \"isImported\": true, \"constraints\": [], \"description\": null, \"maxDuration\": null, \"requirements\": [], \"technicalSkills\": [], \"configISExpended\": null, \"standardDuration\": null, \"notTechnicalSkill\": []}, {\"id\": 5, \"@id\": \"ckrjccw9q01e53h5zl2q29262\", \"name\": \"Définition d\'une assiette et assiette montée, descente, ligne droite\", \"@type\": \"Exercise\", \"goals\": null, \"isNew\": true, \"itemId\": \"ckrjccw9q01e63h5zu8saq9jg\", \"actions\": [], \"@context\": \"/api/contexts/Exercise\", \"children\": [], \"counters\": [], \"notation\": null, \"position\": null, \"minRating\": null, \"isImported\": true, \"constraints\": [], \"description\": null, \"maxDuration\": null, \"requirements\": [], \"technicalSkills\": [], \"configISExpended\": null, \"standardDuration\": null, \"notTechnicalSkill\": []}, {\"id\": 6, \"@id\": \"ckrjccw9q01e73h5zg27wd0q9\", \"name\": \"La gestuelle : Action-Quantification-Neutralisation-Maintien\", \"@type\": \"Exercise\", \"goals\": null, \"isNew\": true, \"itemId\": \"ckrjccw9q01e83h5zi4bt8u3g\", \"actions\": [], \"@context\": \"/api/contexts/Exercise\", \"children\": [], \"counters\": [], \"notation\": null, \"position\": null, \"minRating\": null, \"isImported\": true, \"constraints\": [], \"description\": null, \"maxDuration\": null, \"requirements\": [], \"technicalSkills\": [], \"configISExpended\": null, \"standardDuration\": null, \"notTechnicalSkill\": []}, {\"id\": 7, \"@id\": \"ckrjccw9q01e93h5z9qyearlr\", \"name\": \"Inclinaison (sécurité avant virage et lacet inverse)\", \"@type\": \"Exercise\", \"goals\": null, \"isNew\": true, \"itemId\": \"ckrjccw9q01ea3h5zwhilq05k\", \"actions\": [], \"@context\": \"/api/contexts/Exercise\", \"children\": [], \"counters\": [], \"notation\": null, \"position\": null, \"minRating\": null, \"isImported\": true, \"constraints\": [], \"description\": null, \"maxDuration\": null, \"requirements\": [], \"technicalSkills\": [], \"configISExpended\": null, \"standardDuration\": null, \"notTechnicalSkill\": []}, {\"id\": 8, \"@id\": \"ckrjccw9q01eb3h5zpih2ufip\", \"name\": \"Tenue de la ligne droite et surveillance du ciel\", \"@type\": \"Exercise\", \"goals\": null, \"isNew\": true, \"itemId\": \"ckrjccw9q01ec3h5z6ui4ktqb\", \"actions\": [], \"@context\": \"/api/contexts/Exercise\", \"children\": [], \"counters\": [], \"notation\": null, \"position\": null, \"minRating\": null, \"isImported\": true, \"constraints\": [], \"description\": null, \"maxDuration\": null, \"requirements\": [], \"technicalSkills\": [], \"configISExpended\": null, \"standardDuration\": null, \"notTechnicalSkill\": []}, {\"id\": 9, \"@id\": \"ckrjccw9q01ed3h5zvvzu3an9\", \"name\": \"Tenue à jour et rédaction du carnet de route\", \"@type\": \"Exercise\", \"goals\": null, \"isNew\": true, \"itemId\": \"ckrjccw9q01ee3h5z44yfvmxg\", \"actions\": [], \"@context\": \"/api/contexts/Exercise\", \"children\": [], \"counters\": [], \"notation\": null, \"position\": null, \"minRating\": null, \"isImported\": true, \"constraints\": [], \"description\": null, \"maxDuration\": null, \"requirements\": [], \"technicalSkills\": [], \"configISExpended\": null, \"standardDuration\": null, \"notTechnicalSkill\": []}, {\"id\": 10, \"@id\": \"ckrjccw9q01ef3h5zjehu6wt3\", \"name\": \"Définition des parties de l\'avion (empennage, dérive, saumon, emplanture, nervures, fuselage, cône hélice, bord d’attaque, etc.)\", \"@type\": \"Exercise\", \"goals\": null, \"isNew\": true, \"itemId\": \"ckrjccw9q01eg3h5z9r4m2ik0\", \"actions\": [], \"@context\": \"/api/contexts/Exercise\", \"children\": [], \"counters\": [], \"notation\": null, \"position\": null, \"minRating\": null, \"isImported\": true, \"constraints\": [], \"description\": null, \"maxDuration\": null, \"requirements\": [], \"technicalSkills\": [], \"configISExpended\": null, \"standardDuration\": null, \"notTechnicalSkill\": []}, {\"id\": 11, \"@id\": \"ckrjccw9q01eh3h5zrn37la25\", \"name\": \"Documents, météo, NOTAM, carburant, masse et centrage, performances\", \"@type\": \"Exercise\", \"goals\": null, \"isNew\": true, \"itemId\": \"ckrjccw9q01ei3h5z99sh0aea\", \"actions\": [], \"@context\": \"/api/contexts/Exercise\", \"children\": [], \"counters\": [], \"notation\": null, \"position\": null, \"minRating\": null, \"isImported\": true, \"constraints\": [], \"description\": null, \"maxDuration\": null, \"requirements\": [], \"technicalSkills\": [], \"configISExpended\": null, \"standardDuration\": null, \"notTechnicalSkill\": []}, {\"id\": 12, \"@id\": \"ckrjccw9q01ej3h5zqe1b8305\", \"name\": \"Visite prévol extérieure et intérieure et installation à bord/évacuation\", \"@type\": \"Exercise\", \"goals\": null, \"isNew\": true, \"itemId\": \"ckrjccw9q01ek3h5zku1hej2l\", \"actions\": [], \"@context\": \"/api/contexts/Exercise\", \"children\": [], \"counters\": [], \"notation\": null, \"position\": null, \"minRating\": null, \"isImported\": true, \"constraints\": [], \"description\": null, \"maxDuration\": null, \"requirements\": [], \"technicalSkills\": [], \"configISExpended\": null, \"standardDuration\": null, \"notTechnicalSkill\": []}, {\"id\": 13, \"@id\": \"ckrjccw9q01el3h5z9njexte9\", \"name\": \"Utilisation des check-lists de l\'avion et mise en route et chauffage du moteur\", \"@type\": \"Exercise\", \"goals\": null, \"isNew\": true, \"itemId\": \"ckrjccw9q01em3h5zi8j0ps3z\", \"actions\": [], \"@context\": \"/api/contexts/Exercise\", \"children\": [], \"counters\": [], \"notation\": null, \"position\": null, \"minRating\": null, \"isImported\": true, \"constraints\": [], \"description\": null, \"maxDuration\": null, \"requirements\": [], \"technicalSkills\": [], \"configISExpended\": null, \"standardDuration\": null, \"notTechnicalSkill\": []}, {\"id\": 14, \"@id\": \"ckrjccw9q01en3h5zw9jtxh9m\", \"name\": \"Roulage\", \"@type\": \"Exercise\", \"goals\": null, \"isNew\": true, \"itemId\": \"ckrjccw9q01eo3h5zqfadq6im\", \"actions\": [], \"@context\": \"/api/contexts/Exercise\", \"children\": [], \"counters\": [], \"notation\": null, \"position\": null, \"minRating\": null, \"isImported\": true, \"constraints\": [], \"description\": null, \"maxDuration\": null, \"requirements\": [], \"technicalSkills\": [], \"configISExpended\": null, \"standardDuration\": null, \"notTechnicalSkill\": []}, {\"id\": 15, \"@id\": \"ckrjccw9q01ep3h5zafr288s0\", \"name\": \"Pilotage d’une assiette\", \"@type\": \"Exercise\", \"goals\": null, \"isNew\": true, \"itemId\": \"ckrjccw9q01eq3h5z6s7ld8wg\", \"actions\": [], \"@context\": \"/api/contexts/Exercise\", \"children\": [], \"counters\": [], \"notation\": null, \"position\": null, \"minRating\": null, \"isImported\": true, \"constraints\": [], \"description\": null, \"maxDuration\": null, \"requirements\": [], \"technicalSkills\": [], \"configISExpended\": null, \"standardDuration\": null, \"notTechnicalSkill\": []}, {\"id\": 16, \"@id\": \"ckrjccw9q01er3h5ztepaeqwx\", \"name\": \"Pilotage d’une inclinaison\", \"@type\": \"Exercise\", \"goals\": null, \"isNew\": true, \"itemId\": \"ckrjccw9q01es3h5z3w7kpj4o\", \"actions\": [], \"@context\": \"/api/contexts/Exercise\", \"children\": [], \"counters\": [], \"notation\": null, \"position\": null, \"minRating\": null, \"isImported\": true, \"constraints\": [], \"description\": null, \"maxDuration\": null, \"requirements\": [], \"technicalSkills\": [], \"configISExpended\": null, \"standardDuration\": null, \"notTechnicalSkill\": []}, {\"id\": 17, \"@id\": \"ckrjccw9q01et3h5zmovwlsg4\", \"name\": \"Tenue de la ligne droite et surveillance du ciel\", \"@type\": \"Exercise\", \"goals\": null, \"isNew\": true, \"itemId\": \"ckrjccw9q01eu3h5zzk6vl0o2\", \"actions\": [], \"@context\": \"/api/contexts/Exercise\", \"children\": [], \"counters\": [], \"notation\": null, \"position\": null, \"minRating\": null, \"isImported\": true, \"constraints\": [], \"description\": null, \"maxDuration\": null, \"requirements\": [], \"technicalSkills\": [], \"configISExpended\": null, \"standardDuration\": null, \"notTechnicalSkill\": []}, {\"id\": 18, \"@id\": \"ckrjccw9q01ev3h5zm8rsqc5z\", \"name\": \"Roulage retour et arrêt moteur\", \"@type\": \"Exercise\", \"goals\": null, \"isNew\": true, \"itemId\": \"ckrjccw9q01ew3h5zejbdbbfk\", \"actions\": [], \"@context\": \"/api/contexts/Exercise\", \"children\": [], \"counters\": [], \"notation\": null, \"position\": null, \"minRating\": null, \"isImported\": true, \"constraints\": [], \"description\": null, \"maxDuration\": null, \"requirements\": [], \"technicalSkills\": [], \"configISExpended\": null, \"standardDuration\": null, \"notTechnicalSkill\": []}, {\"id\": 19, \"@id\": \"ckrjccw9q01ex3h5zf720itos\", \"name\": \"Tenue à jour et utilisation des documents (carnet de route, carnet de vol)\", \"@type\": \"Exercise\", \"goals\": null, \"isNew\": true, \"itemId\": \"ckrjccw9q01ey3h5zb9x2wy5h\", \"actions\": [], \"@context\": \"/api/contexts/Exercise\", \"children\": [], \"counters\": [], \"notation\": null, \"position\": null, \"minRating\": null, \"isImported\": true, \"constraints\": [], \"description\": null, \"maxDuration\": null, \"requirements\": [], \"technicalSkills\": [], \"configISExpended\": null, \"standardDuration\": null, \"notTechnicalSkill\": []}, {\"id\": 20, \"@id\": \"ckrjccw9q01ez3h5zv0hu9b6h\", \"name\": \"MANIA2\", \"@type\": \"Exercise\", \"goals\": null, \"isNew\": true, \"itemId\": \"ckrjccw9q01f03h5z473s7fx3\", \"actions\": [], \"@context\": \"/api/contexts/Exercise\", \"children\": [], \"counters\": [], \"notation\": null, \"position\": null, \"minRating\": null, \"isImported\": true, \"constraints\": [], \"description\": null, \"maxDuration\": null, \"requirements\": [], \"technicalSkills\": [], \"configISExpended\": null, \"standardDuration\": null, \"notTechnicalSkill\": []}, {\"id\": 21, \"@id\": \"ckrjccw9q01f13h5zz6ws3fca\", \"name\": \"Vérifications instrumentales en virage au sol lors du roulage\", \"@type\": \"Exercise\", \"goals\": null, \"isNew\": true, \"itemId\": \"ckrjccw9q01f23h5zzu490au7\", \"actions\": [], \"@context\": \"/api/contexts/Exercise\", \"children\": [], \"counters\": [], \"notation\": null, \"position\": null, \"minRating\": null, \"isImported\": true, \"constraints\": [], \"description\": null, \"maxDuration\": null, \"requirements\": [], \"technicalSkills\": [], \"configISExpended\": null, \"standardDuration\": null, \"notTechnicalSkill\": []}, {\"id\": 22, \"@id\": \"ckrjccw9q01f33h5zcw3ypt9l\", \"name\": \"Actions de mémoire avant décollage\", \"@type\": \"Exercise\", \"goals\": null, \"isNew\": true, \"itemId\": \"ckrjccw9q01f43h5zx6t57njw\", \"actions\": [], \"@context\": \"/api/contexts/Exercise\", \"children\": [], \"counters\": [], \"notation\": null, \"position\": null, \"minRating\": null, \"isImported\": true, \"constraints\": [], \"description\": null, \"maxDuration\": null, \"requirements\": [], \"technicalSkills\": [], \"configISExpended\": null, \"standardDuration\": null, \"notTechnicalSkill\": []}, {\"id\": 23, \"@id\": \"ckrjccw9q01f53h5z90defxej\", \"name\": \"Effets moteur\", \"@type\": \"Exercise\", \"goals\": null, \"isNew\": true, \"itemId\": \"ckrjccw9q01f63h5z1by9d2r0\", \"actions\": [], \"@context\": \"/api/contexts/Exercise\", \"children\": [], \"counters\": [], \"notation\": null, \"position\": null, \"minRating\": null, \"isImported\": true, \"constraints\": [], \"description\": null, \"maxDuration\": null, \"requirements\": [], \"technicalSkills\": [], \"configISExpended\": null, \"standardDuration\": null, \"notTechnicalSkill\": []}, {\"id\": 24, \"@id\": \"ckrjccw9q01f73h5zroabio12\", \"name\": \"Hélice à pas variable (si applicable)\", \"@type\": \"Exercise\", \"goals\": null, \"isNew\": true, \"itemId\": \"ckrjccw9q01f83h5zclsou1d7\", \"actions\": [], \"@context\": \"/api/contexts/Exercise\", \"children\": [], \"counters\": [], \"notation\": null, \"position\": null, \"minRating\": null, \"isImported\": true, \"constraints\": [], \"description\": null, \"maxDuration\": null, \"requirements\": [], \"technicalSkills\": [], \"configISExpended\": null, \"standardDuration\": null, \"notTechnicalSkill\": []}, {\"id\": 25, \"@id\": \"ckrjccw9q01f93h5ze9ho9m2v\", \"name\": \"Associer une puissance à une assiette\", \"@type\": \"Exercise\", \"goals\": null, \"isNew\": true, \"itemId\": \"ckrjccw9q01fa3h5z4mvogkwl\", \"actions\": [], \"@context\": \"/api/contexts/Exercise\", \"children\": [], \"counters\": [], \"notation\": null, \"position\": null, \"minRating\": null, \"isImported\": true, \"constraints\": [], \"description\": null, \"maxDuration\": null, \"requirements\": [], \"technicalSkills\": [], \"configISExpended\": null, \"standardDuration\": null, \"notTechnicalSkill\": []}, {\"id\": 26, \"@id\": \"ckrjccw9q01fb3h5z5h6bbo3q\", \"name\": \"Définition du compensateur\", \"@type\": \"Exercise\", \"goals\": null, \"isNew\": true, \"itemId\": \"ckrjccw9q01fc3h5z4kq96le4\", \"actions\": [], \"@context\": \"/api/contexts/Exercise\", \"children\": [], \"counters\": [], \"notation\": null, \"position\": null, \"minRating\": null, \"isImported\": true, \"constraints\": [], \"description\": null, \"maxDuration\": null, \"requirements\": [], \"technicalSkills\": [], \"configISExpended\": null, \"standardDuration\": null, \"notTechnicalSkill\": []}, {\"id\": 27, \"@id\": \"ckrjccw9q01fd3h5ztbp9py53\", \"name\": \"Circuit visuel cabine\", \"@type\": \"Exercise\", \"goals\": null, \"isNew\": true, \"itemId\": \"ckrjccw9q01fe3h5zhrwdbbxy\", \"actions\": [], \"@context\": \"/api/contexts/Exercise\", \"children\": [], \"counters\": [], \"notation\": null, \"position\": null, \"minRating\": null, \"isImported\": true, \"constraints\": [], \"description\": null, \"maxDuration\": null, \"requirements\": [], \"technicalSkills\": [], \"configISExpended\": null, \"standardDuration\": null, \"notTechnicalSkill\": []}, {\"id\": 28, \"@id\": \"ckrjccw9q01ff3h5zrs56wemj\", \"name\": \"Check-list après décollage et montée / Fonctionnement et rôle de la mixture\", \"@type\": \"Exercise\", \"goals\": null, \"isNew\": true, \"itemId\": \"ckrjccw9q01fg3h5z5i52hdbu\", \"actions\": [], \"@context\": \"/api/contexts/Exercise\", \"children\": [], \"counters\": [], \"notation\": null, \"position\": null, \"minRating\": null, \"isImported\": true, \"constraints\": [], \"description\": null, \"maxDuration\": null, \"requirements\": [], \"technicalSkills\": [], \"configISExpended\": null, \"standardDuration\": null, \"notTechnicalSkill\": []}, {\"id\": 29, \"@id\": \"ckrjccw9q01fh3h5zumtjgi2m\", \"name\": \"Documents, météo, NOTAM, carburant, masse et centrage, performances\", \"@type\": \"Exercise\", \"goals\": null, \"isNew\": true, \"itemId\": \"ckrjccw9q01fi3h5zsxipv0vh\", \"actions\": [], \"@context\": \"/api/contexts/Exercise\", \"children\": [], \"counters\": [], \"notation\": null, \"position\": null, \"minRating\": null, \"isImported\": true, \"constraints\": [], \"description\": null, \"maxDuration\": null, \"requirements\": [], \"technicalSkills\": [], \"configISExpended\": null, \"standardDuration\": null, \"notTechnicalSkill\": []}, {\"id\": 30, \"@id\": \"ckrjccw9q01fj3h5zu9j0ob05\", \"name\": \"Vérifications instrumentales en virage au sol lors du roulage\", \"@type\": \"Exercise\", \"goals\": null, \"isNew\": true, \"itemId\": \"ckrjccw9q01fk3h5z23qgbcq4\", \"actions\": [], \"@context\": \"/api/contexts/Exercise\", \"children\": [], \"counters\": [], \"notation\": null, \"position\": null, \"minRating\": null, \"isImported\": true, \"constraints\": [], \"description\": null, \"maxDuration\": null, \"requirements\": [], \"technicalSkills\": [], \"configISExpended\": null, \"standardDuration\": null, \"notTechnicalSkill\": []}, {\"id\": 31, \"@id\": \"ckrjccw9q01fl3h5zrsmu1dz1\", \"name\": \"Check-list après décollage/montée\", \"@type\": \"Exercise\", \"goals\": null, \"isNew\": true, \"itemId\": \"ckrjccw9q01fm3h5z1600jizh\", \"actions\": [], \"@context\": \"/api/contexts/Exercise\", \"children\": [], \"counters\": [], \"notation\": null, \"position\": null, \"minRating\": null, \"isImported\": true, \"constraints\": [], \"description\": null, \"maxDuration\": null, \"requirements\": [], \"technicalSkills\": [], \"configISExpended\": null, \"standardDuration\": null, \"notTechnicalSkill\": []}, {\"id\": 32, \"@id\": \"ckrjccw9q01fn3h5zrgur5nmt\", \"name\": \"Variations de puissance en contrant les effets moteur\", \"@type\": \"Exercise\", \"goals\": null, \"isNew\": true, \"itemId\": \"ckrjccw9q01fo3h5zvdk2sznm\", \"actions\": [], \"@context\": \"/api/contexts/Exercise\", \"children\": [], \"counters\": [], \"notation\": null, \"position\": null, \"minRating\": null, \"isImported\": true, \"constraints\": [], \"description\": null, \"maxDuration\": null, \"requirements\": [], \"technicalSkills\": [], \"configISExpended\": null, \"standardDuration\": null, \"notTechnicalSkill\": []}, {\"id\": 33, \"@id\": \"ckrjccw9q01fp3h5zr2g9i6gj\", \"name\": \"Utilisation du compensateur\", \"@type\": \"Exercise\", \"goals\": null, \"isNew\": true, \"itemId\": \"ckrjccw9q01fq3h5z563fmviq\", \"actions\": [], \"@context\": \"/api/contexts/Exercise\", \"children\": [], \"counters\": [], \"notation\": null, \"position\": null, \"minRating\": null, \"isImported\": true, \"constraints\": [], \"description\": null, \"maxDuration\": null, \"requirements\": [], \"technicalSkills\": [], \"configISExpended\": null, \"standardDuration\": null, \"notTechnicalSkill\": []}, {\"id\": 34, \"@id\": \"ckrjccw9q01fr3h5zfsoqb128\", \"name\": \"Pilotage de l’assiette de croisière en associant une puissance\", \"@type\": \"Exercise\", \"goals\": null, \"isNew\": true, \"itemId\": \"ckrjccw9q01fs3h5zete4om6v\", \"actions\": [], \"@context\": \"/api/contexts/Exercise\", \"children\": [], \"counters\": [], \"notation\": null, \"position\": null, \"minRating\": null, \"isImported\": true, \"constraints\": [], \"description\": null, \"maxDuration\": null, \"requirements\": [], \"technicalSkills\": [], \"configISExpended\": null, \"standardDuration\": null, \"notTechnicalSkill\": []}, {\"id\": 35, \"@id\": \"ckrjccw9q01ft3h5zkohk1ju1\", \"name\": \"Pilotage de l’assiette de montée en associant une puissance\", \"@type\": \"Exercise\", \"goals\": null, \"isNew\": true, \"itemId\": \"ckrjccw9q01fu3h5zbmdvtj9i\", \"actions\": [], \"@context\": \"/api/contexts/Exercise\", \"children\": [], \"counters\": [], \"notation\": null, \"position\": null, \"minRating\": null, \"isImported\": true, \"constraints\": [], \"description\": null, \"maxDuration\": null, \"requirements\": [], \"technicalSkills\": [], \"configISExpended\": null, \"standardDuration\": null, \"notTechnicalSkill\": []}, {\"id\": 36, \"@id\": \"ckrjccw9q01fv3h5zle3onca1\", \"name\": \"Pilotage de l’assiette de descente en associant une puissance\", \"@type\": \"Exercise\", \"goals\": null, \"isNew\": true, \"itemId\": \"ckrjccw9q01fw3h5z3q68pgzn\", \"actions\": [], \"@context\": \"/api/contexts/Exercise\", \"children\": [], \"counters\": [], \"notation\": null, \"position\": null, \"minRating\": null, \"isImported\": true, \"constraints\": [], \"description\": null, \"maxDuration\": null, \"requirements\": [], \"technicalSkills\": [], \"configISExpended\": null, \"standardDuration\": null, \"notTechnicalSkill\": []}, {\"id\": 37, \"@id\": \"ckrjccw9q01fx3h5zs7kr4tvt\", \"name\": \"MANIA 3\", \"@type\": \"Exercise\", \"goals\": null, \"isNew\": true, \"itemId\": \"ckrjccw9q01fy3h5zfdreti8h\", \"actions\": [], \"@context\": \"/api/contexts/Exercise\", \"children\": [], \"counters\": [], \"notation\": null, \"position\": null, \"minRating\": null, \"isImported\": true, \"constraints\": [], \"description\": null, \"maxDuration\": null, \"requirements\": [], \"technicalSkills\": [], \"configISExpended\": null, \"standardDuration\": null, \"notTechnicalSkill\": []}, {\"id\": 38, \"@id\": \"ckrjccw9q01fz3h5z440pk3oa\", \"name\": \"Contrôle de l’axe pendant le décollage\", \"@type\": \"Exercise\", \"goals\": null, \"isNew\": true, \"itemId\": \"ckrjccw9q01g03h5z2unqcs9x\", \"actions\": [], \"@context\": \"/api/contexts/Exercise\", \"children\": [], \"counters\": [], \"notation\": null, \"position\": null, \"minRating\": null, \"isImported\": true, \"constraints\": [], \"description\": null, \"maxDuration\": null, \"requirements\": [], \"technicalSkills\": [], \"configISExpended\": null, \"standardDuration\": null, \"notTechnicalSkill\": []}, {\"id\": 39, \"@id\": \"ckrjccw9q01g13h5zkkxe50pp\", \"name\": \"Relation Assiette ↔ Vitesse\", \"@type\": \"Exercise\", \"goals\": null, \"isNew\": true, \"itemId\": \"ckrjccw9q01g23h5zpkm7dns0\", \"actions\": [], \"@context\": \"/api/contexts/Exercise\", \"children\": [], \"counters\": [], \"notation\": null, \"position\": null, \"minRating\": null, \"isImported\": true, \"constraints\": [], \"description\": null, \"maxDuration\": null, \"requirements\": [], \"technicalSkills\": [], \"configISExpended\": null, \"standardDuration\": null, \"notTechnicalSkill\": []}, {\"id\": 40, \"@id\": \"ckrjccw9q01g33h5z1nghkitt\", \"name\": \"Définition pente\", \"@type\": \"Exercise\", \"goals\": null, \"isNew\": true, \"itemId\": \"ckrjccw9q01g43h5zwafuktj1\", \"actions\": [], \"@context\": \"/api/contexts/Exercise\", \"children\": [], \"counters\": [], \"notation\": null, \"position\": null, \"minRating\": null, \"isImported\": true, \"constraints\": [], \"description\": null, \"maxDuration\": null, \"requirements\": [], \"technicalSkills\": [], \"configISExpended\": null, \"standardDuration\": null, \"notTechnicalSkill\": []}, {\"id\": 41, \"@id\": \"ckrjccw9q01g53h5z5heuczer\", \"name\": \"Relation Assiette ↔ Pente\", \"@type\": \"Exercise\", \"goals\": null, \"isNew\": true, \"itemId\": \"ckrjccw9q01g63h5zuiyqdd69\", \"actions\": [], \"@context\": \"/api/contexts/Exercise\", \"children\": [], \"counters\": [], \"notation\": null, \"position\": null, \"minRating\": null, \"isImported\": true, \"constraints\": [], \"description\": null, \"maxDuration\": null, \"requirements\": [], \"technicalSkills\": [], \"configISExpended\": null, \"standardDuration\": null, \"notTechnicalSkill\": []}, {\"id\": 42, \"@id\": \"ckrjccw9q01g73h5zte917qlz\", \"name\": \"Régimes de descente\", \"@type\": \"Exercise\", \"goals\": null, \"isNew\": true, \"itemId\": \"ckrjccw9q01g83h5zoelkiqqy\", \"actions\": [], \"@context\": \"/api/contexts/Exercise\", \"children\": [], \"counters\": [], \"notation\": null, \"position\": null, \"minRating\": null, \"isImported\": true, \"constraints\": [], \"description\": null, \"maxDuration\": null, \"requirements\": [], \"technicalSkills\": [], \"configISExpended\": null, \"standardDuration\": null, \"notTechnicalSkill\": []}, {\"id\": 43, \"@id\": \"ckrjccw9q01g93h5z0gdme20n\", \"name\": \"Le Manuel de Vol et les vitesses caractéristiques\", \"@type\": \"Exercise\", \"goals\": null, \"isNew\": true, \"itemId\": \"ckrjccw9q01ga3h5zimuxnv6v\", \"actions\": [], \"@context\": \"/api/contexts/Exercise\", \"children\": [], \"counters\": [], \"notation\": null, \"position\": null, \"minRating\": null, \"isImported\": true, \"constraints\": [], \"description\": null, \"maxDuration\": null, \"requirements\": [], \"technicalSkills\": [], \"configISExpended\": null, \"standardDuration\": null, \"notTechnicalSkill\": []}, {\"id\": 44, \"@id\": \"ckrjccw9q01gb3h5zqi90tqmt\", \"name\": \"Limitation mise en route moteur / Puissance(s) de croisière associée(s) à l\'avion / Fonctionnement et rôle du réchauffage carburateur\", \"@type\": \"Exercise\", \"goals\": null, \"isNew\": true, \"itemId\": \"ckrjccw9q01gc3h5zl3dzbz4b\", \"actions\": [], \"@context\": \"/api/contexts/Exercise\", \"children\": [], \"counters\": [], \"notation\": null, \"position\": null, \"minRating\": null, \"isImported\": true, \"constraints\": [], \"description\": null, \"maxDuration\": null, \"requirements\": [], \"technicalSkills\": [], \"configISExpended\": null, \"standardDuration\": null, \"notTechnicalSkill\": []}, {\"id\": 45, \"@id\": \"ckrjccw9q01gd3h5z41get7jl\", \"name\": \"Décollage et check-list après décollage/montée\", \"@type\": \"Exercise\", \"goals\": null, \"isNew\": true, \"itemId\": \"ckrjccw9q01ge3h5z8246norq\", \"actions\": [], \"@context\": \"/api/contexts/Exercise\", \"children\": [], \"counters\": [], \"notation\": null, \"position\": null, \"minRating\": null, \"isImported\": true, \"constraints\": [], \"description\": null, \"maxDuration\": null, \"requirements\": [], \"technicalSkills\": [], \"configISExpended\": null, \"standardDuration\": null, \"notTechnicalSkill\": []}, {\"id\": 46, \"@id\": \"ckrjccw9q01gf3h5z86apfmwl\", \"name\": \"Pilotage de l’assiette pour obtenir et maintenir une vitesse\", \"@type\": \"Exercise\", \"goals\": null, \"isNew\": true, \"itemId\": \"ckrjccw9q01gg3h5zrbmohtwo\", \"actions\": [], \"@context\": \"/api/contexts/Exercise\", \"children\": [], \"counters\": [], \"notation\": null, \"position\": null, \"minRating\": null, \"isImported\": true, \"constraints\": [], \"description\": null, \"maxDuration\": null, \"requirements\": [], \"technicalSkills\": [], \"configISExpended\": null, \"standardDuration\": null, \"notTechnicalSkill\": []}, {\"id\": 47, \"@id\": \"ckrjccw9q01gh3h5za4li3egw\", \"name\": \"Pilotage de l’assiette pour obtenir et maintenir une vitesse verticale (Vz, variomètre)\", \"@type\": \"Exercise\", \"goals\": null, \"isNew\": true, \"itemId\": \"ckrjccw9q01gi3h5z6dtry54r\", \"actions\": [], \"@context\": \"/api/contexts/Exercise\", \"children\": [], \"counters\": [], \"notation\": null, \"position\": null, \"minRating\": null, \"isImported\": true, \"constraints\": [], \"description\": null, \"maxDuration\": null, \"requirements\": [], \"technicalSkills\": [], \"configISExpended\": null, \"standardDuration\": null, \"notTechnicalSkill\": []}, {\"id\": 48, \"@id\": \"ckrjccw9q01gj3h5z33e4ytxv\", \"name\": \"Pilotage des différents régimes de descente (descente vitesse croisière/descente rapide/descente approche)\", \"@type\": \"Exercise\", \"goals\": null, \"isNew\": true, \"itemId\": \"ckrjccw9q01gk3h5zhiljv8y0\", \"actions\": [], \"@context\": \"/api/contexts/Exercise\", \"children\": [], \"counters\": [], \"notation\": null, \"position\": null, \"minRating\": null, \"isImported\": true, \"constraints\": [], \"description\": null, \"maxDuration\": null, \"requirements\": [], \"technicalSkills\": [], \"configISExpended\": null, \"standardDuration\": null, \"notTechnicalSkill\": []}, {\"id\": 49, \"@id\": \"ckrjccw9q01gl3h5z0n9p65bw\", \"name\": \"MANIA 4\", \"@type\": \"Exercise\", \"goals\": null, \"isNew\": true, \"itemId\": \"ckrjccw9q01gm3h5zyq5m9azy\", \"actions\": [], \"@context\": \"/api/contexts/Exercise\", \"children\": [], \"counters\": [], \"notation\": null, \"position\": null, \"minRating\": null, \"isImported\": true, \"constraints\": [], \"description\": null, \"maxDuration\": null, \"requirements\": [], \"technicalSkills\": [], \"configISExpended\": null, \"standardDuration\": null, \"notTechnicalSkill\": []}, {\"id\": 50, \"@id\": \"ckrjccw9q01gn3h5zahd0l7f8\", \"name\": \"Briefing avant décollage\", \"@type\": \"Exercise\", \"goals\": null, \"isNew\": true, \"itemId\": \"ckrjccw9q01go3h5zyoemimzt\", \"actions\": [], \"@context\": \"/api/contexts/Exercise\", \"children\": [], \"counters\": [], \"notation\": null, \"position\": null, \"minRating\": null, \"isImported\": true, \"constraints\": [], \"description\": null, \"maxDuration\": null, \"requirements\": [], \"technicalSkills\": [], \"configISExpended\": null, \"standardDuration\": null, \"notTechnicalSkill\": []}, {\"id\": 51, \"@id\": \"ckrjccw9q01gp3h5z7cnkbvyd\", \"name\": \"T.E.M. - Gestion de la menace\", \"@type\": \"Exercise\", \"goals\": null, \"isNew\": true, \"itemId\": \"ckrjccw9q01gq3h5z99u560o9\", \"actions\": [], \"@context\": \"/api/contexts/Exercise\", \"children\": [], \"counters\": [], \"notation\": null, \"position\": null, \"minRating\": null, \"isImported\": true, \"constraints\": [], \"description\": null, \"maxDuration\": null, \"requirements\": [], \"technicalSkills\": [], \"configISExpended\": null, \"standardDuration\": null, \"notTechnicalSkill\": []}, {\"id\": 52, \"@id\": \"ckrjccw9q01gr3h5zkcbud5cc\", \"name\": \"Action de mémoire pendant la course au décollage\", \"@type\": \"Exercise\", \"goals\": null, \"isNew\": true, \"itemId\": \"ckrjccw9q01gs3h5z20f796d5\", \"actions\": [], \"@context\": \"/api/contexts/Exercise\", \"children\": [], \"counters\": [], \"notation\": null, \"position\": null, \"minRating\": null, \"isImported\": true, \"constraints\": [], \"description\": null, \"maxDuration\": null, \"requirements\": [], \"technicalSkills\": [], \"configISExpended\": null, \"standardDuration\": null, \"notTechnicalSkill\": []}, {\"id\": 53, \"@id\": \"ckrjccw9q01gt3h5z6wlx62a6\", \"name\": \"Résultante aérodynamique : R= 1⁄2 𝜌𝑆𝑉2𝐶 \", \"@type\": \"Exercise\", \"goals\": null, \"isNew\": true, \"itemId\": \"ckrjccw9q01gu3h5z2qd17fll\", \"actions\": [], \"@context\": \"/api/contexts/Exercise\", \"children\": [], \"counters\": [], \"notation\": null, \"position\": null, \"minRating\": null, \"isImported\": true, \"constraints\": [], \"description\": null, \"maxDuration\": null, \"requirements\": [], \"technicalSkills\": [], \"configISExpended\": null, \"standardDuration\": null, \"notTechnicalSkill\": []}, {\"id\": 54, \"@id\": \"ckrjccw9q01gv3h5zaqbvjsm2\", \"name\": \"Définition Incidence\", \"@type\": \"Exercise\", \"goals\": null, \"isNew\": true, \"itemId\": \"ckrjccw9q01gw3h5znpx9sjhg\", \"actions\": [], \"@context\": \"/api/contexts/Exercise\", \"children\": [], \"counters\": [], \"notation\": null, \"position\": null, \"minRating\": null, \"isImported\": true, \"constraints\": [], \"description\": null, \"maxDuration\": null, \"requirements\": [], \"technicalSkills\": [], \"configISExpended\": null, \"standardDuration\": null, \"notTechnicalSkill\": []}, {\"id\": 55, \"@id\": \"ckrjccw9q01gx3h5zxrlcq7gp\", \"name\": \"Relation Puissance-Vitesse-Incidence\", \"@type\": \"Exercise\", \"goals\": null, \"isNew\": true, \"itemId\": \"ckrjccw9q01gy3h5z7i09fvcr\", \"actions\": [], \"@context\": \"/api/contexts/Exercise\", \"children\": [], \"counters\": [], \"notation\": null, \"position\": null, \"minRating\": null, \"isImported\": true, \"constraints\": [], \"description\": null, \"maxDuration\": null, \"requirements\": [], \"technicalSkills\": [], \"configISExpended\": null, \"standardDuration\": null, \"notTechnicalSkill\": []}, {\"id\": 56, \"@id\": \"ckrjccw9q01gz3h5znrtjveqc\", \"name\": \"Relation Puissance ↔ Vitesse\", \"@type\": \"Exercise\", \"goals\": null, \"isNew\": true, \"itemId\": \"ckrjccw9q01h03h5zc2jkva6g\", \"actions\": [], \"@context\": \"/api/contexts/Exercise\", \"children\": [], \"counters\": [], \"notation\": null, \"position\": null, \"minRating\": null, \"isImported\": true, \"constraints\": [], \"description\": null, \"maxDuration\": null, \"requirements\": [], \"technicalSkills\": [], \"configISExpended\": null, \"standardDuration\": null, \"notTechnicalSkill\": []}, {\"id\": 57, \"@id\": \"ckrjccw9q01h13h5zc1zrj3ky\", \"name\": \"Volets d\'atterrissage et train rentrant (si applicable)\", \"@type\": \"Exercise\", \"goals\": null, \"isNew\": true, \"itemId\": \"ckrjccw9q01h23h5zwm8s0fcn\", \"actions\": [], \"@context\": \"/api/contexts/Exercise\", \"children\": [], \"counters\": [], \"notation\": null, \"position\": null, \"minRating\": null, \"isImported\": true, \"constraints\": [], \"description\": null, \"maxDuration\": null, \"requirements\": [], \"technicalSkills\": [], \"configISExpended\": null, \"standardDuration\": null, \"notTechnicalSkill\": []}, {\"id\": 58, \"@id\": \"ckrjccw9q01h33h5zgkbbye8j\", \"name\": \"Puissance minimale lors du décollage / Variomètre sans vent en finale / Fonctionnement du transpondeur (différents modes)\", \"@type\": \"Exercise\", \"goals\": null, \"isNew\": true, \"itemId\": \"ckrjccw9q01h43h5z8y4aqc0v\", \"actions\": [], \"@context\": \"/api/contexts/Exercise\", \"children\": [], \"counters\": [], \"notation\": null, \"position\": null, \"minRating\": null, \"isImported\": true, \"constraints\": [], \"description\": null, \"maxDuration\": null, \"requirements\": [], \"technicalSkills\": [], \"configISExpended\": null, \"standardDuration\": null, \"notTechnicalSkill\": []}, {\"id\": 59, \"@id\": \"ckrjccw9q01h53h5z0bti3q20\", \"name\": \"Briefing avant décollage\", \"@type\": \"Exercise\", \"goals\": null, \"isNew\": true, \"itemId\": \"ckrjccw9q01h63h5zig975auo\", \"actions\": [], \"@context\": \"/api/contexts/Exercise\", \"children\": [], \"counters\": [], \"notation\": null, \"position\": null, \"minRating\": null, \"isImported\": true, \"constraints\": [], \"description\": null, \"maxDuration\": null, \"requirements\": [], \"technicalSkills\": [], \"configISExpended\": null, \"standardDuration\": null, \"notTechnicalSkill\": []}, {\"id\": 60, \"@id\": \"ckrjccw9q01h73h5zmz6miuly\", \"name\": \"Décollage incluant les actions de mémoire pendant la course au décollage\", \"@type\": \"Exercise\", \"goals\": null, \"isNew\": true, \"itemId\": \"ckrjccw9q01h83h5zmu27p3wi\", \"actions\": [], \"@context\": \"/api/contexts/Exercise\", \"children\": [], \"counters\": [], \"notation\": null, \"position\": null, \"minRating\": null, \"isImported\": true, \"constraints\": [], \"description\": null, \"maxDuration\": null, \"requirements\": [], \"technicalSkills\": [], \"configISExpended\": null, \"standardDuration\": null, \"notTechnicalSkill\": []}, {\"id\": 61, \"@id\": \"ckrjccw9q01h93h5zmes7shj3\", \"name\": \"Pilotage de l’avion à la puissance de croisière en vol rectiligne horizontal\", \"@type\": \"Exercise\", \"goals\": null, \"isNew\": true, \"itemId\": \"ckrjccw9q01ha3h5z45ijvy1l\", \"actions\": [], \"@context\": \"/api/contexts/Exercise\", \"children\": [], \"counters\": [], \"notation\": null, \"position\": null, \"minRating\": null, \"isImported\": true, \"constraints\": [], \"description\": null, \"maxDuration\": null, \"requirements\": [], \"technicalSkills\": [], \"configISExpended\": null, \"standardDuration\": null, \"notTechnicalSkill\": []}, {\"id\": 62, \"@id\": \"ckrjccw9q01hb3h5zhc1ra3fb\", \"name\": \"Pilotage de l\'avion en palier à des vitesses prédéterminées\", \"@type\": \"Exercise\", \"goals\": null, \"isNew\": true, \"itemId\": \"ckrjccw9q01hc3h5zbmhznoea\", \"actions\": [], \"@context\": \"/api/contexts/Exercise\", \"children\": [], \"counters\": [], \"notation\": null, \"position\": null, \"minRating\": null, \"isImported\": true, \"constraints\": [], \"description\": null, \"maxDuration\": null, \"requirements\": [], \"technicalSkills\": [], \"configISExpended\": null, \"standardDuration\": null, \"notTechnicalSkill\": []}, {\"id\": 63, \"@id\": \"ckrjccw9q01hd3h5zptgy68ps\", \"name\": \"Démonstration de l’effet des volets durant le retour et l\'approche sur le terrain\", \"@type\": \"Exercise\", \"goals\": null, \"isNew\": true, \"itemId\": \"ckrjccw9q01he3h5ztlisjfba\", \"actions\": [], \"@context\": \"/api/contexts/Exercise\", \"children\": [], \"counters\": [], \"notation\": null, \"position\": null, \"minRating\": null, \"isImported\": true, \"constraints\": [], \"description\": null, \"maxDuration\": null, \"requirements\": [], \"technicalSkills\": [], \"configISExpended\": null, \"standardDuration\": null, \"notTechnicalSkill\": []}, {\"id\": 64, \"@id\": \"ckrjccw9q01hf3h5znm9hpvhl\", \"name\": \"Démonstration de la tenue du plan en finale et du contrôle du plan avec le variomètre\", \"@type\": \"Exercise\", \"goals\": null, \"isNew\": true, \"itemId\": \"ckrjccw9q01hg3h5z0qedgdt0\", \"actions\": [], \"@context\": \"/api/contexts/Exercise\", \"children\": [], \"counters\": [], \"notation\": null, \"position\": null, \"minRating\": null, \"isImported\": true, \"constraints\": [], \"description\": null, \"maxDuration\": null, \"requirements\": [], \"technicalSkills\": [], \"configISExpended\": null, \"standardDuration\": null, \"notTechnicalSkill\": []}, {\"id\": 65, \"@id\": \"ckrjccw9q01hh3h5znaffspg3\", \"name\": \"MANIA 5\", \"@type\": \"Exercise\", \"goals\": null, \"isNew\": true, \"itemId\": \"ckrjccw9q01hi3h5z879znqd4\", \"actions\": [], \"@context\": \"/api/contexts/Exercise\", \"children\": [], \"counters\": [], \"notation\": null, \"position\": null, \"minRating\": null, \"isImported\": true, \"constraints\": [], \"description\": null, \"maxDuration\": null, \"requirements\": [], \"technicalSkills\": [], \"configISExpended\": null, \"standardDuration\": null, \"notTechnicalSkill\": []}, {\"id\": 66, \"@id\": \"ckrjccw9q01hj3h5z2b7ky0ts\", \"name\": \"Paramètres choisis et subis en palier croisière\", \"@type\": \"Exercise\", \"goals\": null, \"isNew\": true, \"itemId\": \"ckrjccw9q01hk3h5zplr8f67x\", \"actions\": [], \"@context\": \"/api/contexts/Exercise\", \"children\": [], \"counters\": [], \"notation\": null, \"position\": null, \"minRating\": null, \"isImported\": true, \"constraints\": [], \"description\": null, \"maxDuration\": null, \"requirements\": [], \"technicalSkills\": [], \"configISExpended\": null, \"standardDuration\": null, \"notTechnicalSkill\": []}, {\"id\": 67, \"@id\": \"ckrjccw9q01hl3h5zc03bc65u\", \"name\": \"Paramètres choisis et subis en montée\", \"@type\": \"Exercise\", \"goals\": null, \"isNew\": true, \"itemId\": \"ckrjccw9q01hm3h5zjio20cg7\", \"actions\": [], \"@context\": \"/api/contexts/Exercise\", \"children\": [], \"counters\": [], \"notation\": null, \"position\": null, \"minRating\": null, \"isImported\": true, \"constraints\": [], \"description\": null, \"maxDuration\": null, \"requirements\": [], \"technicalSkills\": [], \"configISExpended\": null, \"standardDuration\": null, \"notTechnicalSkill\": []}, {\"id\": 68, \"@id\": \"ckrjccw9q01hn3h5zikuwmm8v\", \"name\": \"Paramètres choisis et subis en descente\", \"@type\": \"Exercise\", \"goals\": null, \"isNew\": true, \"itemId\": \"ckrjccw9q01ho3h5z11niiol0\", \"actions\": [], \"@context\": \"/api/contexts/Exercise\", \"children\": [], \"counters\": [], \"notation\": null, \"position\": null, \"minRating\": null, \"isImported\": true, \"constraints\": [], \"description\": null, \"maxDuration\": null, \"requirements\": [], \"technicalSkills\": [], \"configISExpended\": null, \"standardDuration\": null, \"notTechnicalSkill\": []}, {\"id\": 69, \"@id\": \"ckrjccw9q01hp3h5zrzceje6b\", \"name\": \"Préparation action stabilisation contrôle\", \"@type\": \"Exercise\", \"goals\": null, \"isNew\": true, \"itemId\": \"ckrjccw9q01hq3h5zz765o3d0\", \"actions\": [], \"@context\": \"/api/contexts/Exercise\", \"children\": [], \"counters\": [], \"notation\": null, \"position\": null, \"minRating\": null, \"isImported\": true, \"constraints\": [], \"description\": null, \"maxDuration\": null, \"requirements\": [], \"technicalSkills\": [], \"configISExpended\": null, \"standardDuration\": null, \"notTechnicalSkill\": []}, {\"id\": 70, \"@id\": \"ckrjccw9q01hr3h5z4mrwij7h\", \"name\": \"Circuit visuel adapté à chaque phase du vol\", \"@type\": \"Exercise\", \"goals\": null, \"isNew\": true, \"itemId\": \"ckrjccw9q01hs3h5zy1a8a1jc\", \"actions\": [], \"@context\": \"/api/contexts/Exercise\", \"children\": [], \"counters\": [], \"notation\": null, \"position\": null, \"minRating\": null, \"isImported\": true, \"constraints\": [], \"description\": null, \"maxDuration\": null, \"requirements\": [], \"technicalSkills\": [], \"configISExpended\": null, \"standardDuration\": null, \"notTechnicalSkill\": []}, {\"id\": 71, \"@id\": \"ckrjccw9q01ht3h5zz0alcdac\", \"name\": \"Fonctionnement de l’altimètre, du variomètre et de l\'anémomètre (badin) / Fonctionnement du compas gyroscopique et du compas magnétique / Messages radio-radiotéléphonie \", \"@type\": \"Exercise\", \"goals\": null, \"isNew\": true, \"itemId\": \"ckrjccw9q01hu3h5zw29685hv\", \"actions\": [], \"@context\": \"/api/contexts/Exercise\", \"children\": [], \"counters\": [], \"notation\": null, \"position\": null, \"minRating\": null, \"isImported\": true, \"constraints\": [], \"description\": null, \"maxDuration\": null, \"requirements\": [], \"technicalSkills\": [], \"configISExpended\": null, \"standardDuration\": null, \"notTechnicalSkill\": []}, {\"id\": 72, \"@id\": \"ckrjccw9q01hv3h5zytgjnlj2\", \"name\": \"Pilotage de l\'avion en montée et descente vers des altitudes spécifiées\", \"@type\": \"Exercise\", \"goals\": null, \"isNew\": true, \"itemId\": \"ckrjccw9q01hw3h5ziwvg7h85\", \"actions\": [], \"@context\": \"/api/contexts/Exercise\", \"children\": [], \"counters\": [], \"notation\": null, \"position\": null, \"minRating\": null, \"isImported\": true, \"constraints\": [], \"description\": null, \"maxDuration\": null, \"requirements\": [], \"technicalSkills\": [], \"configISExpended\": null, \"standardDuration\": null, \"notTechnicalSkill\": []}, {\"id\": 73, \"@id\": \"ckrjccw9q01hx3h5z31fktq6p\", \"name\": \"Passage d’une phase de vol à l’autre\", \"@type\": \"Exercise\", \"goals\": null, \"isNew\": true, \"itemId\": \"ckrjccw9q01hy3h5zpsndk6hd\", \"actions\": [], \"@context\": \"/api/contexts/Exercise\", \"children\": [], \"counters\": [], \"notation\": null, \"position\": null, \"minRating\": null, \"isImported\": true, \"constraints\": [], \"description\": null, \"maxDuration\": null, \"requirements\": [], \"technicalSkills\": [], \"configISExpended\": null, \"standardDuration\": null, \"notTechnicalSkill\": []}, {\"id\": 74, \"@id\": \"ckrjccw9q01hz3h5zb6tkqlka\", \"name\": \"Virages vers des caps prédéterminés – utilisation du conservateur de cap et du compas magnétique\", \"@type\": \"Exercise\", \"goals\": null, \"isNew\": true, \"itemId\": \"ckrjccw9q01i03h5zixqymwxz\", \"actions\": [], \"@context\": \"/api/contexts/Exercise\", \"children\": [], \"counters\": [], \"notation\": null, \"position\": null, \"minRating\": null, \"isImported\": true, \"constraints\": [], \"description\": null, \"maxDuration\": null, \"requirements\": [], \"technicalSkills\": [], \"configISExpended\": null, \"standardDuration\": null, \"notTechnicalSkill\": []}, {\"id\": 75, \"@id\": \"ckrjccw9q01i13h5z0in5zjud\", \"name\": \"Changements de configuration – croisière/approche/atterrissage\", \"@type\": \"Exercise\", \"goals\": null, \"isNew\": true, \"itemId\": \"ckrjccw9q01i23h5zivzrqle7\", \"actions\": [], \"@context\": \"/api/contexts/Exercise\", \"children\": [], \"counters\": [], \"notation\": null, \"position\": null, \"minRating\": null, \"isImported\": true, \"constraints\": [], \"description\": null, \"maxDuration\": null, \"requirements\": [], \"technicalSkills\": [], \"configISExpended\": null, \"standardDuration\": null, \"notTechnicalSkill\": []}, {\"id\": 76, \"@id\": \"ckrjccw9q01i33h5zvjuoirqo\", \"name\": \"Pilotage de l\'avion durant l\'approche et en finale\", \"@type\": \"Exercise\", \"goals\": null, \"isNew\": true, \"itemId\": \"ckrjccw9q01i43h5z3hv00z09\", \"actions\": [], \"@context\": \"/api/contexts/Exercise\", \"children\": [], \"counters\": [], \"notation\": null, \"position\": null, \"minRating\": null, \"isImported\": true, \"constraints\": [], \"description\": null, \"maxDuration\": null, \"requirements\": [], \"technicalSkills\": [], \"configISExpended\": null, \"standardDuration\": null, \"notTechnicalSkill\": []}, {\"id\": 77, \"@id\": \"ckrjccw9q01i53h5zy56iz0dc\", \"name\": \"Exercices de roulage dont un demi-tour\", \"@type\": \"Exercise\", \"goals\": null, \"isNew\": true, \"itemId\": \"ckrjccw9q01i63h5z5rum36rj\", \"actions\": [], \"@context\": \"/api/contexts/Exercise\", \"children\": [], \"counters\": [], \"notation\": null, \"position\": null, \"minRating\": null, \"isImported\": true, \"constraints\": [], \"description\": null, \"maxDuration\": null, \"requirements\": [], \"technicalSkills\": [], \"configISExpended\": null, \"standardDuration\": null, \"notTechnicalSkill\": []}, {\"id\": 78, \"@id\": \"ckrjccw9q01i73h5zs7zxqwvy\", \"name\": \" MANIA 6\", \"@type\": \"Exercise\", \"goals\": null, \"isNew\": true, \"itemId\": \"ckrjccw9q01i83h5zrxf80lsr\", \"actions\": [], \"@context\": \"/api/contexts/Exercise\", \"children\": [], \"counters\": [], \"notation\": null, \"position\": null, \"minRating\": null, \"isImported\": true, \"constraints\": [], \"description\": null, \"maxDuration\": null, \"requirements\": [], \"technicalSkills\": [], \"configISExpended\": null, \"standardDuration\": null, \"notTechnicalSkill\": []}, {\"id\": 79, \"@id\": \"ckrjccw9q01i93h5z3l6k3xg3\", \"name\": \"Projection des vecteurs portance et poids dans un virage\", \"@type\": \"Exercise\", \"goals\": null, \"isNew\": true, \"itemId\": \"ckrjccw9q01ia3h5z9ln2p2q2\", \"actions\": [], \"@context\": \"/api/contexts/Exercise\", \"children\": [], \"counters\": [], \"notation\": null, \"position\": null, \"minRating\": null, \"isImported\": true, \"constraints\": [], \"description\": null, \"maxDuration\": null, \"requirements\": [], \"technicalSkills\": [], \"configISExpended\": null, \"standardDuration\": null, \"notTechnicalSkill\": []}, {\"id\": 80, \"@id\": \"ckrjccw9q01ib3h5zks9whol9\", \"name\": \"Virages à altitude constante et virages à altitude et vitesse constantes\", \"@type\": \"Exercise\", \"goals\": null, \"isNew\": true, \"itemId\": \"ckrjccw9q01ic3h5zgs8kn6tt\", \"actions\": [], \"@context\": \"/api/contexts/Exercise\", \"children\": [], \"counters\": [], \"notation\": null, \"position\": null, \"minRating\": null, \"isImported\": true, \"constraints\": [], \"description\": null, \"maxDuration\": null, \"requirements\": [], \"technicalSkills\": [], \"configISExpended\": null, \"standardDuration\": null, \"notTechnicalSkill\": []}, {\"id\": 81, \"@id\": \"ckrjccw9q01id3h5z1mpbwyq3\", \"name\": \"Roulis induit\", \"@type\": \"Exercise\", \"goals\": null, \"isNew\": true, \"itemId\": \"ckrjccw9q01ie3h5zlfacscaa\", \"actions\": [], \"@context\": \"/api/contexts/Exercise\", \"children\": [], \"counters\": [], \"notation\": null, \"position\": null, \"minRating\": null, \"isImported\": true, \"constraints\": [], \"description\": null, \"maxDuration\": null, \"requirements\": [], \"technicalSkills\": [], \"configISExpended\": null, \"standardDuration\": null, \"notTechnicalSkill\": []}, {\"id\": 82, \"@id\": \"ckrjccw9q01if3h5zfgrq8v07\", \"name\": \"Stabilité inhérente en virage (lacet et inclinaison)\", \"@type\": \"Exercise\", \"goals\": null, \"isNew\": true, \"itemId\": \"ckrjccw9q01ig3h5zevg7xguc\", \"actions\": [], \"@context\": \"/api/contexts/Exercise\", \"children\": [], \"counters\": [], \"notation\": null, \"position\": null, \"minRating\": null, \"isImported\": true, \"constraints\": [], \"description\": null, \"maxDuration\": null, \"requirements\": [], \"technicalSkills\": [], \"configISExpended\": null, \"standardDuration\": null, \"notTechnicalSkill\": []}, {\"id\": 83, \"@id\": \"ckrjccw9q01ih3h5z5c8etfmt\", \"name\": \"Inclinaison max en montée\", \"@type\": \"Exercise\", \"goals\": null, \"isNew\": true, \"itemId\": \"ckrjccw9q01ii3h5zc79wthz1\", \"actions\": [], \"@context\": \"/api/contexts/Exercise\", \"children\": [], \"counters\": [], \"notation\": null, \"position\": null, \"minRating\": null, \"isImported\": true, \"constraints\": [], \"description\": null, \"maxDuration\": null, \"requirements\": [], \"technicalSkills\": [], \"configISExpended\": null, \"standardDuration\": null, \"notTechnicalSkill\": []}, {\"id\": 84, \"@id\": \"ckrjccw9q01ij3h5z4tijpke4\", \"name\": \"Effets de l\'inclinaison ou de la vitesse sur le rayon de virage\", \"@type\": \"Exercise\", \"goals\": null, \"isNew\": true, \"itemId\": \"ckrjccw9q01ik3h5zt50yj63y\", \"actions\": [], \"@context\": \"/api/contexts/Exercise\", \"children\": [], \"counters\": [], \"notation\": null, \"position\": null, \"minRating\": null, \"isImported\": true, \"constraints\": [], \"description\": null, \"maxDuration\": null, \"requirements\": [], \"technicalSkills\": [], \"configISExpended\": null, \"standardDuration\": null, \"notTechnicalSkill\": []}, {\"id\": 85, \"@id\": \"ckrjccw9q01il3h5zwntkoyau\", \"name\": \"Fonctionnement des magnétos / Fonctionnement de la bille/aiguille\", \"@type\": \"Exercise\", \"goals\": null, \"isNew\": true, \"itemId\": \"ckrjccw9q01im3h5ze1avy9te\", \"actions\": [], \"@context\": \"/api/contexts/Exercise\", \"children\": [], \"counters\": [], \"notation\": null, \"position\": null, \"minRating\": null, \"isImported\": true, \"constraints\": [], \"description\": null, \"maxDuration\": null, \"requirements\": [], \"technicalSkills\": [], \"configISExpended\": null, \"standardDuration\": null, \"notTechnicalSkill\": []}, {\"id\": 86, \"@id\": \"ckrjccw9q01in3h5z8beggxn8\", \"name\": \"Virages à altitude constante\", \"@type\": \"Exercise\", \"goals\": null, \"isNew\": true, \"itemId\": \"ckrjccw9q01io3h5zzqhv9j9e\", \"actions\": [], \"@context\": \"/api/contexts/Exercise\", \"children\": [], \"counters\": [], \"notation\": null, \"position\": null, \"minRating\": null, \"isImported\": true, \"constraints\": [], \"description\": null, \"maxDuration\": null, \"requirements\": [], \"technicalSkills\": [], \"configISExpended\": null, \"standardDuration\": null, \"notTechnicalSkill\": []}, {\"id\": 87, \"@id\": \"ckrjccw9q01ip3h5zsesojj42\", \"name\": \"Virages à altitude et vitesse constantes\", \"@type\": \"Exercise\", \"goals\": null, \"isNew\": true, \"itemId\": \"ckrjccw9q01iq3h5z5793yyim\", \"actions\": [], \"@context\": \"/api/contexts/Exercise\", \"children\": [], \"counters\": [], \"notation\": null, \"position\": null, \"minRating\": null, \"isImported\": true, \"constraints\": [], \"description\": null, \"maxDuration\": null, \"requirements\": [], \"technicalSkills\": [], \"configISExpended\": null, \"standardDuration\": null, \"notTechnicalSkill\": []}, {\"id\": 88, \"@id\": \"ckrjccw9q01ir3h5zktlrlarv\", \"name\": \"Virages à différents rayons\", \"@type\": \"Exercise\", \"goals\": null, \"isNew\": true, \"itemId\": \"ckrjccw9q01is3h5zlpbisnx3\", \"actions\": [], \"@context\": \"/api/contexts/Exercise\", \"children\": [], \"counters\": [], \"notation\": null, \"position\": null, \"minRating\": null, \"isImported\": true, \"constraints\": [], \"description\": null, \"maxDuration\": null, \"requirements\": [], \"technicalSkills\": [], \"configISExpended\": null, \"standardDuration\": null, \"notTechnicalSkill\": []}, {\"id\": 89, \"@id\": \"ckrjccw9q01it3h5zq9tp3b2h\", \"name\": \"Erreurs dans le virage (glissade/dérapage)\", \"@type\": \"Exercise\", \"goals\": null, \"isNew\": true, \"itemId\": \"ckrjccw9q01iu3h5zi9q88ut3\", \"actions\": [], \"@context\": \"/api/contexts/Exercise\", \"children\": [], \"counters\": [], \"notation\": null, \"position\": null, \"minRating\": null, \"isImported\": true, \"constraints\": [], \"description\": null, \"maxDuration\": null, \"requirements\": [], \"technicalSkills\": [], \"configISExpended\": null, \"standardDuration\": null, \"notTechnicalSkill\": []}, {\"id\": 90, \"@id\": \"ckrjccw9q01iv3h5z54t6t2ct\", \"name\": \"Virages en montée\", \"@type\": \"Exercise\", \"goals\": null, \"isNew\": true, \"itemId\": \"ckrjccw9q01iw3h5zh2ggftff\", \"actions\": [], \"@context\": \"/api/contexts/Exercise\", \"children\": [], \"counters\": [], \"notation\": null, \"position\": null, \"minRating\": null, \"isImported\": true, \"constraints\": [], \"description\": null, \"maxDuration\": null, \"requirements\": [], \"technicalSkills\": [], \"configISExpended\": null, \"standardDuration\": null, \"notTechnicalSkill\": []}, {\"id\": 91, \"@id\": \"ckrjccw9q01ix3h5zvhzwrakm\", \"name\": \"Virages en descente\", \"@type\": \"Exercise\", \"goals\": null, \"isNew\": true, \"itemId\": \"ckrjccw9q01iy3h5zsj1ep0qd\", \"actions\": [], \"@context\": \"/api/contexts/Exercise\", \"children\": [], \"counters\": [], \"notation\": null, \"position\": null, \"minRating\": null, \"isImported\": true, \"constraints\": [], \"description\": null, \"maxDuration\": null, \"requirements\": [], \"technicalSkills\": [], \"configISExpended\": null, \"standardDuration\": null, \"notTechnicalSkill\": []}, {\"id\": 92, \"@id\": \"ckrjccw9q01iz3h5zexovdmks\", \"name\": \" MANIA 7\", \"@type\": \"Exercise\", \"goals\": null, \"isNew\": true, \"itemId\": \"ckrjccw9q01j03h5zq1s72rrq\", \"actions\": [], \"@context\": \"/api/contexts/Exercise\", \"children\": [], \"counters\": [], \"notation\": null, \"position\": null, \"minRating\": null, \"isImported\": true, \"constraints\": [], \"description\": null, \"maxDuration\": null, \"requirements\": [], \"technicalSkills\": [], \"configISExpended\": null, \"standardDuration\": null, \"notTechnicalSkill\": []}, {\"id\": 93, \"@id\": \"ckrjccw9r01j13h5zln3rwpsc\", \"name\": \"Définition du vol lent\", \"@type\": \"Exercise\", \"goals\": null, \"isNew\": true, \"itemId\": \"ckrjccw9r01j23h5zqtbvmhem\", \"actions\": [], \"@context\": \"/api/contexts/Exercise\", \"children\": [], \"counters\": [], \"notation\": null, \"position\": null, \"minRating\": null, \"isImported\": true, \"constraints\": [], \"description\": null, \"maxDuration\": null, \"requirements\": [], \"technicalSkills\": [], \"configISExpended\": null, \"standardDuration\": null, \"notTechnicalSkill\": []}, {\"id\": 94, \"@id\": \"ckrjccw9r01j33h5z305qnga6\", \"name\": \"1er et 2nd régimes\", \"@type\": \"Exercise\", \"goals\": null, \"isNew\": true, \"itemId\": \"ckrjccw9r01j43h5z1sdf162l\", \"actions\": [], \"@context\": \"/api/contexts/Exercise\", \"children\": [], \"counters\": [], \"notation\": null, \"position\": null, \"minRating\": null, \"isImported\": true, \"constraints\": [], \"description\": null, \"maxDuration\": null, \"requirements\": [], \"technicalSkills\": [], \"configISExpended\": null, \"standardDuration\": null, \"notTechnicalSkill\": []}, {\"id\": 95, \"@id\": \"ckrjccw9r01j53h5zq7evu2nv\", \"name\": \"Vérifications de sécurité avant le vol lent\", \"@type\": \"Exercise\", \"goals\": null, \"isNew\": true, \"itemId\": \"ckrjccw9r01j63h5zdthd6ncs\", \"actions\": [], \"@context\": \"/api/contexts/Exercise\", \"children\": [], \"counters\": [], \"notation\": null, \"position\": null, \"minRating\": null, \"isImported\": true, \"constraints\": [], \"description\": null, \"maxDuration\": null, \"requirements\": [], \"technicalSkills\": [], \"configISExpended\": null, \"standardDuration\": null, \"notTechnicalSkill\": []}, {\"id\": 96, \"@id\": \"ckrjccw9r01j73h5zntcplf0m\", \"name\": \"Inclinaisons max en vol lent\", \"@type\": \"Exercise\", \"goals\": null, \"isNew\": true, \"itemId\": \"ckrjccw9r01j83h5z3226x17x\", \"actions\": [], \"@context\": \"/api/contexts/Exercise\", \"children\": [], \"counters\": [], \"notation\": null, \"position\": null, \"minRating\": null, \"isImported\": true, \"constraints\": [], \"description\": null, \"maxDuration\": null, \"requirements\": [], \"technicalSkills\": [], \"configISExpended\": null, \"standardDuration\": null, \"notTechnicalSkill\": []}, {\"id\": 97, \"@id\": \"ckrjccw9r01j93h5z1o502ruw\", \"name\": \"Accélérer pour quitter le 2nd régime durant les évolutions en vol lent\", \"@type\": \"Exercise\", \"goals\": null, \"isNew\": true, \"itemId\": \"ckrjccw9r01ja3h5zvznr8ts1\", \"actions\": [], \"@context\": \"/api/contexts/Exercise\", \"children\": [], \"counters\": [], \"notation\": null, \"position\": null, \"minRating\": null, \"isImported\": true, \"constraints\": [], \"description\": null, \"maxDuration\": null, \"requirements\": [], \"technicalSkills\": [], \"configISExpended\": null, \"standardDuration\": null, \"notTechnicalSkill\": []}, {\"id\": 98, \"@id\": \"ckrjccw9r01jb3h5znwp92wr2\", \"name\": \"Présentation des cartes VAC\", \"@type\": \"Exercise\", \"goals\": null, \"isNew\": true, \"itemId\": \"ckrjccw9r01jc3h5zpbdh733q\", \"actions\": [], \"@context\": \"/api/contexts/Exercise\", \"children\": [], \"counters\": [], \"notation\": null, \"position\": null, \"minRating\": null, \"isImported\": true, \"constraints\": [], \"description\": null, \"maxDuration\": null, \"requirements\": [], \"technicalSkills\": [], \"configISExpended\": null, \"standardDuration\": null, \"notTechnicalSkill\": []}, {\"id\": 99, \"@id\": \"ckrjccw9r01jd3h5zkxp7nfnq\", \"name\": \"Vitesses de décrochage de votre avion / Étude de la carte VAC de votre terrain\", \"@type\": \"Exercise\", \"goals\": null, \"isNew\": true, \"itemId\": \"ckrjccw9r01je3h5znbc3h3t3\", \"actions\": [], \"@context\": \"/api/contexts/Exercise\", \"children\": [], \"counters\": [], \"notation\": null, \"position\": null, \"minRating\": null, \"isImported\": true, \"constraints\": [], \"description\": null, \"maxDuration\": null, \"requirements\": [], \"technicalSkills\": [], \"configISExpended\": null, \"standardDuration\": null, \"notTechnicalSkill\": []}, {\"id\": 100, \"@id\": \"ckrjccw9r01jf3h5zia24zr24\", \"name\": \"Vérifications de sécurité avant le vol lent\", \"@type\": \"Exercise\", \"goals\": null, \"isNew\": true, \"itemId\": \"ckrjccw9r01jg3h5z8gg6nb81\", \"actions\": [], \"@context\": \"/api/contexts/Exercise\", \"children\": [], \"counters\": [], \"notation\": null, \"position\": null, \"minRating\": null, \"isImported\": true, \"constraints\": [], \"description\": null, \"maxDuration\": null, \"requirements\": [], \"technicalSkills\": [], \"configISExpended\": null, \"standardDuration\": null, \"notTechnicalSkill\": []}, {\"id\": 101, \"@id\": \"ckrjccw9r01jh3h5z0v78u3dm\", \"name\": \"Évolution à différentes vitesses et configurations du vol lent – altitude constante –\", \"@type\": \"Exercise\", \"goals\": null, \"isNew\": true, \"itemId\": \"ckrjccw9r01ji3h5z1g2dolvb\", \"actions\": [], \"@context\": \"/api/contexts/Exercise\", \"children\": [], \"counters\": [], \"notation\": null, \"position\": null, \"minRating\": null, \"isImported\": true, \"constraints\": [], \"description\": null, \"maxDuration\": null, \"requirements\": [], \"technicalSkills\": [], \"configISExpended\": null, \"standardDuration\": null, \"notTechnicalSkill\": []}, {\"id\": 102, \"@id\": \"ckrjccw9r01jj3h5zn6nyuq1c\", \"name\": \"Accélérer pour quitter le 2d régime en vol rectiligne\", \"@type\": \"Exercise\", \"goals\": null, \"isNew\": true, \"itemId\": \"ckrjccw9r01jk3h5zwrh0qbqq\", \"actions\": [], \"@context\": \"/api/contexts/Exercise\", \"children\": [], \"counters\": [], \"notation\": null, \"position\": null, \"minRating\": null, \"isImported\": true, \"constraints\": [], \"description\": null, \"maxDuration\": null, \"requirements\": [], \"technicalSkills\": [], \"configISExpended\": null, \"standardDuration\": null, \"notTechnicalSkill\": []}, {\"id\": 103, \"@id\": \"ckrjccw9r01jl3h5zruf5vebe\", \"name\": \"Accélérer pour quitter le 2d régime en virage\", \"@type\": \"Exercise\", \"goals\": null, \"isNew\": true, \"itemId\": \"ckrjccw9r01jm3h5zv467gxhn\", \"actions\": [], \"@context\": \"/api/contexts/Exercise\", \"children\": [], \"counters\": [], \"notation\": null, \"position\": null, \"minRating\": null, \"isImported\": true, \"constraints\": [], \"description\": null, \"maxDuration\": null, \"requirements\": [], \"technicalSkills\": [], \"configISExpended\": null, \"standardDuration\": null, \"notTechnicalSkill\": []}, {\"id\": 104, \"@id\": \"ckrjccw9r01jn3h5zwtu81ywh\", \"name\": \"Démonstration de la stabilité de l\'avion « sinusoïde amortie » (lors d\'un vol rectiligne en palier)\", \"@type\": \"Exercise\", \"goals\": null, \"isNew\": true, \"itemId\": \"ckrjccw9r01jo3h5zjjowasz8\", \"actions\": [], \"@context\": \"/api/contexts/Exercise\", \"children\": [], \"counters\": [], \"notation\": null, \"position\": null, \"minRating\": null, \"isImported\": true, \"constraints\": [], \"description\": null, \"maxDuration\": null, \"requirements\": [], \"technicalSkills\": [], \"configISExpended\": null, \"standardDuration\": null, \"notTechnicalSkill\": []}, {\"id\": 105, \"@id\": \"ckrjccw9r01jp3h5zyugi10uk\", \"name\": \"TDP 1\", \"@type\": \"Exercise\", \"goals\": null, \"isNew\": true, \"itemId\": \"ckrjccw9r01jq3h5ze72viutn\", \"actions\": [], \"@context\": \"/api/contexts/Exercise\", \"children\": [], \"counters\": [], \"notation\": null, \"position\": null, \"minRating\": null, \"isImported\": true, \"constraints\": [], \"description\": null, \"maxDuration\": null, \"requirements\": [], \"technicalSkills\": [], \"configISExpended\": null, \"standardDuration\": null, \"notTechnicalSkill\": []}, {\"id\": 106, \"@id\": \"ckrjccw9r01jr3h5zyzmc5cow\", \"name\": \"Déroulement d’un tour de piste rectangulaire\", \"@type\": \"Exercise\", \"goals\": null, \"isNew\": true, \"itemId\": \"ckrjccw9r01js3h5zu9yq8gwp\", \"actions\": [], \"@context\": \"/api/contexts/Exercise\", \"children\": [], \"counters\": [], \"notation\": null, \"position\": null, \"minRating\": null, \"isImported\": true, \"constraints\": [], \"description\": null, \"maxDuration\": null, \"requirements\": [], \"technicalSkills\": [], \"configISExpended\": null, \"standardDuration\": null, \"notTechnicalSkill\": []}, {\"id\": 107, \"@id\": \"ckrjccw9r01jt3h5zixm6c0e7\", \"name\": \"Briefing approche\", \"@type\": \"Exercise\", \"goals\": null, \"isNew\": true, \"itemId\": \"ckrjccw9r01ju3h5znuwdc3g4\", \"actions\": [], \"@context\": \"/api/contexts/Exercise\", \"children\": [], \"counters\": [], \"notation\": null, \"position\": null, \"minRating\": null, \"isImported\": true, \"constraints\": [], \"description\": null, \"maxDuration\": null, \"requirements\": [], \"technicalSkills\": [], \"configISExpended\": null, \"standardDuration\": null, \"notTechnicalSkill\": []}, {\"id\": 108, \"@id\": \"ckrjccw9r01jv3h5zdh44djet\", \"name\": \"L’atterrissage\", \"@type\": \"Exercise\", \"goals\": null, \"isNew\": true, \"itemId\": \"ckrjccw9r01jw3h5zvmwc6txf\", \"actions\": [], \"@context\": \"/api/contexts/Exercise\", \"children\": [], \"counters\": [], \"notation\": null, \"position\": null, \"minRating\": null, \"isImported\": true, \"constraints\": [], \"description\": null, \"maxDuration\": null, \"requirements\": [], \"technicalSkills\": [], \"configISExpended\": null, \"standardDuration\": null, \"notTechnicalSkill\": []}, {\"id\": 109, \"@id\": \"ckrjccw9r01jx3h5zey43464s\", \"name\": \"Approche interrompue (remise de gaz)\", \"@type\": \"Exercise\", \"goals\": null, \"isNew\": true, \"itemId\": \"ckrjccw9r01jy3h5z5m36ab3l\", \"actions\": [], \"@context\": \"/api/contexts/Exercise\", \"children\": [], \"counters\": [], \"notation\": null, \"position\": null, \"minRating\": null, \"isImported\": true, \"constraints\": [], \"description\": null, \"maxDuration\": null, \"requirements\": [], \"technicalSkills\": [], \"configISExpended\": null, \"standardDuration\": null, \"notTechnicalSkill\": []}, {\"id\": 110, \"@id\": \"ckrjccw9r01jz3h5z2j1biftk\", \"name\": \"Posé et décollé (touch and go)\", \"@type\": \"Exercise\", \"goals\": null, \"isNew\": true, \"itemId\": \"ckrjccw9r01k03h5znug4q2l5\", \"actions\": [], \"@context\": \"/api/contexts/Exercise\", \"children\": [], \"counters\": [], \"notation\": null, \"position\": null, \"minRating\": null, \"isImported\": true, \"constraints\": [], \"description\": null, \"maxDuration\": null, \"requirements\": [], \"technicalSkills\": [], \"configISExpended\": null, \"standardDuration\": null, \"notTechnicalSkill\": []}, {\"id\": 111, \"@id\": \"ckrjccw9r01k13h5zdngdwm26\", \"name\": \"Étude du tour de piste publié pour votre terrain / Révision des check-lists à effectuer en tours de piste : Montée, Approche et Atterrissage\", \"@type\": \"Exercise\", \"goals\": null, \"isNew\": true, \"itemId\": \"ckrjccw9r01k23h5zcqlrkaw4\", \"actions\": [], \"@context\": \"/api/contexts/Exercise\", \"children\": [], \"counters\": [], \"notation\": null, \"position\": null, \"minRating\": null, \"isImported\": true, \"constraints\": [], \"description\": null, \"maxDuration\": null, \"requirements\": [], \"technicalSkills\": [], \"configISExpended\": null, \"standardDuration\": null, \"notTechnicalSkill\": []}, {\"id\": 112, \"@id\": \"ckrjccw9r01k33h5zkw0npoou\", \"name\": \"Briefing approche en branche vent arrière\", \"@type\": \"Exercise\", \"goals\": null, \"isNew\": true, \"itemId\": \"ckrjccw9r01k43h5z7khyc918\", \"actions\": [], \"@context\": \"/api/contexts/Exercise\", \"children\": [], \"counters\": [], \"notation\": null, \"position\": null, \"minRating\": null, \"isImported\": true, \"constraints\": [], \"description\": null, \"maxDuration\": null, \"requirements\": [], \"technicalSkills\": [], \"configISExpended\": null, \"standardDuration\": null, \"notTechnicalSkill\": []}, {\"id\": 113, \"@id\": \"ckrjccw9r01k53h5zwjx2mhmc\", \"name\": \"3 posés et décollés ou atterrissages\", \"@type\": \"Exercise\", \"goals\": null, \"isNew\": true, \"itemId\": \"ckrjccw9r01k63h5z08yrkn4w\", \"actions\": [], \"@context\": \"/api/contexts/Exercise\", \"children\": [], \"counters\": [], \"notation\": null, \"position\": null, \"minRating\": null, \"isImported\": true, \"constraints\": [], \"description\": null, \"maxDuration\": null, \"requirements\": [], \"technicalSkills\": [], \"configISExpended\": null, \"standardDuration\": null, \"notTechnicalSkill\": []}, {\"id\": 114, \"@id\": \"ckrjccw9r01k73h5zvb7u7g2h\", \"name\": \"1 approche interrompue\", \"@type\": \"Exercise\", \"goals\": null, \"isNew\": true, \"itemId\": \"ckrjccw9r01k83h5zswsm8xqi\", \"actions\": [], \"@context\": \"/api/contexts/Exercise\", \"children\": [], \"counters\": [], \"notation\": null, \"position\": null, \"minRating\": null, \"isImported\": true, \"constraints\": [], \"description\": null, \"maxDuration\": null, \"requirements\": [], \"technicalSkills\": [], \"configISExpended\": null, \"standardDuration\": null, \"notTechnicalSkill\": []}, {\"id\": 115, \"@id\": \"ckrjccw9r01k93h5z8glzrb7u\", \"name\": \"TDP 2\", \"@type\": \"Exercise\", \"goals\": null, \"isNew\": true, \"itemId\": \"ckrjccw9r01ka3h5z1u0ppbov\", \"actions\": [], \"@context\": \"/api/contexts/Exercise\", \"children\": [], \"counters\": [], \"notation\": null, \"position\": null, \"minRating\": null, \"isImported\": true, \"constraints\": [], \"description\": null, \"maxDuration\": null, \"requirements\": [], \"technicalSkills\": [], \"configISExpended\": null, \"standardDuration\": null, \"notTechnicalSkill\": []}, {\"id\": 116, \"@id\": \"ckrjccw9r01kb3h5zkyv7pbgn\", \"name\": \"Masse maximale au décollage et à l\'atterrissage\", \"@type\": \"Exercise\", \"goals\": null, \"isNew\": true, \"itemId\": \"ckrjccw9r01kc3h5z55bo6adi\", \"actions\": [], \"@context\": \"/api/contexts/Exercise\", \"children\": [], \"counters\": [], \"notation\": null, \"position\": null, \"minRating\": null, \"isImported\": true, \"constraints\": [], \"description\": null, \"maxDuration\": null, \"requirements\": [], \"technicalSkills\": [], \"configISExpended\": null, \"standardDuration\": null, \"notTechnicalSkill\": []}, {\"id\": 117, \"@id\": \"ckrjccw9r01kd3h5z4bjymlx1\", \"name\": \"Calcul d’un devis de masse et centrage\", \"@type\": \"Exercise\", \"goals\": null, \"isNew\": true, \"itemId\": \"ckrjccw9r01ke3h5z2qz3ccyt\", \"actions\": [], \"@context\": \"/api/contexts/Exercise\", \"children\": [], \"counters\": [], \"notation\": null, \"position\": null, \"minRating\": null, \"isImported\": true, \"constraints\": [], \"description\": null, \"maxDuration\": null, \"requirements\": [], \"technicalSkills\": [], \"configISExpended\": null, \"standardDuration\": null, \"notTechnicalSkill\": []}, {\"id\": 118, \"@id\": \"ckrjccw9r01kf3h5zw59arzb9\", \"name\": \"Centre de gravité et foyer\", \"@type\": \"Exercise\", \"goals\": null, \"isNew\": true, \"itemId\": \"ckrjccw9r01kg3h5z8pfwbvyk\", \"actions\": [], \"@context\": \"/api/contexts/Exercise\", \"children\": [], \"counters\": [], \"notation\": null, \"position\": null, \"minRating\": null, \"isImported\": true, \"constraints\": [], \"description\": null, \"maxDuration\": null, \"requirements\": [], \"technicalSkills\": [], \"configISExpended\": null, \"standardDuration\": null, \"notTechnicalSkill\": []}, {\"id\": 119, \"@id\": \"ckrjccw9r01kh3h5z90t8pwv2\", \"name\": \"Effets du centrage sur l’avion\", \"@type\": \"Exercise\", \"goals\": null, \"isNew\": true, \"itemId\": \"ckrjccw9r01ki3h5ztoj93804\", \"actions\": [], \"@context\": \"/api/contexts/Exercise\", \"children\": [], \"counters\": [], \"notation\": null, \"position\": null, \"minRating\": null, \"isImported\": true, \"constraints\": [], \"description\": null, \"maxDuration\": null, \"requirements\": [], \"technicalSkills\": [], \"configISExpended\": null, \"standardDuration\": null, \"notTechnicalSkill\": []}, {\"id\": 120, \"@id\": \"ckrjccw9r01kj3h5zsfi59zh4\", \"name\": \"Décollage interrompu\", \"@type\": \"Exercise\", \"goals\": null, \"isNew\": true, \"itemId\": \"ckrjccw9r01kk3h5zp9mlpmts\", \"actions\": [], \"@context\": \"/api/contexts/Exercise\", \"children\": [], \"counters\": [], \"notation\": null, \"position\": null, \"minRating\": null, \"isImported\": true, \"constraints\": [], \"description\": null, \"maxDuration\": null, \"requirements\": [], \"technicalSkills\": [], \"configISExpended\": null, \"standardDuration\": null, \"notTechnicalSkill\": []}, {\"id\": 121, \"@id\": \"ckrjccw9r01kl3h5z8mjjx0vq\", \"name\": \"Effets du vent à l\'atterrissage\", \"@type\": \"Exercise\", \"goals\": null, \"isNew\": true, \"itemId\": \"ckrjccw9r01km3h5z12x5fi8x\", \"actions\": [], \"@context\": \"/api/contexts/Exercise\", \"children\": [], \"counters\": [], \"notation\": null, \"position\": null, \"minRating\": null, \"isImported\": true, \"constraints\": [], \"description\": null, \"maxDuration\": null, \"requirements\": [], \"technicalSkills\": [], \"configISExpended\": null, \"standardDuration\": null, \"notTechnicalSkill\": []}, {\"id\": 122, \"@id\": \"ckrjccw9r01kn3h5z7uebw1oq\", \"name\": \"Présentation des papiers de l’avion, lesquels emporter en vol\", \"@type\": \"Exercise\", \"goals\": null, \"isNew\": true, \"itemId\": \"ckrjccw9r01ko3h5zo3dulhrb\", \"actions\": [], \"@context\": \"/api/contexts/Exercise\", \"children\": [], \"counters\": [], \"notation\": null, \"position\": null, \"minRating\": null, \"isImported\": true, \"constraints\": [], \"description\": null, \"maxDuration\": null, \"requirements\": [], \"technicalSkills\": [], \"configISExpended\": null, \"standardDuration\": null, \"notTechnicalSkill\": []}, {\"id\": 123, \"@id\": \"ckrjccw9r01kp3h5z4byhnt7v\", \"name\": \"Revoir le déroulement d\'un tour de piste rectangulaire / Masse maximale de votre avion\", \"@type\": \"Exercise\", \"goals\": null, \"isNew\": true, \"itemId\": \"ckrjccw9r01kq3h5z75iqau6y\", \"actions\": [], \"@context\": \"/api/contexts/Exercise\", \"children\": [], \"counters\": [], \"notation\": null, \"position\": null, \"minRating\": null, \"isImported\": true, \"constraints\": [], \"description\": null, \"maxDuration\": null, \"requirements\": [], \"technicalSkills\": [], \"configISExpended\": null, \"standardDuration\": null, \"notTechnicalSkill\": []}, {\"id\": 124, \"@id\": \"ckrjccw9r01kr3h5zgk5g4fzp\", \"name\": \"1 décollage interrompu avant rotation à une vitesse raisonnable\", \"@type\": \"Exercise\", \"goals\": null, \"isNew\": true, \"itemId\": \"ckrjccw9r01ks3h5zz6dpktl5\", \"actions\": [], \"@context\": \"/api/contexts/Exercise\", \"children\": [], \"counters\": [], \"notation\": null, \"position\": null, \"minRating\": null, \"isImported\": true, \"constraints\": [], \"description\": null, \"maxDuration\": null, \"requirements\": [], \"technicalSkills\": [], \"configISExpended\": null, \"standardDuration\": null, \"notTechnicalSkill\": []}, {\"id\": 125, \"@id\": \"ckrjccw9r01kt3h5zhvno53r8\", \"name\": \"3 posés et décollés ou atterrissages\", \"@type\": \"Exercise\", \"goals\": null, \"isNew\": true, \"itemId\": \"ckrjccw9r01ku3h5zkg5f7shy\", \"actions\": [], \"@context\": \"/api/contexts/Exercise\", \"children\": [], \"counters\": [], \"notation\": null, \"position\": null, \"minRating\": null, \"isImported\": true, \"constraints\": [], \"description\": null, \"maxDuration\": null, \"requirements\": [], \"technicalSkills\": [], \"configISExpended\": null, \"standardDuration\": null, \"notTechnicalSkill\": []}, {\"id\": 126, \"@id\": \"ckrjccw9r01kv3h5z996n2a92\", \"name\": \"1 approche interrompue\", \"@type\": \"Exercise\", \"goals\": null, \"isNew\": true, \"itemId\": \"ckrjccw9r01kw3h5zpiauc05o\", \"actions\": [], \"@context\": \"/api/contexts/Exercise\", \"children\": [], \"counters\": [], \"notation\": null, \"position\": null, \"minRating\": null, \"isImported\": true, \"constraints\": [], \"description\": null, \"maxDuration\": null, \"requirements\": [], \"technicalSkills\": [], \"configISExpended\": null, \"standardDuration\": null, \"notTechnicalSkill\": []}, {\"id\": 127, \"@id\": \"ckrjccw9r01kx3h5zilez3400\", \"name\": \"MANIA 8\", \"@type\": \"Exercise\", \"goals\": null, \"isNew\": true, \"itemId\": \"ckrjccw9r01ky3h5zyvetl4di\", \"actions\": [], \"@context\": \"/api/contexts/Exercise\", \"children\": [], \"counters\": [], \"notation\": null, \"position\": null, \"minRating\": null, \"isImported\": true, \"constraints\": [], \"description\": null, \"maxDuration\": null, \"requirements\": [], \"technicalSkills\": [], \"configISExpended\": null, \"standardDuration\": null, \"notTechnicalSkill\": []}, {\"id\": 128, \"@id\": \"ckrjccw9r01kz3h5zvnp7y8tr\", \"name\": \"Décrochage\", \"@type\": \"Exercise\", \"goals\": null, \"isNew\": true, \"itemId\": \"ckrjccw9r01l03h5zqa0mr531\", \"actions\": [], \"@context\": \"/api/contexts/Exercise\", \"children\": [], \"counters\": [], \"notation\": null, \"position\": null, \"minRating\": null, \"isImported\": true, \"constraints\": [], \"description\": null, \"maxDuration\": null, \"requirements\": [], \"technicalSkills\": [], \"configISExpended\": null, \"standardDuration\": null, \"notTechnicalSkill\": []}, {\"id\": 129, \"@id\": \"ckrjccw9r01l13h5zbargo14o\", \"name\": \"Vérifications de sécurité avant un décrochage\", \"@type\": \"Exercise\", \"goals\": null, \"isNew\": true, \"itemId\": \"ckrjccw9r01l23h5zk36fzo2j\", \"actions\": [], \"@context\": \"/api/contexts/Exercise\", \"children\": [], \"counters\": [], \"notation\": null, \"position\": null, \"minRating\": null, \"isImported\": true, \"constraints\": [], \"description\": null, \"maxDuration\": null, \"requirements\": [], \"technicalSkills\": [], \"configISExpended\": null, \"standardDuration\": null, \"notTechnicalSkill\": []}, {\"id\": 130, \"@id\": \"ckrjccw9r01l33h5z810ouho6\", \"name\": \"Sortie du décrochage et de l\'approche du décrochage\", \"@type\": \"Exercise\", \"goals\": null, \"isNew\": true, \"itemId\": \"ckrjccw9r01l43h5zp1xg59ej\", \"actions\": [], \"@context\": \"/api/contexts/Exercise\", \"children\": [], \"counters\": [], \"notation\": null, \"position\": null, \"minRating\": null, \"isImported\": true, \"constraints\": [], \"description\": null, \"maxDuration\": null, \"requirements\": [], \"technicalSkills\": [], \"configISExpended\": null, \"standardDuration\": null, \"notTechnicalSkill\": []}, {\"id\": 131, \"@id\": \"ckrjccw9r01l53h5z81p3i491\", \"name\": \"CFIT\", \"@type\": \"Exercise\", \"goals\": null, \"isNew\": true, \"itemId\": \"ckrjccw9r01l63h5zeq5zw6dm\", \"actions\": [], \"@context\": \"/api/contexts/Exercise\", \"children\": [], \"counters\": [], \"notation\": null, \"position\": null, \"minRating\": null, \"isImported\": true, \"constraints\": [], \"description\": null, \"maxDuration\": null, \"requirements\": [], \"technicalSkills\": [], \"configISExpended\": null, \"standardDuration\": null, \"notTechnicalSkill\": []}, {\"id\": 132, \"@id\": \"ckrjccw9r01l73h5znl8474dw\", \"name\": \"Vrille\", \"@type\": \"Exercise\", \"goals\": null, \"isNew\": true, \"itemId\": \"ckrjccw9r01l83h5zsdv93ef0\", \"actions\": [], \"@context\": \"/api/contexts/Exercise\", \"children\": [], \"counters\": [], \"notation\": null, \"position\": null, \"minRating\": null, \"isImported\": true, \"constraints\": [], \"description\": null, \"maxDuration\": null, \"requirements\": [], \"technicalSkills\": [], \"configISExpended\": null, \"standardDuration\": null, \"notTechnicalSkill\": []}, {\"id\": 133, \"@id\": \"ckrjccw9r01l93h5zlq5n9wyz\", \"name\": \"Virage serré en palier\", \"@type\": \"Exercise\", \"goals\": null, \"isNew\": true, \"itemId\": \"ckrjccw9r01la3h5z5y1jeqk2\", \"actions\": [], \"@context\": \"/api/contexts/Exercise\", \"children\": [], \"counters\": [], \"notation\": null, \"position\": null, \"minRating\": null, \"isImported\": true, \"constraints\": [], \"description\": null, \"maxDuration\": null, \"requirements\": [], \"technicalSkills\": [], \"configISExpended\": null, \"standardDuration\": null, \"notTechnicalSkill\": []}, {\"id\": 134, \"@id\": \"ckrjccw9r01lb3h5zvk5dwlzu\", \"name\": \"Glissade (si applicable)\", \"@type\": \"Exercise\", \"goals\": null, \"isNew\": true, \"itemId\": \"ckrjccw9r01lc3h5z073hcm60\", \"actions\": [], \"@context\": \"/api/contexts/Exercise\", \"children\": [], \"counters\": [], \"notation\": null, \"position\": null, \"minRating\": null, \"isImported\": true, \"constraints\": [], \"description\": null, \"maxDuration\": null, \"requirements\": [], \"technicalSkills\": [], \"configISExpended\": null, \"standardDuration\": null, \"notTechnicalSkill\": []}, {\"id\": 135, \"@id\": \"ckrjccw9r01ld3h5z22j9wwso\", \"name\": \"Description de la vrille\", \"@type\": \"Exercise\", \"goals\": null, \"isNew\": true, \"itemId\": \"ckrjccw9r01le3h5zeu5on1tw\", \"actions\": [], \"@context\": \"/api/contexts/Exercise\", \"children\": [], \"counters\": [], \"notation\": null, \"position\": null, \"minRating\": null, \"isImported\": true, \"constraints\": [], \"description\": null, \"maxDuration\": null, \"requirements\": [], \"technicalSkills\": [], \"configISExpended\": null, \"standardDuration\": null, \"notTechnicalSkill\": []}, {\"id\": 136, \"@id\": \"ckrjccw9r01lf3h5za23v2bwm\", \"name\": \"Évolution en vol lent et accélération pour quitter le 2nd régime\", \"@type\": \"Exercise\", \"goals\": null, \"isNew\": true, \"itemId\": \"ckrjccw9r01lg3h5zxjfj0dp0\", \"actions\": [], \"@context\": \"/api/contexts/Exercise\", \"children\": [], \"counters\": [], \"notation\": null, \"position\": null, \"minRating\": null, \"isImported\": true, \"constraints\": [], \"description\": null, \"maxDuration\": null, \"requirements\": [], \"technicalSkills\": [], \"configISExpended\": null, \"standardDuration\": null, \"notTechnicalSkill\": []}, {\"id\": 137, \"@id\": \"ckrjccw9r01lh3h5znal5zm1g\", \"name\": \"Vérification de sécurité avant un décrochage\", \"@type\": \"Exercise\", \"goals\": null, \"isNew\": true, \"itemId\": \"ckrjccw9r01li3h5z8tz4d6ys\", \"actions\": [], \"@context\": \"/api/contexts/Exercise\", \"children\": [], \"counters\": [], \"notation\": null, \"position\": null, \"minRating\": null, \"isImported\": true, \"constraints\": [], \"description\": null, \"maxDuration\": null, \"requirements\": [], \"technicalSkills\": [], \"configISExpended\": null, \"standardDuration\": null, \"notTechnicalSkill\": []}, {\"id\": 138, \"@id\": \"ckrjccw9r01lj3h5z0udo3y9a\", \"name\": \"Décrochage en palier en configuration lisse et récupération avec puissance\", \"@type\": \"Exercise\", \"goals\": null, \"isNew\": true, \"itemId\": \"ckrjccw9r01lk3h5zdpn09729\", \"actions\": [], \"@context\": \"/api/contexts/Exercise\", \"children\": [], \"counters\": [], \"notation\": null, \"position\": null, \"minRating\": null, \"isImported\": true, \"constraints\": [], \"description\": null, \"maxDuration\": null, \"requirements\": [], \"technicalSkills\": [], \"configISExpended\": null, \"standardDuration\": null, \"notTechnicalSkill\": []}, {\"id\": 139, \"@id\": \"ckrjccw9r01ll3h5zrnnawnqw\", \"name\": \"Décrochage en palier en configuration lisse et récupération sans puissance\", \"@type\": \"Exercise\", \"goals\": null, \"isNew\": true, \"itemId\": \"ckrjccw9r01lm3h5znzu3z7o5\", \"actions\": [], \"@context\": \"/api/contexts/Exercise\", \"children\": [], \"counters\": [], \"notation\": null, \"position\": null, \"minRating\": null, \"isImported\": true, \"constraints\": [], \"description\": null, \"maxDuration\": null, \"requirements\": [], \"technicalSkills\": [], \"configISExpended\": null, \"standardDuration\": null, \"notTechnicalSkill\": []}, {\"id\": 140, \"@id\": \"ckrjccw9r01ln3h5zb90tnksu\", \"name\": \"Approche du décrochage en virage à 20° d\'inclinaison en descente en configuration approche et récupération dès l\'apparition des symptômes du décrochage\", \"@type\": \"Exercise\", \"goals\": null, \"isNew\": true, \"itemId\": \"ckrjccw9r01lo3h5z41yc7a6v\", \"actions\": [], \"@context\": \"/api/contexts/Exercise\", \"children\": [], \"counters\": [], \"notation\": null, \"position\": null, \"minRating\": null, \"isImported\": true, \"constraints\": [], \"description\": null, \"maxDuration\": null, \"requirements\": [], \"technicalSkills\": [], \"configISExpended\": null, \"standardDuration\": null, \"notTechnicalSkill\": []}, {\"id\": 141, \"@id\": \"ckrjccw9r01lp3h5zvnzdg381\", \"name\": \"Approche du décrochage en montée et récupération – retour à̀ la montée normale –\", \"@type\": \"Exercise\", \"goals\": null, \"isNew\": true, \"itemId\": \"ckrjccw9r01lq3h5z1ofjbz8a\", \"actions\": [], \"@context\": \"/api/contexts/Exercise\", \"children\": [], \"counters\": [], \"notation\": null, \"position\": null, \"minRating\": null, \"isImported\": true, \"constraints\": [], \"description\": null, \"maxDuration\": null, \"requirements\": [], \"technicalSkills\": [], \"configISExpended\": null, \"standardDuration\": null, \"notTechnicalSkill\": []}, {\"id\": 142, \"@id\": \"ckrjccw9r01lr3h5zm096lqi3\", \"name\": \"Virage(s) serré(s) en palier\", \"@type\": \"Exercise\", \"goals\": null, \"isNew\": true, \"itemId\": \"ckrjccw9r01ls3h5zk0oezu63\", \"actions\": [], \"@context\": \"/api/contexts/Exercise\", \"children\": [], \"counters\": [], \"notation\": null, \"position\": null, \"minRating\": null, \"isImported\": true, \"constraints\": [], \"description\": null, \"maxDuration\": null, \"requirements\": [], \"technicalSkills\": [], \"configISExpended\": null, \"standardDuration\": null, \"notTechnicalSkill\": []}, {\"id\": 143, \"@id\": \"ckrjccw9r01lt3h5zw9rdluod\", \"name\": \"Glissade durant le trajet retour (UNIQUEMENT SI APPLICABLE À L\'AVION UTILISÉ)\", \"@type\": \"Exercise\", \"goals\": null, \"isNew\": true, \"itemId\": \"ckrjccw9r01lu3h5zngxzpy49\", \"actions\": [], \"@context\": \"/api/contexts/Exercise\", \"children\": [], \"counters\": [], \"notation\": null, \"position\": null, \"minRating\": null, \"isImported\": true, \"constraints\": [], \"description\": null, \"maxDuration\": null, \"requirements\": [], \"technicalSkills\": [], \"configISExpended\": null, \"standardDuration\": null, \"notTechnicalSkill\": []}, {\"id\": 144, \"@id\": \"ckrjccw9r01lv3h5z8uypv9gv\", \"name\": \"BILAN 1\", \"@type\": \"Exercise\", \"goals\": null, \"isNew\": true, \"itemId\": \"ckrjccw9r01lw3h5z9evux2kr\", \"actions\": [], \"@context\": \"/api/contexts/Exercise\", \"children\": [], \"counters\": [], \"notation\": null, \"position\": null, \"minRating\": null, \"isImported\": true, \"constraints\": [], \"description\": null, \"maxDuration\": null, \"requirements\": [], \"technicalSkills\": [], \"configISExpended\": null, \"standardDuration\": null, \"notTechnicalSkill\": []}, {\"id\": 145, \"@id\": \"ckrjccw9r01lx3h5z5jc6d0dg\", \"name\": \"Le stagiaire peut-il restituer de manière autonome les exercices basiques de maniabilité ?\", \"@type\": \"Exercise\", \"goals\": null, \"isNew\": true, \"itemId\": \"ckrjccw9r01ly3h5z0adgl6tv\", \"actions\": [], \"@context\": \"/api/contexts/Exercise\", \"children\": [], \"counters\": [], \"notation\": null, \"position\": null, \"minRating\": null, \"isImported\": true, \"constraints\": [], \"description\": null, \"maxDuration\": null, \"requirements\": [], \"technicalSkills\": [], \"configISExpended\": null, \"standardDuration\": null, \"notTechnicalSkill\": []}, {\"id\": 146, \"@id\": \"ckrjccw9r01lz3h5zcprr5o9y\", \"name\": \"Tous les exercices durant les vols de cette phase ont-ils été validés ?\", \"@type\": \"Exercise\", \"goals\": null, \"isNew\": true, \"itemId\": \"ckrjccw9r01m03h5zy9zfg6zb\", \"actions\": [], \"@context\": \"/api/contexts/Exercise\", \"children\": [], \"counters\": [], \"notation\": null, \"position\": null, \"minRating\": null, \"isImported\": true, \"constraints\": [], \"description\": null, \"maxDuration\": null, \"requirements\": [], \"technicalSkills\": [], \"configISExpended\": null, \"standardDuration\": null, \"notTechnicalSkill\": []}, {\"id\": 147, \"@id\": \"ckrjccw9r01m13h5zsx8zpjn7\", \"name\": \"L\'objectif de la PHASE 1 est-il atteint ?\", \"@type\": \"Exercise\", \"goals\": null, \"isNew\": true, \"itemId\": \"ckrjccw9r01m23h5zcv7lt0y0\", \"actions\": [], \"@context\": \"/api/contexts/Exercise\", \"children\": [], \"counters\": [], \"notation\": null, \"position\": null, \"minRating\": null, \"isImported\": true, \"constraints\": [], \"description\": null, \"maxDuration\": null, \"requirements\": [], \"technicalSkills\": [], \"configISExpended\": null, \"standardDuration\": null, \"notTechnicalSkill\": []}, {\"id\": 148, \"@id\": \"ckrjccw9r01m33h5ztxbu4gik\", \"name\": \"Progression et niveau du stagiaire : \", \"@type\": \"Exercise\", \"goals\": null, \"isNew\": true, \"itemId\": \"ckrjccw9r01m43h5zv75wi0lf\", \"actions\": [], \"@context\": \"/api/contexts/Exercise\", \"children\": [{\"id\": 1, \"@id\": \"/api/exercise_items/1\", \"name\": \"« Sous le standard »\", \"@type\": \"ExerciseItem\", \"goals\": null, \"isNew\": true, \"parent\": \"/api/exercises/148\", \"actions\": [], \"children\": [], \"counters\": [], \"notation\": null, \"position\": null, \"constraints\": [], \"description\": null, \"isImportant\": false, \"maxDuration\": null, \"requirements\": [], \"technicalSkills\": [], \"configISExpended\": null, \"standardDuration\": null, \"notTechnicalSkill\": []}, {\"id\": 2, \"@id\": \"/api/exercise_items/2\", \"name\": \"« Besoin d\'amélioration »\", \"@type\": \"ExerciseItem\", \"goals\": null, \"isNew\": true, \"parent\": \"/api/exercises/148\", \"actions\": [], \"children\": [], \"counters\": [], \"notation\": null, \"position\": null, \"constraints\": [], \"description\": null, \"isImportant\": false, \"maxDuration\": null, \"requirements\": [], \"technicalSkills\": [], \"configISExpended\": null, \"standardDuration\": null, \"notTechnicalSkill\": []}, {\"id\": 3, \"@id\": \"/api/exercise_items/3\", \"name\": \"« Standard »\", \"@type\": \"ExerciseItem\", \"goals\": null, \"isNew\": true, \"parent\": \"/api/exercises/148\", \"actions\": [], \"children\": [], \"counters\": [], \"notation\": null, \"position\": null, \"constraints\": [], \"description\": null, \"isImportant\": false, \"maxDuration\": null, \"requirements\": [], \"technicalSkills\": [], \"configISExpended\": null, \"standardDuration\": null, \"notTechnicalSkill\": []}, {\"id\": 4, \"@id\": \"/api/exercise_items/4\", \"name\": \"« Au-dessus du standard »\", \"@type\": \"ExerciseItem\", \"goals\": null, \"isNew\": true, \"parent\": \"/api/exercises/148\", \"actions\": [], \"children\": [], \"counters\": [], \"notation\": null, \"position\": null, \"constraints\": [], \"description\": null, \"isImportant\": false, \"maxDuration\": null, \"requirements\": [], \"technicalSkills\": [], \"configISExpended\": null, \"standardDuration\": null, \"notTechnicalSkill\": []}], \"counters\": [], \"notation\": null, \"position\": null, \"minRating\": null, \"isImported\": true, \"constraints\": [], \"description\": null, \"maxDuration\": null, \"requirements\": [], \"technicalSkills\": [], \"configISExpended\": null, \"standardDuration\": null, \"notTechnicalSkill\": []}, {\"id\": 1, \"@id\": \"ckrjccw9r01m53h5z007fookx\", \"name\": \"« Sous le standard »\", \"@type\": \"ExerciseItem\", \"goals\": null, \"isNew\": true, \"itemId\": \"ckrjccw9r01m63h5z0jff3k7g\", \"parent\": {\"id\": 148, \"@id\": \"/api/exercises/148\", \"name\": \"Progression et niveau du stagiaire : \", \"@type\": \"Exercise\", \"goals\": null, \"parent\": null, \"actions\": [], \"children\": [\"/api/exercise_items/1\", {\"id\": 2, \"@id\": \"/api/exercise_items/2\", \"name\": \"« Besoin d\'amélioration »\", \"@type\": \"ExerciseItem\", \"goals\": null, \"parent\": \"/api/exercises/148\", \"actions\": [], \"children\": [], \"counters\": [], \"notation\": null, \"position\": null, \"constraints\": [], \"description\": null, \"isImportant\": false, \"maxDuration\": null, \"requirements\": [], \"technicalSkills\": [], \"configISExpended\": null, \"standardDuration\": null, \"notTechnicalSkill\": []}, {\"id\": 3, \"@id\": \"/api/exercise_items/3\", \"name\": \"« Standard »\", \"@type\": \"ExerciseItem\", \"goals\": null, \"parent\": \"/api/exercises/148\", \"actions\": [], \"children\": [], \"counters\": [], \"notation\": null, \"position\": null, \"constraints\": [], \"description\": null, \"isImportant\": false, \"maxDuration\": null, \"requirements\": [], \"technicalSkills\": [], \"configISExpended\": null, \"standardDuration\": null, \"notTechnicalSkill\": []}, {\"id\": 4, \"@id\": \"/api/exercise_items/4\", \"name\": \"« Au-dessus du standard »\", \"@type\": \"ExerciseItem\", \"goals\": null, \"parent\": \"/api/exercises/148\", \"actions\": [], \"children\": [], \"counters\": [], \"notation\": null, \"position\": null, \"constraints\": [], \"description\": null, \"isImportant\": false, \"maxDuration\": null, \"requirements\": [], \"technicalSkills\": [], \"configISExpended\": null, \"standardDuration\": null, \"notTechnicalSkill\": []}], \"counters\": [], \"notation\": null, \"position\": null, \"minRating\": null, \"constraints\": [], \"description\": null, \"maxDuration\": null, \"requirements\": [], \"technicalSkills\": [], \"configISExpended\": null, \"standardDuration\": null, \"notTechnicalSkill\": []}, \"actions\": [], \"@context\": \"/api/contexts/ExerciseItem\", \"children\": [], \"counters\": [], \"notation\": null, \"position\": null, \"isImported\": true, \"constraints\": [], \"description\": null, \"isImportant\": false, \"maxDuration\": null, \"requirements\": [], \"technicalSkills\": [], \"configISExpended\": null, \"standardDuration\": null, \"notTechnicalSkill\": []}, {\"id\": 2, \"@id\": \"ckrjccw9r01m73h5z6hswtp60\", \"name\": \"« Besoin d\'amélioration »\", \"@type\": \"ExerciseItem\", \"goals\": null, \"isNew\": true, \"itemId\": \"ckrjccw9r01m83h5zo53nuyav\", \"parent\": {\"id\": 148, \"@id\": \"/api/exercises/148\", \"name\": \"Progression et niveau du stagiaire : \", \"@type\": \"Exercise\", \"goals\": null, \"parent\": null, \"actions\": [], \"children\": [{\"id\": 1, \"@id\": \"/api/exercise_items/1\", \"name\": \"« Sous le standard »\", \"@type\": \"ExerciseItem\", \"goals\": null, \"parent\": \"/api/exercises/148\", \"actions\": [], \"children\": [], \"counters\": [], \"notation\": null, \"position\": null, \"constraints\": [], \"description\": null, \"isImportant\": false, \"maxDuration\": null, \"requirements\": [], \"technicalSkills\": [], \"configISExpended\": null, \"standardDuration\": null, \"notTechnicalSkill\": []}, \"/api/exercise_items/2\", {\"id\": 3, \"@id\": \"/api/exercise_items/3\", \"name\": \"« Standard »\", \"@type\": \"ExerciseItem\", \"goals\": null, \"parent\": \"/api/exercises/148\", \"actions\": [], \"children\": [], \"counters\": [], \"notation\": null, \"position\": null, \"constraints\": [], \"description\": null, \"isImportant\": false, \"maxDuration\": null, \"requirements\": [], \"technicalSkills\": [], \"configISExpended\": null, \"standardDuration\": null, \"notTechnicalSkill\": []}, {\"id\": 4, \"@id\": \"/api/exercise_items/4\", \"name\": \"« Au-dessus du standard »\", \"@type\": \"ExerciseItem\", \"goals\": null, \"parent\": \"/api/exercises/148\", \"actions\": [], \"children\": [], \"counters\": [], \"notation\": null, \"position\": null, \"constraints\": [], \"description\": null, \"isImportant\": false, \"maxDuration\": null, \"requirements\": [], \"technicalSkills\": [], \"configISExpended\": null, \"standardDuration\": null, \"notTechnicalSkill\": []}], \"counters\": [], \"notation\": null, \"position\": null, \"minRating\": null, \"constraints\": [], \"description\": null, \"maxDuration\": null, \"requirements\": [], \"technicalSkills\": [], \"configISExpended\": null, \"standardDuration\": null, \"notTechnicalSkill\": []}, \"actions\": [], \"@context\": \"/api/contexts/ExerciseItem\", \"children\": [], \"counters\": [], \"notation\": null, \"position\": null, \"isImported\": true, \"constraints\": [], \"description\": null, \"isImportant\": false, \"maxDuration\": null, \"requirements\": [], \"technicalSkills\": [], \"configISExpended\": null, \"standardDuration\": null, \"notTechnicalSkill\": []}, {\"id\": 3, \"@id\": \"ckrjccw9r01m93h5zj6653f23\", \"name\": \"« Standard »\", \"@type\": \"ExerciseItem\", \"goals\": null, \"isNew\": true, \"itemId\": \"ckrjccw9r01ma3h5z2aw6ifbv\", \"parent\": {\"id\": 148, \"@id\": \"/api/exercises/148\", \"name\": \"Progression et niveau du stagiaire : \", \"@type\": \"Exercise\", \"goals\": null, \"parent\": null, \"actions\": [], \"children\": [{\"id\": 1, \"@id\": \"/api/exercise_items/1\", \"name\": \"« Sous le standard »\", \"@type\": \"ExerciseItem\", \"goals\": null, \"parent\": \"/api/exercises/148\", \"actions\": [], \"children\": [], \"counters\": [], \"notation\": null, \"position\": null, \"constraints\": [], \"description\": null, \"isImportant\": false, \"maxDuration\": null, \"requirements\": [], \"technicalSkills\": [], \"configISExpended\": null, \"standardDuration\": null, \"notTechnicalSkill\": []}, {\"id\": 2, \"@id\": \"/api/exercise_items/2\", \"name\": \"« Besoin d\'amélioration »\", \"@type\": \"ExerciseItem\", \"goals\": null, \"parent\": \"/api/exercises/148\", \"actions\": [], \"children\": [], \"counters\": [], \"notation\": null, \"position\": null, \"constraints\": [], \"description\": null, \"isImportant\": false, \"maxDuration\": null, \"requirements\": [], \"technicalSkills\": [], \"configISExpended\": null, \"standardDuration\": null, \"notTechnicalSkill\": []}, \"/api/exercise_items/3\", {\"id\": 4, \"@id\": \"/api/exercise_items/4\", \"name\": \"« Au-dessus du standard »\", \"@type\": \"ExerciseItem\", \"goals\": null, \"parent\": \"/api/exercises/148\", \"actions\": [], \"children\": [], \"counters\": [], \"notation\": null, \"position\": null, \"constraints\": [], \"description\": null, \"isImportant\": false, \"maxDuration\": null, \"requirements\": [], \"technicalSkills\": [], \"configISExpended\": null, \"standardDuration\": null, \"notTechnicalSkill\": []}], \"counters\": [], \"notation\": null, \"position\": null, \"minRating\": null, \"constraints\": [], \"description\": null, \"maxDuration\": null, \"requirements\": [], \"technicalSkills\": [], \"configISExpended\": null, \"standardDuration\": null, \"notTechnicalSkill\": []}, \"actions\": [], \"@context\": \"/api/contexts/ExerciseItem\", \"children\": [], \"counters\": [], \"notation\": null, \"position\": null, \"isImported\": true, \"constraints\": [], \"description\": null, \"isImportant\": false, \"maxDuration\": null, \"requirements\": [], \"technicalSkills\": [], \"configISExpended\": null, \"standardDuration\": null, \"notTechnicalSkill\": []}, {\"id\": 4, \"@id\": \"ckrjccw9r01mb3h5zpz6ao8f1\", \"name\": \"« Au-dessus du standard »\", \"@type\": \"ExerciseItem\", \"goals\": null, \"isNew\": true, \"itemId\": \"ckrjccw9r01mc3h5zqgjtgj2g\", \"parent\": {\"id\": 148, \"@id\": \"/api/exercises/148\", \"name\": \"Progression et niveau du stagiaire : \", \"@type\": \"Exercise\", \"goals\": null, \"parent\": null, \"actions\": [], \"children\": [{\"id\": 1, \"@id\": \"/api/exercise_items/1\", \"name\": \"« Sous le standard »\", \"@type\": \"ExerciseItem\", \"goals\": null, \"parent\": \"/api/exercises/148\", \"actions\": [], \"children\": [], \"counters\": [], \"notation\": null, \"position\": null, \"constraints\": [], \"description\": null, \"isImportant\": false, \"maxDuration\": null, \"requirements\": [], \"technicalSkills\": [], \"configISExpended\": null, \"standardDuration\": null, \"notTechnicalSkill\": []}, {\"id\": 2, \"@id\": \"/api/exercise_items/2\", \"name\": \"« Besoin d\'amélioration »\", \"@type\": \"ExerciseItem\", \"goals\": null, \"parent\": \"/api/exercises/148\", \"actions\": [], \"children\": [], \"counters\": [], \"notation\": null, \"position\": null, \"constraints\": [], \"description\": null, \"isImportant\": false, \"maxDuration\": null, \"requirements\": [], \"technicalSkills\": [], \"configISExpended\": null, \"standardDuration\": null, \"notTechnicalSkill\": []}, {\"id\": 3, \"@id\": \"/api/exercise_items/3\", \"name\": \"« Standard »\", \"@type\": \"ExerciseItem\", \"goals\": null, \"parent\": \"/api/exercises/148\", \"actions\": [], \"children\": [], \"counters\": [], \"notation\": null, \"position\": null, \"constraints\": [], \"description\": null, \"isImportant\": false, \"maxDuration\": null, \"requirements\": [], \"technicalSkills\": [], \"configISExpended\": null, \"standardDuration\": null, \"notTechnicalSkill\": []}, \"/api/exercise_items/4\"], \"counters\": [], \"notation\": null, \"position\": null, \"minRating\": null, \"constraints\": [], \"description\": null, \"maxDuration\": null, \"requirements\": [], \"technicalSkills\": [], \"configISExpended\": null, \"standardDuration\": null, \"notTechnicalSkill\": []}, \"actions\": [], \"@context\": \"/api/contexts/ExerciseItem\", \"children\": [], \"counters\": [], \"notation\": null, \"position\": null, \"isImported\": true, \"constraints\": [], \"description\": null, \"isImportant\": false, \"maxDuration\": null, \"requirements\": [], \"technicalSkills\": [], \"configISExpended\": null, \"standardDuration\": null, \"notTechnicalSkill\": []}, {\"id\": 149, \"@id\": \"ckrjccw9r01md3h5zzrro1kkr\", \"name\": \"TDP 3\", \"@type\": \"Exercise\", \"goals\": null, \"isNew\": true, \"itemId\": \"ckrjccw9r01me3h5z8qdoidi8\", \"actions\": [], \"@context\": \"/api/contexts/Exercise\", \"children\": [], \"counters\": [], \"notation\": null, \"position\": null, \"minRating\": null, \"isImported\": true, \"constraints\": [], \"description\": null, \"maxDuration\": null, \"requirements\": [], \"technicalSkills\": [], \"configISExpended\": null, \"standardDuration\": null, \"notTechnicalSkill\": []}, {\"id\": 150, \"@id\": \"ckrjccw9r01mf3h5zx4olxr98\", \"name\": \"Devis de masse et centrage\", \"@type\": \"Exercise\", \"goals\": null, \"isNew\": true, \"itemId\": \"ckrjccw9r01mg3h5zvy6h2n1i\", \"actions\": [], \"@context\": \"/api/contexts/Exercise\", \"children\": [], \"counters\": [], \"notation\": null, \"position\": null, \"minRating\": null, \"isImported\": true, \"constraints\": [], \"description\": null, \"maxDuration\": null, \"requirements\": [], \"technicalSkills\": [], \"configISExpended\": null, \"standardDuration\": null, \"notTechnicalSkill\": []}, {\"id\": 151, \"@id\": \"ckrjccw9r01mh3h5z217hwtyc\", \"name\": \"METAR (METéorological Aerodrome Report)\", \"@type\": \"Exercise\", \"goals\": null, \"isNew\": true, \"itemId\": \"ckrjccw9r01mi3h5zkx77ibhy\", \"actions\": [], \"@context\": \"/api/contexts/Exercise\", \"children\": [], \"counters\": [], \"notation\": null, \"position\": null, \"minRating\": null, \"isImported\": true, \"constraints\": [], \"description\": null, \"maxDuration\": null, \"requirements\": [], \"technicalSkills\": [], \"configISExpended\": null, \"standardDuration\": null, \"notTechnicalSkill\": []}, {\"id\": 152, \"@id\": \"ckrjccw9r01mj3h5z8vbn1bpb\", \"name\": \"Gestion de panne\", \"@type\": \"Exercise\", \"goals\": null, \"isNew\": true, \"itemId\": \"ckrjccw9r01mk3h5zf6eesctd\", \"actions\": [], \"@context\": \"/api/contexts/Exercise\", \"children\": [], \"counters\": [], \"notation\": null, \"position\": null, \"minRating\": null, \"isImported\": true, \"constraints\": [], \"description\": null, \"maxDuration\": null, \"requirements\": [], \"technicalSkills\": [], \"configISExpended\": null, \"standardDuration\": null, \"notTechnicalSkill\": []}, {\"id\": 153, \"@id\": \"ckrjccw9r01ml3h5zceoznwkc\", \"name\": \"Gestion de la panne volets\", \"@type\": \"Exercise\", \"goals\": null, \"isNew\": true, \"itemId\": \"ckrjccw9r01mm3h5z7d0izexj\", \"actions\": [], \"@context\": \"/api/contexts/Exercise\", \"children\": [], \"counters\": [], \"notation\": null, \"position\": null, \"minRating\": null, \"isImported\": true, \"constraints\": [], \"description\": null, \"maxDuration\": null, \"requirements\": [], \"technicalSkills\": [], \"configISExpended\": null, \"standardDuration\": null, \"notTechnicalSkill\": []}, {\"id\": 154, \"@id\": \"ckrjccw9r01mn3h5za3jxyqjb\", \"name\": \"Panne moteur après le décollage\", \"@type\": \"Exercise\", \"goals\": null, \"isNew\": true, \"itemId\": \"ckrjccw9r01mo3h5zrqfgr7l7\", \"actions\": [], \"@context\": \"/api/contexts/Exercise\", \"children\": [], \"counters\": [], \"notation\": null, \"position\": null, \"minRating\": null, \"isImported\": true, \"constraints\": [], \"description\": null, \"maxDuration\": null, \"requirements\": [], \"technicalSkills\": [], \"configISExpended\": null, \"standardDuration\": null, \"notTechnicalSkill\": []}, {\"id\": 155, \"@id\": \"ckrjccw9r01mp3h5zfv7vbr3g\", \"name\": \"Tour de piste « basse hauteur »\", \"@type\": \"Exercise\", \"goals\": null, \"isNew\": true, \"itemId\": \"ckrjccw9r01mq3h5zgtpiocde\", \"actions\": [], \"@context\": \"/api/contexts/Exercise\", \"children\": [], \"counters\": [], \"notation\": null, \"position\": null, \"minRating\": null, \"isImported\": true, \"constraints\": [], \"description\": null, \"maxDuration\": null, \"requirements\": [], \"technicalSkills\": [], \"configISExpended\": null, \"standardDuration\": null, \"notTechnicalSkill\": []}, {\"id\": 156, \"@id\": \"ckrjccw9r01mr3h5zghrnz66z\", \"name\": \"Revoir le déroulement d\'un tour de piste rectangulaire / Lecture du METAR du jour\", \"@type\": \"Exercise\", \"goals\": null, \"isNew\": true, \"itemId\": \"ckrjccw9r01ms3h5z3cky5v7y\", \"actions\": [], \"@context\": \"/api/contexts/Exercise\", \"children\": [], \"counters\": [], \"notation\": null, \"position\": null, \"minRating\": null, \"isImported\": true, \"constraints\": [], \"description\": null, \"maxDuration\": null, \"requirements\": [], \"technicalSkills\": [], \"configISExpended\": null, \"standardDuration\": null, \"notTechnicalSkill\": []}, {\"id\": 157, \"@id\": \"ckrjccw9r01mt3h5zwrlh3v11\", \"name\": \"1 panne moteur après décollage\", \"@type\": \"Exercise\", \"goals\": null, \"isNew\": true, \"itemId\": \"ckrjccw9r01mu3h5z2xjrvq7e\", \"actions\": [], \"@context\": \"/api/contexts/Exercise\", \"children\": [], \"counters\": [], \"notation\": null, \"position\": null, \"minRating\": null, \"isImported\": true, \"constraints\": [], \"description\": null, \"maxDuration\": null, \"requirements\": [], \"technicalSkills\": [], \"configISExpended\": null, \"standardDuration\": null, \"notTechnicalSkill\": []}, {\"id\": 158, \"@id\": \"ckrjccw9r01mv3h5zrrtw580x\", \"name\": \"1 posé et décollé ou atterrissage\", \"@type\": \"Exercise\", \"goals\": null, \"isNew\": true, \"itemId\": \"ckrjccw9r01mw3h5zg1tz6vqw\", \"actions\": [], \"@context\": \"/api/contexts/Exercise\", \"children\": [], \"counters\": [], \"notation\": null, \"position\": null, \"minRating\": null, \"isImported\": true, \"constraints\": [], \"description\": null, \"maxDuration\": null, \"requirements\": [], \"technicalSkills\": [], \"configISExpended\": null, \"standardDuration\": null, \"notTechnicalSkill\": []}, {\"id\": 159, \"@id\": \"ckrjccw9r01mx3h5zdmtrxjte\", \"name\": \"1 approche interrompue\", \"@type\": \"Exercise\", \"goals\": null, \"isNew\": true, \"itemId\": \"ckrjccw9r01my3h5z0i3oemy1\", \"actions\": [], \"@context\": \"/api/contexts/Exercise\", \"children\": [], \"counters\": [], \"notation\": null, \"position\": null, \"minRating\": null, \"isImported\": true, \"constraints\": [], \"description\": null, \"maxDuration\": null, \"requirements\": [], \"technicalSkills\": [], \"configISExpended\": null, \"standardDuration\": null, \"notTechnicalSkill\": []}, {\"id\": 160, \"@id\": \"ckrjccw9r01mz3h5z0zw663fr\", \"name\": \"1 basse hauteur\", \"@type\": \"Exercise\", \"goals\": null, \"isNew\": true, \"itemId\": \"ckrjccw9r01n03h5z7u7j1fzn\", \"actions\": [], \"@context\": \"/api/contexts/Exercise\", \"children\": [], \"counters\": [], \"notation\": null, \"position\": null, \"minRating\": null, \"isImported\": true, \"constraints\": [], \"description\": null, \"maxDuration\": null, \"requirements\": [], \"technicalSkills\": [], \"configISExpended\": null, \"standardDuration\": null, \"notTechnicalSkill\": []}, {\"id\": 161, \"@id\": \"ckrjccw9r01n13h5z8nsou71g\", \"name\": \"1 panne volets\", \"@type\": \"Exercise\", \"goals\": null, \"isNew\": true, \"itemId\": \"ckrjccw9r01n23h5zomq3l914\", \"actions\": [], \"@context\": \"/api/contexts/Exercise\", \"children\": [], \"counters\": [], \"notation\": null, \"position\": null, \"minRating\": null, \"isImported\": true, \"constraints\": [], \"description\": null, \"maxDuration\": null, \"requirements\": [], \"technicalSkills\": [], \"configISExpended\": null, \"standardDuration\": null, \"notTechnicalSkill\": []}, {\"id\": 162, \"@id\": \"ckrjccw9r01n33h5zuwgyghxs\", \"name\": \"MANIA 9\", \"@type\": \"Exercise\", \"goals\": null, \"isNew\": true, \"itemId\": \"ckrjccw9r01n43h5zq3wgx41z\", \"actions\": [], \"@context\": \"/api/contexts/Exercise\", \"children\": [], \"counters\": [], \"notation\": null, \"position\": null, \"minRating\": null, \"isImported\": true, \"constraints\": [], \"description\": null, \"maxDuration\": null, \"requirements\": [], \"technicalSkills\": [], \"configISExpended\": null, \"standardDuration\": null, \"notTechnicalSkill\": []}, {\"id\": 163, \"@id\": \"ckrjccw9r01n53h5zzkoh70tm\", \"name\": \"Correction du calcul des performances de décollage et d’atterrissage\", \"@type\": \"Exercise\", \"goals\": null, \"isNew\": true, \"itemId\": \"ckrjccw9r01n63h5zr8h5fcv2\", \"actions\": [], \"@context\": \"/api/contexts/Exercise\", \"children\": [], \"counters\": [], \"notation\": null, \"position\": null, \"minRating\": null, \"isImported\": true, \"constraints\": [], \"description\": null, \"maxDuration\": null, \"requirements\": [], \"technicalSkills\": [], \"configISExpended\": null, \"standardDuration\": null, \"notTechnicalSkill\": []}, {\"id\": 164, \"@id\": \"ckrjccw9r01n73h5zei6jluct\", \"name\": \"Montées meilleur taux (Vz max) et meilleure pente\", \"@type\": \"Exercise\", \"goals\": null, \"isNew\": true, \"itemId\": \"ckrjccw9r01n83h5zyoy4sgdi\", \"actions\": [], \"@context\": \"/api/contexts/Exercise\", \"children\": [], \"counters\": [], \"notation\": null, \"position\": null, \"minRating\": null, \"isImported\": true, \"constraints\": [], \"description\": null, \"maxDuration\": null, \"requirements\": [], \"technicalSkills\": [], \"configISExpended\": null, \"standardDuration\": null, \"notTechnicalSkill\": []}, {\"id\": 165, \"@id\": \"ckrjccw9r01n93h5zln4simsg\", \"name\": \"Angle de plané « AP »\", \"@type\": \"Exercise\", \"goals\": null, \"isNew\": true, \"itemId\": \"ckrjccw9r01na3h5zgey6pznw\", \"actions\": [], \"@context\": \"/api/contexts/Exercise\", \"children\": [], \"counters\": [], \"notation\": null, \"position\": null, \"minRating\": null, \"isImported\": true, \"constraints\": [], \"description\": null, \"maxDuration\": null, \"requirements\": [], \"technicalSkills\": [], \"configISExpended\": null, \"standardDuration\": null, \"notTechnicalSkill\": []}, {\"id\": 166, \"@id\": \"ckrjccw9r01nb3h5zw1p2rjkr\", \"name\": \"Description des « repères AP » sur l’avion, leur utilisation future\", \"@type\": \"Exercise\", \"goals\": null, \"isNew\": true, \"itemId\": \"ckrjccw9r01nc3h5zgpd2ouzg\", \"actions\": [], \"@context\": \"/api/contexts/Exercise\", \"children\": [], \"counters\": [], \"notation\": null, \"position\": null, \"minRating\": null, \"isImported\": true, \"constraints\": [], \"description\": null, \"maxDuration\": null, \"requirements\": [], \"technicalSkills\": [], \"configISExpended\": null, \"standardDuration\": null, \"notTechnicalSkill\": []}, {\"id\": 167, \"@id\": \"ckrjccw9r01nd3h5zq1p5sg2v\", \"name\": \"Prise de terrain moteur réduit dans l’axe – légère dissymétrie pour que le décrochage soit associé à une inclinaison –\", \"@type\": \"Exercise\", \"goals\": null, \"isNew\": true, \"itemId\": \"ckrjccw9r01ne3h5zjq6foy1c\", \"actions\": [], \"@context\": \"/api/contexts/Exercise\", \"children\": [], \"counters\": [], \"notation\": null, \"position\": null, \"minRating\": null, \"isImported\": true, \"constraints\": [], \"description\": null, \"maxDuration\": null, \"requirements\": [], \"technicalSkills\": [], \"configISExpended\": null, \"standardDuration\": null, \"notTechnicalSkill\": []}, {\"id\": 168, \"@id\": \"ckrjccw9r01nf3h5zyygdh4ga\", \"name\": \"Revoir la procédure de sortie du décrochage et de l\'approche du décrochage\", \"@type\": \"Exercise\", \"goals\": null, \"isNew\": true, \"itemId\": \"ckrjccw9r01ng3h5zcildv19s\", \"actions\": [], \"@context\": \"/api/contexts/Exercise\", \"children\": [], \"counters\": [], \"notation\": null, \"position\": null, \"minRating\": null, \"isImported\": true, \"constraints\": [], \"description\": null, \"maxDuration\": null, \"requirements\": [], \"technicalSkills\": [], \"configISExpended\": null, \"standardDuration\": null, \"notTechnicalSkill\": []}, {\"id\": 169, \"@id\": \"ckrjccw9r01nh3h5zmp90awlm\", \"name\": \"Comparaison des performances de décollage calculées et réelles (ex. : panneaux de distance sur la piste)\", \"@type\": \"Exercise\", \"goals\": null, \"isNew\": true, \"itemId\": \"ckrjccw9r01ni3h5zsj0ehg7d\", \"actions\": [], \"@context\": \"/api/contexts/Exercise\", \"children\": [], \"counters\": [], \"notation\": null, \"position\": null, \"minRating\": null, \"isImported\": true, \"constraints\": [], \"description\": null, \"maxDuration\": null, \"requirements\": [], \"technicalSkills\": [], \"configISExpended\": null, \"standardDuration\": null, \"notTechnicalSkill\": []}, {\"id\": 170, \"@id\": \"ckrjccw9r01nj3h5z85achy2f\", \"name\": \"Montées à la vitesse de meilleur taux puis de meilleure pente (si applicable)\", \"@type\": \"Exercise\", \"goals\": null, \"isNew\": true, \"itemId\": \"ckrjccw9r01nk3h5zu754td4q\", \"actions\": [], \"@context\": \"/api/contexts/Exercise\", \"children\": [], \"counters\": [], \"notation\": null, \"position\": null, \"minRating\": null, \"isImported\": true, \"constraints\": [], \"description\": null, \"maxDuration\": null, \"requirements\": [], \"technicalSkills\": [], \"configISExpended\": null, \"standardDuration\": null, \"notTechnicalSkill\": []}, {\"id\": 171, \"@id\": \"ckrjccw9r01nl3h5zcu5j2qqb\", \"name\": \"Exercices de visualisation des angles de plané\", \"@type\": \"Exercise\", \"goals\": null, \"isNew\": true, \"itemId\": \"ckrjccw9r01nm3h5zcg4udxr6\", \"actions\": [], \"@context\": \"/api/contexts/Exercise\", \"children\": [], \"counters\": [], \"notation\": null, \"position\": null, \"minRating\": null, \"isImported\": true, \"constraints\": [], \"description\": null, \"maxDuration\": null, \"requirements\": [], \"technicalSkills\": [], \"configISExpended\": null, \"standardDuration\": null, \"notTechnicalSkill\": []}, {\"id\": 172, \"@id\": \"ckrjccw9r01nn3h5zj3sx8kwv\", \"name\": \"Décrochages en palier et reécupération (révision du programme MANIA 8)\", \"@type\": \"Exercise\", \"goals\": null, \"isNew\": true, \"itemId\": \"ckrjccw9r01no3h5zqk2vn8gw\", \"actions\": [], \"@context\": \"/api/contexts/Exercise\", \"children\": [], \"counters\": [], \"notation\": null, \"position\": null, \"minRating\": null, \"isImported\": true, \"constraints\": [], \"description\": null, \"maxDuration\": null, \"requirements\": [], \"technicalSkills\": [], \"configISExpended\": null, \"standardDuration\": null, \"notTechnicalSkill\": []}, {\"id\": 173, \"@id\": \"ckrjccw9r01np3h5zh8oyimg0\", \"name\": \"Atterrissage type « prise de terrain moteur réduit dans l\'axe »\", \"@type\": \"Exercise\", \"goals\": null, \"isNew\": true, \"itemId\": \"ckrjccw9r01nq3h5zbdixqo2t\", \"actions\": [], \"@context\": \"/api/contexts/Exercise\", \"children\": [], \"counters\": [], \"notation\": null, \"position\": null, \"minRating\": null, \"isImported\": true, \"constraints\": [], \"description\": null, \"maxDuration\": null, \"requirements\": [], \"technicalSkills\": [], \"configISExpended\": null, \"standardDuration\": null, \"notTechnicalSkill\": []}, {\"id\": 174, \"@id\": \"ckrjccw9r01nr3h5ziuqaywv0\", \"name\": \"TDP 4\", \"@type\": \"Exercise\", \"goals\": null, \"isNew\": true, \"itemId\": \"ckrjccw9r01ns3h5zcs6782ch\", \"actions\": [], \"@context\": \"/api/contexts/Exercise\", \"children\": [], \"counters\": [], \"notation\": null, \"position\": null, \"minRating\": null, \"isImported\": true, \"constraints\": [], \"description\": null, \"maxDuration\": null, \"requirements\": [], \"technicalSkills\": [], \"configISExpended\": null, \"standardDuration\": null, \"notTechnicalSkill\": []}, {\"id\": 175, \"@id\": \"ckrjccw9r01nt3h5zsltqvrtc\", \"name\": \"TAF (Terminal Aerodrome Forecast)\", \"@type\": \"Exercise\", \"goals\": null, \"isNew\": true, \"itemId\": \"ckrjccw9r01nu3h5zouppljr1\", \"actions\": [], \"@context\": \"/api/contexts/Exercise\", \"children\": [], \"counters\": [], \"notation\": null, \"position\": null, \"minRating\": null, \"isImported\": true, \"constraints\": [], \"description\": null, \"maxDuration\": null, \"requirements\": [], \"technicalSkills\": [], \"configISExpended\": null, \"standardDuration\": null, \"notTechnicalSkill\": []}, {\"id\": 176, \"@id\": \"ckrjccw9r01nv3h5zgze0kvnd\", \"name\": \"Procédure panne d’anémomètre\", \"@type\": \"Exercise\", \"goals\": null, \"isNew\": true, \"itemId\": \"ckrjccw9r01nw3h5zts30hkaj\", \"actions\": [], \"@context\": \"/api/contexts/Exercise\", \"children\": [], \"counters\": [], \"notation\": null, \"position\": null, \"minRating\": null, \"isImported\": true, \"constraints\": [], \"description\": null, \"maxDuration\": null, \"requirements\": [], \"technicalSkills\": [], \"configISExpended\": null, \"standardDuration\": null, \"notTechnicalSkill\": []}, {\"id\": 177, \"@id\": \"ckrjccw9r01nx3h5za73jslf7\", \"name\": \"Construction de la PTL\", \"@type\": \"Exercise\", \"goals\": null, \"isNew\": true, \"itemId\": \"ckrjccw9r01ny3h5zz0pfrcmj\", \"actions\": [], \"@context\": \"/api/contexts/Exercise\", \"children\": [], \"counters\": [], \"notation\": null, \"position\": null, \"minRating\": null, \"isImported\": true, \"constraints\": [], \"description\": null, \"maxDuration\": null, \"requirements\": [], \"technicalSkills\": [], \"configISExpended\": null, \"standardDuration\": null, \"notTechnicalSkill\": []}, {\"id\": 178, \"@id\": \"ckrjccw9r01nz3h5zpufuyo30\", \"name\": \"Gestion de la panne moteur en vol (check-list de redémarrage)\", \"@type\": \"Exercise\", \"goals\": null, \"isNew\": true, \"itemId\": \"ckrjccw9r01o03h5zcbd3cnts\", \"actions\": [], \"@context\": \"/api/contexts/Exercise\", \"children\": [], \"counters\": [], \"notation\": null, \"position\": null, \"minRating\": null, \"isImported\": true, \"constraints\": [], \"description\": null, \"maxDuration\": null, \"requirements\": [], \"technicalSkills\": [], \"configISExpended\": null, \"standardDuration\": null, \"notTechnicalSkill\": []}, {\"id\": 179, \"@id\": \"ckrjccw9s01o13h5zoq7vb3s2\", \"name\": \"Procédure « Panne Moteur en vol » de votre avion / Lecture du TAF du jour\", \"@type\": \"Exercise\", \"goals\": null, \"isNew\": true, \"itemId\": \"ckrjccw9s01o23h5zbfqft0nb\", \"actions\": [], \"@context\": \"/api/contexts/Exercise\", \"children\": [], \"counters\": [], \"notation\": null, \"position\": null, \"minRating\": null, \"isImported\": true, \"constraints\": [], \"description\": null, \"maxDuration\": null, \"requirements\": [], \"technicalSkills\": [], \"configISExpended\": null, \"standardDuration\": null, \"notTechnicalSkill\": []}, {\"id\": 180, \"@id\": \"ckrjccw9s01o33h5zv2eofo7q\", \"name\": \"2 pannes moteur après décollage \", \"@type\": \"Exercise\", \"goals\": null, \"isNew\": true, \"itemId\": \"ckrjccw9s01o43h5z2r4woxcq\", \"actions\": [], \"@context\": \"/api/contexts/Exercise\", \"children\": [], \"counters\": [], \"notation\": null, \"position\": null, \"minRating\": null, \"isImported\": true, \"constraints\": [], \"description\": null, \"maxDuration\": null, \"requirements\": [], \"technicalSkills\": [], \"configISExpended\": null, \"standardDuration\": null, \"notTechnicalSkill\": []}, {\"id\": 181, \"@id\": \"ckrjccw9s01o53h5z2l0vkcso\", \"name\": \"1 posé et décollé ou atterrissage \", \"@type\": \"Exercise\", \"goals\": null, \"isNew\": true, \"itemId\": \"ckrjccw9s01o63h5z2i8mas17\", \"actions\": [], \"@context\": \"/api/contexts/Exercise\", \"children\": [], \"counters\": [], \"notation\": null, \"position\": null, \"minRating\": null, \"isImported\": true, \"constraints\": [], \"description\": null, \"maxDuration\": null, \"requirements\": [], \"technicalSkills\": [], \"configISExpended\": null, \"standardDuration\": null, \"notTechnicalSkill\": []}, {\"id\": 182, \"@id\": \"ckrjccw9s01o73h5zmkir195f\", \"name\": \"1 approche interrompue suite à un atterrissage manqué – rebonds ou arrondi trop haut –\", \"@type\": \"Exercise\", \"goals\": null, \"isNew\": true, \"itemId\": \"ckrjccw9s01o83h5z29upom8y\", \"actions\": [], \"@context\": \"/api/contexts/Exercise\", \"children\": [], \"counters\": [], \"notation\": null, \"position\": null, \"minRating\": null, \"isImported\": true, \"constraints\": [], \"description\": null, \"maxDuration\": null, \"requirements\": [], \"technicalSkills\": [], \"configISExpended\": null, \"standardDuration\": null, \"notTechnicalSkill\": []}, {\"id\": 183, \"@id\": \"ckrjccw9s01o93h5zv5yqinyb\", \"name\": \"1 panne anémomètre\", \"@type\": \"Exercise\", \"goals\": null, \"isNew\": true, \"itemId\": \"ckrjccw9s01oa3h5zn1hxv3pl\", \"actions\": [], \"@context\": \"/api/contexts/Exercise\", \"children\": [], \"counters\": [], \"notation\": null, \"position\": null, \"minRating\": null, \"isImported\": true, \"constraints\": [], \"description\": null, \"maxDuration\": null, \"requirements\": [], \"technicalSkills\": [], \"configISExpended\": null, \"standardDuration\": null, \"notTechnicalSkill\": []}, {\"id\": 184, \"@id\": \"ckrjccw9s01ob3h5zodqwja8r\", \"name\": \"1 PTL\", \"@type\": \"Exercise\", \"goals\": null, \"isNew\": true, \"itemId\": \"ckrjccw9s01oc3h5zwsvlka48\", \"actions\": [], \"@context\": \"/api/contexts/Exercise\", \"children\": [], \"counters\": [], \"notation\": null, \"position\": null, \"minRating\": null, \"isImported\": true, \"constraints\": [], \"description\": null, \"maxDuration\": null, \"requirements\": [], \"technicalSkills\": [], \"configISExpended\": null, \"standardDuration\": null, \"notTechnicalSkill\": []}, {\"id\": 185, \"@id\": \"ckrjccw9s01od3h5z8vm3ex7m\", \"name\": \"TDP 5\", \"@type\": \"Exercise\", \"goals\": null, \"isNew\": true, \"itemId\": \"ckrjccw9s01oe3h5zyhf6n0ud\", \"actions\": [], \"@context\": \"/api/contexts/Exercise\", \"children\": [], \"counters\": [], \"notation\": null, \"position\": null, \"minRating\": null, \"isImported\": true, \"constraints\": [], \"description\": null, \"maxDuration\": null, \"requirements\": [], \"technicalSkills\": [], \"configISExpended\": null, \"standardDuration\": null, \"notTechnicalSkill\": []}, {\"id\": 186, \"@id\": \"ckrjccw9s01of3h5zy0edoj3s\", \"name\": \"Rattrapage de plan\", \"@type\": \"Exercise\", \"goals\": null, \"isNew\": true, \"itemId\": \"ckrjccw9s01og3h5zr5087u9s\", \"actions\": [], \"@context\": \"/api/contexts/Exercise\", \"children\": [], \"counters\": [], \"notation\": null, \"position\": null, \"minRating\": null, \"isImported\": true, \"constraints\": [], \"description\": null, \"maxDuration\": null, \"requirements\": [], \"technicalSkills\": [], \"configISExpended\": null, \"standardDuration\": null, \"notTechnicalSkill\": []}, {\"id\": 187, \"@id\": \"ckrjccw9s01oh3h5z1uuvjmu4\", \"name\": \"Différents transpondeurs\", \"@type\": \"Exercise\", \"goals\": null, \"isNew\": true, \"itemId\": \"ckrjccw9s01oi3h5zgyetgucf\", \"actions\": [], \"@context\": \"/api/contexts/Exercise\", \"children\": [], \"counters\": [], \"notation\": null, \"position\": null, \"minRating\": null, \"isImported\": true, \"constraints\": [], \"description\": null, \"maxDuration\": null, \"requirements\": [], \"technicalSkills\": [], \"configISExpended\": null, \"standardDuration\": null, \"notTechnicalSkill\": []}, {\"id\": 188, \"@id\": \"ckrjccw9s01oj3h5zbutysmf7\", \"name\": \"Procédure panne de radio\", \"@type\": \"Exercise\", \"goals\": null, \"isNew\": true, \"itemId\": \"ckrjccw9s01ok3h5zdm8e3nz3\", \"actions\": [], \"@context\": \"/api/contexts/Exercise\", \"children\": [], \"counters\": [], \"notation\": null, \"position\": null, \"minRating\": null, \"isImported\": true, \"constraints\": [], \"description\": null, \"maxDuration\": null, \"requirements\": [], \"technicalSkills\": [], \"configISExpended\": null, \"standardDuration\": null, \"notTechnicalSkill\": []}, {\"id\": 189, \"@id\": \"ckrjccw9s01ol3h5ze45tkxy2\", \"name\": \"Construction de la PTE à partir de la branche vent arrière\", \"@type\": \"Exercise\", \"goals\": null, \"isNew\": true, \"itemId\": \"ckrjccw9s01om3h5zdsiotyrg\", \"actions\": [], \"@context\": \"/api/contexts/Exercise\", \"children\": [], \"counters\": [], \"notation\": null, \"position\": null, \"minRating\": null, \"isImported\": true, \"constraints\": [], \"description\": null, \"maxDuration\": null, \"requirements\": [], \"technicalSkills\": [], \"configISExpended\": null, \"standardDuration\": null, \"notTechnicalSkill\": []}, {\"id\": 190, \"@id\": \"ckrjccw9s01on3h5zgutcfywe\", \"name\": \"Construction de la PTU\", \"@type\": \"Exercise\", \"goals\": null, \"isNew\": true, \"itemId\": \"ckrjccw9s01oo3h5z1f41c6kk\", \"actions\": [], \"@context\": \"/api/contexts/Exercise\", \"children\": [], \"counters\": [], \"notation\": null, \"position\": null, \"minRating\": null, \"isImported\": true, \"constraints\": [], \"description\": null, \"maxDuration\": null, \"requirements\": [], \"technicalSkills\": [], \"configISExpended\": null, \"standardDuration\": null, \"notTechnicalSkill\": []}, {\"id\": 191, \"@id\": \"ckrjccw9s01op3h5zaqsfu07u\", \"name\": \"Revoir la procédure de panne moteur après décollage\", \"@type\": \"Exercise\", \"goals\": null, \"isNew\": true, \"itemId\": \"ckrjccw9s01oq3h5zas16hdn0\", \"actions\": [], \"@context\": \"/api/contexts/Exercise\", \"children\": [], \"counters\": [], \"notation\": null, \"position\": null, \"minRating\": null, \"isImported\": true, \"constraints\": [], \"description\": null, \"maxDuration\": null, \"requirements\": [], \"technicalSkills\": [], \"configISExpended\": null, \"standardDuration\": null, \"notTechnicalSkill\": []}, {\"id\": 192, \"@id\": \"ckrjccw9s01or3h5zqcf5takb\", \"name\": \"1 panne moteur après décollage\", \"@type\": \"Exercise\", \"goals\": null, \"isNew\": true, \"itemId\": \"ckrjccw9s01os3h5zeqvoguir\", \"actions\": [], \"@context\": \"/api/contexts/Exercise\", \"children\": [], \"counters\": [], \"notation\": null, \"position\": null, \"minRating\": null, \"isImported\": true, \"constraints\": [], \"description\": null, \"maxDuration\": null, \"requirements\": [], \"technicalSkills\": [], \"configISExpended\": null, \"standardDuration\": null, \"notTechnicalSkill\": []}, {\"id\": 193, \"@id\": \"ckrjccw9s01ot3h5z7pe11931\", \"name\": \"1 posé et décollé ou atterrissage\", \"@type\": \"Exercise\", \"goals\": null, \"isNew\": true, \"itemId\": \"ckrjccw9s01ou3h5znlak7emp\", \"actions\": [], \"@context\": \"/api/contexts/Exercise\", \"children\": [], \"counters\": [], \"notation\": null, \"position\": null, \"minRating\": null, \"isImported\": true, \"constraints\": [], \"description\": null, \"maxDuration\": null, \"requirements\": [], \"technicalSkills\": [], \"configISExpended\": null, \"standardDuration\": null, \"notTechnicalSkill\": []}, {\"id\": 194, \"@id\": \"ckrjccw9s01ov3h5zzn6e76jd\", \"name\": \"1 rattrapage de plan en finale\", \"@type\": \"Exercise\", \"goals\": null, \"isNew\": true, \"itemId\": \"ckrjccw9s01ow3h5zg2rt1d6g\", \"actions\": [], \"@context\": \"/api/contexts/Exercise\", \"children\": [], \"counters\": [], \"notation\": null, \"position\": null, \"minRating\": null, \"isImported\": true, \"constraints\": [], \"description\": null, \"maxDuration\": null, \"requirements\": [], \"technicalSkills\": [], \"configISExpended\": null, \"standardDuration\": null, \"notTechnicalSkill\": []}, {\"id\": 195, \"@id\": \"ckrjccw9s01ox3h5z5yq7j3oe\", \"name\": \"1 panne radio\", \"@type\": \"Exercise\", \"goals\": null, \"isNew\": true, \"itemId\": \"ckrjccw9s01oy3h5zklwjsnrj\", \"actions\": [], \"@context\": \"/api/contexts/Exercise\", \"children\": [], \"counters\": [], \"notation\": null, \"position\": null, \"minRating\": null, \"isImported\": true, \"constraints\": [], \"description\": null, \"maxDuration\": null, \"requirements\": [], \"technicalSkills\": [], \"configISExpended\": null, \"standardDuration\": null, \"notTechnicalSkill\": []}, {\"id\": 196, \"@id\": \"ckrjccw9s01oz3h5zojnlry9r\", \"name\": \"1 PTE à partir de la branche vent arrière\", \"@type\": \"Exercise\", \"goals\": null, \"isNew\": true, \"itemId\": \"ckrjccw9s01p03h5z63kdlqph\", \"actions\": [], \"@context\": \"/api/contexts/Exercise\", \"children\": [], \"counters\": [], \"notation\": null, \"position\": null, \"minRating\": null, \"isImported\": true, \"constraints\": [], \"description\": null, \"maxDuration\": null, \"requirements\": [], \"technicalSkills\": [], \"configISExpended\": null, \"standardDuration\": null, \"notTechnicalSkill\": []}, {\"id\": 197, \"@id\": \"ckrjccw9s01p13h5z8873n3na\", \"name\": \"1 PTU\", \"@type\": \"Exercise\", \"goals\": null, \"isNew\": true, \"itemId\": \"ckrjccw9s01p23h5zrmtak7qy\", \"actions\": [], \"@context\": \"/api/contexts/Exercise\", \"children\": [], \"counters\": [], \"notation\": null, \"position\": null, \"minRating\": null, \"isImported\": true, \"constraints\": [], \"description\": null, \"maxDuration\": null, \"requirements\": [], \"technicalSkills\": [], \"configISExpended\": null, \"standardDuration\": null, \"notTechnicalSkill\": []}, {\"id\": 198, \"@id\": \"ckrjccw9s01p33h5zp4g6rus3\", \"name\": \"TDP 6\", \"@type\": \"Exercise\", \"goals\": null, \"isNew\": true, \"itemId\": \"ckrjccw9s01p43h5zjf9t4vyh\", \"actions\": [], \"@context\": \"/api/contexts/Exercise\", \"children\": [], \"counters\": [], \"notation\": null, \"position\": null, \"minRating\": null, \"isImported\": true, \"constraints\": [], \"description\": null, \"maxDuration\": null, \"requirements\": [], \"technicalSkills\": [], \"configISExpended\": null, \"standardDuration\": null, \"notTechnicalSkill\": []}, {\"id\": 199, \"@id\": \"ckrjccw9s01p53h5z78do24mi\", \"name\": \"Construction de la PTE à partir de la verticale\", \"@type\": \"Exercise\", \"goals\": null, \"isNew\": true, \"itemId\": \"ckrjccw9s01p63h5zhoeunhj7\", \"actions\": [], \"@context\": \"/api/contexts/Exercise\", \"children\": [], \"counters\": [], \"notation\": null, \"position\": null, \"minRating\": null, \"isImported\": true, \"constraints\": [], \"description\": null, \"maxDuration\": null, \"requirements\": [], \"technicalSkills\": [], \"configISExpended\": null, \"standardDuration\": null, \"notTechnicalSkill\": []}, {\"id\": 200, \"@id\": \"ckrjccw9s01p73h5zfg5txyj5\", \"name\": \"Feu moteur au sol (signaux du parqueur)\", \"@type\": \"Exercise\", \"goals\": null, \"isNew\": true, \"itemId\": \"ckrjccw9s01p83h5z99ehwjwt\", \"actions\": [], \"@context\": \"/api/contexts/Exercise\", \"children\": [], \"counters\": [], \"notation\": null, \"position\": null, \"minRating\": null, \"isImported\": true, \"constraints\": [], \"description\": null, \"maxDuration\": null, \"requirements\": [], \"technicalSkills\": [], \"configISExpended\": null, \"standardDuration\": null, \"notTechnicalSkill\": []}, {\"id\": 201, \"@id\": \"ckrjccw9s01p93h5znqo5m91u\", \"name\": \"Procédure feu moteur au sol / Obligation d\'emport de transpondeur\", \"@type\": \"Exercise\", \"goals\": null, \"isNew\": true, \"itemId\": \"ckrjccw9s01pa3h5zmezns7gg\", \"actions\": [], \"@context\": \"/api/contexts/Exercise\", \"children\": [], \"counters\": [], \"notation\": null, \"position\": null, \"minRating\": null, \"isImported\": true, \"constraints\": [], \"description\": null, \"maxDuration\": null, \"requirements\": [], \"technicalSkills\": [], \"configISExpended\": null, \"standardDuration\": null, \"notTechnicalSkill\": []}, {\"id\": 202, \"@id\": \"ckrjccw9s01pb3h5zukzebluj\", \"name\": \"1 posé et décollé ou atterrissage\", \"@type\": \"Exercise\", \"goals\": null, \"isNew\": true, \"itemId\": \"ckrjccw9s01pc3h5z5xqwubqg\", \"actions\": [], \"@context\": \"/api/contexts/Exercise\", \"children\": [], \"counters\": [], \"notation\": null, \"position\": null, \"minRating\": null, \"isImported\": true, \"constraints\": [], \"description\": null, \"maxDuration\": null, \"requirements\": [], \"technicalSkills\": [], \"configISExpended\": null, \"standardDuration\": null, \"notTechnicalSkill\": []}, {\"id\": 203, \"@id\": \"ckrjccw9s01pd3h5zmje1sysh\", \"name\": \"1 panne volets\", \"@type\": \"Exercise\", \"goals\": null, \"isNew\": true, \"itemId\": \"ckrjccw9s01pe3h5zznormwma\", \"actions\": [], \"@context\": \"/api/contexts/Exercise\", \"children\": [], \"counters\": [], \"notation\": null, \"position\": null, \"minRating\": null, \"isImported\": true, \"constraints\": [], \"description\": null, \"maxDuration\": null, \"requirements\": [], \"technicalSkills\": [], \"configISExpended\": null, \"standardDuration\": null, \"notTechnicalSkill\": []}, {\"id\": 204, \"@id\": \"ckrjccw9s01pf3h5zeknb24qh\", \"name\": \"2 PTE à partir de la verticale\", \"@type\": \"Exercise\", \"goals\": null, \"isNew\": true, \"itemId\": \"ckrjccw9s01pg3h5zugvh06tu\", \"actions\": [], \"@context\": \"/api/contexts/Exercise\", \"children\": [], \"counters\": [], \"notation\": null, \"position\": null, \"minRating\": null, \"isImported\": true, \"constraints\": [], \"description\": null, \"maxDuration\": null, \"requirements\": [], \"technicalSkills\": [], \"configISExpended\": null, \"standardDuration\": null, \"notTechnicalSkill\": []}, {\"id\": 205, \"@id\": \"ckrjccw9s01ph3h5zi6vjc2mc\", \"name\": \"Feu moteur au sol à la fin du vol/évacuation de l\'avion\", \"@type\": \"Exercise\", \"goals\": null, \"isNew\": true, \"itemId\": \"ckrjccw9s01pi3h5z3fa215t6\", \"actions\": [], \"@context\": \"/api/contexts/Exercise\", \"children\": [], \"counters\": [], \"notation\": null, \"position\": null, \"minRating\": null, \"isImported\": true, \"constraints\": [], \"description\": null, \"maxDuration\": null, \"requirements\": [], \"technicalSkills\": [], \"configISExpended\": null, \"standardDuration\": null, \"notTechnicalSkill\": []}, {\"id\": 206, \"@id\": \"ckrjccw9s01pj3h5z8p1pslf6\", \"name\": \"NAV 1\", \"@type\": \"Exercise\", \"goals\": null, \"isNew\": true, \"itemId\": \"ckrjccw9s01pk3h5zmusw9aku\", \"actions\": [], \"@context\": \"/api/contexts/Exercise\", \"children\": [], \"counters\": [], \"notation\": null, \"position\": null, \"minRating\": null, \"isImported\": true, \"constraints\": [], \"description\": null, \"maxDuration\": null, \"requirements\": [], \"technicalSkills\": [], \"configISExpended\": null, \"standardDuration\": null, \"notTechnicalSkill\": []}, {\"id\": 207, \"@id\": \"ckrjccw9s01pl3h5zcunorcwq\", \"name\": \"Le cheminement en vol\", \"@type\": \"Exercise\", \"goals\": null, \"isNew\": true, \"itemId\": \"ckrjccw9s01pm3h5z8lu17mkc\", \"actions\": [], \"@context\": \"/api/contexts/Exercise\", \"children\": [], \"counters\": [], \"notation\": null, \"position\": null, \"minRating\": null, \"isImported\": true, \"constraints\": [], \"description\": null, \"maxDuration\": null, \"requirements\": [], \"technicalSkills\": [], \"configISExpended\": null, \"standardDuration\": null, \"notTechnicalSkill\": []}, {\"id\": 208, \"@id\": \"ckrjccw9s01pn3h5z958q3gf8\", \"name\": \"Intégration terrain non contrôlé\", \"@type\": \"Exercise\", \"goals\": null, \"isNew\": true, \"itemId\": \"ckrjccw9s01po3h5zytgaqjk2\", \"actions\": [], \"@context\": \"/api/contexts/Exercise\", \"children\": [], \"counters\": [], \"notation\": null, \"position\": null, \"minRating\": null, \"isImported\": true, \"constraints\": [], \"description\": null, \"maxDuration\": null, \"requirements\": [], \"technicalSkills\": [], \"configISExpended\": null, \"standardDuration\": null, \"notTechnicalSkill\": []}, {\"id\": 209, \"@id\": \"ckrjccw9s01pp3h5zt362qfyd\", \"name\": \"Le goniomètre (VDF)\", \"@type\": \"Exercise\", \"goals\": null, \"isNew\": true, \"itemId\": \"ckrjccw9s01pq3h5z9i61tp1o\", \"actions\": [], \"@context\": \"/api/contexts/Exercise\", \"children\": [], \"counters\": [], \"notation\": null, \"position\": null, \"minRating\": null, \"isImported\": true, \"constraints\": [], \"description\": null, \"maxDuration\": null, \"requirements\": [], \"technicalSkills\": [], \"configISExpended\": null, \"standardDuration\": null, \"notTechnicalSkill\": []}, {\"id\": 210, \"@id\": \"ckrjccw9s01pr3h5zpk4faowt\", \"name\": \"Carte VAC du terrain de déroutement préférentiel lors des vols solo tours de piste / Légende carte de navigation 1/500 000 / Différents signaux de l\'Aire à signaux et leur signification\", \"@type\": \"Exercise\", \"goals\": null, \"isNew\": true, \"itemId\": \"ckrjccw9s01ps3h5ztx5fkphi\", \"actions\": [], \"@context\": \"/api/contexts/Exercise\", \"children\": [], \"counters\": [], \"notation\": null, \"position\": null, \"minRating\": null, \"isImported\": true, \"constraints\": [], \"description\": null, \"maxDuration\": null, \"requirements\": [], \"technicalSkills\": [], \"configISExpended\": null, \"standardDuration\": null, \"notTechnicalSkill\": []}, {\"id\": 211, \"@id\": \"ckrjccw9s01pt3h5zel6oj2ar\", \"name\": \"Navigation en cheminement\", \"@type\": \"Exercise\", \"goals\": null, \"isNew\": true, \"itemId\": \"ckrjccw9s01pu3h5z2tomq5ot\", \"actions\": [], \"@context\": \"/api/contexts/Exercise\", \"children\": [], \"counters\": [], \"notation\": null, \"position\": null, \"minRating\": null, \"isImported\": true, \"constraints\": [], \"description\": null, \"maxDuration\": null, \"requirements\": [], \"technicalSkills\": [], \"configISExpended\": null, \"standardDuration\": null, \"notTechnicalSkill\": []}, {\"id\": 212, \"@id\": \"ckrjccw9s01pv3h5zlnqwq2nf\", \"name\": \"Intégration terrain\", \"@type\": \"Exercise\", \"goals\": null, \"isNew\": true, \"itemId\": \"ckrjccw9s01pw3h5zkqxkrjkf\", \"actions\": [], \"@context\": \"/api/contexts/Exercise\", \"children\": [], \"counters\": [], \"notation\": null, \"position\": null, \"minRating\": null, \"isImported\": true, \"constraints\": [], \"description\": null, \"maxDuration\": null, \"requirements\": [], \"technicalSkills\": [], \"configISExpended\": null, \"standardDuration\": null, \"notTechnicalSkill\": []}, {\"id\": 213, \"@id\": \"ckrjccw9s01px3h5zcsd1y1mv\", \"name\": \"1 remise de gaz suite à une approche manquée\", \"@type\": \"Exercise\", \"goals\": null, \"isNew\": true, \"itemId\": \"ckrjccw9s01py3h5z12pzt5uv\", \"actions\": [], \"@context\": \"/api/contexts/Exercise\", \"children\": [], \"counters\": [], \"notation\": null, \"position\": null, \"minRating\": null, \"isImported\": true, \"constraints\": [], \"description\": null, \"maxDuration\": null, \"requirements\": [], \"technicalSkills\": [], \"configISExpended\": null, \"standardDuration\": null, \"notTechnicalSkill\": []}, {\"id\": 214, \"@id\": \"ckrjccw9s01pz3h5zef77o459\", \"name\": \"1 posé et décollé ou atterrissage\", \"@type\": \"Exercise\", \"goals\": null, \"isNew\": true, \"itemId\": \"ckrjccw9s01q03h5zgc1kltc5\", \"actions\": [], \"@context\": \"/api/contexts/Exercise\", \"children\": [], \"counters\": [], \"notation\": null, \"position\": null, \"minRating\": null, \"isImported\": true, \"constraints\": [], \"description\": null, \"maxDuration\": null, \"requirements\": [], \"technicalSkills\": [], \"configISExpended\": null, \"standardDuration\": null, \"notTechnicalSkill\": []}, {\"id\": 215, \"@id\": \"ckrjccw9s01q13h5zjd4txqgf\", \"name\": \"Navigation en cheminement \", \"@type\": \"Exercise\", \"goals\": null, \"isNew\": true, \"itemId\": \"ckrjccw9s01q23h5zmd42ep90\", \"actions\": [], \"@context\": \"/api/contexts/Exercise\", \"children\": [], \"counters\": [], \"notation\": null, \"position\": null, \"minRating\": null, \"isImported\": true, \"constraints\": [], \"description\": null, \"maxDuration\": null, \"requirements\": [], \"technicalSkills\": [], \"configISExpended\": null, \"standardDuration\": null, \"notTechnicalSkill\": []}, {\"id\": 216, \"@id\": \"ckrjccw9s01q33h5zadgibn2y\", \"name\": \"Utilisation d\'un goniomètre\", \"@type\": \"Exercise\", \"goals\": null, \"isNew\": true, \"itemId\": \"ckrjccw9s01q43h5za15cux1n\", \"actions\": [], \"@context\": \"/api/contexts/Exercise\", \"children\": [], \"counters\": [], \"notation\": null, \"position\": null, \"minRating\": null, \"isImported\": true, \"constraints\": [], \"description\": null, \"maxDuration\": null, \"requirements\": [], \"technicalSkills\": [], \"configISExpended\": null, \"standardDuration\": null, \"notTechnicalSkill\": []}, {\"id\": 217, \"@id\": \"ckrjccw9s01q53h5z3yf0m726\", \"name\": \"Intégration terrain\", \"@type\": \"Exercise\", \"goals\": null, \"isNew\": true, \"itemId\": \"ckrjccw9s01q63h5zgqou7r6z\", \"actions\": [], \"@context\": \"/api/contexts/Exercise\", \"children\": [], \"counters\": [], \"notation\": null, \"position\": null, \"minRating\": null, \"isImported\": true, \"constraints\": [], \"description\": null, \"maxDuration\": null, \"requirements\": [], \"technicalSkills\": [], \"configISExpended\": null, \"standardDuration\": null, \"notTechnicalSkill\": []}, {\"id\": 218, \"@id\": \"ckrjccw9s01q73h5zkrrrjvjz\", \"name\": \"Roulage avec simulation de panne de direction\", \"@type\": \"Exercise\", \"goals\": null, \"isNew\": true, \"itemId\": \"ckrjccw9s01q83h5zdob9ylzr\", \"actions\": [], \"@context\": \"/api/contexts/Exercise\", \"children\": [], \"counters\": [], \"notation\": null, \"position\": null, \"minRating\": null, \"isImported\": true, \"constraints\": [], \"description\": null, \"maxDuration\": null, \"requirements\": [], \"technicalSkills\": [], \"configISExpended\": null, \"standardDuration\": null, \"notTechnicalSkill\": []}, {\"id\": 219, \"@id\": \"ckrjccw9s01q93h5zr9d2j3ie\", \"name\": \"TDP 7\", \"@type\": \"Exercise\", \"goals\": null, \"isNew\": true, \"itemId\": \"ckrjccw9s01qa3h5zb1c9s3ck\", \"actions\": [], \"@context\": \"/api/contexts/Exercise\", \"children\": [], \"counters\": [], \"notation\": null, \"position\": null, \"minRating\": null, \"isImported\": true, \"constraints\": [], \"description\": null, \"maxDuration\": null, \"requirements\": [], \"technicalSkills\": [], \"configISExpended\": null, \"standardDuration\": null, \"notTechnicalSkill\": []}, {\"id\": 220, \"@id\": \"ckrjccw9s01qb3h5z045id41a\", \"name\": \"Messages MAYDAY et PAN PAN\", \"@type\": \"Exercise\", \"goals\": null, \"isNew\": true, \"itemId\": \"ckrjccw9s01qc3h5z8vig0eb2\", \"actions\": [], \"@context\": \"/api/contexts/Exercise\", \"children\": [], \"counters\": [], \"notation\": null, \"position\": null, \"minRating\": null, \"isImported\": true, \"constraints\": [], \"description\": null, \"maxDuration\": null, \"requirements\": [], \"technicalSkills\": [], \"configISExpended\": null, \"standardDuration\": null, \"notTechnicalSkill\": []}, {\"id\": 221, \"@id\": \"ckrjccw9s01qd3h5zefk5qfuo\", \"name\": \"Panne de pression huile\", \"@type\": \"Exercise\", \"goals\": null, \"isNew\": true, \"itemId\": \"ckrjccw9s01qe3h5zkoa91z3u\", \"actions\": [], \"@context\": \"/api/contexts/Exercise\", \"children\": [], \"counters\": [], \"notation\": null, \"position\": null, \"minRating\": null, \"isImported\": true, \"constraints\": [], \"description\": null, \"maxDuration\": null, \"requirements\": [], \"technicalSkills\": [], \"configISExpended\": null, \"standardDuration\": null, \"notTechnicalSkill\": []}, {\"id\": 222, \"@id\": \"ckrjccw9s01qf3h5zduchnt9g\", \"name\": \"Majoration de la vitesse en finale\", \"@type\": \"Exercise\", \"goals\": null, \"isNew\": true, \"itemId\": \"ckrjccw9s01qg3h5zbg4jgcrz\", \"actions\": [], \"@context\": \"/api/contexts/Exercise\", \"children\": [], \"counters\": [], \"notation\": null, \"position\": null, \"minRating\": null, \"isImported\": true, \"constraints\": [], \"description\": null, \"maxDuration\": null, \"requirements\": [], \"technicalSkills\": [], \"configISExpended\": null, \"standardDuration\": null, \"notTechnicalSkill\": []}, {\"id\": 223, \"@id\": \"ckrjccw9s01qh3h5zdzon0216\", \"name\": \"Incursion de piste\", \"@type\": \"Exercise\", \"goals\": null, \"isNew\": true, \"itemId\": \"ckrjccw9s01qi3h5zbjt5nfh5\", \"actions\": [], \"@context\": \"/api/contexts/Exercise\", \"children\": [], \"counters\": [], \"notation\": null, \"position\": null, \"minRating\": null, \"isImported\": true, \"constraints\": [], \"description\": null, \"maxDuration\": null, \"requirements\": [], \"technicalSkills\": [], \"configISExpended\": null, \"standardDuration\": null, \"notTechnicalSkill\": []}, {\"id\": 224, \"@id\": \"ckrjccw9s01qj3h5zlodqevdo\", \"name\": \"NOTAM\", \"@type\": \"Exercise\", \"goals\": null, \"isNew\": true, \"itemId\": \"ckrjccw9s01qk3h5zcqj7zojx\", \"actions\": [], \"@context\": \"/api/contexts/Exercise\", \"children\": [], \"counters\": [], \"notation\": null, \"position\": null, \"minRating\": null, \"isImported\": true, \"constraints\": [], \"description\": null, \"maxDuration\": null, \"requirements\": [], \"technicalSkills\": [], \"configISExpended\": null, \"standardDuration\": null, \"notTechnicalSkill\": []}, {\"id\": 225, \"@id\": \"ckrjccw9s01ql3h5z6aqzff2w\", \"name\": \"Revoir l\'organisation d\'un tour de piste / Circulation au sol\", \"@type\": \"Exercise\", \"goals\": null, \"isNew\": true, \"itemId\": \"ckrjccw9s01qm3h5zgz9cdx0o\", \"actions\": [], \"@context\": \"/api/contexts/Exercise\", \"children\": [], \"counters\": [], \"notation\": null, \"position\": null, \"minRating\": null, \"isImported\": true, \"constraints\": [], \"description\": null, \"maxDuration\": null, \"requirements\": [], \"technicalSkills\": [], \"configISExpended\": null, \"standardDuration\": null, \"notTechnicalSkill\": []}, {\"id\": 226, \"@id\": \"ckrjccw9s01qn3h5za7itke0j\", \"name\": \"1 décollage interrompu avant rotation à une vitesse raisonnable\", \"@type\": \"Exercise\", \"goals\": null, \"isNew\": true, \"itemId\": \"ckrjccw9s01qo3h5zgilxrjdv\", \"actions\": [], \"@context\": \"/api/contexts/Exercise\", \"children\": [], \"counters\": [], \"notation\": null, \"position\": null, \"minRating\": null, \"isImported\": true, \"constraints\": [], \"description\": null, \"maxDuration\": null, \"requirements\": [], \"technicalSkills\": [], \"configISExpended\": null, \"standardDuration\": null, \"notTechnicalSkill\": []}, {\"id\": 227, \"@id\": \"ckrjccw9s01qp3h5zcdurnqz6\", \"name\": \"1 posé et décollé ou atterrissage\", \"@type\": \"Exercise\", \"goals\": null, \"isNew\": true, \"itemId\": \"ckrjccw9s01qq3h5zd0wz5lli\", \"actions\": [], \"@context\": \"/api/contexts/Exercise\", \"children\": [], \"counters\": [], \"notation\": null, \"position\": null, \"minRating\": null, \"isImported\": true, \"constraints\": [], \"description\": null, \"maxDuration\": null, \"requirements\": [], \"technicalSkills\": [], \"configISExpended\": null, \"standardDuration\": null, \"notTechnicalSkill\": []}, {\"id\": 228, \"@id\": \"ckrjccw9s01qr3h5zyhoqx0r8\", \"name\": \"1 panne anémomètre\", \"@type\": \"Exercise\", \"goals\": null, \"isNew\": true, \"itemId\": \"ckrjccw9s01qs3h5z2159441p\", \"actions\": [], \"@context\": \"/api/contexts/Exercise\", \"children\": [], \"counters\": [], \"notation\": null, \"position\": null, \"minRating\": null, \"isImported\": true, \"constraints\": [], \"description\": null, \"maxDuration\": null, \"requirements\": [], \"technicalSkills\": [], \"configISExpended\": null, \"standardDuration\": null, \"notTechnicalSkill\": []}, {\"id\": 229, \"@id\": \"ckrjccw9s01qt3h5zi5di09za\", \"name\": \"Baisse de pression huile : \", \"@type\": \"Exercise\", \"goals\": null, \"isNew\": true, \"itemId\": \"ckrjccw9s01qu3h5z306tr5ng\", \"actions\": [], \"@context\": \"/api/contexts/Exercise\", \"children\": [], \"counters\": [], \"notation\": null, \"position\": null, \"minRating\": null, \"isImported\": true, \"constraints\": [], \"description\": null, \"maxDuration\": null, \"requirements\": [], \"technicalSkills\": [], \"configISExpended\": null, \"standardDuration\": null, \"notTechnicalSkill\": []}, {\"id\": 230, \"@id\": \"ckrjccw9s01qv3h5zbonb8crn\", \"name\": \"Gestion de la panne pression d\'huile\", \"@type\": \"Exercise\", \"goals\": null, \"isNew\": true, \"itemId\": \"ckrjccw9s01qw3h5z3o54lic5\", \"actions\": [], \"@context\": \"/api/contexts/Exercise\", \"children\": [], \"counters\": [], \"notation\": null, \"position\": null, \"minRating\": null, \"isImported\": true, \"constraints\": [], \"description\": null, \"maxDuration\": null, \"requirements\": [], \"technicalSkills\": [], \"configISExpended\": null, \"standardDuration\": null, \"notTechnicalSkill\": []}, {\"id\": 231, \"@id\": \"ckrjccw9s01qx3h5zhqtc1z1x\", \"name\": \"1 PTE avec atterrissage moteur réduit\", \"@type\": \"Exercise\", \"goals\": null, \"isNew\": true, \"itemId\": \"ckrjccw9s01qy3h5z97e43vnf\", \"actions\": [], \"@context\": \"/api/contexts/Exercise\", \"children\": [], \"counters\": [], \"notation\": null, \"position\": null, \"minRating\": null, \"isImported\": true, \"constraints\": [], \"description\": null, \"maxDuration\": null, \"requirements\": [], \"technicalSkills\": [], \"configISExpended\": null, \"standardDuration\": null, \"notTechnicalSkill\": []}, {\"id\": 232, \"@id\": \"ckrjccw9s01qz3h5zbkfxfgpl\", \"name\": \"2 pannes au choix\", \"@type\": \"Exercise\", \"goals\": null, \"isNew\": true, \"itemId\": \"ckrjccw9s01r03h5zusvqwedc\", \"actions\": [], \"@context\": \"/api/contexts/Exercise\", \"children\": [], \"counters\": [], \"notation\": null, \"position\": null, \"minRating\": null, \"isImported\": true, \"constraints\": [], \"description\": null, \"maxDuration\": null, \"requirements\": [], \"technicalSkills\": [], \"configISExpended\": null, \"standardDuration\": null, \"notTechnicalSkill\": []}, {\"id\": 233, \"@id\": \"ckrjccw9s01r13h5z1ayso6xx\", \"name\": \"Roulage avec simulation de panne de frein\", \"@type\": \"Exercise\", \"goals\": null, \"isNew\": true, \"itemId\": \"ckrjccw9s01r23h5zn8simoli\", \"actions\": [], \"@context\": \"/api/contexts/Exercise\", \"children\": [], \"counters\": [], \"notation\": null, \"position\": null, \"minRating\": null, \"isImported\": true, \"constraints\": [], \"description\": null, \"maxDuration\": null, \"requirements\": [], \"technicalSkills\": [], \"configISExpended\": null, \"standardDuration\": null, \"notTechnicalSkill\": []}, {\"id\": 234, \"@id\": \"ckrjccw9s01r33h5z6tfcy19h\", \"name\": \"BILAN 2\", \"@type\": \"Exercise\", \"goals\": null, \"isNew\": true, \"itemId\": \"ckrjccw9s01r43h5zbfmj1pg5\", \"actions\": [], \"@context\": \"/api/contexts/Exercise\", \"children\": [], \"counters\": [], \"notation\": null, \"position\": null, \"minRating\": null, \"isImported\": true, \"constraints\": [], \"description\": null, \"maxDuration\": null, \"requirements\": [], \"technicalSkills\": [], \"configISExpended\": null, \"standardDuration\": null, \"notTechnicalSkill\": []}, {\"id\": 235, \"@id\": \"ckrjccw9s01r53h5z86yhit5g\", \"name\": \"Tous les exercices durant les vols de cette phase ont-ils été validés ?\", \"@type\": \"Exercise\", \"goals\": null, \"isNew\": true, \"itemId\": \"ckrjccw9s01r63h5zvd40r5fg\", \"actions\": [], \"@context\": \"/api/contexts/Exercise\", \"children\": [], \"counters\": [], \"notation\": null, \"position\": null, \"minRating\": null, \"isImported\": true, \"constraints\": [], \"description\": null, \"maxDuration\": null, \"requirements\": [], \"technicalSkills\": [], \"configISExpended\": null, \"standardDuration\": null, \"notTechnicalSkill\": []}, {\"id\": 236, \"@id\": \"ckrjccw9s01r73h5zyt486kjv\", \"name\": \"L\'objectif de la PHASE 2 est-il atteint ?\", \"@type\": \"Exercise\", \"goals\": null, \"isNew\": true, \"itemId\": \"ckrjccw9s01r83h5znk8k4lkt\", \"actions\": [], \"@context\": \"/api/contexts/Exercise\", \"children\": [], \"counters\": [], \"notation\": null, \"position\": null, \"minRating\": null, \"isImported\": true, \"constraints\": [], \"description\": null, \"maxDuration\": null, \"requirements\": [], \"technicalSkills\": [], \"configISExpended\": null, \"standardDuration\": null, \"notTechnicalSkill\": []}, {\"id\": 237, \"@id\": \"ckrjccw9s01r93h5z1ttzjd5k\", \"name\": \"Progression et niveau du stagiaire : \", \"@type\": \"Exercise\", \"goals\": null, \"isNew\": true, \"itemId\": \"ckrjccw9s01ra3h5z56q63huw\", \"actions\": [], \"@context\": \"/api/contexts/Exercise\", \"children\": [], \"counters\": [], \"notation\": null, \"position\": null, \"minRating\": null, \"isImported\": true, \"constraints\": [], \"description\": null, \"maxDuration\": null, \"requirements\": [], \"technicalSkills\": [], \"configISExpended\": null, \"standardDuration\": null, \"notTechnicalSkill\": []}, {\"id\": 238, \"@id\": \"ckrjccw9s01rb3h5zteuabgxr\", \"name\": \"SOLO 1\", \"@type\": \"Exercise\", \"goals\": null, \"isNew\": true, \"itemId\": \"ckrjccw9s01rc3h5ze72nc7uk\", \"actions\": [], \"@context\": \"/api/contexts/Exercise\", \"children\": [], \"counters\": [], \"notation\": null, \"position\": null, \"minRating\": null, \"isImported\": true, \"constraints\": [], \"description\": null, \"maxDuration\": null, \"requirements\": [], \"technicalSkills\": [], \"configISExpended\": null, \"standardDuration\": null, \"notTechnicalSkill\": []}, {\"id\": 239, \"@id\": \"ckrjccw9s01rd3h5ze2194a4x\", \"name\": \"Réglementation\", \"@type\": \"Exercise\", \"goals\": null, \"isNew\": true, \"itemId\": \"ckrjccw9s01re3h5zjlwf8xzs\", \"actions\": [], \"@context\": \"/api/contexts/Exercise\", \"children\": [], \"counters\": [], \"notation\": null, \"position\": null, \"minRating\": null, \"isImported\": true, \"constraints\": [], \"description\": null, \"maxDuration\": null, \"requirements\": [], \"technicalSkills\": [], \"configISExpended\": null, \"standardDuration\": null, \"notTechnicalSkill\": []}, {\"id\": 240, \"@id\": \"ckrjccw9s01rf3h5z618razrr\", \"name\": \"Avion/infrastructure\", \"@type\": \"Exercise\", \"goals\": null, \"isNew\": true, \"itemId\": \"ckrjccw9s01rg3h5zfrpg1m09\", \"actions\": [], \"@context\": \"/api/contexts/Exercise\", \"children\": [], \"counters\": [], \"notation\": null, \"position\": null, \"minRating\": null, \"isImported\": true, \"constraints\": [], \"description\": null, \"maxDuration\": null, \"requirements\": [], \"technicalSkills\": [], \"configISExpended\": null, \"standardDuration\": null, \"notTechnicalSkill\": []}, {\"id\": 241, \"@id\": \"ckrjccw9s01rh3h5zel35hv9v\", \"name\": \"Conditions météorologiques\", \"@type\": \"Exercise\", \"goals\": null, \"isNew\": true, \"itemId\": \"ckrjccw9s01ri3h5zws5o061o\", \"actions\": [], \"@context\": \"/api/contexts/Exercise\", \"children\": [], \"counters\": [], \"notation\": null, \"position\": null, \"minRating\": null, \"isImported\": true, \"constraints\": [], \"description\": null, \"maxDuration\": null, \"requirements\": [], \"technicalSkills\": [], \"configISExpended\": null, \"standardDuration\": null, \"notTechnicalSkill\": []}, {\"id\": 242, \"@id\": \"ckrjccw9s01rj3h5zzvi6rbob\", \"name\": \"Consigne pilote\", \"@type\": \"Exercise\", \"goals\": null, \"isNew\": true, \"itemId\": \"ckrjccw9s01rk3h5zlwgl7ri6\", \"actions\": [], \"@context\": \"/api/contexts/Exercise\", \"children\": [{\"id\": 3, \"@id\": \"/api/exercise_items/3\", \"name\": \"« Standard »\", \"@type\": \"ExerciseItem\", \"goals\": null, \"isNew\": true, \"parent\": \"/api/exercises/242\", \"actions\": [], \"children\": [], \"counters\": [], \"notation\": null, \"position\": null, \"constraints\": [], \"description\": null, \"isImportant\": false, \"maxDuration\": null, \"requirements\": [], \"technicalSkills\": [], \"configISExpended\": null, \"standardDuration\": null, \"notTechnicalSkill\": []}, {\"id\": 4, \"@id\": \"/api/exercise_items/4\", \"name\": \"« Au-dessus du standard »\", \"@type\": \"ExerciseItem\", \"goals\": null, \"isNew\": true, \"parent\": \"/api/exercises/242\", \"actions\": [], \"children\": [], \"counters\": [], \"notation\": null, \"position\": null, \"constraints\": [], \"description\": null, \"isImportant\": false, \"maxDuration\": null, \"requirements\": [], \"technicalSkills\": [], \"configISExpended\": null, \"standardDuration\": null, \"notTechnicalSkill\": []}], \"counters\": [], \"notation\": null, \"position\": null, \"minRating\": null, \"isImported\": true, \"constraints\": [], \"description\": null, \"maxDuration\": null, \"requirements\": [], \"technicalSkills\": [], \"configISExpended\": null, \"standardDuration\": null, \"notTechnicalSkill\": []}, {\"id\": 3, \"@id\": \"ckrjccw9s01rl3h5zm7f2fd64\", \"name\": \"« Standard »\", \"@type\": \"ExerciseItem\", \"goals\": null, \"isNew\": true, \"itemId\": \"ckrjccw9s01rm3h5z5yy8rtn1\", \"parent\": {\"id\": 242, \"@id\": \"/api/exercises/242\", \"name\": \"Consigne pilote\", \"@type\": \"Exercise\", \"goals\": null, \"parent\": null, \"actions\": [], \"children\": [\"/api/exercise_items/3\", {\"id\": 4, \"@id\": \"/api/exercise_items/4\", \"name\": \"« Au-dessus du standard »\", \"@type\": \"ExerciseItem\", \"goals\": null, \"parent\": \"/api/exercises/242\", \"actions\": [], \"children\": [], \"counters\": [], \"notation\": null, \"position\": null, \"constraints\": [], \"description\": null, \"isImportant\": false, \"maxDuration\": null, \"requirements\": [], \"technicalSkills\": [], \"configISExpended\": null, \"standardDuration\": null, \"notTechnicalSkill\": []}], \"counters\": [], \"notation\": null, \"position\": null, \"minRating\": null, \"constraints\": [], \"description\": null, \"maxDuration\": null, \"requirements\": [], \"technicalSkills\": [], \"configISExpended\": null, \"standardDuration\": null, \"notTechnicalSkill\": []}, \"actions\": [], \"@context\": \"/api/contexts/ExerciseItem\", \"children\": [], \"counters\": [], \"notation\": null, \"position\": null, \"isImported\": true, \"constraints\": [], \"description\": null, \"isImportant\": false, \"maxDuration\": null, \"requirements\": [], \"technicalSkills\": [], \"configISExpended\": null, \"standardDuration\": null, \"notTechnicalSkill\": []}, {\"id\": 4, \"@id\": \"ckrjccw9s01rn3h5z9qf7zac6\", \"name\": \"« Au-dessus du standard »\", \"@type\": \"ExerciseItem\", \"goals\": null, \"isNew\": true, \"itemId\": \"ckrjccw9s01ro3h5z53jejwl3\", \"parent\": {\"id\": 242, \"@id\": \"/api/exercises/242\", \"name\": \"Consigne pilote\", \"@type\": \"Exercise\", \"goals\": null, \"parent\": null, \"actions\": [], \"children\": [{\"id\": 3, \"@id\": \"/api/exercise_items/3\", \"name\": \"« Standard »\", \"@type\": \"ExerciseItem\", \"goals\": null, \"parent\": \"/api/exercises/242\", \"actions\": [], \"children\": [], \"counters\": [], \"notation\": null, \"position\": null, \"constraints\": [], \"description\": null, \"isImportant\": false, \"maxDuration\": null, \"requirements\": [], \"technicalSkills\": [], \"configISExpended\": null, \"standardDuration\": null, \"notTechnicalSkill\": []}, \"/api/exercise_items/4\"], \"counters\": [], \"notation\": null, \"position\": null, \"minRating\": null, \"constraints\": [], \"description\": null, \"maxDuration\": null, \"requirements\": [], \"technicalSkills\": [], \"configISExpended\": null, \"standardDuration\": null, \"notTechnicalSkill\": []}, \"actions\": [], \"@context\": \"/api/contexts/ExerciseItem\", \"children\": [], \"counters\": [], \"notation\": null, \"position\": null, \"isImported\": true, \"constraints\": [], \"description\": null, \"isImportant\": false, \"maxDuration\": null, \"requirements\": [], \"technicalSkills\": [], \"configISExpended\": null, \"standardDuration\": null, \"notTechnicalSkill\": []}, {\"id\": 243, \"@id\": \"ckrjccw9s01rp3h5z5e6ezam5\", \"name\": \"Certificat médical/aptitude physique\", \"@type\": \"Exercise\", \"goals\": null, \"isNew\": true, \"itemId\": \"ckrjccw9s01rq3h5zqb06wh2r\", \"actions\": [], \"@context\": \"/api/contexts/Exercise\", \"children\": [], \"counters\": [], \"notation\": null, \"position\": null, \"minRating\": null, \"isImported\": true, \"constraints\": [], \"description\": null, \"maxDuration\": null, \"requirements\": [], \"technicalSkills\": [], \"configISExpended\": null, \"standardDuration\": null, \"notTechnicalSkill\": []}, {\"id\": 244, \"@id\": \"ckrjccw9s01rr3h5z1jssfgcl\", \"name\": \"Revoir l\'organisation d\'un tour de piste / Revoir les vitesses caractéristiques de l\'avion / Revoir les procédures d’urgence de l\'avion\", \"@type\": \"Exercise\", \"goals\": null, \"isNew\": true, \"itemId\": \"ckrjccw9s01rs3h5zs8kzfypq\", \"actions\": [], \"@context\": \"/api/contexts/Exercise\", \"children\": [], \"counters\": [], \"notation\": null, \"position\": null, \"minRating\": null, \"isImported\": true, \"constraints\": [], \"description\": null, \"maxDuration\": null, \"requirements\": [], \"technicalSkills\": [], \"configISExpended\": null, \"standardDuration\": null, \"notTechnicalSkill\": []}, {\"id\": 245, \"@id\": \"ckrjccw9s01rt3h5zj3m4ilkp\", \"name\": \"TdP(s) avec instructeur (minimum 1 TdP)\", \"@type\": \"Exercise\", \"goals\": null, \"isNew\": true, \"itemId\": \"ckrjccw9s01ru3h5zhl97f9s4\", \"actions\": [], \"@context\": \"/api/contexts/Exercise\", \"children\": [], \"counters\": [], \"notation\": null, \"position\": null, \"minRating\": null, \"isImported\": true, \"constraints\": [], \"description\": null, \"maxDuration\": null, \"requirements\": [], \"technicalSkills\": [], \"configISExpended\": null, \"standardDuration\": null, \"notTechnicalSkill\": []}, {\"id\": 246, \"@id\": \"ckrjccw9s01rv3h5zv6it4t4k\", \"name\": \"TdP(s) en solo → programme à définir par l\'instructeur\", \"@type\": \"Exercise\", \"goals\": null, \"isNew\": true, \"itemId\": \"ckrjccw9s01rw3h5ze9550hxf\", \"actions\": [], \"@context\": \"/api/contexts/Exercise\", \"children\": [], \"counters\": [], \"notation\": null, \"position\": null, \"minRating\": null, \"isImported\": true, \"constraints\": [], \"description\": null, \"maxDuration\": null, \"requirements\": [], \"technicalSkills\": [], \"configISExpended\": null, \"standardDuration\": null, \"notTechnicalSkill\": []}, {\"id\": 247, \"@id\": \"ckrjccw9s01rx3h5zu4wdtznl\", \"name\": \"Débriefing du vol\", \"@type\": \"Exercise\", \"goals\": null, \"isNew\": true, \"itemId\": \"ckrjccw9s01ry3h5z1u785qu3\", \"actions\": [], \"@context\": \"/api/contexts/Exercise\", \"children\": [], \"counters\": [], \"notation\": null, \"position\": null, \"minRating\": null, \"isImported\": true, \"constraints\": [], \"description\": null, \"maxDuration\": null, \"requirements\": [], \"technicalSkills\": [], \"configISExpended\": null, \"standardDuration\": null, \"notTechnicalSkill\": []}, {\"id\": 248, \"@id\": \"ckrjccw9s01rz3h5zfpe5wkj1\", \"name\": \"NAV 2\", \"@type\": \"Exercise\", \"goals\": null, \"isNew\": true, \"itemId\": \"ckrjccw9s01s03h5z4bt1pfaw\", \"actions\": [], \"@context\": \"/api/contexts/Exercise\", \"children\": [], \"counters\": [], \"notation\": null, \"position\": null, \"minRating\": null, \"isImported\": true, \"constraints\": [], \"description\": null, \"maxDuration\": null, \"requirements\": [], \"technicalSkills\": [], \"configISExpended\": null, \"standardDuration\": null, \"notTechnicalSkill\": []}, {\"id\": 249, \"@id\": \"ckrjccw9s01s13h5zxwheciow\", \"name\": \"Tracé de la navigation par cheminement\", \"@type\": \"Exercise\", \"goals\": null, \"isNew\": true, \"itemId\": \"ckrjccw9s01s23h5ziu3pq11l\", \"actions\": [], \"@context\": \"/api/contexts/Exercise\", \"children\": [], \"counters\": [], \"notation\": null, \"position\": null, \"minRating\": null, \"isImported\": true, \"constraints\": [], \"description\": null, \"maxDuration\": null, \"requirements\": [], \"technicalSkills\": [], \"configISExpended\": null, \"standardDuration\": null, \"notTechnicalSkill\": []}, {\"id\": 250, \"@id\": \"ckrjccw9s01s33h5zx59zbnm7\", \"name\": \"Méthode « CHRONO-CARTE-SOL »\", \"@type\": \"Exercise\", \"goals\": null, \"isNew\": true, \"itemId\": \"ckrjccw9s01s43h5z2msb49ut\", \"actions\": [], \"@context\": \"/api/contexts/Exercise\", \"children\": [], \"counters\": [], \"notation\": null, \"position\": null, \"minRating\": null, \"isImported\": true, \"constraints\": [], \"description\": null, \"maxDuration\": null, \"requirements\": [], \"technicalSkills\": [], \"configISExpended\": null, \"standardDuration\": null, \"notTechnicalSkill\": []}, {\"id\": 251, \"@id\": \"ckrjccw9s01s53h5zhdh0znmg\", \"name\": \"Décollage adapté – type piste courte\", \"@type\": \"Exercise\", \"goals\": null, \"isNew\": true, \"itemId\": \"ckrjccw9s01s63h5z4y8yq6w3\", \"actions\": [], \"@context\": \"/api/contexts/Exercise\", \"children\": [], \"counters\": [], \"notation\": null, \"position\": null, \"minRating\": null, \"isImported\": true, \"constraints\": [], \"description\": null, \"maxDuration\": null, \"requirements\": [], \"technicalSkills\": [], \"configISExpended\": null, \"standardDuration\": null, \"notTechnicalSkill\": []}, {\"id\": 252, \"@id\": \"ckrjccw9s01s73h5zysq7amvq\", \"name\": \"Atterrissage adapté – type piste courte\", \"@type\": \"Exercise\", \"goals\": null, \"isNew\": true, \"itemId\": \"ckrjccw9s01s83h5zgd7quhcf\", \"actions\": [], \"@context\": \"/api/contexts/Exercise\", \"children\": [], \"counters\": [], \"notation\": null, \"position\": null, \"minRating\": null, \"isImported\": true, \"constraints\": [], \"description\": null, \"maxDuration\": null, \"requirements\": [], \"technicalSkills\": [], \"configISExpended\": null, \"standardDuration\": null, \"notTechnicalSkill\": []}, {\"id\": 253, \"@id\": \"ckrjccw9s01s93h5zm66ksdgf\", \"name\": \"Rappel de l\'instructeur sur les procédures pour quitter et rejoindre le circuit d\'aérodrome\", \"@type\": \"Exercise\", \"goals\": null, \"isNew\": true, \"itemId\": \"ckrjccw9s01sa3h5zbncp4whb\", \"actions\": [], \"@context\": \"/api/contexts/Exercise\", \"children\": [], \"counters\": [], \"notation\": null, \"position\": null, \"minRating\": null, \"isImported\": true, \"constraints\": [], \"description\": null, \"maxDuration\": null, \"requirements\": [], \"technicalSkills\": [], \"configISExpended\": null, \"standardDuration\": null, \"notTechnicalSkill\": []}, {\"id\": 254, \"@id\": \"ckrjccw9s01sb3h5zm5dpybeh\", \"name\": \"Revoir la méthode d’intégration terrain non contrôlé / Disposition relative aux radiocommunications Aérodrome non contrôlé / Revoir le fonctionnement du compas magnétique et les erreurs associées à cet instrument\", \"@type\": \"Exercise\", \"goals\": null, \"isNew\": true, \"itemId\": \"ckrjccw9s01sc3h5zojbk2wdq\", \"actions\": [], \"@context\": \"/api/contexts/Exercise\", \"children\": [], \"counters\": [], \"notation\": null, \"position\": null, \"minRating\": null, \"isImported\": true, \"constraints\": [], \"description\": null, \"maxDuration\": null, \"requirements\": [], \"technicalSkills\": [], \"configISExpended\": null, \"standardDuration\": null, \"notTechnicalSkill\": []}, {\"id\": 255, \"@id\": \"ckrjccw9s01sd3h5z3ljjvwaa\", \"name\": \"Décollage type piste courte avec obstacle\", \"@type\": \"Exercise\", \"goals\": null, \"isNew\": true, \"itemId\": \"ckrjccw9s01se3h5z6xcuogwy\", \"actions\": [], \"@context\": \"/api/contexts/Exercise\", \"children\": [], \"counters\": [], \"notation\": null, \"position\": null, \"minRating\": null, \"isImported\": true, \"constraints\": [], \"description\": null, \"maxDuration\": null, \"requirements\": [], \"technicalSkills\": [], \"configISExpended\": null, \"standardDuration\": null, \"notTechnicalSkill\": []}, {\"id\": 256, \"@id\": \"ckrjccw9s01sf3h5z9bytsc2m\", \"name\": \"Navigation en cheminement avec utilisation du compas magnétique\", \"@type\": \"Exercise\", \"goals\": null, \"isNew\": true, \"itemId\": \"ckrjccw9s01sg3h5z4w8llc26\", \"actions\": [], \"@context\": \"/api/contexts/Exercise\", \"children\": [], \"counters\": [], \"notation\": null, \"position\": null, \"minRating\": null, \"isImported\": true, \"constraints\": [], \"description\": null, \"maxDuration\": null, \"requirements\": [], \"technicalSkills\": [], \"configISExpended\": null, \"standardDuration\": null, \"notTechnicalSkill\": []}, {\"id\": 257, \"@id\": \"ckrjccw9s01sh3h5zwi4zglia\", \"name\": \"Intégration terrain non contrôlé\", \"@type\": \"Exercise\", \"goals\": null, \"isNew\": true, \"itemId\": \"ckrjccw9s01si3h5zubx903ae\", \"actions\": [], \"@context\": \"/api/contexts/Exercise\", \"children\": [], \"counters\": [], \"notation\": null, \"position\": null, \"minRating\": null, \"isImported\": true, \"constraints\": [], \"description\": null, \"maxDuration\": null, \"requirements\": [], \"technicalSkills\": [], \"configISExpended\": null, \"standardDuration\": null, \"notTechnicalSkill\": []}, {\"id\": 258, \"@id\": \"ckrjccw9s01sj3h5zinbtyr18\", \"name\": \"Atterrissage type piste courte\", \"@type\": \"Exercise\", \"goals\": null, \"isNew\": true, \"itemId\": \"ckrjccw9s01sk3h5zwcdtebeq\", \"actions\": [], \"@context\": \"/api/contexts/Exercise\", \"children\": [], \"counters\": [], \"notation\": null, \"position\": null, \"minRating\": null, \"isImported\": true, \"constraints\": [], \"description\": null, \"maxDuration\": null, \"requirements\": [], \"technicalSkills\": [], \"configISExpended\": null, \"standardDuration\": null, \"notTechnicalSkill\": []}, {\"id\": 259, \"@id\": \"ckrjccw9s01sl3h5z08cs6vfb\", \"name\": \"Décollage type piste courte\", \"@type\": \"Exercise\", \"goals\": null, \"isNew\": true, \"itemId\": \"ckrjccw9s01sm3h5z9kdoy4n8\", \"actions\": [], \"@context\": \"/api/contexts/Exercise\", \"children\": [], \"counters\": [], \"notation\": null, \"position\": null, \"minRating\": null, \"isImported\": true, \"constraints\": [], \"description\": null, \"maxDuration\": null, \"requirements\": [], \"technicalSkills\": [], \"configISExpended\": null, \"standardDuration\": null, \"notTechnicalSkill\": []}, {\"id\": 260, \"@id\": \"ckrjccw9s01sn3h5zpc5230j6\", \"name\": \"Navigation en cheminement\", \"@type\": \"Exercise\", \"goals\": null, \"isNew\": true, \"itemId\": \"ckrjccw9s01so3h5z93yalpl0\", \"actions\": [], \"@context\": \"/api/contexts/Exercise\", \"children\": [], \"counters\": [], \"notation\": null, \"position\": null, \"minRating\": null, \"isImported\": true, \"constraints\": [], \"description\": null, \"maxDuration\": null, \"requirements\": [], \"technicalSkills\": [], \"configISExpended\": null, \"standardDuration\": null, \"notTechnicalSkill\": []}, {\"id\": 261, \"@id\": \"ckrjccw9s01sp3h5ztl7kvw1o\", \"name\": \"Intégration terrain\", \"@type\": \"Exercise\", \"goals\": null, \"isNew\": true, \"itemId\": \"ckrjccw9s01sq3h5zesii1avi\", \"actions\": [], \"@context\": \"/api/contexts/Exercise\", \"children\": [], \"counters\": [], \"notation\": null, \"position\": null, \"minRating\": null, \"isImported\": true, \"constraints\": [], \"description\": null, \"maxDuration\": null, \"requirements\": [], \"technicalSkills\": [], \"configISExpended\": null, \"standardDuration\": null, \"notTechnicalSkill\": []}, {\"id\": 262, \"@id\": \"ckrjccw9s01sr3h5zimot7b7m\", \"name\": \"Atterrissage type piste courte\", \"@type\": \"Exercise\", \"goals\": null, \"isNew\": true, \"itemId\": \"ckrjccw9s01ss3h5zsjubbg9x\", \"actions\": [], \"@context\": \"/api/contexts/Exercise\", \"children\": [], \"counters\": [], \"notation\": null, \"position\": null, \"minRating\": null, \"isImported\": true, \"constraints\": [], \"description\": null, \"maxDuration\": null, \"requirements\": [], \"technicalSkills\": [], \"configISExpended\": null, \"standardDuration\": null, \"notTechnicalSkill\": []}, {\"id\": 263, \"@id\": \"ckrjccw9s01st3h5zohbpyg15\", \"name\": \"MANIA 10\", \"@type\": \"Exercise\", \"goals\": null, \"isNew\": true, \"itemId\": \"ckrjccw9s01su3h5zt4g40jzc\", \"actions\": [], \"@context\": \"/api/contexts/Exercise\", \"children\": [], \"counters\": [], \"notation\": null, \"position\": null, \"minRating\": null, \"isImported\": true, \"constraints\": [], \"description\": null, \"maxDuration\": null, \"requirements\": [], \"technicalSkills\": [], \"configISExpended\": null, \"standardDuration\": null, \"notTechnicalSkill\": []}, {\"id\": 264, \"@id\": \"ckrjccw9s01sv3h5zjp1uicn6\", \"name\": \"Virage engagé\", \"@type\": \"Exercise\", \"goals\": null, \"isNew\": true, \"itemId\": \"ckrjccw9s01sw3h5zhc58k7gl\", \"actions\": [], \"@context\": \"/api/contexts/Exercise\", \"children\": [], \"counters\": [], \"notation\": null, \"position\": null, \"minRating\": null, \"isImported\": true, \"constraints\": [], \"description\": null, \"maxDuration\": null, \"requirements\": [], \"technicalSkills\": [], \"configISExpended\": null, \"standardDuration\": null, \"notTechnicalSkill\": []}, {\"id\": 265, \"@id\": \"ckrjccw9s01sx3h5zdfx5ln0h\", \"name\": \"Sortie du virage engagé\", \"@type\": \"Exercise\", \"goals\": null, \"isNew\": true, \"itemId\": \"ckrjccw9s01sy3h5z0ehe0k8b\", \"actions\": [], \"@context\": \"/api/contexts/Exercise\", \"children\": [], \"counters\": [], \"notation\": null, \"position\": null, \"minRating\": null, \"isImported\": true, \"constraints\": [], \"description\": null, \"maxDuration\": null, \"requirements\": [], \"technicalSkills\": [], \"configISExpended\": null, \"standardDuration\": null, \"notTechnicalSkill\": []}, {\"id\": 266, \"@id\": \"ckrjccw9s01sz3h5za0ka8l5t\", \"name\": \"Récupération d\'une attitude inusuelle\", \"@type\": \"Exercise\", \"goals\": null, \"isNew\": true, \"itemId\": \"ckrjccw9s01t03h5zgucs8hq6\", \"actions\": [], \"@context\": \"/api/contexts/Exercise\", \"children\": [], \"counters\": [], \"notation\": null, \"position\": null, \"minRating\": null, \"isImported\": true, \"constraints\": [], \"description\": null, \"maxDuration\": null, \"requirements\": [], \"technicalSkills\": [], \"configISExpended\": null, \"standardDuration\": null, \"notTechnicalSkill\": []}, {\"id\": 267, \"@id\": \"ckrjccw9s01t13h5zlecaawdy\", \"name\": \"Revoir la procédure de sortie du décrochage et de l\'approche du décrochage / Revoir le CFIT\", \"@type\": \"Exercise\", \"goals\": null, \"isNew\": true, \"itemId\": \"ckrjccw9s01t23h5zfro0s8do\", \"actions\": [], \"@context\": \"/api/contexts/Exercise\", \"children\": [], \"counters\": [], \"notation\": null, \"position\": null, \"minRating\": null, \"isImported\": true, \"constraints\": [], \"description\": null, \"maxDuration\": null, \"requirements\": [], \"technicalSkills\": [], \"configISExpended\": null, \"standardDuration\": null, \"notTechnicalSkill\": []}, {\"id\": 268, \"@id\": \"ckrjccw9s01t33h5zjajjhmdn\", \"name\": \"Approche du décrochage en virage à 20° d\'inclinaison en descente en configuration approche et récupération dés l\'apparition des symptômes du décrochage – récupération avec et sans moteur –\", \"@type\": \"Exercise\", \"goals\": null, \"isNew\": true, \"itemId\": \"ckrjccw9s01t43h5zopxydto1\", \"actions\": [], \"@context\": \"/api/contexts/Exercise\", \"children\": [], \"counters\": [], \"notation\": null, \"position\": null, \"minRating\": null, \"isImported\": true, \"constraints\": [], \"description\": null, \"maxDuration\": null, \"requirements\": [], \"technicalSkills\": [], \"configISExpended\": null, \"standardDuration\": null, \"notTechnicalSkill\": []}, {\"id\": 269, \"@id\": \"ckrjccw9s01t53h5zo6rqqg3j\", \"name\": \"Approche du décrochage en configuration atterrissage et récupération dès l\'apparition des symptômes du décrochage – récupération avec et sans moteur –\", \"@type\": \"Exercise\", \"goals\": null, \"isNew\": true, \"itemId\": \"ckrjccw9t01t63h5zfqp2xm1g\", \"actions\": [], \"@context\": \"/api/contexts/Exercise\", \"children\": [], \"counters\": [], \"notation\": null, \"position\": null, \"minRating\": null, \"isImported\": true, \"constraints\": [], \"description\": null, \"maxDuration\": null, \"requirements\": [], \"technicalSkills\": [], \"configISExpended\": null, \"standardDuration\": null, \"notTechnicalSkill\": []}, {\"id\": 270, \"@id\": \"ckrjccw9t01t73h5zptcdni37\", \"name\": \"Virage(s) à î=45° et î=60° en palier\", \"@type\": \"Exercise\", \"goals\": null, \"isNew\": true, \"itemId\": \"ckrjccw9t01t83h5z67ksa1z1\", \"actions\": [], \"@context\": \"/api/contexts/Exercise\", \"children\": [], \"counters\": [], \"notation\": null, \"position\": null, \"minRating\": null, \"isImported\": true, \"constraints\": [], \"description\": null, \"maxDuration\": null, \"requirements\": [], \"technicalSkills\": [], \"configISExpended\": null, \"standardDuration\": null, \"notTechnicalSkill\": []}, {\"id\": 271, \"@id\": \"ckrjccw9t01t93h5z65zfqhru\", \"name\": \"Identification et récupération des attitudes inusuelles\", \"@type\": \"Exercise\", \"goals\": null, \"isNew\": true, \"itemId\": \"ckrjccw9t01ta3h5zep2nu29i\", \"actions\": [], \"@context\": \"/api/contexts/Exercise\", \"children\": [], \"counters\": [], \"notation\": null, \"position\": null, \"minRating\": null, \"isImported\": true, \"constraints\": [], \"description\": null, \"maxDuration\": null, \"requirements\": [], \"technicalSkills\": [], \"configISExpended\": null, \"standardDuration\": null, \"notTechnicalSkill\": []}, {\"id\": 272, \"@id\": \"ckrjccw9t01tb3h5ze6mqhq25\", \"name\": \"Identification et récupération du virage engagé\", \"@type\": \"Exercise\", \"goals\": null, \"isNew\": true, \"itemId\": \"ckrjccw9t01tc3h5z2fi1uhwo\", \"actions\": [], \"@context\": \"/api/contexts/Exercise\", \"children\": [], \"counters\": [], \"notation\": null, \"position\": null, \"minRating\": null, \"isImported\": true, \"constraints\": [], \"description\": null, \"maxDuration\": null, \"requirements\": [], \"technicalSkills\": [], \"configISExpended\": null, \"standardDuration\": null, \"notTechnicalSkill\": []}, {\"id\": 273, \"@id\": \"ckrjccw9t01td3h5zlp4d0oa8\", \"name\": \"Contrôle de la vitesse élevée durant la récupération du virage engagé\", \"@type\": \"Exercise\", \"goals\": null, \"isNew\": true, \"itemId\": \"ckrjccw9t01te3h5z4nlk3qe9\", \"actions\": [], \"@context\": \"/api/contexts/Exercise\", \"children\": [], \"counters\": [], \"notation\": null, \"position\": null, \"minRating\": null, \"isImported\": true, \"constraints\": [], \"description\": null, \"maxDuration\": null, \"requirements\": [], \"technicalSkills\": [], \"configISExpended\": null, \"standardDuration\": null, \"notTechnicalSkill\": []}, {\"id\": 274, \"@id\": \"ckrjccw9t01tf3h5z5094v7wa\", \"name\": \"SOLO 2\", \"@type\": \"Exercise\", \"goals\": null, \"isNew\": true, \"itemId\": \"ckrjccw9t01tg3h5zdp80392w\", \"actions\": [], \"@context\": \"/api/contexts/Exercise\", \"children\": [], \"counters\": [], \"notation\": null, \"position\": null, \"minRating\": null, \"isImported\": true, \"constraints\": [], \"description\": null, \"maxDuration\": null, \"requirements\": [], \"technicalSkills\": [], \"configISExpended\": null, \"standardDuration\": null, \"notTechnicalSkill\": []}, {\"id\": 275, \"@id\": \"ckrjccw9t01th3h5za5kh24s9\", \"name\": \"Minima météorologiques – espace aérien contrôlé –\", \"@type\": \"Exercise\", \"goals\": null, \"isNew\": true, \"itemId\": \"ckrjccw9t01ti3h5z2v4um9ho\", \"actions\": [], \"@context\": \"/api/contexts/Exercise\", \"children\": [], \"counters\": [], \"notation\": null, \"position\": null, \"minRating\": null, \"isImported\": true, \"constraints\": [], \"description\": null, \"maxDuration\": null, \"requirements\": [], \"technicalSkills\": [], \"configISExpended\": null, \"standardDuration\": null, \"notTechnicalSkill\": []}, {\"id\": 276, \"@id\": \"ckrjccw9t01tj3h5zw3hw7jao\", \"name\": \"Rappel de l\'instructeur sur l\'espace aérien local, les restrictions éventuelles et la lecture de carte\", \"@type\": \"Exercise\", \"goals\": null, \"isNew\": true, \"itemId\": \"ckrjccw9t01tk3h5zbq6wgpp3\", \"actions\": [], \"@context\": \"/api/contexts/Exercise\", \"children\": [], \"counters\": [], \"notation\": null, \"position\": null, \"minRating\": null, \"isImported\": true, \"constraints\": [], \"description\": null, \"maxDuration\": null, \"requirements\": [], \"technicalSkills\": [], \"configISExpended\": null, \"standardDuration\": null, \"notTechnicalSkill\": []}, {\"id\": 277, \"@id\": \"ckrjccw9t01tl3h5zq51rev9y\", \"name\": \"Revoir l\'organisation d\'un tour de piste / Revoir les vitesses caractéristiques de l\'avion\", \"@type\": \"Exercise\", \"goals\": null, \"isNew\": true, \"itemId\": \"ckrjccw9t01tm3h5z2vhinfg6\", \"actions\": [], \"@context\": \"/api/contexts/Exercise\", \"children\": [], \"counters\": [], \"notation\": null, \"position\": null, \"minRating\": null, \"isImported\": true, \"constraints\": [], \"description\": null, \"maxDuration\": null, \"requirements\": [], \"technicalSkills\": [], \"configISExpended\": null, \"standardDuration\": null, \"notTechnicalSkill\": []}, {\"id\": 278, \"@id\": \"ckrjccw9t01tn3h5zogpfayyx\", \"name\": \"TdP(s) avec instructeur (minimum 1 TdP)\", \"@type\": \"Exercise\", \"goals\": null, \"isNew\": true, \"itemId\": \"ckrjccw9t01to3h5z078waud5\", \"actions\": [], \"@context\": \"/api/contexts/Exercise\", \"children\": [], \"counters\": [], \"notation\": null, \"position\": null, \"minRating\": null, \"isImported\": true, \"constraints\": [], \"description\": null, \"maxDuration\": null, \"requirements\": [], \"technicalSkills\": [], \"configISExpended\": null, \"standardDuration\": null, \"notTechnicalSkill\": []}, {\"id\": 279, \"@id\": \"ckrjccw9t01tp3h5zuymq2j0k\", \"name\": \"TdP(s) en solo → programme à définir par l\'instructeur\", \"@type\": \"Exercise\", \"goals\": null, \"isNew\": true, \"itemId\": \"ckrjccw9t01tq3h5zcl10rw97\", \"actions\": [], \"@context\": \"/api/contexts/Exercise\", \"children\": [], \"counters\": [], \"notation\": null, \"position\": null, \"minRating\": null, \"isImported\": true, \"constraints\": [], \"description\": null, \"maxDuration\": null, \"requirements\": [], \"technicalSkills\": [], \"configISExpended\": null, \"standardDuration\": null, \"notTechnicalSkill\": []}, {\"id\": 280, \"@id\": \"ckrjccw9t01tr3h5zs4q41892\", \"name\": \"NAV 3\", \"@type\": \"Exercise\", \"goals\": null, \"isNew\": true, \"itemId\": \"ckrjccw9t01ts3h5zrstjuggq\", \"actions\": [], \"@context\": \"/api/contexts/Exercise\", \"children\": [], \"counters\": [], \"notation\": null, \"position\": null, \"minRating\": null, \"isImported\": true, \"constraints\": [], \"description\": null, \"maxDuration\": null, \"requirements\": [], \"technicalSkills\": [], \"configISExpended\": null, \"standardDuration\": null, \"notTechnicalSkill\": []}, {\"id\": 281, \"@id\": \"ckrjccw9t01tt3h5zeejut1p9\", \"name\": \"Hauteurs minimales en vol\", \"@type\": \"Exercise\", \"goals\": null, \"isNew\": true, \"itemId\": \"ckrjccw9t01tu3h5zwmd41n8h\", \"actions\": [], \"@context\": \"/api/contexts/Exercise\", \"children\": [], \"counters\": [], \"notation\": null, \"position\": null, \"minRating\": null, \"isImported\": true, \"constraints\": [], \"description\": null, \"maxDuration\": null, \"requirements\": [], \"technicalSkills\": [], \"configISExpended\": null, \"standardDuration\": null, \"notTechnicalSkill\": []}, {\"id\": 282, \"@id\": \"ckrjccw9t01tv3h5z5h1h6tzs\", \"name\": \"Tracé de la navigation à l\'estime\", \"@type\": \"Exercise\", \"goals\": null, \"isNew\": true, \"itemId\": \"ckrjccw9t01tw3h5zqjkdzcj4\", \"actions\": [], \"@context\": \"/api/contexts/Exercise\", \"children\": [], \"counters\": [], \"notation\": null, \"position\": null, \"minRating\": null, \"isImported\": true, \"constraints\": [], \"description\": null, \"maxDuration\": null, \"requirements\": [], \"technicalSkills\": [], \"configISExpended\": null, \"standardDuration\": null, \"notTechnicalSkill\": []}, {\"id\": 283, \"@id\": \"ckrjccw9t01tx3h5zf9tat05p\", \"name\": \"Check-list point tournant\", \"@type\": \"Exercise\", \"goals\": null, \"isNew\": true, \"itemId\": \"ckrjccw9t01ty3h5zcusno0b5\", \"actions\": [], \"@context\": \"/api/contexts/Exercise\", \"children\": [], \"counters\": [], \"notation\": null, \"position\": null, \"minRating\": null, \"isImported\": true, \"constraints\": [], \"description\": null, \"maxDuration\": null, \"requirements\": [], \"technicalSkills\": [], \"configISExpended\": null, \"standardDuration\": null, \"notTechnicalSkill\": []}, {\"id\": 284, \"@id\": \"ckrjccw9t01tz3h5z1ysukso0\", \"name\": \"Décollage adapté – type terrain meuble\", \"@type\": \"Exercise\", \"goals\": null, \"isNew\": true, \"itemId\": \"ckrjccw9t01u03h5zpp8nwleb\", \"actions\": [], \"@context\": \"/api/contexts/Exercise\", \"children\": [], \"counters\": [], \"notation\": null, \"position\": null, \"minRating\": null, \"isImported\": true, \"constraints\": [], \"description\": null, \"maxDuration\": null, \"requirements\": [], \"technicalSkills\": [], \"configISExpended\": null, \"standardDuration\": null, \"notTechnicalSkill\": []}, {\"id\": 285, \"@id\": \"ckrjccw9t01u13h5zvvjuu9z5\", \"name\": \"Description sommaire du VOR\", \"@type\": \"Exercise\", \"goals\": null, \"isNew\": true, \"itemId\": \"ckrjccw9t01u23h5z6e57cdcu\", \"actions\": [], \"@context\": \"/api/contexts/Exercise\", \"children\": [], \"counters\": [], \"notation\": null, \"position\": null, \"minRating\": null, \"isImported\": true, \"constraints\": [], \"description\": null, \"maxDuration\": null, \"requirements\": [], \"technicalSkills\": [], \"configISExpended\": null, \"standardDuration\": null, \"notTechnicalSkill\": []}, {\"id\": 286, \"@id\": \"ckrjccw9t01u33h5zcwgii8x3\", \"name\": \"L\'ADF\", \"@type\": \"Exercise\", \"goals\": null, \"isNew\": true, \"itemId\": \"ckrjccw9t01u43h5zf22ojmbr\", \"actions\": [], \"@context\": \"/api/contexts/Exercise\", \"children\": [], \"counters\": [], \"notation\": null, \"position\": null, \"minRating\": null, \"isImported\": true, \"constraints\": [], \"description\": null, \"maxDuration\": null, \"requirements\": [], \"technicalSkills\": [], \"configISExpended\": null, \"standardDuration\": null, \"notTechnicalSkill\": []}, {\"id\": 287, \"@id\": \"ckrjccw9t01u53h5zj2nsazjd\", \"name\": \"Différentes classes d\'espaces aériens (A, B, C, D, E, F, G) et particularités / Revoir la méthode d’intégration terrain non contrôlé / Implantation des VOR autour du terrain\", \"@type\": \"Exercise\", \"goals\": null, \"isNew\": true, \"itemId\": \"ckrjccw9t01u63h5zvgab34be\", \"actions\": [], \"@context\": \"/api/contexts/Exercise\", \"children\": [], \"counters\": [], \"notation\": null, \"position\": null, \"minRating\": null, \"isImported\": true, \"constraints\": [], \"description\": null, \"maxDuration\": null, \"requirements\": [], \"technicalSkills\": [], \"configISExpended\": null, \"standardDuration\": null, \"notTechnicalSkill\": []}, {\"id\": 288, \"@id\": \"ckrjccw9t01u73h5zikov7fcb\", \"name\": \"Décollage type terrain meuble\", \"@type\": \"Exercise\", \"goals\": null, \"isNew\": true, \"itemId\": \"ckrjccw9t01u83h5zina57984\", \"actions\": [], \"@context\": \"/api/contexts/Exercise\", \"children\": [], \"counters\": [], \"notation\": null, \"position\": null, \"minRating\": null, \"isImported\": true, \"constraints\": [], \"description\": null, \"maxDuration\": null, \"requirements\": [], \"technicalSkills\": [], \"configISExpended\": null, \"standardDuration\": null, \"notTechnicalSkill\": []}, {\"id\": 289, \"@id\": \"ckrjccw9t01u93h5zmg8dazcf\", \"name\": \"Navigation à l’estime\", \"@type\": \"Exercise\", \"goals\": null, \"isNew\": true, \"itemId\": \"ckrjccw9t01ua3h5zsjt5hush\", \"actions\": [], \"@context\": \"/api/contexts/Exercise\", \"children\": [], \"counters\": [], \"notation\": null, \"position\": null, \"minRating\": null, \"isImported\": true, \"constraints\": [], \"description\": null, \"maxDuration\": null, \"requirements\": [], \"technicalSkills\": [], \"configISExpended\": null, \"standardDuration\": null, \"notTechnicalSkill\": []}, {\"id\": 290, \"@id\": \"ckrjccw9