-- Table structure for table `ato_counter_category`
--

CREATE TABLE `ato_counter_category` (
  `ato_id` int NOT NULL,
  `counter_category_id` int NOT NULL,
  PRIMARY KEY (`ato_id`,`counter_category_id`),
  KEY `IDX_EF2176F0847DC024` (`ato_id`),
  KEY `IDX_EF2176F0E3679E26` (`counter_category_id`),
  CONSTRAINT `FK_EF2176F0847DC024` FOREIGN KEY (`ato_id`) REFERENCES `ato` (`id`) ON DELETE CASCADE,
  CONSTRAINT `FK_EF2176F0E3679E26` FOREIGN KEY (`counter_category_id`) REFERENCES `counter_category` (`id`) ON DELETE CASCADE
) ENGINE=InnoDB DEFAULT CHARSET=utf8mb4 COLLATE=utf8mb4_unicode_ci;

--
-- Dumping data for table `ato_counter_category`
--

INSERT INTO `ato_counter_category` VALUES (2,1),(2,12),(3,2),(3,3),(3,10),(3,11),(3,12);

--
-- Table structure for table `ato_counter_type_value`
--

CREATE TABLE `ato_counter_type_value` (
  `ato_id` int NOT NULL,
  `counter_type_value_id` int NOT NULL,
  PRIMARY KEY (`ato_id`,`counter_type_value_id`),
  KEY `IDX_82B4DD5847DC024` (`ato_id`),
  KEY `IDX_82B4DD52402E8F` (`counter_type_value_id`),
  CONSTRAINT `FK_82B4DD52402E8F` FOREIGN KEY (`counter_type_value_id`) REFERENCES `counter_type_value` (`id`) ON DELETE CASCADE,
  CONSTRAINT `FK_82B4DD5847DC024` FOREIGN KEY (`ato_id`) REFERENCES `ato` (`id`) ON DELETE CASCADE
) ENGINE=InnoDB DEFAULT CHARSET=utf8mb4 COLLATE=utf8mb4_unicode_ci;

--
-- Dumping data for table `ato_counter_type_value`
--

INSERT INTO `ato_counter_type_value` VALUES (3,4),(3,5),(3,6),(3,7),(3,8),(3,9),(3,10),(3,11),(3,12),(3,13);

--
-- Table structure for table `ato_instructor_skill`
--

CREATE TABLE `ato_instructor_skill` (
  `ato_id` int NOT NULL,
  `instructor_skill_id` int NOT NULL,
  PRIMARY KEY (`ato_id`,`instructor_skill_id`),
  KEY `IDX_29651708847DC024` (`ato_id`),
  KEY `IDX_2965170855E763E7` (`instructor_skill_id`),
  CONSTRAINT `FK_2965170855E763E7` FOREIGN KEY (`instructor_skill_id`) REFERENCES `instructor_skill` (`id`) ON DELETE CASCADE,
  CONSTRAINT `FK_29651708847DC024` FOREIGN KEY (`ato_id`) REFERENCES `ato` (`id`) ON DELETE CASCADE
) ENGINE=InnoDB DEFAULT CHARSET=utf8mb4 COLLATE=utf8mb4_unicode_ci;

--
-- Dumping data for table `ato_instructor_skill`
--

INSERT INTO `ato_instructor_skill` VALUES (2,1);

--
-- Table structure for table `ato_role`
--

CREATE TABLE `ato_role` (
  `id` int NOT NULL AUTO_INCREMENT,
  `name` varchar(255) CHARACTER SET utf8mb4 COLLATE utf8mb4_unicode_ci NOT NULL,
  `rights` longtext CHARACTER SET utf8mb4 COLLATE utf8mb4_unicode_ci NOT NULL COMMENT '(DC2Type:array)',
  `ato_id` int NOT NULL,
  `start_flight` tinyint(1) NOT NULL,
  `validate_session` tinyint(1) NOT NULL,
  PRIMARY KEY (`id`),
  KEY `IDX_54883B97847DC024` (`ato_id`),
  CONSTRAINT `FK_54883B97847DC024` FOREIGN KEY (`ato_id`) REFERENCES `ato` (`id`)
) ENGINE=InnoDB AUTO_INCREMENT=48 DEFAULT CHARSET=utf8mb4 COLLATE=utf8mb4_unicode_ci;

--
-- Dumping data for table `ato_role`
--

INSERT INTO `ato_role` VALUES (45,'Admin','a:17:{s:3:\"ato\";a:9:{i:0;s:6:\"create\";i:1;s:15:\"createSecondATO\";i:2;s:4:\"list\";i:3;s:4:\"view\";i:4;s:15:\"viewSpecificATO\";i:5;s:4:\"edit\";i:6;s:15:\"editSpecificATO\";i:7;s:6:\"delete\";i:8;s:17:\"deleteSpecificATO\";}s:5:\"roles\";a:8:{i:0;s:4:\"list\";i:1;s:4:\"view\";i:2;s:6:\"create\";i:3;s:18:\"createSpecificRole\";i:4;s:4:\"edit\";i:5;s:16:\"editSpecificRole\";i:6;s:6:\"delete\";i:7;s:18:\"deleteSpecificRole\";}s:9:\"All users\";a:7:{i:0;s:6:\"create\";i:1;s:4:\"edit\";i:2;s:4:\"list\";i:3;s:6:\"delete\";i:4;s:4:\"view\";i:5;s:7:\"suspend\";i:6;s:5:\"block\";}s:14:\"qualifications\";a:6:{i:0;s:6:\"create\";i:1;s:4:\"edit\";i:2;s:4:\"list\";i:3;s:6:\"search\";i:4;s:6:\"delete\";i:5;s:3:\"add\";}s:9:\"aircrafts\";a:6:{i:0;s:6:\"create\";i:1;s:4:\"edit\";i:2;s:6:\"delete\";i:3;s:4:\"list\";i:4;s:4:\"view\";i:5;s:7:\"suspend\";}s:9:\"trainings\";a:6:{i:0;s:6:\"create\";i:1;s:4:\"edit\";i:2;s:6:\"delete\";i:3;s:4:\"list\";i:4;s:4:\"view\";i:5;s:7:\"suspend\";}s:12:\"ratingSystem\";a:5:{i:0;s:6:\"create\";i:1;s:4:\"edit\";i:2;s:6:\"delete\";i:3;s:4:\"list\";i:4;s:4:\"view\";}s:6:\"skills\";a:5:{i:0;s:6:\"create\";i:1;s:4:\"edit\";i:2;s:6:\"delete\";i:3;s:4:\"list\";i:4;s:4:\"view\";}s:8:\"counters\";a:5:{i:0;s:6:\"create\";i:1;s:4:\"edit\";i:2;s:6:\"delete\";i:3;s:4:\"list\";i:4;s:4:\"view\";}s:10:\"formations\";a:11:{i:0;s:6:\"create\";i:1;s:4:\"edit\";i:2;s:6:\"delete\";i:3;s:4:\"list\";i:4;s:4:\"view\";i:5;s:8:\"activate\";i:6;s:10:\"deactivate\";i:7;s:11:\"assignUsers\";i:8;s:11:\"assignPromo\";i:9;s:17:\"formatForSpecific\";i:10;s:12:\"formatForAll\";}s:9:\"departure\";a:4:{i:0;s:6:\"create\";i:1;s:4:\"edit\";i:2;s:6:\"delete\";i:3;s:4:\"list\";}s:7:\"arrival\";a:2:{i:0;s:5:\"close\";i:1;s:4:\"edit\";}s:5:\"books\";a:8:{i:0;s:8:\"viewMine\";i:1;s:10:\"exportMine\";i:2;s:9:\"viewPromo\";i:3;s:11:\"exportPromo\";i:4;s:16:\"consultFormation\";i:5;s:15:\"exportFormation\";i:6;s:10:\"consultAll\";i:7;s:9:\"exportAll\";}s:2:\"BI\";a:8:{i:0;s:8:\"viewMine\";i:1;s:10:\"exportMine\";i:2;s:12:\"consultPromo\";i:3;s:11:\"exportPromo\";i:4;s:16:\"consultFormation\";i:5;s:15:\"exportFormation\";i:6;s:7:\"viewAll\";i:7;s:9:\"exportAll\";}s:6:\"phases\";a:5:{i:0;s:6:\"create\";i:1;s:4:\"edit\";i:2;s:6:\"delete\";i:3;s:4:\"list\";i:4;s:4:\"view\";}s:3:\"tem\";a:5:{i:0;s:6:\"create\";i:1;s:4:\"edit\";i:2;s:6:\"delete\";i:3;s:4:\"list\";i:4;s:4:\"view\";}s:12:\"ratingReason\";a:5:{i:0;s:6:\"create\";i:1;s:4:\"edit\";i:2;s:6:\"delete\";i:3;s:4:\"list\";i:4;s:4:\"view\";}}',2,0,0),(46,'Admin','a:17:{s:3:\"ato\";a:9:{i:0;s:6:\"create\";i:1;s:15:\"createSecondATO\";i:2;s:15:\"viewSpecificATO\";i:3;s:4:\"list\";i:4;s:4:\"view\";i:5;s:4:\"edit\";i:6;s:6:\"delete\";i:7;s:15:\"editSpecificATO\";i:8;s:17:\"deleteSpecificATO\";}s:5:\"roles\";a:8:{i:0;s:4:\"list\";i:1;s:4:\"view\";i:2;s:6:\"create\";i:3;s:18:\"createSpecificRole\";i:4;s:4:\"edit\";i:5;s:16:\"editSpecificRole\";i:6;s:6:\"delete\";i:7;s:18:\"deleteSpecificRole\";}s:9:\"All users\";a:7:{i:0;s:6:\"create\";i:1;s:4:\"edit\";i:2;s:4:\"list\";i:3;s:6:\"delete\";i:4;s:7:\"suspend\";i:5;s:5:\"block\";i:6;s:4:\"view\";}s:14:\"qualifications\";a:6:{i:0;s:6:\"create\";i:1;s:4:\"edit\";i:2;s:6:\"search\";i:3;s:6:\"delete\";i:4;s:4:\"list\";i:5;s:3:\"add\";}s:9:\"aircrafts\";a:6:{i:0;s:6:\"delete\";i:1;s:4:\"list\";i:2;s:4:\"view\";i:3;s:7:\"suspend\";i:4;s:4:\"edit\";i:5;s:6:\"create\";}s:9:\"trainings\";a:6:{i:0;s:6:\"create\";i:1;s:4:\"edit\";i:2;s:6:\"delete\";i:3;s:4:\"list\";i:4;s:4:\"view\";i:5;s:7:\"suspend\";}s:12:\"ratingSystem\";a:5:{i:0;s:6:\"create\";i:1;s:4:\"edit\";i:2;s:4:\"list\";i:3;s:4:\"view\";i:4;s:6:\"delete\";}s:6:\"skills\";a:5:{i:0;s:6:\"create\";i:1;s:4:\"edit\";i:2;s:6:\"delete\";i:3;s:4:\"list\";i:4;s:4:\"view\";}s:8:\"counters\";a:5:{i:0;s:6:\"create\";i:1;s:4:\"edit\";i:2;s:6:\"delete\";i:3;s:4:\"list\";i:4;s:4:\"view\";}s:10:\"formations\";a:11:{i:0;s:6:\"create\";i:1;s:4:\"edit\";i:2;s:6:\"delete\";i:3;s:4:\"list\";i:4;s:4:\"view\";i:5;s:8:\"activate\";i:6;s:10:\"deactivate\";i:7;s:11:\"assignUsers\";i:8;s:11:\"assignPromo\";i:9;s:17:\"formatForSpecific\";i:10;s:12:\"formatForAll\";}s:7:\"arrival\";a:2:{i:0;s:5:\"close\";i:1;s:4:\"edit\";}s:5:\"books\";a:8:{i:0;s:8:\"viewMine\";i:1;s:10:\"exportMine\";i:2;s:9:\"viewPromo\";i:3;s:11:\"exportPromo\";i:4;s:16:\"consultFormation\";i:5;s:15:\"exportFormation\";i:6;s:10:\"consultAll\";i:7;s:9:\"exportAll\";}s:2:\"BI\";a:8:{i:0;s:8:\"viewMine\";i:1;s:12:\"consultPromo\";i:2;s:10:\"exportMine\";i:3;s:11:\"exportPromo\";i:4;s:16:\"consultFormation\";i:5;s:7:\"viewAll\";i:6;s:9:\"exportAll\";i:7;s:15:\"exportFormation\";}s:6:\"phases\";a:5:{i:0;s:6:\"create\";i:1;s:4:\"edit\";i:2;s:4:\"list\";i:3;s:6:\"delete\";i:4;s:4:\"view\";}s:3:\"tem\";a:5:{i:0;s:6:\"create\";i:1;s:6:\"delete\";i:2;s:4:\"edit\";i:3;s:4:\"view\";i:4;s:4:\"list\";}s:12:\"ratingReason\";a:5:{i:0;s:6:\"create\";i:1;s:4:\"edit\";i:2;s:4:\"list\";i:3;s:4:\"view\";i:4;s:6:\"delete\";}s:9:\"departure\";a:4:{i:0;s:4:\"edit\";i:1;s:4:\"list\";i:2;s:6:\"delete\";i:3;s:6:\"create\";}}',3,0,0),(47,'Admin','a:17:{s:3:\"ato\";a:9:{i:0;s:6:\"create\";i:1;s:15:\"createSecondATO\";i:2;s:4:\"list\";i:3;s:4:\"view\";i:4;s:15:\"viewSpecificATO\";i:5;s:4:\"edit\";i:6;s:15:\"editSpecificATO\";i:7;s:6:\"delete\";i:8;s:17:\"deleteSpecificATO\";}s:5:\"roles\";a:8:{i:0;s:4:\"list\";i:1;s:4:\"view\";i:2;s:6:\"create\";i:3;s:18:\"createSpecificRole\";i:4;s:4:\"edit\";i:5;s:16:\"editSpecificRole\";i:6;s:6:\"delete\";i:7;s:18:\"deleteSpecificRole\";}s:9:\"All users\";a:7:{i:0;s:6:\"create\";i:1;s:4:\"edit\";i:2;s:4:\"list\";i:3;s:6:\"delete\";i:4;s:4:\"view\";i:5;s:7:\"suspend\";i:6;s:5:\"block\";}s:14:\"qualifications\";a:6:{i:0;s:6:\"create\";i:1;s:4:\"edit\";i:2;s:3:\"add\";i:3;s:4:\"list\";i:4;s:6:\"search\";i:5;s:6:\"delete\";}s:9:\"aircrafts\";a:6:{i:0;s:6:\"create\";i:1;s:4:\"edit\";i:2;s:6:\"delete\";i:3;s:4:\"list\";i:4;s:4:\"view\";i:5;s:7:\"suspend\";}s:9:\"trainings\";a:6:{i:0;s:6:\"create\";i:1;s:4:\"edit\";i:2;s:6:\"delete\";i:3;s:4:\"list\";i:4;s:4:\"view\";i:5;s:7:\"suspend\";}s:12:\"ratingSystem\";a:5:{i:0;s:6:\"create\";i:1;s:4:\"edit\";i:2;s:6:\"delete\";i:3;s:4:\"list\";i:4;s:4:\"view\";}s:6:\"skills\";a:5:{i:0;s:6:\"create\";i:1;s:4:\"edit\";i:2;s:6:\"delete\";i:3;s:4:\"list\";i:4;s:4:\"view\";}s:8:\"counters\";a:5:{i:0;s:6:\"create\";i:1;s:4:\"edit\";i:2;s:4:\"view\";i:3;s:6:\"delete\";i:4;s:4:\"list\";}s:10:\"formations\";a:11:{i:0;s:6:\"create\";i:1;s:4:\"edit\";i:2;s:6:\"delete\";i:3;s:4:\"list\";i:4;s:4:\"view\";i:5;s:8:\"activate\";i:6;s:10:\"deactivate\";i:7;s:11:\"assignUsers\";i:8;s:11:\"assignPromo\";i:9;s:17:\"formatForSpecific\";i:10;s:12:\"formatForAll\";}s:9:\"departure\";a:4:{i:0;s:6:\"create\";i:1;s:4:\"edit\";i:2;s:6:\"delete\";i:3;s:4:\"list\";}s:7:\"arrival\";a:2:{i:0;s:5:\"close\";i:1;s:4:\"edit\";}s:5:\"books\";a:8:{i:0;s:8:\"viewMine\";i:1;s:10:\"exportMine\";i:2;s:9:\"viewPromo\";i:3;s:11:\"exportPromo\";i:4;s:16:\"consultFormation\";i:5;s:15:\"exportFormation\";i:6;s:10:\"consultAll\";i:7;s:9:\"exportAll\";}s:2:\"BI\";a:8:{i:0;s:8:\"viewMine\";i:1;s:10:\"exportMine\";i:2;s:12:\"consultPromo\";i:3;s:11:\"exportPromo\";i:4;s:16:\"consultFormation\";i:5;s:15:\"exportFormation\";i:6;s:7:\"viewAll\";i:7;s:9:\"exportAll\";}s:6:\"phases\";a:5:{i:0;s:6:\"create\";i:1;s:4:\"edit\";i:2;s:6:\"delete\";i:3;s:4:\"list\";i:4;s:4:\"view\";}s:3:\"tem\";a:5:{i:0;s:6:\"create\";i:1;s:4:\"edit\";i:2;s:6:\"delete\";i:3;s:4:\"list\";i:4;s:4:\"view\";}s:12:\"ratingReason\";a:5:{i:0;s:6:\"create\";i:1;s:4:\"edit\";i:2;s:6:\"delete\";i:3;s:4:\"list\";i:4;s:4:\"view\";}}',4,0,0);

--
-- Table structure for table `ato_user`
--

CREATE TABLE `ato_user` (
  `id` int NOT NULL AUTO_INCREMENT,
  `ato_id` int NOT NULL,
  `user_id` char(36) CHARACTER SET utf8mb4 COLLATE utf8mb4_unicode_ci NOT NULL COMMENT '(DC2Type:guid)',
  `validate_at` datetime DEFAULT NULL,
  `is_suspended` tinyint(1) DEFAULT NULL,
  `suspension_date` datetime DEFAULT NULL,
  `created_at` datetime DEFAULT NULL,
  PRIMARY KEY (`id`),
  KEY `IDX_8E7267B4847DC024` (`ato_id`),
  KEY `IDX_8E7267B4A76ED395` (`user_id`),
  CONSTRAINT `FK_8E7267B4847DC024` FOREIGN KEY (`ato_id`) REFERENCES `ato` (`id`) ON DELETE CASCADE,
  CONSTRAINT `FK_8E7267B4A76ED395` FOREIGN KEY (`user_id`) REFERENCES `user` (`id`)
) ENGINE=InnoDB AUTO_INCREMENT=40 DEFAULT CHARSET=utf8mb4 COLLATE=utf8mb4_unicode_ci;

--
-- Dumping data for table `ato_user`
--

INSERT INTO `ato_user` VALUES (13,11,'6b9c79aa-9b32-11ed-97f8-0242ac120004','2023-01-28 13:52:33',1,'2023-01-28 14:28:22',NULL),(16,11,'e82e1ec2-9a66-11ed-9a3d-0242ac120005','2023-01-28 14:37:17',NULL,NULL,NULL),(17,11,'2be64b2c-1cdc-45cf-a43e-b095857364nb','2023-01-28 15:01:59',NULL,NULL,NULL),(18,11,'03877864-9f30-11ed-a278-0242ac120004','2023-01-28 17:30:20',NULL,NULL,NULL),(22,10,'3870b579-9b32-11ed-97f8-0242ac120004','2023-02-06 16:04:07',NULL,NULL,'2023-02-06 16:01:00'),(23,10,'e82e1ec2-9a66-11ed-9a3d-0242ac120005','2023-02-06 19:20:32',NULL,NULL,'2023-02-06 19:20:31'),(24,10,'03877864-9f30-11ed-a278-0242ac120004','2023-02-06 19:27:41',NULL,NULL,'2023-02-06 19:27:40'),(25,10,'6b6dc8dc-a654-11ed-9a87-0242ac120005','2023-02-06 19:28:23',NULL,NULL,'2023-02-06 19:28:30'),(27,10,'6b9c79aa-9b32-11ed-97f8-0242ac120004','2023-02-06 21:57:29',NULL,NULL,'2023-02-06 19:51:57'),(28,4,'26eb189f-a65a-11ed-9a87-0242ac120005',NULL,NULL,NULL,'2023-02-06 20:09:31'),(29,2,'0b4ff315-a8ab-11ed-b14e-0242ac120002','2023-02-10 16:39:15',NULL,NULL,'2023-02-09 18:53:38'),(30,4,'3870b579-9b32-11ed-97f8-0242ac120004','2023-02-12 19:35:29',NULL,NULL,'2023-02-12 19:35:29'),(31,4,'e82e1ec2-9a66-11ed-9a3d-0242ac120005','2023-06-02 12:59:52',NULL,NULL,'2023-02-12 19:37:00'),(32,2,'e82e1ec2-9a66-11ed-9a3d-0242ac120005','2023-06-02 13:09:35',NULL,NULL,'2023-02-13 16:19:43'),(33,3,'e82e1ec2-9a66-11ed-9a3d-0242ac120005','2023-06-02 13:09:25',NULL,NULL,'2023-02-13 16:19:57'),(34,3,'f9267fff-c04a-11ed-afd6-0242ac120003','2023-03-11 20:26:15',NULL,NULL,'2023-03-11 20:26:25'),(35,3,'03877864-9f30-11ed-a278-0242ac120004','2023-04-21 09:13:12',NULL,NULL,'2023-04-21 09:13:13'),(36,3,'4f0e2470-e025-11ed-b103-0242ac120002','2023-04-21 12:14:47',NULL,NULL,'2023-04-21 09:17:25'),(37,3,'61b08719-e025-11ed-b103-0242ac120002','2023-06-02 17:50:30',NULL,NULL,'2023-04-21 09:17:51'),(38,4,'74366de7-e025-11ed-b103-0242ac120002',NULL,NULL,NULL,'2023-04-21 09:18:26'),(39,4,'9bc89c16-e025-11ed-b103-0242ac120002',NULL,NULL,NULL,'2023-04-21 09:19:34');

--
-- Table structure for table `ato_user_action`
--

CREATE TABLE `ato_user_action` (
  `id` int NOT NULL AUTO_INCREMENT,
  `action_id` int NOT NULL,
  `ato_user_id` int NOT NULL,
  `state` varchar(255) CHARACTER SET utf8mb4 COLLATE utf8mb4_unicode_ci NOT NULL,
  `validate_at` datetime DEFAULT NULL,
  PRIMARY KEY (`id`),
  KEY `IDX_F1A04DE79D32F035` (`action_id`),
  KEY `IDX_F1A04DE730A17E02` (`ato_user_id`),
  CONSTRAINT `FK_F1A04DE730A17E02` FOREIGN KEY (`ato_user_id`) REFERENCES `ato_user` (`id`),
  CONSTRAINT `FK_F1A04DE79D32F035` FOREIGN KEY (`action_id`) REFERENCES `action` (`id`)
) ENGINE=InnoDB DEFAULT CHARSET=utf8mb4 COLLATE=utf8mb4_unicode_ci;

--
-- Dumping data for table `ato_user_action`
--


--
-- Table structure for table `ato_user_ato_role`
--

CREATE TABLE `ato_user_ato_role` (
  `ato_user_id` int NOT NULL,
  `ato_role_id` int NOT NULL,
  PRIMARY KEY (`ato_user_id`,`ato_role_id`),
  KEY `IDX_EAA3F26E30A17E02` (`ato_user_id`),
  KEY `IDX_EAA3F26E41CC8F3B` (`ato_role_id`),
  CONSTRAINT `FK_EAA3F26E30A17E02` FOREIGN KEY (`ato_user_id`) REFERENCES `ato_user` (`id`) ON DELETE CASCADE,
  CONSTRAINT `FK_EAA3F26E41CC8F3B` FOREIGN KEY (`ato_role_id`) REFERENCES `ato_role` (`id`) ON DELETE CASCADE
) ENGINE=InnoDB DEFAULT CHARSET=utf8mb4 COLLATE=utf8mb4_unicode_ci;

--
-- Dumping data for table `ato_user_ato_role`
--

INSERT INTO `ato_user_ato_role` VALUES (31,45),(32,45),(33,46),(37,46);

--
-- Table structure for table `ato_user_role`
--

CREATE TABLE `ato_user_role` (
  `id` int NOT NULL AUTO_INCREMENT,
  `ato_user_id` int NOT NULL,
  `ato_role_id` int NOT NULL,
  `assigned_at` datetime NOT NULL,
  PRIMARY KEY (`id`),
  KEY `IDX_BB8F92E430A17E02` (`ato_user_id`),
  KEY `IDX_BB8F92E441CC8F3B` (`ato_role_id`),
  CONSTRAINT `FK_BB8F92E430A17E02` FOREIGN KEY (`ato_user_id`) REFERENCES `ato_user` (`id`),
  CONSTRAINT `FK_BB8F92E441CC8F3B` FOREIGN KEY (`ato_role_id`) REFERENCES `ato_role` (`id`)
) ENGINE=InnoDB AUTO_INCREMENT=54 DEFAULT CHARSET=utf8mb4 COLLATE=utf8mb4_unicode_ci;

--
-- Dumping data for table `ato_user_role`
--

INSERT INTO `ato_user_role` VALUES (47,31,45,'2023-06-02 14:59:47'),(48,31,47,'2023-06-02 14:59:52'),(49,31,46,'2023-06-02 13:03:15'),(51,33,46,'2023-06-02 15:09:25'),(52,32,45,'2023-06-02 15:09:36'),(53,37,46,'2023-06-02 19:50:32');

--
-- Table structure for table `category_aircraft`
--

CREATE TABLE `category_aircraft` (
  `id` int NOT NULL AUTO_INCREMENT,
  `name` varchar(255) CHARACTER SET utf8mb4 COLLATE utf8mb4_unicode_ci NOT NULL,
  PRIMARY KEY (`id`)
) ENGINE=InnoDB AUTO_INCREMENT=8 DEFAULT CHARSET=utf8mb4 COLLATE=utf8mb4_unicode_ci;

--
-- Dumping data for table `category_aircraft`
--

INSERT INTO `category_aircraft` VALUES (1,'PLANE'),(2,'SEA PLANE'),(3,'HELICOPTER'),(4,'ULTRA-LIGHT'),(5,'MOTOGLIDER'),(6,'GLIDER'),(7,'Test');

--
-- Table structure for table `class_aircraft`
--

CREATE TABLE `class_aircraft` (
  `id` int NOT NULL AUTO_INCREMENT,
  `name` varchar(255) CHARACTER SET utf8mb4 COLLATE utf8mb4_unicode_ci NOT NULL,
  PRIMARY KEY (`id`)
) ENGINE=InnoDB AUTO_INCREMENT=20 DEFAULT CHARSET=utf8mb4 COLLATE=utf8mb4_unicode_ci;

--
-- Dumping data for table `class_aircraft`
--

INSERT INTO `class_aircraft` VALUES (1,'SEP LAND'),(2,'AMPHIBIAN'),(3,'SET LAND'),(4,'SET'),(5,'CLASS 1'),(6,'CLASS 2'),(7,'CLASS 3'),(8,'CLASS 4'),(9,'CLASS 5'),(10,'CLASS 6'),(11,'TMG'),(12,'CLUB'),(13,'15 M'),(14,'LIBRE'),(15,'STANDARD'),(16,'MONDIAL'),(17,'DUAL'),(18,'18 M'),(19,'Test');

--
-- Table structure for table `class_aircraft_manufacturer_aircraft`
--

CREATE TABLE `class_aircraft_manufacturer_aircraft` (
  `class_aircraft_id` int NOT NULL,
  `manufacturer_aircraft_id` int NOT NULL,
  PRIMARY KEY (`class_aircraft_id`,`manufacturer_aircraft_id`),
  KEY `IDX_E01BD698BC00E06A` (`class_aircraft_id`),
  KEY `IDX_E01BD69884B93B67` (`manufacturer_aircraft_id`),
  CONSTRAINT `FK_E01BD69884B93B67` FOREIGN KEY (`manufacturer_aircraft_id`) REFERENCES `manufacturer_aircraft` (`id`) ON DELETE CASCADE,
  CONSTRAINT `FK_E01BD698BC00E06A` FOREIGN KEY (`class_aircraft_id`) REFERENCES `class_aircraft` (`id`) ON DELETE CASCADE
) ENGINE=InnoDB DEFAULT CHARSET=utf8mb4 COLLATE=utf8mb4_unicode_ci;

--
-- Dumping data for table `class_aircraft_manufacturer_aircraft`
--


--
-- Table structure for table `class_aircraft_model_aircraft`
--

CREATE TABLE `class_aircraft_model_aircraft` (
  `class_aircraft_id` int NOT NULL,
  `model_aircraft_id` int NOT NULL,
  PRIMARY KEY (`class_aircraft_id`,`model_aircraft_id`),
  KEY `IDX_D4AC5D84BC00E06A` (`class_aircraft_id`),
  KEY `IDX_D4AC5D84EA6C16B0` (`model_aircraft_id`),
  CONSTRAINT `FK_D4AC5D84BC00E06A` FOREIGN KEY (`class_aircraft_id`) REFERENCES `class_aircraft` (`id`) ON DELETE CASCADE,
  CONSTRAINT `FK_D4AC5D84EA6C16B0` FOREIGN KEY (`model_aircraft_id`) REFERENCES `model_aircraft` (`id`) ON DELETE CASCADE
) ENGINE=InnoDB DEFAULT CHARSET=utf8mb4 COLLATE=utf8mb4_unicode_ci;

--
-- Dumping data for table `class_aircraft_model_aircraft`
--

INSERT INTO `class_aircraft_model_aircraft` VALUES (1,1),(1,2),(1,3),(1,4),(1,5),(1,6),(1,7),(1,8),(1,9),(1,10),(1,11),(1,12),(1,13),(1,14),(1,15),(1,16),(1,17),(1,18),(1,19),(1,20),(1,21),(1,22),(1,23),(1,24),(1,25),(1,26),(1,27),(1,28),(1,29),(1,30),(1,31),(1,32),(1,33),(1,34),(1,35),(1,36),(1,37),(1,38),(1,39),(1,40),(1,41),(1,42),(1,43),(1,44),(1,45),(1,46),(1,47),(1,48),(1,49),(1,50),(1,51),(1,52),(1,53),(1,54),(1,55),(1,56),(1,57),(1,58),(1,59),(1,60),(1,61),(1,62),(1,63),(1,64),(1,65),(1,66),(1,67),(1,68),(1,69),(1,70),(1,71),(1,72),(1,73),(1,74),(1,75),(1,76),(1,77),(1,80),(1,81),(1,148),(1,149),(1,150),(1,151),(1,152),(1,153),(1,154),(1,155),(1,156),(1,157),(1,158),(1,159),(1,160),(1,161),(1,162),(1,163),(1,164),(1,165),(1,166),(1,167),(1,168),(1,169),(1,170),(1,171),(1,172),(1,173),(1,174),(1,175),(1,176),(1,177),(1,183),(1,184),(1,185),(1,186),(1,188),(1,189),(1,190),(1,191),(1,192),(1,193),(1,194),(1,195),(1,196),(1,197),(1,198),(1,200),(1,201),(1,202),(1,203),(1,204),(1,205),(1,206),(1,207),(1,208),(1,209),(1,210),(1,211),(1,212),(1,213),(1,214),(1,215),(1,216),(1,217),(1,221),(1,222),(1,223),(1,224),(1,225),(1,226),(1,227),(1,228),(1,229),(1,234),(1,236),(1,238),(1,239),(1,240),(1,241),(1,242),(1,243),(1,244),(1,245),(1,246),(1,247),(1,248),(1,249),(1,250),(1,251),(1,252),(1,253),(1,254),(1,255),(1,256),(1,257),(1,258),(1,259),(1,260),(1,261),(1,262),(1,263),(1,264),(1,265),(1,266),(1,267),(1,268),(1,269),(1,270),(1,271),(1,272),(1,273),(1,274),(2,87),(2,94),(3,78),(3,79),(3,82),(3,83),(3,84),(3,85),(3,86),(3,88),(3,89),(3,90),(3,91),(3,92),(3,93),(3,94),(3,178),(3,179),(3,180),(3,181),(3,182),(3,187),(3,199),(3,218),(3,219),(3,220),(4,95),(4,96),(4,97),(4,98),(4,99),(4,100),(5,101),(5,102),(6,103),(6,104),(6,105),(6,106),(7,107),(7,108),(7,109),(7,110),(7,230),(7,231),(7,232),(7,233),(7,235),(8,111),(8,112),(8,113),(8,114),(9,115),(9,116),(9,117),(9,118),(9,119),(9,120),(9,121),(9,122),(9,123),(9,124),(9,125),(9,126),(9,127),(9,128),(9,129),(9,130),(10,131),(10,237),(11,132),(11,133),(11,134),(11,135),(11,136),(11,137),(11,138),(12,139),(12,147),(13,140),(14,141),(15,142),(16,143),(17,144),(17,145),(18,146),(19,275);

--
-- Table structure for table `class_aircraft_type_aircraft`
--

CREATE TABLE `class_aircraft_type_aircraft` (
  `class_aircraft_id` int NOT NULL,
  `type_aircraft_id` int NOT NULL,
  PRIMARY KEY (`class_aircraft_id`,`type_aircraft_id`),
  KEY `IDX_1C27305FBC00E06A` (`class_aircraft_id`),
  KEY `IDX_1C27305FCF77F8CD` (`type_aircraft_id`),
  CONSTRAINT `FK_1C27305FBC00E06A` FOREIGN KEY (`class_aircraft_id`) REFERENCES `class_aircraft` (`id`) ON DELETE CASCADE,
  CONSTRAINT `FK_1C27305FCF77F8CD` FOREIGN KEY (`type_aircraft_id`) REFERENCES `type_aircraft` (`id`) ON DELETE CASCADE
) ENGINE=InnoDB DEFAULT CHARSET=utf8mb4 COLLATE=utf8mb4_unicode_ci;

--
-- Dumping data for table `class_aircraft_type_aircraft`
--


--
-- Table structure for table `classroom`
--

CREATE TABLE `classroom` (
  `id` int NOT NULL,
  `nb_places` int DEFAULT NULL,
  `additional_information` longtext CHARACTER SET utf8mb4 COLLATE utf8mb4_unicode_ci,
  `created_at` datetime DEFAULT NULL,
  PRIMARY KEY (`id`),
  CONSTRAINT `FK_497D309DBF396750` FOREIGN KEY (`id`) REFERENCES `resources` (`id`) ON DELETE CASCADE
) ENGINE=InnoDB DEFAULT CHARSET=utf8mb4 COLLATE=utf8mb4_unicode_ci;

--
-- Dumping data for table `classroom`
--

INSERT INTO `classroom` VALUES (1,2,'fzefz',NULL),(12,2,'fzefezf',NULL),(13,3,'azeryt ef,zefipoznf vozenozefnozjef nzeojf zfojzfzef zef zef zef zfezojefjnzeofn zofnzofzofzefo z  ozenf zef zfzef ',NULL),(35,10,'zefrfez','2023-06-06 15:35:04');

--
-- Table structure for table `constraint`
--

CREATE TABLE `constraint` (
  `id` int NOT NULL AUTO_INCREMENT,
  `instructor_skill_id` int DEFAULT NULL,
  `action_id` int DEFAULT NULL,
  `formation_item_id` int DEFAULT NULL,
  `parent_id` int NOT NULL,
  `type` varchar(255) COLLATE utf8mb4_unicode_ci NOT NULL,
  `formation_item_constraint_type` varchar(255) COLLATE utf8mb4_unicode_ci DEFAULT NULL,
  PRIMARY KEY (`id`),
  KEY `IDX_394A8EF255E763E7` (`instructor_skill_id`),
  KEY `IDX_394A8EF29D32F035` (`action_id`),
  KEY `IDX_394A8EF257901725` (`formation_item_id`),
  KEY `IDX_394A8EF2727ACA70` (`parent_id`),
  CONSTRAINT `FK_394A8EF255E763E7` FOREIGN KEY (`instructor_skill_id`) REFERENCES `instructor_skill` (`id`),
  CONSTRAINT `FK_394A8EF257901725` FOREIGN KEY (`formation_item_id`) REFERENCES `formation_item` (`id`) ON DELETE CASCADE,
  CONSTRAINT `FK_394A8EF2727ACA70` FOREIGN KEY (`parent_id`) REFERENCES `formation_item` (`id`),
  CONSTRAINT `FK_394A8EF29D32F035` FOREIGN KEY (`action_id`) REFERENCES `action` (`id`)
) ENGINE=InnoDB AUTO_INCREMENT=6 DEFAULT CHARSET=utf8mb4 COLLATE=utf8mb4_unicode_ci;

--
-- Dumping data for table `constraint`
--

INSERT INTO `constraint` VALUES (4,NULL,NULL,NULL,125,'validation','success'),(5,NULL,NULL,286,287,'validation','success');

--
-- Table structure for table `counter_category`
--

CREATE TABLE `counter_category` (
  `id` int NOT NULL AUTO_INCREMENT,
  `category` varchar(255) COLLATE utf8mb4_unicode_ci NOT NULL,
  `created_at` datetime NOT NULL,
  PRIMARY KEY (`id`)
) ENGINE=InnoDB AUTO_INCREMENT=13 DEFAULT CHARSET=utf8mb4 COLLATE=utf8mb4_unicode_ci;

--
-- Dumping data for table `counter_category`
--

INSERT INTO `counter_category` VALUES (1,'zfefef','2023-04-06 12:53:58'),(2,'zfzefezf','2023-04-07 10:18:03'),(3,'Caractéristiques du vol','2023-04-11 21:42:50'),(10,'zfefef 2','2023-04-27 10:16:58'),(11,'Théorique','2023-05-17 17:23:29'),(12,'Multiple ATOs','2023-06-01 14:50:18');

--
-- Table structure for table `counter_counter_type_value`
--

CREATE TABLE `counter_counter_type_value` (
  `counter_id` int NOT NULL,
  `counter_type_value_id` int NOT NULL,
  PRIMARY KEY (`counter_id`,`counter_type_value_id`),
  KEY `IDX_9A27E752FCEEF2E3` (`counter_id`),
  KEY `IDX_9A27E7522402E8F` (`counter_type_value_id`),
  CONSTRAINT `FK_9A27E7522402E8F` FOREIGN KEY (`counter_type_value_id`) REFERENCES `counter_type_value` (`id`) ON DELETE CASCADE,
  CONSTRAINT `FK_9A27E752FCEEF2E3` FOREIGN KEY (`counter_id`) REFERENCES `counter` (`id`) ON DELETE CASCADE
) ENGINE=InnoDB DEFAULT CHARSET=utf8mb4 COLLATE=utf8mb4_unicode_ci;

--
-- Dumping data for table `counter_counter_type_value`
--

INSERT INTO `counter_counter_type_value` VALUES (9,27),(22,21),(47,22),(48,18),(88,18),(89,18),(92,18),(94,18),(101,18),(114,18),(135,22),(136,26),(167,21),(168,26),(180,21),(181,26),(195,28),(196,29),(200,22),(361,1),(362,22),(363,27),(364,28),(365,29),(367,1),(368,27),(369,28),(370,29),(372,1),(373,27),(374,28),(375,29),(377,1),(378,22),(379,27),(380,28),(381,29),(383,1),(384,22),(385,27),(386,28),(387,29),(416,21),(417,26),(418,22),(419,21),(420,26),(421,21),(422,26),(423,21),(424,26),(427,21),(428,26),(434,31),(435,30),(439,31),(440,30),(441,31),(442,31),(443,30),(444,15),(448,31),(449,31),(450,31),(456,31),(457,30),(458,31),(459,30),(460,31),(465,30),(466,30),(467,30),(468,30),(477,17),(478,15),(479,17),(480,15),(481,17),(482,15),(485,17),(486,15),(487,15),(490,22),(491,22),(492,22),(494,22),(495,22),(500,17),(504,32),(509,22),(515,30),(519,30),(523,30),(527,30),(531,30),(535,30),(539,30),(543,30),(547,30),(551,30),(555,30),(559,30),(563,30),(575,30),(579,30),(583,30),(587,30),(591,30),(595,27),(597,27),(599,27),(601,27),(603,27),(604,27),(609,27),(613,27),(617,27),(621,27),(627,27),(630,26),(631,29),(634,26),(635,29),(638,26),(639,26),(642,26),(643,29),(702,26),(703,29);

--
-- Table structure for table `counter_group`
--

CREATE TABLE `counter_group` (
  `id` int NOT NULL,
  `type` varchar(255) COLLATE utf8mb4_unicode_ci NOT NULL,
  PRIMARY KEY (`id`),
  CONSTRAINT `FK_BE593DE7BF396750` FOREIGN KEY (`id`) REFERENCES `counter_type_value` (`id`) ON DELETE CASCADE
) ENGINE=InnoDB DEFAULT CHARSET=utf8mb4 COLLATE=utf8mb4_unicode_ci;

--
-- Dumping data for table `counter_group`
--

INSERT INTO `counter_group` VALUES (19,'durationGroupExclusive'),(32,'durationGroup');

--
-- Table structure for table `counter_predefined_value`
--

CREATE TABLE `counter_predefined_value` (
  `id` int NOT NULL AUTO_INCREMENT,
  `counter_type_id` int NOT NULL,
  `value` longtext COLLATE utf8mb4_unicode_ci NOT NULL,
  PRIMARY KEY (`id`),
  KEY `IDX_11873EEE4B27D0B2` (`counter_type_id`),
  CONSTRAINT `FK_11873EEE4B27D0B2` FOREIGN KEY (`counter_type_id`) REFERENCES `counter_type` (`id`)
) ENGINE=InnoDB AUTO_INCREMENT=4 DEFAULT CHARSET=utf8mb4 COLLATE=utf8mb4_unicode_ci;

--
-- Dumping data for table `counter_predefined_value`
--

INSERT INTO `counter_predefined_value` VALUES (1,22,'Oui'),(2,22,'Non'),(3,22,'Bof');

--
-- Table structure for table `counter_type`
--

CREATE TABLE `counter_type` (
  `id` int NOT NULL,
  `value_type` varchar(255) COLLATE utf8mb4_unicode_ci NOT NULL,
  `is_basic_counter` tinyint(1) DEFAULT NULL,
  `theoretical_counter` tinyint(1) NOT NULL,
  `add_on_session_end` tinyint(1) NOT NULL,
  `is_flight_characteristic` tinyint(1) NOT NULL,
  `display_on_booklet` tinyint(1) NOT NULL,
  PRIMARY KEY (`id`),
  CONSTRAINT `FK_C3538E4EBF396750` FOREIGN KEY (`id`) REFERENCES `counter_type_value` (`id`) ON DELETE CASCADE
) ENGINE=InnoDB DEFAULT CHARSET=utf8mb4 COLLATE=utf8mb4_unicode_ci;

--
-- Dumping data for table `counter_type`
--

INSERT INTO `counter_type` VALUES (1,'duration',1,0,1,0,0),(2,'duration',1,0,1,0,0),(3,'duration',1,0,1,0,0),(4,'duration',0,0,1,1,0),(5,'duration',0,0,1,1,0),(6,'duration',0,0,1,1,0),(7,'duration',0,0,1,1,0),(8,'duration',0,0,1,1,0),(9,'duration',0,0,1,1,0),(10,'duration',0,0,1,1,0),(12,'numeric',0,0,1,0,1),(13,'duration',0,0,1,0,1),(14,'duration',0,0,1,0,1),(15,'duration',0,0,1,0,1),(16,'duration',0,0,1,0,1),(17,'duration',0,0,1,0,1),(18,'duration',0,0,1,0,1),(20,'duration',0,0,1,0,1),(21,'numeric',0,0,1,0,1),(22,'value',0,0,1,0,1),(23,'duration',NULL,0,1,1,0),(24,'duration',NULL,0,1,1,0),(25,'duration',NULL,0,1,1,0),(26,'duration',0,0,1,0,1),(27,'numeric',0,0,1,0,1),(28,'duration',0,0,1,0,1),(29,'numeric',0,0,1,0,1),(30,'duration',0,1,1,0,1),(31,'duration',0,1,1,0,1),(33,'duration',0,0,1,0,1),(34,'duration',0,0,1,0,1);

--
-- Table structure for table `counter_type_counter_group`
--

CREATE TABLE `counter_type_counter_group` (
  `counter_type_id` int NOT NULL,
  `counter_group_id` int NOT NULL,
  PRIMARY KEY (`counter_type_id`,`counter_group_id`),
  KEY `IDX_B20934924B27D0B2` (`counter_type_id`),
  KEY `IDX_B2093492B2B3A245` (`counter_group_id`),
  CONSTRAINT `FK_B20934924B27D0B2` FOREIGN KEY (`counter_type_id`) REFERENCES `counter_type` (`id`) ON DELETE CASCADE,
  CONSTRAINT `FK_B2093492B2B3A245` FOREIGN KEY (`counter_group_id`) REFERENCES `counter_group` (`id`) ON DELETE CASCADE
) ENGINE=InnoDB DEFAULT CHARSET=utf8mb4 COLLATE=utf8mb4_unicode_ci;

--
-- Dumping data for table `counter_type_counter_group`
--

INSERT INTO `counter_type_counter_group` VALUES (15,32),(17,19),(18,19),(18,32),(26,32);

--
-- Table structure for table `counter_type_value`
--

CREATE TABLE `counter_type_value` (
  `id` int NOT NULL AUTO_INCREMENT,
  `counter_category_id` int DEFAULT NULL,
  `name` varchar(255) COLLATE utf8mb4_unicode_ci NOT NULL,
  `import_on_ato_create` tinyint(1) NOT NULL,
  `created_at` datetime DEFAULT NULL,
  `counter_type` varchar(255) COLLATE utf8mb4_unicode_ci NOT NULL,
  PRIMARY KEY (`id`),
  KEY `IDX_E69A5912E3679E26` (`counter_category_id`),
  CONSTRAINT `FK_E69A5912E3679E26` FOREIGN KEY (`counter_category_id`) REFERENCES `counter_category` (`id`)
) ENGINE=InnoDB AUTO_INCREMENT=35 DEFAULT CHARSET=utf8mb4 COLLATE=utf8mb4_unicode_ci;

--
-- Dumping data for table `counter_type_value`
--

INSERT INTO `counter_type_value` VALUES (1,NULL,'PIC',0,'2023-04-02 21:32:05','counter_type'),(2,NULL,'SPIC',0,'2023-04-02 21:32:12','counter_type'),(3,NULL,'DUAL',0,'2023-04-02 21:32:19','counter_type'),(4,NULL,'SEP',0,'2023-04-02 21:32:34','counter_type'),(5,NULL,'MEP',0,'2023-04-02 21:32:42','counter_type'),(6,NULL,'SIMU FNPT II',0,'2023-04-02 21:32:49','counter_type'),(7,NULL,'SIMU FNPT II MCC',0,'2023-04-02 21:32:55','counter_type'),(8,NULL,'Local',0,'2023-04-02 21:33:21','counter_type'),(9,NULL,'VFR',0,'2023-04-02 21:33:25','counter_type'),(10,NULL,'Day',0,'2023-04-02 21:33:31','counter_type'),(12,1,'ethht',0,'2023-04-06 13:16:59','counter_type'),(13,1,'geg',0,'2023-04-07 13:04:32','counter_type'),(14,1,'geg2',0,'2023-04-07 13:15:30','counter_type'),(15,2,'PIC',0,'2023-04-10 17:51:13','counter_type'),(16,1,'SEP',0,'2023-04-10 18:57:50','counter_type'),(17,3,'VFR',0,'2023-04-11 21:44:07','counter_type'),(18,2,'IFR',0,'2023-04-11 21:44:17','counter_type'),(19,3,'Régime de vol',0,'2023-04-11 22:07:46','counter_group'),(20,1,'ethht',0,'2023-04-27 10:19:00','counter_type'),(21,2,'Indicateur numérique',0,'2023-04-27 17:53:27','counter_type'),(22,10,'Attitude de l\'élève',0,'2023-04-28 15:49:39','counter_type'),(23,NULL,'X-Country',0,NULL,'counter_type'),(24,NULL,'IFR',0,NULL,'counter_type'),(25,NULL,'Night',0,NULL,'counter_type'),(26,10,'Durée du vol',0,'2023-05-04 18:53:55','counter_type'),(27,10,'Nombre d\'atterrissage',0,'2023-05-11 17:04:45','counter_type'),(28,2,'Attente avant décollage',0,'2023-05-11 17:05:02','counter_type'),(29,10,'Nombre de tours de piste',0,'2023-05-11 17:05:25','counter_type'),(30,11,'INDICATEUR Théorique',0,'2023-05-17 17:23:42','counter_type'),(31,11,'INDICATEUR Théorique 2',0,'2023-05-17 17:24:58','counter_type'),(32,3,'Grp durée',0,'2023-05-29 18:03:52','counter_group'),(33,2,'Édition ATO',0,'2023-06-01 14:45:25','counter_type'),(34,12,'Indicateur multiple ATOs',0,'2023-06-01 14:50:52','counter_type');

--
-- Table structure for table `engine_type_aircraft`
--

CREATE TABLE `engine_type_aircraft` (
  `id` int NOT NULL AUTO_INCREMENT,
  `name` varchar(255) CHARACTER SET utf8mb4 COLLATE utf8mb4_unicode_ci NOT NULL,
  PRIMARY KEY (`id`)
) ENGINE=InnoDB AUTO_INCREMENT=6 DEFAULT CHARSET=utf8mb4 COLLATE=utf8mb4_unicode_ci;

--
-- Dumping data for table `engine_type_aircraft`
--

INSERT INTO `engine_type_aircraft` VALUES (1,'Piston'),(2,'Turboprop'),(3,'None'),(4,'Turbofan'),(5,'Test');

--
-- Table structure for table `exercise_skills`
--

CREATE TABLE `exercise_skills` (
  `exercise_id` int NOT NULL,
  `skills_id` int NOT NULL,
  PRIMARY KEY (`exercise_id`,`skills_id`),
  KEY `IDX_A07E831BE934951A` (`exercise_id`),
  KEY `IDX_A07E831B7FF61858` (`skills_id`),
  CONSTRAINT `FK_A07E831B7FF61858` FOREIGN KEY (`skills_id`) REFERENCES `skills` (`id`) ON DELETE CASCADE,
  CONSTRAINT `FK_A07E831BE934951A` FOREIGN KEY (`exercise_id`) REFERENCES `formation_item` (`id`) ON DELETE CASCADE
) ENGINE=InnoDB DEFAULT CHARSET=utf8mb4 COLLATE=utf8mb4_unicode_ci;

--
-- Dumping data for table `exercise_skills`
--

INSERT INTO `exercise_skills` VALUES (57,21),(57,23),(65,24),(66,23),(67,21),(67,24),(141,23),(141,24),(142,25),(157,25),(157,26),(158,26),(158,27),(159,25),(159,26),(159,27),(160,25),(160,26),(183,23),(183,26),(184,23),(185,26),(237,35),(237,36),(238,35),(239,35),(240,36),(249,23),(249,24),(249,25),(249,36),(250,23),(250,24),(251,23),(251,25),(253,24),(253,36),(254,24),(255,36),(256,24),(256,36),(257,36),(258,24),(262,23),(262,24),(263,23),(264,23),(265,24),(266,23),(267,24),(268,23),(268,24),(452,35),(453,35),(455,35),(468,23),(493,35),(494,35),(494,36),(495,36),(496,35),(496,36),(532,35),(532,36),(533,35),(534,36),(541,35),(542,35),(542,36),(543,36),(545,35);

--
-- Table structure for table `extra_lesson`
--

CREATE TABLE `extra_lesson` (
  `id` int NOT NULL AUTO_INCREMENT,
  `lesson_id` int DEFAULT NULL,
  `formation_id` int NOT NULL,
  `is_theoretical` tinyint(1) NOT NULL,
  `name` varchar(255) CHARACTER SET utf8mb4 COLLATE utf8mb4_unicode_ci NOT NULL,
  `goals` longtext CHARACTER SET utf8mb4 COLLATE utf8mb4_unicode_ci,
  `duration` int DEFAULT NULL,
  `is_test` tinyint(1) NOT NULL,
  `description` longtext CHARACTER SET utf8mb4 COLLATE utf8mb4_unicode_ci,
  PRIMARY KEY (`id`),
  KEY `IDX_2E584C5BCDF80196` (`lesson_id`),
  KEY `IDX_2E584C5B5200282E` (`formation_id`),
  CONSTRAINT `FK_2E584C5B5200282E` FOREIGN KEY (`formation_id`) REFERENCES `formation` (`id`),
  CONSTRAINT `FK_2E584C5BCDF80196` FOREIGN KEY (`lesson_id`) REFERENCES `formation_item` (`id`)
) ENGINE=InnoDB AUTO_INCREMENT=31 DEFAULT CHARSET=utf8mb4 COLLATE=utf8mb4_unicode_ci;

--
-- Dumping data for table `extra_lesson`
--

INSERT INTO `extra_lesson` VALUES (3,NULL,17,0,'eththed','thdgfhtgf',0,0,'tdrhhtdghtdgf'),(4,NULL,18,0,'rtyhryth','trhhtr',0,0,'rtyhhrt'),(5,NULL,18,0,'test10','onjiu',0,0,'ujo'),(6,NULL,22,0,'Leçon extra','zerfzrefFERZ',0,0,'zerfzerfzerf'),(7,NULL,22,0,'leçonnn 2','htgreezrfghtrg',0,0,'rgezefa'),(8,NULL,23,0,'fghngcn','fgjhgf,n',0,0,'gcfngfjdn'),(9,NULL,23,0,'grzgr','ergerg',0,0,'ergegr'),(11,NULL,23,0,'fezf','zrfeezf',0,0,'zerffezz'),(15,NULL,24,0,'fzezef','zeffzea',0,0,'zefzef'),(16,NULL,26,0,'fgxhgdjx','srhdhsft',0,0,'rhsqhrfs'),(18,NULL,45,0,'Rattrapage 1','fzaefaz',0,0,'zerfze'),(19,NULL,46,0,'ththd','hteht',0,0,'ehtdhte'),(21,NULL,48,0,'getrfsv','ghetefd',0,0,'getfv'),(25,NULL,48,1,'fsdxgvxfvc gd','rggrrgf',0,0,'fdggdrf'),(27,NULL,43,1,'dfhtgxbtdh','dththd',0,0,'tehdthd');

--
-- Table structure for table `extra_lesson_skills`
--

CREATE TABLE `extra_lesson_skills` (
  `extra_lesson_id` int NOT NULL,
  `skills_id` int NOT NULL,
  PRIMARY KEY (`extra_lesson_id`,`skills_id`),
  KEY `IDX_3DC4DAAE3FD4DD80` (`extra_lesson_id`),
  KEY `IDX_3DC4DAAE7FF61858` (`skills_id`),
  CONSTRAINT `FK_3DC4DAAE3FD4DD80` FOREIGN KEY (`extra_lesson_id`) REFERENCES `extra_lesson` (`id`) ON DELETE CASCADE,
  CONSTRAINT `FK_3DC4DAAE7FF61858` FOREIGN KEY (`skills_id`) REFERENCES `skills` (`id`) ON DELETE CASCADE
) ENGINE=InnoDB DEFAULT CHARSET=utf8mb4 COLLATE=utf8mb4_unicode_ci;

--
-- Dumping data for table `extra_lesson_skills`
--


--
-- Table structure for table `formation`
--

CREATE TABLE `formation` (
  `id` int NOT NULL AUTO_INCREMENT,
  `lesson_notation_id` int DEFAULT NULL,
  `exercises_notation_id` int DEFAULT NULL,
  `exercise_decomposition_notation_id` int DEFAULT NULL,
  `ato_id` int DEFAULT NULL,
  `phases_notation_id` int DEFAULT NULL,
  `phase_sub_group_id` int DEFAULT NULL,
  `name` varchar(255) COLLATE utf8mb4_unicode_ci NOT NULL,
  `subname` varchar(255) COLLATE utf8mb4_unicode_ci DEFAULT NULL,
  `code` varchar(255) COLLATE utf8mb4_unicode_ci NOT NULL,
  `version` varchar(255) COLLATE utf8mb4_unicode_ci NOT NULL,
  `description` longtext COLLATE utf8mb4_unicode_ci,
  `goals` longtext COLLATE utf8mb4_unicode_ci,
  `duration` int DEFAULT NULL,
  `is_theoretical` tinyint(1) NOT NULL,
  `use_theoretical_counters` tinyint(1) NOT NULL,
  `theoretical_lesson_in_practical_formation` tinyint(1) NOT NULL,
  `time_bloc_management` tinyint(1) NOT NULL,
  `flight_time_managment` tinyint(1) NOT NULL,
  `use_base_counters` tinyint(1) NOT NULL,
  `flight_characteristics` tinyint(1) NOT NULL,
  `use_not_technical_skills` tinyint(1) NOT NULL,
  `comment_on_not_technical_skills` tinyint(1) NOT NULL,
  `use_color_code_for_not_technical_skills` tinyint(1) NOT NULL,
  `use_modules_group` tinyint(1) NOT NULL,
  `use_modules` tinyint(1) NOT NULL,
  `use_phases` tinyint(1) NOT NULL,
  `use_exercises_group` tinyint(1) NOT NULL,
  `use_exercises` tinyint(1) NOT NULL,
  `use_technical_skills` tinyint(1) NOT NULL,
  `use_exercises_decomposition` tinyint(1) NOT NULL,
  `is_active` tinyint(1) NOT NULL,
  `use_practical_counter` tinyint(1) NOT NULL,
  `use_formation_duration` tinyint(1) NOT NULL,
  `use_exercise_decomposition_notation` tinyint(1) NOT NULL,
  `use_exercises_comments` tinyint(1) NOT NULL,
  `created_at` datetime NOT NULL,
  `last_modification` datetime DEFAULT NULL,
  `enable_student_self_evaluation` tinyint(1) NOT NULL,
  `is_draft` tinyint(1) NOT NULL,
  `items` json DEFAULT NULL,
  `formation_create_step_on_save` int DEFAULT NULL,
  `has_skills` tinyint(1) DEFAULT NULL,
  `lesson_notation_reason_id` int DEFAULT NULL,
  `phases_notation_reason_id` int DEFAULT NULL,
  `exercises_notation_reason_id` int DEFAULT NULL,
  `evaluate_skills_in_lessons` tinyint(1) DEFAULT NULL,
  `evaluate_skills_in_exercises` tinyint(1) DEFAULT NULL,
  `evaluate_skills_indicators` tinyint(1) DEFAULT NULL,
  `evaluate_skills_indicators_in_lessons` tinyint(1) DEFAULT NULL,
  `lesson_type` varchar(50) COLLATE utf8mb4_unicode_ci DEFAULT NULL,
  `standard_duration` int DEFAULT NULL,
  `max_duration` int DEFAULT NULL,
  `group_module_notation_id` int DEFAULT NULL,
  `group_module_notation_reason_id` int DEFAULT NULL,
  `module_notation_id` int DEFAULT NULL,
  `module_notation_reason_id` int DEFAULT NULL,
  `skills_notation_id` int DEFAULT NULL,
  `skills_notation_reason_id` int DEFAULT NULL,
  `indicators_notation_id` int DEFAULT NULL,
  `indicators_notation_reason_id` int DEFAULT NULL,
  `skills_lesson_notation_id` int DEFAULT NULL,
  `skills_lesson_notation_reason_id` int DEFAULT NULL,
  `indicators_lesson_notation_id` int DEFAULT NULL,
  `indicators_lesson_notation_reason_id` int DEFAULT NULL,
  PRIMARY KEY (`id`),
  KEY `IDX_404021BF67595CFC` (`lesson_notation_id`),
  KEY `IDX_404021BFB61422E` (`exercises_notation_id`),
  KEY `IDX_404021BFE250A17B` (`exercise_decomposition_notation_id`),
  KEY `IDX_404021BF847DC024` (`ato_id`),
  KEY `IDX_404021BF726DD3E` (`phases_notation_id`),
  KEY `IDX_404021BFCDDFBDDD` (`lesson_notation_reason_id`),
  KEY `IDX_404021BF315741F` (`phases_notation_reason_id`),
  KEY `IDX_404021BF28FE77A6` (`exercises_notation_reason_id`),
  KEY `IDX_404021BFA2241D27` (`phase_sub_group_id`),
  KEY `IDX_404021BF371A858D` (`group_module_notation_id`),
  KEY `IDX_404021BF66AF069E` (`group_module_notation_reason_id`),
  KEY `IDX_404021BF18ABBD25` (`module_notation_id`),
  KEY `IDX_404021BF2F34809B` (`module_notation_reason_id`),
  KEY `IDX_404021BF73956705` (`skills_notation_id`),
  KEY `IDX_404021BFA11AF0AB` (`skills_notation_reason_id`),
  KEY `IDX_404021BF7B6B6E43` (`indicators_notation_id`),
  KEY `IDX_404021BF937E27F3` (`indicators_notation_reason_id`),
  KEY `IDX_404021BFCF27C2DB` (`skills_lesson_notation_id`),
  KEY `IDX_404021BF2E94A2B8` (`skills_lesson_notation_reason_id`),
  KEY `IDX_404021BFFD431583` (`indicators_lesson_notation_id`),
  KEY `IDX_404021BF705C858` (`indicators_lesson_notation_reason_id`),
  CONSTRAINT `FK_404021BF18ABBD25` FOREIGN KEY (`module_notation_id`) REFERENCES `rating` (`id`),
  CONSTRAINT `FK_404021BF28FE77A6` FOREIGN KEY (`exercises_notation_reason_id`) REFERENCES `rating_value_reasons` (`id`),
  CONSTRAINT `FK_404021BF2E94A2B8` FOREIGN KEY (`skills_lesson_notation_reason_id`) REFERENCES `rating_value_reasons` (`id`),
  CONSTRAINT `FK_404021BF2F34809B` FOREIGN KEY (`module_notation_reason_id`) REFERENCES `rating_value_reasons` (`id`),
  CONSTRAINT `FK_404021BF315741F` FOREIGN KEY (`phases_notation_reason_id`) REFERENCES `rating_value_reasons` (`id`),
  CONSTRAINT `FK_404021BF371A858D` FOREIGN KEY (`group_module_notation_id`) REFERENCES `rating` (`id`),
  CONSTRAINT `FK_404021BF66AF069E` FOREIGN KEY (`group_module_notation_reason_id`) REFERENCES `rating_value_reasons` (`id`),
  CONSTRAINT `FK_404021BF67595CFC` FOREIGN KEY (`lesson_notation_id`) REFERENCES `rating` (`id`),
  CONSTRAINT `FK_404021BF705C858` FOREIGN KEY (`indicators_lesson_notation_reason_id`) REFERENCES `rating_value_reasons` (`id`),
  CONSTRAINT `FK_404021BF726DD3E` FOREIGN KEY (`phases_notation_id`) REFERENCES `rating` (`id`),
  CONSTRAINT `FK_404021BF73956705` FOREIGN KEY (`skills_notation_id`) REFERENCES `rating` (`id`),
  CONSTRAINT `FK_404021BF7B6B6E43` FOREIGN KEY (`indicators_notation_id`) REFERENCES `rating` (`id`),
  CONSTRAINT `FK_404021BF847DC024` FOREIGN KEY (`ato_id`) REFERENCES `ato` (`id`),
  CONSTRAINT `FK_404021BF937E27F3` FOREIGN KEY (`indicators_notation_reason_id`) REFERENCES `rating_value_reasons` (`id`),
  CONSTRAINT `FK_404021BFA11AF0AB` FOREIGN KEY (`skills_notation_reason_id`) REFERENCES `rating_value_reasons` (`id`),
  CONSTRAINT `FK_404021BFA2241D27` FOREIGN KEY (`phase_sub_group_id`) REFERENCES `phases_sub_group` (`id`),
  CONSTRAINT `FK_404021BFB61422E` FOREIGN KEY (`exercises_notation_id`) REFERENCES `rating` (`id`),
  CONSTRAINT `FK_404021BFCDDFBDDD` FOREIGN KEY (`lesson_notation_reason_id`) REFERENCES `rating_value_reasons` (`id`),
  CONSTRAINT `FK_404021BFCF27C2DB` FOREIGN KEY (`skills_lesson_notation_id`) REFERENCES `rating` (`id`),
  CONSTRAINT `FK_404021BFE250A17B` FOREIGN KEY (`exercise_decomposition_notation_id`) REFERENCES `rating` (`id`),
  CONSTRAINT `FK_404021BFFD431583` FOREIGN KEY (`indicators_lesson_notation_id`) REFERENCES `rating` (`id`)
) ENGINE=InnoDB AUTO_INCREMENT=77 DEFAULT CHARSET=utf8mb4 COLLATE=utf8mb4_unicode_ci;

--
-- Dumping data for table `formation`
--

INSERT INTO `formation` VALUES (2,30,NULL,NULL,3,31,2,'ehthte','het','hte','hte','','',900,1,1,1,0,0,0,0,0,0,0,0,1,1,0,1,0,0,1,1,1,0,0,'2023-04-04 21:34:50','2023-04-21 12:50:09',0,0,'[]',0,0,NULL,7,NULL,NULL,NULL,NULL,NULL,NULL,NULL,NULL,NULL,NULL,NULL,NULL,NULL,NULL,NULL,NULL,NULL,NULL,NULL,NULL),(13,29,38,NULL,3,27,2,'test','','test','test','','',950,0,0,0,1,0,1,1,0,0,0,1,1,1,0,1,0,0,1,1,1,0,0,'2023-04-10 17:05:09','2023-05-12 16:22:42',0,0,'[{\"id\": \"clgqkeoog000k356gm0ydz3tw\", \"@id\": \"clgqkeoog000k356gm0ydz3tw\", \"name\": \"Abbréviation\", \"@type\": \"Phase\", \"goals\": \"\", \"isNew\": true, \"itemId\": \"clgqkeoog000l356gzaz0wc9u\", \"actions\": [], \"fromAPI\": true, \"children\": [], \"counters\": [], \"isDroped\": 1, \"notation\": null, \"position\": null, \"formation\": null, \"minRating\": null, \"isEditable\": true, \"constraints\": [], \"description\": \"\", \"maxDuration\": 0, \"requirements\": [], \"technicalSkills\": [], \"configISExpended\": null, \"standardDuration\": 0, \"notTechnicalSkill\": [], \"formationItemFromListId\": \"clgqkeoog000k356gm0ydz3tw\"}, {\"id\": \"clgqkezv5000n356ggjl2owgd\", \"@id\": \"clgqkezv5000n356ggjl2owgd\", \"name\": \"Exercice 2\", \"@type\": \"Exercise\", \"goals\": \"\", \"isNew\": true, \"itemId\": \"clgqkezv5000m356gf0hvrmuf\", \"actions\": [], \"children\": [], \"counters\": [], \"isDroped\": 2, \"notation\": {\"id\": 28, \"@id\": \"/api/ratings/28\", \"atos\": [{\"@id\": \"/api/atos/3\", \"name\": \"test2 Edit\", \"@type\": \"Ato\", \"formations\": [\"/api/formations/2\", \"/api/formations/13\", \"/api/formations/14\", \"/api/formations/15\"], \"postalAddress\": {\"@id\": \"/api/postal_addresses/78\", \"@type\": \"PostalAddress\", \"country\": \"Fance\"}}], \"name\": \"fezfzef\", \"@type\": \"Rating\", \"skills\": [], \"formations\": [], \"isEditable\": false, \"ratingValues\": [{\"@id\": \"/api/rating_values/31\", \"@type\": \"RatingValue\", \"color\": \"#000000\", \"value\": \"zfzef\", \"position\": 0, \"mediaValue\": {\"@id\": \"/api/media_objects/14\", \"file\": null, \"@type\": \"http://schema.org/MediaObject\", \"filePath\": \"640cc231baa0b_126831522_688122635403879_4351436385684016301_n.jpg\", \"contentUrl\": \"/media/640cc231baa0b_126831522_688122635403879_4351436385684016301_n.jpg\", \"originalName\": \"126831522_688122635403879_4351436385684016301_n.jpg\"}, \"description\": \"\", \"validateExercise\": true, \"exerciseNotperformed\": false}, {\"@id\": \"/api/rating_values/32\", \"@type\": \"RatingValue\", \"color\": \"#000000\", \"value\": \"zefze\", \"position\": 1, \"mediaValue\": {\"@id\": \"/api/media_objects/15\", \"file\": null, \"@type\": \"http://schema.org/MediaObject\", \"filePath\": \"640cc81478632_golden-retriever.jpg\", \"contentUrl\": \"/media/640cc81478632_golden-retriever.jpg\", \"originalName\": \"golden-retriever.jpg\"}, \"description\": \"\", \"validateExercise\": false, \"exerciseNotperformed\": true}], \"nextWhenUnrealized\": false, \"nextWhenUnvalidate\": false}, \"position\": null, \"formation\": null, \"minRating\": \"/api/rating_values/32\", \"isEditable\": true, \"constraints\": [], \"description\": \"\", \"maxDuration\": 0, \"requirements\": [], \"technicalSkills\": [], \"configISExpended\": null, \"standardDuration\": 0, \"notTechnicalSkill\": [], \"formationItemFromListId\": \"clgqkezv5000n356ggjl2owgd\"}, {\"id\": \"clgqkhbdh0071356g25dsv3mp\", \"@id\": \"clgqkhbdh0071356g25dsv3mp\", \"name\": \"Exercice\", \"@type\": \"Exercise\", \"goals\": \"\", \"isNew\": true, \"itemId\": \"clgqkhbdh0070356gudco3k44\", \"actions\": [], \"children\": [], \"counters\": [], \"isDroped\": 1, \"position\": null, \"formation\": null, \"isEditable\": true, \"constraints\": [], \"description\": \"\", \"maxDuration\": 0, \"requirements\": [], \"technicalSkills\": [], \"configISExpended\": null, \"standardDuration\": 0, \"notTechnicalSkill\": [], \"formationItemFromListId\": \"clgqkhbdh0071356g25dsv3mp\"}]',0,1,NULL,NULL,NULL,NULL,1,0,NULL,NULL,NULL,NULL,NULL,NULL,NULL,NULL,NULL,NULL,NULL,NULL,NULL,NULL,NULL,NULL),(14,NULL,NULL,NULL,3,NULL,NULL,'test','','test','test2','','',0,0,0,0,1,0,1,1,0,0,0,0,0,0,0,0,0,0,1,0,0,0,0,'2023-04-10 19:12:14','2023-04-21 09:10:41',0,0,'[]',0,0,NULL,NULL,NULL,NULL,NULL,NULL,NULL,NULL,NULL,NULL,NULL,NULL,NULL,NULL,NULL,NULL,NULL,NULL,NULL,NULL,NULL,NULL),(15,NULL,NULL,NULL,3,NULL,NULL,'gndg','','nfhngf','nfgng','','',0,0,0,0,1,0,1,1,0,0,0,0,0,0,0,0,0,0,1,0,0,0,0,'2023-04-11 16:57:31','2023-04-21 09:27:33',0,0,'[]',0,0,NULL,NULL,NULL,NULL,NULL,NULL,NULL,NULL,NULL,NULL,NULL,NULL,NULL,NULL,NULL,NULL,NULL,NULL,NULL,NULL,NULL,NULL),(16,NULL,26,NULL,2,NULL,NULL,'Leçon + Ex','','zfezef','zeffez','','',0,0,0,0,1,0,1,1,0,0,0,0,0,0,0,1,0,0,0,0,0,0,0,'2023-04-21 13:13:29','2023-05-08 18:44:17',0,1,'[]',2,0,NULL,NULL,NULL,NULL,NULL,NULL,NULL,NULL,NULL,NULL,NULL,NULL,NULL,NULL,NULL,NULL,NULL,NULL,NULL,NULL,NULL,NULL),(17,NULL,NULL,NULL,3,NULL,NULL,'Formation simple','','simple','simple','','',0,0,0,0,1,1,1,1,0,0,0,0,0,0,0,1,0,0,1,0,0,0,0,'2023-04-26 10:52:21','2023-04-26 15:07:29',0,0,'[]',0,0,NULL,NULL,NULL,NULL,NULL,NULL,NULL,NULL,NULL,NULL,NULL,NULL,NULL,NULL,NULL,NULL,NULL,NULL,NULL,NULL,NULL,NULL),(18,41,43,NULL,3,NULL,NULL,'Formation clean','','zefzefz','aefe','','',0,0,0,0,1,0,1,1,0,0,0,0,0,0,0,1,0,0,1,0,0,0,0,'2023-04-26 15:23:44','2023-04-26 19:11:46',0,0,'[]',0,0,NULL,NULL,NULL,NULL,NULL,NULL,NULL,NULL,NULL,NULL,NULL,NULL,NULL,NULL,NULL,NULL,NULL,NULL,NULL,NULL,NULL,NULL),(19,41,42,NULL,3,NULL,NULL,'Formation Leçon - Exercices','','fzef','faeae','','',0,0,0,0,1,0,0,1,0,0,0,0,0,0,0,1,0,0,1,0,0,0,0,'2023-04-26 16:36:11','2023-05-03 20:38:16',0,0,'[{\"id\": \"clgxty9eg0021356g6r57vmvk\", \"@id\": \"clgxty9eg0021356g6r57vmvk\", \"name\": \"test3\", \"@type\": \"Lesson\", \"files\": [], \"goals\": \"\", \"isNew\": true, \"groupe\": false, \"itemId\": \"clgxty9eg0020356guhlrh5h9\", \"actions\": [], \"ceiling\": \"\", \"children\": [], \"counters\": [], \"isDroped\": 0, \"position\": null, \"classroom\": null, \"formation\": null, \"isEditable\": true, \"minWeather\": \"\", \"constraints\": [], \"description\": \"\", \"maxDuration\": 0, \"requirements\": [], \"technicalRef\": \"\", \"isTheoretical\": false, \"minVisibility\": \"\", \"technicalSkills\": [], \"configISExpended\": null, \"standardDuration\": 0, \"notTechnicalSkill\": [], \"formationItemFromListId\": \"clgxty9eg0021356g6r57vmvk\"}]',0,0,NULL,NULL,NULL,NULL,NULL,NULL,NULL,NULL,NULL,NULL,NULL,NULL,NULL,NULL,NULL,NULL,NULL,NULL,NULL,NULL,NULL,NULL),(20,41,43,NULL,3,42,4,'Formation - Motif de notation','','zfezf','zfezf','','',0,0,0,0,1,0,1,1,0,0,0,1,1,1,0,1,0,1,1,0,0,0,0,'2023-04-27 16:15:28','2023-05-08 12:55:22',0,0,'[{\"id\": \"clgz7i3l70001356g0nwjjmoc\", \"@id\": \"clgz7i3l70001356g0nwjjmoc\", \"name\": \"zefzeff\", \"@type\": \"Exercise\", \"goals\": \"\", \"isNew\": true, \"itemId\": \"clgz7i3l60000356gke5afya2\", \"actions\": [], \"children\": [], \"counters\": [], \"isDroped\": 1, \"position\": null, \"formation\": null, \"isEditable\": true, \"constraints\": [], \"description\": \"\", \"maxDuration\": 0, \"requirements\": [], \"technicalSkills\": [], \"configISExpended\": null, \"standardDuration\": 0, \"notTechnicalSkill\": [], \"formationItemFromListId\": \"clgz7i3l70001356g0nwjjmoc\"}, {\"id\": \"clgz7i5950007356gorrkrfog\", \"@id\": \"clgz7i5950007356gorrkrfog\", \"name\": \"zefefezf\", \"@type\": \"Lesson\", \"files\": [], \"goals\": \"\", \"isNew\": true, \"groupe\": false, \"itemId\": \"clgz7i5950006356gtgnh0ud6\", \"actions\": [], \"ceiling\": \"\", \"children\": [], \"counters\": [], \"isDroped\": 1, \"position\": null, \"classroom\": null, \"formation\": null, \"isEditable\": true, \"minWeather\": \"\", \"constraints\": [], \"description\": \"\", \"maxDuration\": 0, \"requirements\": [], \"technicalRef\": \"\", \"isTheoretical\": false, \"minVisibility\": \"\", \"technicalSkills\": [], \"configISExpended\": null, \"standardDuration\": 0, \"notTechnicalSkill\": [], \"formationItemFromListId\": \"clgz7i5950007356gorrkrfog\"}, {\"id\": \"clhc0x5750000356gpg0d84ud\", \"@id\": \"clhc0x5750000356gpg0d84ud\", \"name\": \"fzefff\", \"@type\": \"Phase\", \"goals\": \"\", \"isNew\": true, \"itemId\": \"clhc0x5750001356g7howy97f\", \"actions\": [], \"fromAPI\": true, \"children\": [], \"counters\": [], \"isDroped\": 1, \"notation\": null, \"position\": null, \"formation\": null, \"minRating\": null, \"isEditable\": true, \"constraints\": [], \"description\": \"\", \"maxDuration\": 0, \"requirements\": [], \"technicalSkills\": [], \"configISExpended\": null, \"standardDuration\": 0, \"notTechnicalSkill\": [], \"formationItemFromListId\": \"clhc0x5750000356gpg0d84ud\"}, {\"id\": \"clhc0xixn0003356g9bbnjmj9\", \"@id\": \"clhc0xixn0003356g9bbnjmj9\", \"name\": \"CUSTOM GROUPE\", \"@type\": \"ModulesGroup\", \"goals\": \"\", \"isNew\": true, \"itemId\": \"clhc0xixn0002356gswj5yaz0\", \"actions\": [], \"children\": [], \"counters\": [], \"isDroped\": 1, \"notation\": {\"id\": 41, \"@id\": \"/api/ratings/41\", \"atos\": [{\"@id\": \"/api/atos/3\", \"name\": \"test2 Edit\", \"@type\": \"Ato\", \"formations\": [\"/api/formations/2\", \"/api/formations/13\", \"/api/formations/14\", \"/api/formations/15\", \"/api/formations/17\", \"/api/formations/18\", \"/api/formations/19\", \"/api/formations/20\", \"/api/formations/21\", \"/api/formations/22\"], \"postalAddress\": {\"@id\": \"/api/postal_addresses/78\", \"@type\": \"PostalAddress\", \"country\": \"Fance\"}}], \"name\": \"TEST\", \"@type\": \"Rating\", \"skills\": [], \"createdAt\": \"2023-04-26T15:21:14+02:00\", \"formations\": [\"/api/formations/18\", \"/api/formations/19\", \"/api/formations/21\"], \"isEditable\": false, \"ratingValues\": [{\"@id\": \"/api/rating_values/57\", \"@type\": \"RatingValue\", \"color\": \"#000000\", \"value\": \"Oui\", \"position\": 0, \"mediaValue\": null, \"description\": \"Oui\", \"validateExercise\": true, \"exerciseNotperformed\": false}, {\"@id\": \"/api/rating_values/58\", \"@type\": \"RatingValue\", \"color\": \"#000000\", \"value\": \"Non\", \"position\": 1, \"mediaValue\": null, \"description\": \"Non\", \"validateExercise\": false, \"exerciseNotperformed\": false}, {\"@id\": \"/api/rating_values/59\", \"@type\": \"RatingValue\", \"color\": \"#000000\", \"value\": \"-\", \"position\": 2, \"mediaValue\": null, \"description\": \"-\", \"validateExercise\": false, \"exerciseNotperformed\": true}], \"exerciseFormations\": [\"/api/formations/22\"], \"nextWhenUnrealized\": true, \"nextWhenUnvalidate\": true}, \"position\": null, \"formation\": null, \"minRating\": \"/api/rating_values/58\", \"isEditable\": true, \"constraints\": [], \"description\": \"\", \"maxDuration\": 0, \"requirements\": [], \"technicalSkills\": [], \"configISExpended\": null, \"standardDuration\": 0, \"notTechnicalSkill\": [], \"formationItemFromListId\": \"clhc0xixn0003356g9bbnjmj9\"}, {\"id\": \"clhc0xzn8000g356gykxp5z6k\", \"@id\": \"clhc0xzn8000g356gykxp5z6k\", \"name\": \"MODULEEE \", \"@type\": \"Module\", \"goals\": \"\", \"isNew\": true, \"itemId\": \"clhc0y2mp000j356g22ktqr2i\", \"actions\": [], \"subname\": \"\", \"children\": [], \"counters\": [], \"isDroped\": 1, \"notation\": {\"id\": 42, \"@id\": \"/api/ratings/42\", \"atos\": [{\"@id\": \"/api/atos/3\", \"name\": \"test2 Edit\", \"@type\": \"Ato\", \"formations\": [\"/api/formations/2\", \"/api/formations/13\", \"/api/formations/14\", \"/api/formations/15\", \"/api/formations/17\", \"/api/formations/18\", \"/api/formations/19\", \"/api/formations/20\", \"/api/formations/21\", \"/api/formations/22\"], \"postalAddress\": {\"@id\": \"/api/postal_addresses/78\", \"@type\": \"PostalAddress\", \"country\": \"Fance\"}}], \"name\": \"TEST 2 \", \"@type\": \"Rating\", \"skills\": [], \"createdAt\": \"2023-04-26T15:21:37+02:00\", \"formations\": [], \"isEditable\": false, \"ratingValues\": [{\"@id\": \"/api/rating_values/60\", \"@type\": \"RatingValue\", \"color\": \"#000000\", \"value\": \"OK\", \"position\": 0, \"mediaValue\": null, \"description\": \"OK\", \"validateExercise\": true, \"exerciseNotperformed\": false}, {\"@id\": \"/api/rating_values/61\", \"@type\": \"RatingValue\", \"color\": \"#000000\", \"value\": \"KO\", \"position\": 1, \"mediaValue\": null, \"description\": \"KO\", \"validateExercise\": false, \"exerciseNotperformed\": false}, {\"@id\": \"/api/rating_values/62\", \"@type\": \"RatingValue\", \"color\": \"#000000\", \"value\": \"-\", \"position\": 2, \"mediaValue\": null, \"description\": \"-\", \"validateExercise\": false, \"exerciseNotperformed\": true}], \"exerciseFormations\": [\"/api/formations/19\"], \"nextWhenUnrealized\": true, \"nextWhenUnvalidate\": true}, \"position\": null, \"formation\": null, \"minRating\": \"/api/rating_values/61\", \"isEditable\": true, \"constraints\": [], \"description\": \"\", \"maxDuration\": 0, \"requirements\": [], \"isTheoretical\": false, \"technicalSkills\": [], \"configISExpended\": null, \"standardDuration\": 0, \"notTechnicalSkill\": [], \"formationItemFromListId\": \"clhc0xzn8000g356gykxp5z6k\"}, {\"id\": \"clheq7d7k000f356ixy8v0aor\", \"@id\": \"clheq7d7k000f356ixy8v0aor\", \"name\": \"l\'exerciceee\", \"@type\": \"Exercise\", \"goals\": \"\", \"isNew\": true, \"itemId\": \"clheq7d7k000e356i4ogpz8gm\", \"actions\": [], \"children\": [], \"counters\": [], \"isDroped\": 1, \"notation\": {\"id\": 42, \"@id\": \"/api/ratings/42\", \"atos\": [{\"@id\": \"/api/atos/3\", \"name\": \"test2 Edit\", \"@type\": \"Ato\", \"formations\": [\"/api/formations/2\", \"/api/formations/13\", \"/api/formations/14\", \"/api/formations/15\", \"/api/formations/17\", \"/api/formations/18\", \"/api/formations/19\", \"/api/formations/20\", \"/api/formations/21\", \"/api/formations/22\"], \"postalAddress\": {\"@id\": \"/api/postal_addresses/78\", \"@type\": \"PostalAddress\", \"country\": \"Fance\"}}], \"name\": \"TEST 2 \", \"@type\": \"Rating\", \"skills\": [], \"createdAt\": \"2023-04-26T15:21:37+02:00\", \"formations\": [], \"isEditable\": false, \"ratingValues\": [{\"@id\": \"/api/rating_values/60\", \"@type\": \"RatingValue\", \"color\": \"#000000\", \"value\": \"OK\", \"position\": 0, \"mediaValue\": null, \"description\": \"OK\", \"validateExercise\": true, \"exerciseNotperformed\": false}, {\"@id\": \"/api/rating_values/61\", \"@type\": \"RatingValue\", \"color\": \"#000000\", \"value\": \"KO\", \"position\": 1, \"mediaValue\": null, \"description\": \"KO\", \"validateExercise\": false, \"exerciseNotperformed\": false}, {\"@id\": \"/api/rating_values/62\", \"@type\": \"RatingValue\", \"color\": \"#000000\", \"value\": \"-\", \"position\": 2, \"mediaValue\": null, \"description\": \"-\", \"validateExercise\": false, \"exerciseNotperformed\": true}], \"exerciseFormations\": [\"/api/formations/19\"], \"nextWhenUnrealized\": true, \"nextWhenUnvalidate\": true}, \"position\": null, \"formation\": null, \"isEditable\": true, \"constraints\": [], \"description\": \"\", \"maxDuration\": 0, \"requirements\": [], \"technicalSkills\": [], \"configISExpended\": null, \"standardDuration\": 0, \"notTechnicalSkill\": [], \"formationItemFromListId\": \"clheq7d7k000f356ixy8v0aor\"}]',0,0,13,14,15,NULL,NULL,NULL,NULL,NULL,NULL,NULL,NULL,NULL,NULL,NULL,NULL,NULL,NULL,NULL,NULL,NULL,NULL,NULL),(21,41,43,NULL,3,42,3,'test ato','','adazdd','azdazd','','',840,0,0,0,1,0,1,1,0,0,0,0,1,1,0,1,0,1,1,1,1,0,0,'2023-04-27 17:33:10','2023-05-01 21:52:21',0,0,'[{\"id\": \"clgza9s550003356i2tb4k4gv\", \"@id\": \"clgza9s550003356i2tb4k4gv\", \"name\": \"leçonnn\", \"@type\": \"Lesson\", \"files\": [], \"goals\": \"\", \"isNew\": true, \"groupe\": false, \"itemId\": \"clgza9s550002356iitp8xtb4\", \"actions\": [], \"ceiling\": \"\", \"children\": [], \"counters\": [], \"isDroped\": 1, \"position\": null, \"classroom\": null, \"formation\": null, \"isEditable\": true, \"minWeather\": \"\", \"constraints\": [], \"description\": \"\", \"maxDuration\": 0, \"requirements\": [], \"technicalRef\": \"\", \"isTheoretical\": false, \"minVisibility\": \"\", \"technicalSkills\": [], \"configISExpended\": null, \"standardDuration\": 0, \"notTechnicalSkill\": [], \"formationItemFromListId\": \"clgza9s550003356i2tb4k4gv\"}, {\"id\": \"clgza9xfq000h356iffqwsd7h\", \"@id\": \"clgza9xfq000h356iffqwsd7h\", \"name\": \"l\'exerciceee\", \"@type\": \"Exercise\", \"goals\": \"\", \"isNew\": true, \"itemId\": \"clgza9xfq000g356id0oim37h\", \"actions\": [], \"children\": [], \"counters\": [], \"isDroped\": 1, \"position\": null, \"formation\": null, \"isEditable\": true, \"constraints\": [], \"description\": \"\", \"maxDuration\": 0, \"requirements\": [], \"technicalSkills\": [], \"configISExpended\": null, \"standardDuration\": 0, \"notTechnicalSkill\": [], \"formationItemFromListId\": \"clgza9xfq000h356iffqwsd7h\"}, {\"id\": \"clh4rzqb40002356i1ruo61oq\", \"@id\": \"clh4rzqb40002356i1ruo61oq\", \"name\": \"zfef\", \"@type\": \"Phase\", \"goals\": \"\", \"isNew\": true, \"itemId\": \"clh4rzqb40003356isdsr6olg\", \"actions\": [], \"fromAPI\": true, \"children\": [], \"counters\": [], \"isDroped\": 1, \"notation\": null, \"position\": null, \"formation\": null, \"minRating\": null, \"isEditable\": true, \"constraints\": [], \"description\": \"\", \"maxDuration\": 0, \"requirements\": [], \"technicalSkills\": [], \"configISExpended\": null, \"standardDuration\": 0, \"notTechnicalSkill\": [], \"formationItemFromListId\": \"clh4rzqb40002356i1ruo61oq\"}, {\"id\": \"clh4rzsuh0005356ij517tzln\", \"@id\": \"clh4rzsuh0005356ij517tzln\", \"name\": \"MODULEEE\", \"@type\": \"Module\", \"goals\": \"\", \"isNew\": true, \"itemId\": \"clh4rzsuh0004356i020q7ncf\", \"actions\": [], \"subname\": \"\", \"children\": [], \"counters\": [], \"isDroped\": 1, \"notation\": null, \"position\": null, \"formation\": null, \"minRating\": null, \"isEditable\": true, \"constraints\": [], \"description\": \"\", \"maxDuration\": 0, \"requirements\": [], \"isTheoretical\": false, \"technicalSkills\": [], \"configISExpended\": null, \"standardDuration\": 0, \"notTechnicalSkill\": [], \"formationItemFromListId\": \"clh4rzsuh0005356ij517tzln\"}, {\"id\": \"clh4s036t004g356ify5svo6x\", \"@id\": \"clh4s036t004g356ify5svo6x\", \"name\": \"MODULEEE 2\", \"@type\": \"Module\", \"goals\": \"\", \"isNew\": true, \"itemId\": \"clh4s036t004f356i79ajp3rn\", \"actions\": [], \"subname\": \"\", \"children\": [], \"counters\": [], \"isDroped\": 1, \"notation\": null, \"position\": null, \"formation\": null, \"minRating\": null, \"isEditable\": true, \"constraints\": [], \"description\": \"\", \"maxDuration\": 0, \"requirements\": [], \"isTheoretical\": false, \"technicalSkills\": [], \"configISExpended\": null, \"standardDuration\": 0, \"notTechnicalSkill\": [], \"formationItemFromListId\": \"clh4s036t004g356ify5svo6x\"}, {\"id\": \"clh4s07v7005l356icjfptjl6\", \"@id\": \"clh4s07v7005l356icjfptjl6\", \"name\": \"LEÇONNN 2\", \"@type\": \"Lesson\", \"files\": [], \"goals\": \"\", \"isNew\": true, \"groupe\": false, \"itemId\": \"clh4s07v7005k356in2c199iw\", \"actions\": [], \"ceiling\": \"\", \"children\": [], \"counters\": [], \"isDroped\": 1, \"position\": null, \"classroom\": null, \"formation\": null, \"isEditable\": true, \"minWeather\": \"\", \"constraints\": [], \"description\": \"\", \"maxDuration\": 0, \"requirements\": [], \"technicalRef\": \"\", \"isTheoretical\": false, \"minVisibility\": \"\", \"technicalSkills\": [], \"configISExpended\": null, \"standardDuration\": 0, \"notTechnicalSkill\": [], \"formationItemFromListId\": \"clh4s07v7005l356icjfptjl6\"}, {\"id\": \"clh4s0d8s006m356i78e60a2c\", \"@id\": \"clh4s0d8s006m356i78e60a2c\", \"name\": \"CUSTOM PHASEEE\", \"@type\": \"Phase\", \"goals\": \"\", \"isNew\": true, \"itemId\": \"clh4s0d8s006l356il4s71s1w\", \"actions\": [], \"children\": [], \"counters\": [], \"isDroped\": 1, \"notation\": null, \"position\": null, \"formation\": null, \"minRating\": null, \"isEditable\": true, \"constraints\": [], \"description\": \"\", \"maxDuration\": 0, \"requirements\": [], \"technicalSkills\": [], \"configISExpended\": null, \"standardDuration\": 0, \"notTechnicalSkill\": [], \"formationItemFromListId\": \"clh4s0d8s006m356i78e60a2c\"}, {\"id\": \"clh4s0h59007d356ict5xx595\", \"@id\": \"clh4s0h59007d356ict5xx595\", \"name\": \"EXERCICEEE 2\", \"@type\": \"Exercise\", \"goals\": \"\", \"isNew\": true, \"itemId\": \"clh4s0h59007c356if6dpftkm\", \"actions\": [], \"children\": [], \"counters\": [], \"isDroped\": 1, \"position\": null, \"formation\": null, \"isEditable\": true, \"constraints\": [], \"description\": \"\", \"maxDuration\": 0, \"requirements\": [], \"technicalSkills\": [], \"configISExpended\": null, \"standardDuration\": 0, \"notTechnicalSkill\": [], \"formationItemFromListId\": \"clh4s0h59007d356ict5xx595\"}]',0,0,NULL,NULL,NULL,NULL,NULL,NULL,NULL,NULL,NULL,NULL,NULL,NULL,NULL,NULL,NULL,NULL,NULL,NULL,NULL,NULL,NULL,NULL),(22,7,41,NULL,3,41,2,'Formation indicateurs','','zefzeffe','zefez','','',0,0,0,0,1,0,1,1,0,0,0,1,1,1,1,1,0,1,1,1,0,1,0,'2023-04-27 17:53:05','2023-05-15 22:52:07',1,0,'[{\"id\": \"clgzazz930001356epi5lr1r3\", \"@id\": \"clgzazz930001356epi5lr1r3\", \"name\": \"leçonnn\", \"@type\": \"Lesson\", \"files\": [], \"goals\": \"\", \"isNew\": true, \"groupe\": false, \"itemId\": \"clgzazz920000356e2qifrvuu\", \"actions\": [], \"ceiling\": \"\", \"children\": [], \"counters\": [], \"isDroped\": 1, \"notation\": {\"id\": 42, \"@id\": \"/api/ratings/42\", \"atos\": [{\"@id\": \"/api/atos/3\", \"name\": \"test2 Edit\", \"@type\": \"Ato\", \"formations\": [\"/api/formations/2\", \"/api/formations/13\", \"/api/formations/14\", \"/api/formations/15\", \"/api/formations/17\", \"/api/formations/18\", \"/api/formations/19\", \"/api/formations/20\", \"/api/formations/21\"], \"postalAddress\": {\"@id\": \"/api/postal_addresses/78\", \"@type\": \"PostalAddress\", \"country\": \"Fance\"}}], \"name\": \"TEST 2 \", \"@type\": \"Rating\", \"skills\": [], \"createdAt\": \"2023-04-26T15:21:37+02:00\", \"formations\": [], \"isEditable\": true, \"ratingValues\": [{\"@id\": \"/api/rating_values/60\", \"@type\": \"RatingValue\", \"color\": \"#000000\", \"value\": \"OK\", \"position\": 0, \"mediaValue\": null, \"description\": \"OK\", \"validateExercise\": true, \"exerciseNotperformed\": false}, {\"@id\": \"/api/rating_values/61\", \"@type\": \"RatingValue\", \"color\": \"#000000\", \"value\": \"KO\", \"position\": 1, \"mediaValue\": null, \"description\": \"KO\", \"validateExercise\": false, \"exerciseNotperformed\": false}, {\"@id\": \"/api/rating_values/62\", \"@type\": \"RatingValue\", \"color\": \"#000000\", \"value\": \"-\", \"position\": 2, \"mediaValue\": null, \"description\": \"-\", \"validateExercise\": false, \"exerciseNotperformed\": true}], \"nextWhenUnrealized\": true, \"nextWhenUnvalidate\": true}, \"position\": null, \"classroom\": null, \"formation\": null, \"minRating\": \"/api/rating_values/61\", \"isEditable\": true, \"minWeather\": \"\", \"constraints\": [], \"description\": \"\", \"maxDuration\": 0, \"requirements\": [], \"technicalRef\": \"\", \"isTheoretical\": false, \"minVisibility\": \"\", \"technicalSkills\": [], \"configISExpended\": null, \"standardDuration\": 0, \"notTechnicalSkill\": [], \"formationItemFromListId\": \"clgzazz930001356epi5lr1r3\"}, {\"id\": \"clh9bt0wp0003356ilvm2cnwt\", \"@id\": \"clh9bt0wp0003356ilvm2cnwt\", \"name\": \"LEÇONNN 2\", \"@type\": \"Lesson\", \"files\": [], \"goals\": \"\", \"isNew\": true, \"groupe\": false, \"itemId\": \"clh9bt0wp0002356iby4le6iu\", \"actions\": [], \"ceiling\": \"\", \"children\": [], \"counters\": [], \"isDroped\": 1, \"position\": null, \"classroom\": null, \"formation\": null, \"isEditable\": true, \"minWeather\": \"\", \"constraints\": [], \"description\": \"\", \"maxDuration\": 0, \"requirements\": [], \"technicalRef\": \"\", \"isTheoretical\": false, \"minVisibility\": \"\", \"technicalSkills\": [], \"configISExpended\": null, \"standardDuration\": 0, \"notTechnicalSkill\": [], \"formationItemFromListId\": \"clh9bt0wp0003356ilvm2cnwt\"}, {\"id\": \"clhaibi7k0007356igc8bhsk3\", \"@id\": \"clhaibi7k0007356igc8bhsk3\", \"name\": \"l\'exerciceee\", \"@type\": \"Exercise\", \"goals\": \"\", \"isNew\": true, \"itemId\": \"clhaibi7k0006356iw3brlgqd\", \"actions\": [], \"children\": [], \"counters\": [], \"isDroped\": 1, \"position\": null, \"formation\": null, \"isEditable\": true, \"constraints\": [], \"description\": \"\", \"maxDuration\": 0, \"requirements\": [], \"technicalSkills\": [], \"configISExpended\": null, \"standardDuration\": 0, \"notTechnicalSkill\": [], \"formationItemFromListId\": \"clhaibi7k0007356igc8bhsk3\"}, {\"id\": \"clhaibmcm000u356i9jzgwav9\", \"@id\": \"clhaibmcm000u356i9jzgwav9\", \"name\": \"l\'exerciceee 2\", \"@type\": \"Exercise\", \"goals\": \"\", \"isNew\": true, \"itemId\": \"clhaibmcm000t356ibogzj5ji\", \"actions\": [], \"children\": [], \"counters\": [], \"isDroped\": 1, \"position\": null, \"formation\": null, \"isEditable\": true, \"constraints\": [], \"description\": \"\", \"maxDuration\": 0, \"requirements\": [], \"technicalSkills\": [], \"configISExpended\": null, \"standardDuration\": 0, \"notTechnicalSkill\": [], \"formationItemFromListId\": \"clhaibmcm000u356i9jzgwav9\"}, {\"id\": \"clhajcp82000i356i8i8mkx4p\", \"@id\": \"clhajcp82000i356i8i8mkx4p\", \"name\": \"Abbréviation\", \"@type\": \"Phase\", \"goals\": \"\", \"isNew\": true, \"itemId\": \"clhajcp82000j356ih4t5ksr8\", \"actions\": [], \"fromAPI\": true, \"children\": [], \"counters\": [], \"isDroped\": 2, \"notation\": null, \"position\": null, \"formation\": null, \"minRating\": null, \"isEditable\": true, \"constraints\": [], \"description\": \"\", \"maxDuration\": 0, \"requirements\": [], \"technicalSkills\": [], \"configISExpended\": null, \"standardDuration\": 0, \"notTechnicalSkill\": [], \"formationItemFromListId\": \"clhajcp82000i356i8i8mkx4p\"}, {\"id\": \"clhajdrh8002s356iouraybkw\", \"@id\": \"clhajdrh8002s356iouraybkw\", \"name\": \"d\'exercicesss\", \"@type\": \"ExercisesGroup\", \"goals\": \"\", \"isNew\": true, \"itemId\": \"clhajdrh8002r356irzwdwxsp\", \"actions\": [], \"children\": [], \"counters\": [], \"isDroped\": 1, \"notation\": null, \"position\": null, \"formation\": null, \"minRating\": null, \"isEditable\": true, \"constraints\": [], \"description\": \"\", \"maxDuration\": 0, \"requirements\": [], \"technicalSkills\": [], \"configISExpended\": null, \"standardDuration\": 0, \"notTechnicalSkill\": [], \"formationItemFromListId\": \"clhajdrh8002s356iouraybkw\"}, {\"id\": \"clhajdykk007f356ivw3wpsco\", \"@id\": \"clhajdykk007f356ivw3wpsco\", \"name\": \"d\'exercicesss 2\", \"@type\": \"ExercisesGroup\", \"goals\": \"\", \"isNew\": true, \"itemId\": \"clhajdykk007e356in98yvuw7\", \"actions\": [], \"children\": [], \"counters\": [], \"isDroped\": 1, \"notation\": null, \"position\": null, \"formation\": null, \"minRating\": null, \"isEditable\": true, \"constraints\": [], \"description\": \"\", \"maxDuration\": 0, \"requirements\": [], \"technicalSkills\": [], \"configISExpended\": null, \"standardDuration\": 0, \"notTechnicalSkill\": [], \"formationItemFromListId\": \"clhajdykk007f356ivw3wpsco\"}, {\"id\": \"clhajr44r0005356gndo7miqp\", \"@id\": \"clhajr44r0005356gndo7miqp\", \"name\": \"CUSTOM GROUPE\", \"@type\": \"ModulesGroup\", \"goals\": \"\", \"isNew\": true, \"itemId\": \"clhajr44r0004356g4by9cym1\", \"actions\": [], \"children\": [], \"counters\": [], \"isDroped\": 1, \"notation\": null, \"position\": null, \"formation\": null, \"minRating\": null, \"isEditable\": true, \"constraints\": [], \"description\": \"\", \"maxDuration\": 0, \"requirements\": [], \"technicalSkills\": [], \"configISExpended\": null, \"standardDuration\": 0, \"notTechnicalSkill\": [], \"formationItemFromListId\": \"clhajr44r0005356gndo7miqp\"}, {\"id\": \"clhajr7u3000k356g9upwdakh\", \"@id\": \"clhajr7u3000k356g9upwdakh\", \"name\": \"MODULEEE\", \"@type\": \"Module\", \"goals\": \"\", \"isNew\": true, \"itemId\": \"clhajr7u3000j356g81g58bks\", \"actions\": [], \"subname\": \"\", \"children\": [], \"counters\": [], \"isDroped\": 1, \"notation\": null, \"position\": null, \"formation\": null, \"minRating\": null, \"isEditable\": true, \"constraints\": [], \"description\": \"\", \"maxDuration\": 0, \"requirements\": [], \"isTheoretical\": false, \"technicalSkills\": [], \"configISExpended\": null, \"standardDuration\": 0, \"notTechnicalSkill\": [], \"formationItemFromListId\": \"clhajr7u3000k356g9upwdakh\"}]',0,0,NULL,NULL,NULL,NULL,NULL,0,0,NULL,NULL,NULL,NULL,NULL,NULL,NULL,NULL,NULL,NULL,NULL,NULL,NULL,NULL,NULL),(23,41,42,NULL,3,NULL,NULL,'Formation - Notation compétence','','azofeaof','fezoezfo','','',0,0,0,0,1,0,1,1,0,0,0,0,0,0,0,1,0,0,1,0,0,0,0,'2023-05-09 20:32:00','2023-05-09 22:02:24',0,0,'[{\"id\": \"clhgly7mj0001356ix2f4s6qw\", \"@id\": \"clhgly7mj0001356ix2f4s6qw\", \"name\": \"leçonnn\", \"@type\": \"Lesson\", \"files\": [], \"goals\": \"\", \"isNew\": true, \"groupe\": false, \"itemId\": \"clhgly7mi0000356idbkaoohc\", \"actions\": [], \"ceiling\": \"\", \"children\": [], \"counters\": [], \"isDroped\": 1, \"position\": null, \"classroom\": null, \"formation\": null, \"isEditable\": true, \"minWeather\": \"\", \"constraints\": [], \"description\": \"\", \"maxDuration\": 0, \"requirements\": [], \"technicalRef\": \"\", \"isTheoretical\": false, \"minVisibility\": \"\", \"technicalSkills\": [], \"configISExpended\": null, \"standardDuration\": 0, \"notTechnicalSkill\": [], \"formationItemFromListId\": \"clhgly7mj0001356ix2f4s6qw\"}, {\"id\": \"clhglycoh000e356ishdt89em\", \"@id\": \"clhglycoh000e356ishdt89em\", \"name\": \"l\'exerciceee\", \"@type\": \"Exercise\", \"goals\": \"\", \"isNew\": true, \"itemId\": \"clhglycoh000d356ilx80tybl\", \"actions\": [], \"children\": [], \"counters\": [], \"isDroped\": 1, \"position\": null, \"formation\": null, \"isEditable\": true, \"constraints\": [], \"description\": \"\", \"maxDuration\": 0, \"requirements\": [], \"technicalSkills\": [], \"configISExpended\": null, \"standardDuration\": 0, \"notTechnicalSkill\": [], \"formationItemFromListId\": \"clhglycoh000e356ishdt89em\"}, {\"id\": \"clhglytah0017356ilwr0m19d\", \"@id\": \"clhglytah0017356ilwr0m19d\", \"name\": \"l\'exerciceee 2\", \"@type\": \"Exercise\", \"goals\": \"\", \"isNew\": true, \"itemId\": \"clhglytah0016356i7ei5dnwq\", \"actions\": [], \"children\": [], \"counters\": [], \"isDroped\": 2, \"position\": null, \"formation\": null, \"isEditable\": true, \"constraints\": [], \"description\": \"\", \"maxDuration\": 0, \"requirements\": [], \"technicalSkills\": [], \"configISExpended\": null, \"standardDuration\": 0, \"notTechnicalSkill\": [], \"formationItemFromListId\": \"clhglytah0017356ilwr0m19d\"}, {\"id\": \"clhglyydo0027356i5748ajol\", \"@id\": \"clhglyydo0027356i5748ajol\", \"name\": \"leçonnn 2\", \"@type\": \"Lesson\", \"files\": [], \"goals\": \"\", \"isNew\": true, \"groupe\": false, \"itemId\": \"clhglyydo0026356ip2bkaypl\", \"actions\": [], \"ceiling\": \"\", \"children\": [], \"counters\": [], \"isDroped\": 1, \"position\": null, \"classroom\": null, \"formation\": null, \"isEditable\": true, \"minWeather\": \"\", \"constraints\": [], \"description\": \"\", \"maxDuration\": 0, \"requirements\": [], \"technicalRef\": \"\", \"isTheoretical\": false, \"minVisibility\": \"\", \"technicalSkills\": [], \"configISExpended\": null, \"standardDuration\": 0, \"notTechnicalSkill\": [], \"formationItemFromListId\": \"clhglyydo0027356i5748ajol\"}]',0,1,13,NULL,14,1,1,1,NULL,NULL,NULL,NULL,NULL,NULL,NULL,NULL,NULL,NULL,NULL,NULL,NULL,NULL,NULL,NULL),(24,NULL,41,NULL,3,NULL,NULL,'Formation - Exo raté','','zeapofjzoepfa','fpezfnzp','','',0,0,0,0,1,0,1,1,0,0,0,0,0,0,0,1,0,1,1,0,0,1,0,'2023-05-12 23:05:54','2023-05-12 23:37:44',0,0,'[{\"id\": \"clhl1p8rd0001356e0gagffdf\", \"@id\": \"clhl1p8rd0001356e0gagffdf\", \"name\": \"LEÇONNN\", \"@type\": \"Lesson\", \"files\": [], \"goals\": \"\", \"isNew\": true, \"groupe\": false, \"itemId\": \"clhl1p8rd0000356eawb75bbb\", \"actions\": [], \"ceiling\": \"\", \"children\": [], \"counters\": [], \"isDroped\": 1, \"position\": null, \"classroom\": null, \"formation\": null, \"isEditable\": true, \"minWeather\": \"\", \"constraints\": [], \"description\": \"\", \"maxDuration\": 0, \"requirements\": [], \"technicalRef\": \"\", \"isTheoretical\": false, \"minVisibility\": \"\", \"technicalSkills\": [], \"configISExpended\": null, \"standardDuration\": 0, \"notTechnicalSkill\": [], \"formationItemFromListId\": \"clhl1p8rd0001356e0gagffdf\"}, {\"id\": \"clhl1qm7z000h356ee3g4r4r7\", \"@id\": \"clhl1qm7z000h356ee3g4r4r7\", \"name\": \"LEÇONNN 2\", \"@type\": \"Lesson\", \"files\": [], \"goals\": \"\", \"isNew\": true, \"groupe\": false, \"itemId\": \"clhl1qm7z000g356ei1nuu3pc\", \"actions\": [], \"ceiling\": \"\", \"children\": [], \"counters\": [], \"isDroped\": 1, \"position\": null, \"classroom\": null, \"formation\": null, \"isEditable\": true, \"minWeather\": \"\", \"constraints\": [], \"description\": \"\", \"maxDuration\": 0, \"requirements\": [], \"technicalRef\": \"\", \"isTheoretical\": false, \"minVisibility\": \"\", \"technicalSkills\": [], \"configISExpended\": null, \"standardDuration\": 0, \"notTechnicalSkill\": [], \"formationItemFromListId\": \"clhl1qm7z000h356ee3g4r4r7\"}, {\"id\": \"clhl1qr9c000z356enzoubj80\", \"@id\": \"clhl1qr9c000z356enzoubj80\", \"name\": \"EXERCICEEE\", \"@type\": \"Exercise\", \"goals\": \"\", \"isNew\": true, \"itemId\": \"clhl1qr9c000y356eqr9g5aqz\", \"actions\": [], \"children\": [], \"counters\": [], \"isDroped\": 1, \"position\": null, \"formation\": null, \"isEditable\": true, \"constraints\": [], \"description\": \"\", \"maxDuration\": 0, \"requirements\": [], \"technicalSkills\": [], \"configISExpended\": null, \"standardDuration\": 0, \"notTechnicalSkill\": [], \"formationItemFromListId\": \"clhl1qr9c000z356enzoubj80\"}, {\"id\": \"clhl1qvlf0028356euuyjrzq2\", \"@id\": \"clhl1qvlf0028356euuyjrzq2\", \"name\": \"EXERCICEEE 2\", \"@type\": \"Exercise\", \"goals\": \"\", \"isNew\": true, \"itemId\": \"clhl1qvle0027356e0qzh5l17\", \"actions\": [], \"children\": [], \"counters\": [], \"isDroped\": 1, \"position\": null, \"formation\": null, \"isEditable\": true, \"constraints\": [], \"description\": \"\", \"maxDuration\": 0, \"requirements\": [], \"technicalSkills\": [], \"configISExpended\": null, \"standardDuration\": 0, \"notTechnicalSkill\": [], \"formationItemFromListId\": \"clhl1qvlf0028356euuyjrzq2\"}, {\"id\": \"clhl1r08h0033356e7f57ney3\", \"@id\": \"clhl1r08h0033356e7f57ney3\", \"name\": \"EXERCICEEE 3\", \"@type\": \"Exercise\", \"goals\": \"\", \"isNew\": true, \"itemId\": \"clhl1r08h0032356e0iuromq5\", \"actions\": [], \"children\": [], \"counters\": [], \"isDroped\": 1, \"position\": null, \"formation\": null, \"isEditable\": true, \"constraints\": [], \"description\": \"\", \"maxDuration\": 0, \"requirements\": [], \"technicalSkills\": [], \"configISExpended\": null, \"standardDuration\": 0, \"notTechnicalSkill\": [], \"formationItemFromListId\": \"clhl1r08h0033356e7f57ney3\"}]',0,0,NULL,NULL,13,NULL,NULL,0,NULL,NULL,NULL,NULL,NULL,NULL,NULL,NULL,NULL,NULL,NULL,NULL,NULL,NULL,NULL,NULL),(25,NULL,43,NULL,3,NULL,NULL,'Formation - Notation indicateur','','efzefzef','zaefzaef','','',0,0,0,0,1,0,1,1,0,0,0,0,0,0,0,1,0,0,1,0,0,0,0,'2023-05-13 15:23:56','2023-05-13 15:24:26',0,0,'[{\"id\": \"clhm0pevy0001356eygs43jot\", \"@id\": \"clhm0pevy0001356eygs43jot\", \"name\": \"LEÇONNN \", \"@type\": \"Lesson\", \"files\": [], \"goals\": \"\", \"isNew\": true, \"groupe\": false, \"itemId\": \"clhm0pevy0000356eod1g8cko\", \"actions\": [], \"ceiling\": \"\", \"children\": [], \"counters\": [], \"isDroped\": 1, \"position\": null, \"classroom\": null, \"formation\": null, \"isEditable\": true, \"minWeather\": \"\", \"constraints\": [], \"description\": \"\", \"maxDuration\": 0, \"requirements\": [], \"technicalRef\": \"\", \"isTheoretical\": false, \"minVisibility\": \"\", \"technicalSkills\": [], \"configISExpended\": null, \"standardDuration\": 0, \"notTechnicalSkill\": [], \"formationItemFromListId\": \"clhm0pevy0001356eygs43jot\"}, {\"id\": \"clhm0pgwh0007356el0yg71q6\", \"@id\": \"clhm0pgwh0007356el0yg71q6\", \"name\": \"LEÇONNN 2\", \"@type\": \"Lesson\", \"files\": [], \"goals\": \"\", \"isNew\": true, \"groupe\": false, \"itemId\": \"clhm0pgwh0006356e5e9e045m\", \"actions\": [], \"ceiling\": \"\", \"children\": [], \"counters\": [], \"isDroped\": 1, \"position\": null, \"classroom\": null, \"formation\": null, \"isEditable\": true, \"minWeather\": \"\", \"constraints\": [], \"description\": \"\", \"maxDuration\": 0, \"requirements\": [], \"technicalRef\": \"\", \"isTheoretical\": false, \"minVisibility\": \"\", \"technicalSkills\": [], \"configISExpended\": null, \"standardDuration\": 0, \"notTechnicalSkill\": [], \"formationItemFromListId\": \"clhm0pgwh0007356el0yg71q6\"}, {\"id\": \"clhm0pm20000u356elh0jto1p\", \"@id\": \"clhm0pm20000u356elh0jto1p\", \"name\": \"LEÇONNN\", \"@type\": \"Exercise\", \"goals\": \"\", \"isNew\": true, \"itemId\": \"clhm0pm20000t356eblkykkap\", \"actions\": [], \"children\": [], \"counters\": [], \"isDroped\": 1, \"position\": null, \"formation\": null, \"isEditable\": true, \"constraints\": [], \"description\": \"\", \"maxDuration\": 0, \"requirements\": [], \"technicalSkills\": [], \"configISExpended\": null, \"standardDuration\": 0, \"notTechnicalSkill\": [], \"formationItemFromListId\": \"clhm0pm20000u356elh0jto1p\"}, {\"id\": \"clhm0pped001g356eefwzcqxf\", \"@id\": \"clhm0pped001g356eefwzcqxf\", \"name\": \"LEÇONNN 2\", \"@type\": \"Exercise\", \"goals\": \"\", \"isNew\": true, \"itemId\": \"clhm0pped001f356em2j0pke7\", \"actions\": [], \"children\": [], \"counters\": [], \"isDroped\": 2, \"position\": null, \"formation\": null, \"isEditable\": true, \"constraints\": [], \"description\": \"\", \"maxDuration\": 0, \"requirements\": [], \"technicalSkills\": [], \"configISExpended\": null, \"standardDuration\": 0, \"notTechnicalSkill\": [], \"formationItemFromListId\": \"clhm0pped001g356eefwzcqxf\"}, {\"id\": \"clhm0q1cc002i356edmohke1d\", \"@id\": \"clhm0q1cc002i356edmohke1d\", \"name\": \"LEÇONNN 3\", \"@type\": \"Exercise\", \"goals\": \"\", \"isNew\": true, \"itemId\": \"clhm0q1cb002h356e4w1yw75y\", \"actions\": [], \"children\": [], \"counters\": [], \"isDroped\": 1, \"position\": null, \"formation\": null, \"isEditable\": true, \"constraints\": [], \"description\": \"\", \"maxDuration\": 0, \"requirements\": [], \"technicalSkills\": [], \"configISExpended\": null, \"standardDuration\": 0, \"notTechnicalSkill\": [], \"formationItemFromListId\": \"clhm0q1cc002i356edmohke1d\"}]',0,1,NULL,NULL,15,1,1,1,NULL,NULL,NULL,NULL,NULL,NULL,NULL,NULL,NULL,NULL,NULL,NULL,NULL,NULL,NULL,NULL),(26,41,42,NULL,3,NULL,NULL,'Formation - Note attendu Partie','','zefzef','zefzf','','',0,0,0,0,1,0,1,1,0,0,0,1,1,0,0,1,0,0,1,0,0,0,0,'2023-05-14 11:03:31','2023-05-14 15:17:30',0,0,'[{\"id\": \"clhn6u9bm0001356e0hsxuw1m\", \"@id\": \"clhn6u9bm0001356e0hsxuw1m\", \"name\": \"CUSTOM GROUPE\", \"@type\": \"ModulesGroup\", \"goals\": \"\", \"isNew\": true, \"itemId\": \"clhn6ukpo0008356e6yeywzeb\", \"actions\": [], \"children\": [], \"counters\": [], \"isDroped\": 1, \"notation\": {\"id\": 43, \"@id\": \"/api/ratings/43\", \"atos\": [{\"@id\": \"/api/atos/3\", \"name\": \"test2 Edit\", \"@type\": \"Ato\", \"formations\": [\"/api/formations/2\", \"/api/formations/13\", \"/api/formations/14\", \"/api/formations/15\", \"/api/formations/17\", \"/api/formations/18\", \"/api/formations/19\", \"/api/formations/20\", \"/api/formations/21\", \"/api/formations/22\", \"/api/formations/23\", \"/api/formations/24\", \"/api/formations/25\"], \"postalAddress\": {\"@id\": \"/api/postal_addresses/78\", \"@type\": \"PostalAddress\", \"country\": \"Fance\"}}], \"name\": \"TEST 3 \", \"@type\": \"Rating\", \"skills\": [{\"id\": 25, \"@id\": \"/api/skills/25\", \"name\": \"Compétence 3\", \"type\": \"technical\", \"@type\": \"Skills\", \"description\": \"Desc compétence 3\"}], \"createdAt\": \"2023-04-26T15:22:07+02:00\", \"formations\": [], \"isEditable\": false, \"ratingValues\": [{\"@id\": \"/api/rating_values/63\", \"@type\": \"RatingValue\", \"color\": \"#000000\", \"value\": \"Valide\", \"position\": 0, \"mediaValue\": null, \"description\": \"Valide\", \"validateExercise\": true, \"exerciseNotperformed\": false}, {\"@id\": \"/api/rating_values/64\", \"@type\": \"RatingValue\", \"color\": \"#000000\", \"value\": \"Non valide\", \"position\": 1, \"mediaValue\": null, \"description\": \"Non valide\", \"validateExercise\": false, \"exerciseNotperformed\": false}, {\"@id\": \"/api/rating_values/65\", \"@type\": \"RatingValue\", \"color\": \"#000000\", \"value\": \"-\", \"position\": 2, \"mediaValue\": null, \"description\": \"-\", \"validateExercise\": false, \"exerciseNotperformed\": true}], \"exerciseFormations\": [\"/api/formations/18\", \"/api/formations/20\", \"/api/formations/21\", \"/api/formations/25\"], \"nextWhenUnrealized\": true, \"nextWhenUnvalidate\": true, \"formationsPhasesNotation\": []}, \"position\": null, \"formation\": null, \"minRating\": \"/api/rating_values/64\", \"isEditable\": true, \"constraints\": [], \"description\": \"\", \"maxDuration\": 0, \"requirements\": [], \"technicalSkills\": [], \"configISExpended\": null, \"standardDuration\": 0, \"notTechnicalSkill\": [], \"formationItemFromListId\": \"clhn6u9bm0001356e0hsxuw1m\"}, {\"id\": \"clhn6uolw000r356em3ual5z7\", \"@id\": \"clhn6uolw000r356em3ual5z7\", \"name\": \"MODULEEE\", \"@type\": \"Module\", \"goals\": \"\", \"isNew\": true, \"itemId\": \"clhn6uwfg001j356exjbgadqs\", \"actions\": [], \"subname\": \"\", \"children\": [], \"counters\": [], \"isDroped\": 1, \"notation\": {\"id\": 42, \"@id\": \"/api/ratings/42\", \"atos\": [{\"@id\": \"/api/atos/3\", \"name\": \"test2 Edit\", \"@type\": \"Ato\", \"formations\": [\"/api/formations/2\", \"/api/formations/13\", \"/api/formations/14\", \"/api/formations/15\", \"/api/formations/17\", \"/api/formations/18\", \"/api/formations/19\", \"/api/formations/20\", \"/api/formations/21\", \"/api/formations/22\", \"/api/formations/23\", \"/api/formations/24\", \"/api/formations/25\"], \"postalAddress\": {\"@id\": \"/api/postal_addresses/78\", \"@type\": \"PostalAddress\", \"country\": \"Fance\"}}], \"name\": \"TEST 2 \", \"@type\": \"Rating\", \"skills\": [{\"id\": 24, \"@id\": \"/api/skills/24\", \"name\": \"Compétence 2\", \"type\": \"technical\", \"@type\": \"Skills\", \"description\": \"Desc compétence 2\"}], \"createdAt\": \"2023-04-26T15:21:37+02:00\", \"formations\": [], \"isEditable\": false, \"ratingValues\": [{\"@id\": \"/api/rating_values/60\", \"@type\": \"RatingValue\", \"color\": \"#000000\", \"value\": \"OK\", \"position\": 0, \"mediaValue\": null, \"description\": \"OK\", \"validateExercise\": true, \"exerciseNotperformed\": false}, {\"@id\": \"/api/rating_values/61\", \"@type\": \"RatingValue\", \"color\": \"#000000\", \"value\": \"KO\", \"position\": 1, \"mediaValue\": null, \"description\": \"KO\", \"validateExercise\": false, \"exerciseNotperformed\": false}, {\"@id\": \"/api/rating_values/62\", \"@type\": \"RatingValue\", \"color\": \"#000000\", \"value\": \"-\", \"position\": 2, \"mediaValue\": null, \"description\": \"-\", \"validateExercise\": false, \"exerciseNotperformed\": true}], \"exerciseFormations\": [\"/api/formations/19\", \"/api/formations/23\"], \"nextWhenUnrealized\": true, \"nextWhenUnvalidate\": true, \"formationsPhasesNotation\": [\"/api/formations/20\", \"/api/formations/21\"]}, \"position\": null, \"formation\": null, \"minRating\": \"/api/rating_values/61\", \"isEditable\": true, \"constraints\": [], \"description\": \"\", \"maxDuration\": 0, \"requirements\": [], \"isTheoretical\": false, \"technicalSkills\": [], \"configISExpended\": null, \"standardDuration\": 0, \"notTechnicalSkill\": [], \"formationItemFromListId\": \"clhn6uolw000r356em3ual5z7\"}, {\"id\": \"clhn6v312002b356eepq4s5x9\", \"@id\": \"clhn6v312002b356eepq4s5x9\", \"name\": \"LEÇONNN\", \"@type\": \"Lesson\", \"files\": [], \"goals\": \"\", \"isNew\": true, \"groupe\": false, \"itemId\": \"clhn6v312002a356ev885tof6\", \"actions\": [], \"ceiling\": \"\", \"children\": [], \"counters\": [], \"isDroped\": 1, \"notation\": {\"id\": 41, \"@id\": \"/api/ratings/41\", \"atos\": [{\"@id\": \"/api/atos/3\", \"name\": \"test2 Edit\", \"@type\": \"Ato\", \"formations\": [\"/api/formations/2\", \"/api/formations/13\", \"/api/formations/14\", \"/api/formations/15\", \"/api/formations/17\", \"/api/formations/18\", \"/api/formations/19\", \"/api/formations/20\", \"/api/formations/21\", \"/api/formations/22\", \"/api/formations/23\", \"/api/formations/24\", \"/api/formations/25\"], \"postalAddress\": {\"@id\": \"/api/postal_addresses/78\", \"@type\": \"PostalAddress\", \"country\": \"Fance\"}}], \"name\": \"TEST\", \"@type\": \"Rating\", \"skills\": [{\"id\": 23, \"@id\": \"/api/skills/23\", \"name\": \"Compétence 1\", \"type\": \"technical\", \"@type\": \"Skills\", \"description\": \"Desc compétence 1\"}, {\"id\": 26, \"@id\": \"/api/skills/26\", \"name\": \"Compétence 4 \", \"type\": \"technical\", \"@type\": \"Skills\", \"description\": \"Notation indicateur\"}], \"createdAt\": \"2023-04-26T15:21:14+02:00\", \"formations\": [\"/api/formations/18\", \"/api/formations/19\", \"/api/formations/20\", \"/api/formations/21\", \"/api/formations/23\"], \"isEditable\": false, \"ratingValues\": [{\"@id\": \"/api/rating_values/57\", \"@type\": \"RatingValue\", \"color\": \"#000000\", \"value\": \"Oui\", \"position\": 0, \"mediaValue\": null, \"description\": \"Oui\", \"validateExercise\": true, \"exerciseNotperformed\": false}, {\"@id\": \"/api/rating_values/58\", \"@type\": \"RatingValue\", \"color\": \"#000000\", \"value\": \"Non\", \"position\": 1, \"mediaValue\": null, \"description\": \"Non\", \"validateExercise\": false, \"exerciseNotperformed\": false}, {\"@id\": \"/api/rating_values/59\", \"@type\": \"RatingValue\", \"color\": \"#000000\", \"value\": \"-\", \"position\": 2, \"mediaValue\": null, \"description\": \"-\", \"validateExercise\": false, \"exerciseNotperformed\": true}], \"exerciseFormations\": [\"/api/formations/22\", \"/api/formations/24\"], \"nextWhenUnrealized\": true, \"nextWhenUnvalidate\": true, \"formationsPhasesNotation\": [\"/api/formations/22\"]}, \"position\": null, \"classroom\": null, \"formation\": null, \"minRating\": \"/api/rating_values/58\", \"isEditable\": true, \"minWeather\": \"\", \"constraints\": [], \"description\": \"\", \"maxDuration\": 0, \"requirements\": [], \"technicalRef\": \"\", \"isTheoretical\": false, \"minVisibility\": \"\", \"technicalSkills\": [], \"configISExpended\": null, \"standardDuration\": 0, \"notTechnicalSkill\": [], \"formationItemFromListId\": \"clhn6v312002b356eepq4s5x9\"}, {\"id\": \"clhn6va900034356e6f5w1aoc\", \"@id\": \"clhn6va900034356e6f5w1aoc\", \"name\": \"EXERCICEEE\", \"@type\": \"Exercise\", \"goals\": \"\", \"isNew\": true, \"itemId\": \"clhn6va900033356e0qqd9f9g\", \"actions\": [], \"children\": [], \"counters\": [], \"isDroped\": 1, \"notation\": {\"id\": 44, \"@id\": \"/api/ratings/44\", \"atos\": [{\"@id\": \"/api/atos/3\", \"name\": \"test2 Edit\", \"@type\": \"Ato\", \"formations\": [\"/api/formations/2\", \"/api/formations/13\", \"/api/formations/14\", \"/api/formations/15\", \"/api/formations/17\", \"/api/formations/18\", \"/api/formations/19\", \"/api/formations/20\", \"/api/formations/21\", \"/api/formations/22\", \"/api/formations/23\", \"/api/formations/24\", \"/api/formations/25\"], \"postalAddress\": {\"@id\": \"/api/postal_addresses/78\", \"@type\": \"PostalAddress\", \"country\": \"Fance\"}}], \"name\": \"Test formation\", \"@type\": \"Rating\", \"skills\": [], \"createdAt\": \"2023-05-05T18:26:00+02:00\", \"formations\": [], \"isEditable\": true, \"ratingValues\": [{\"@id\": \"/api/rating_values/66\", \"@type\": \"RatingValue\", \"color\": \"#000000\", \"value\": \"OK\", \"position\": 0, \"mediaValue\": null, \"description\": \"\", \"validateExercise\": true, \"exerciseNotperformed\": false}, {\"@id\": \"/api/rating_values/67\", \"@type\": \"RatingValue\", \"color\": \"#000000\", \"value\": \"KO\", \"position\": 1, \"mediaValue\": null, \"description\": \"\", \"validateExercise\": false, \"exerciseNotperformed\": false}, {\"@id\": \"/api/rating_values/68\", \"@type\": \"RatingValue\", \"color\": \"#000000\", \"value\": \"=\", \"position\": 2, \"mediaValue\": null, \"description\": \"\", \"validateExercise\": false, \"exerciseNotperformed\": false}], \"exerciseFormations\": [], \"nextWhenUnrealized\": true, \"nextWhenUnvalidate\": true, \"formationsPhasesNotation\": []}, \"position\": null, \"formation\": null, \"minRating\": \"/api/rating_values/67\", \"isEditable\": true, \"constraints\": [], \"description\": \"\", \"maxDuration\": 0, \"requirements\": [], \"technicalSkills\": [], \"configISExpended\": null, \"standardDuration\": 0, \"notTechnicalSkill\": [], \"formationItemFromListId\": \"clhn6va900034356e6f5w1aoc\"}]',0,1,13,NULL,14,1,0,0,1,NULL,NULL,NULL,NULL,NULL,NULL,NULL,NULL,NULL,NULL,NULL,NULL,NULL,NULL,NULL),(27,42,42,NULL,3,NULL,NULL,'Formation - Note attendue Partie','','zrgfokp','zrefgpkn','','',0,1,0,0,0,0,0,0,0,0,0,1,1,0,0,1,0,0,1,0,0,0,0,'2023-05-16 21:00:38','2023-05-17 12:14:37',0,0,'[{\"id\": \"clhqmy6di0001356eu93zts6f\", \"@id\": \"clhqmy6di0001356eu93zts6f\", \"name\": \"LEÇONNN\", \"@type\": \"Lesson\", \"files\": [], \"goals\": \"\", \"isNew\": true, \"groupe\": false, \"itemId\": \"clhqmy6di0000356e1fso03m3\", \"actions\": [], \"ceiling\": \"\", \"children\": [], \"counters\": [], \"isDroped\": 2, \"position\": null, \"classroom\": null, \"formation\": null, \"isEditable\": true, \"minWeather\": \"\", \"constraints\": [], \"description\": \"\", \"maxDuration\": 0, \"requirements\": [], \"technicalRef\": \"\", \"isTheoretical\": false, \"minVisibility\": \"\", \"technicalSkills\": [], \"configISExpended\": null, \"standardDuration\": 0, \"notTechnicalSkill\": [], \"formationItemFromListId\": \"clhqmy6di0001356eu93zts6f\"}, {\"id\": \"clhqn3nhz0001356e0ajstbye\", \"@id\": \"clhqn3nhz0001356e0ajstbye\", \"name\": \"CUSTOM GROUPE\", \"@type\": \"ModulesGroup\", \"goals\": \"\", \"isNew\": true, \"itemId\": \"clhqn3nhz0000356e7wssqmbj\", \"actions\": [], \"children\": [], \"counters\": [], \"isDroped\": 1, \"notation\": null, \"position\": null, \"formation\": null, \"minRating\": null, \"isEditable\": true, \"constraints\": [], \"description\": \"\", \"maxDuration\": 0, \"requirements\": [], \"technicalSkills\": [], \"configISExpended\": null, \"standardDuration\": 0, \"notTechnicalSkill\": [], \"formationItemFromListId\": \"clhqn3nhz0001356e0ajstbye\"}, {\"id\": \"clhqn3pim0007356edp0umcdy\", \"@id\": \"clhqn3pim0007356edp0umcdy\", \"name\": \"CUSTOM GROUPE 2\", \"@type\": \"ModulesGroup\", \"goals\": \"\", \"isNew\": true, \"itemId\": \"clhqn3pim0006356eeheu23jd\", \"actions\": [], \"children\": [], \"counters\": [], \"isDroped\": 1, \"notation\": null, \"position\": null, \"formation\": null, \"minRating\": null, \"isEditable\": true, \"constraints\": [], \"description\": \"\", \"maxDuration\": 0, \"requirements\": [], \"technicalSkills\": [], \"configISExpended\": null, \"standardDuration\": 0, \"notTechnicalSkill\": [], \"formationItemFromListId\": \"clhqn3pim0007356edp0umcdy\"}, {\"id\": \"clhqn41qn0016356e42tukvjf\", \"@id\": \"clhqn41qn0016356e42tukvjf\", \"name\": \"MODULEEE\", \"@type\": \"Module\", \"goals\": \"\", \"isNew\": true, \"itemId\": \"clhqn41qn0015356e3t3evghz\", \"actions\": [], \"subname\": \"\", \"children\": [], \"counters\": [], \"isDroped\": 2, \"notation\": null, \"position\": null, \"formation\": null, \"minRating\": null, \"isEditable\": true, \"constraints\": [], \"description\": \"\", \"maxDuration\": 0, \"requirements\": [], \"isTheoretical\": false, \"technicalSkills\": [], \"configISExpended\": null, \"standardDuration\": 0, \"notTechnicalSkill\": [], \"formationItemFromListId\": \"clhqn41qn0016356e42tukvjf\"}, {\"id\": \"clhqn45lc001w356e8eb2dwpw\", \"@id\": \"clhqn45lc001w356e8eb2dwpw\", \"name\": \"MODULEEE 2\", \"@type\": \"Module\", \"goals\": \"\", \"isNew\": true, \"itemId\": \"clhqn45lc001v356emv588ttg\", \"actions\": [], \"subname\": \"\", \"children\": [], \"counters\": [], \"isDroped\": 1, \"notation\": null, \"position\": null, \"formation\": null, \"minRating\": null, \"isEditable\": true, \"constraints\": [], \"description\": \"\", \"maxDuration\": 0, \"requirements\": [], \"isTheoretical\": false, \"technicalSkills\": [], \"configISExpended\": null, \"standardDuration\": 0, \"notTechnicalSkill\": [], \"formationItemFromListId\": \"clhqn45lc001w356e8eb2dwpw\"}, {\"id\": \"clhqqe1ea000f356emzxoy6ai\", \"@id\": \"clhqqe1ea000f356emzxoy6ai\", \"name\": \"EXERCICEEE\", \"@type\": \"Exercise\", \"goals\": \"\", \"isNew\": true, \"itemId\": \"clhqqe1ea000e356e9sfsys0p\", \"actions\": [], \"children\": [], \"counters\": [], \"isDroped\": 2, \"position\": null, \"formation\": null, \"isEditable\": true, \"constraints\": [], \"description\": \"\", \"maxDuration\": 0, \"requirements\": [], \"technicalSkills\": [], \"configISExpended\": null, \"standardDuration\": 0, \"notTechnicalSkill\": [], \"formationItemFromListId\": null}, {\"id\": \"clhqqea8r002j356e6u0yon3g\", \"@id\": \"clhqqea8r002j356e6u0yon3g\", \"name\": \"LEÇONNN 2\", \"@type\": \"Lesson\", \"files\": [], \"goals\": \"\", \"isNew\": true, \"groupe\": false, \"itemId\": \"clhqqea8r002i356euenc8dar\", \"actions\": [], \"ceiling\": \"\", \"children\": [], \"counters\": [], \"isDroped\": 2, \"position\": null, \"classroom\": null, \"formation\": null, \"isEditable\": true, \"minWeather\": \"\", \"constraints\": [], \"description\": \"\", \"maxDuration\": 0, \"requirements\": [], \"technicalRef\": \"\", \"isTheoretical\": false, \"minVisibility\": \"\", \"technicalSkills\": [], \"configISExpended\": null, \"standardDuration\": 0, \"notTechnicalSkill\": [], \"formationItemFromListId\": \"clhqqea8r002j356e6u0yon3g\"}, {\"id\": \"clhqqeqjh0064356esz1swju3\", \"@id\": \"clhqqeqjh0064356esz1swju3\", \"name\": \"EXERCICEEE 2\", \"@type\": \"Exercise\", \"goals\": \"\", \"isNew\": true, \"itemId\": \"clhqqeqjh0063356ebtdnsqmt\", \"actions\": [], \"children\": [], \"counters\": [], \"isDroped\": 1, \"position\": null, \"formation\": null, \"isEditable\": true, \"constraints\": [], \"description\": \"\", \"maxDuration\": 0, \"requirements\": [], \"technicalSkills\": [], \"configISExpended\": null, \"standardDuration\": 0, \"notTechnicalSkill\": [], \"formationItemFromListId\": \"clhqqeqjh0064356esz1swju3\"}, {\"id\": \"clhqqexhr007e356e9fgwp1e3\", \"@id\": \"clhqqexhr007e356e9fgwp1e3\", \"name\": \"EXERCICEEE 3\", \"@type\": \"Exercise\", \"goals\": \"\", \"isNew\": true, \"itemId\": \"clhqqexhr007d356e8ur5ouez\", \"actions\": [], \"children\": [], \"counters\": [], \"isDroped\": 2, \"position\": null, \"formation\": null, \"isEditable\": true, \"constraints\": [], \"description\": \"\", \"maxDuration\": 0, \"requirements\": [], \"technicalSkills\": [], \"configISExpended\": null, \"standardDuration\": 0, \"notTechnicalSkill\": [], \"formationItemFromListId\": \"clhqqexhr007e356e9fgwp1e3\"}]',0,0,14,NULL,14,NULL,NULL,0,0,'collective',NULL,NULL,NULL,NULL,NULL,NULL,NULL,NULL,NULL,NULL,NULL,NULL,NULL,NULL),(28,42,41,NULL,3,NULL,NULL,'Formation - Indicateurs théoriques','','zeojkf','zeOJKFN','','',0,1,1,0,0,0,0,0,0,0,0,0,0,0,0,1,0,0,1,0,0,0,0,'2023-05-17 17:29:03','2023-05-17 17:39:15',0,0,'[{\"id\": \"clhruuwnd0001356ep4atmwbb\", \"@id\": \"clhruuwnd0001356ep4atmwbb\", \"name\": \"LEÇONNN\", \"@type\": \"Lesson\", \"files\": [], \"goals\": \"\", \"isNew\": true, \"groupe\": false, \"itemId\": \"clhruuwnd0000356eyniwu2ts\", \"actions\": [], \"ceiling\": \"\", \"children\": [], \"counters\": [], \"isDroped\": 1, \"position\": null, \"classroom\": null, \"formation\": null, \"isEditable\": true, \"minWeather\": \"\", \"constraints\": [], \"description\": \"\", \"maxDuration\": 0, \"requirements\": [], \"technicalRef\": \"\", \"isTheoretical\": true, \"minVisibility\": \"\", \"technicalSkills\": [], \"configISExpended\": null, \"standardDuration\": 0, \"notTechnicalSkill\": [], \"formationItemFromListId\": \"clhruuwnd0001356ep4atmwbb\"}, {\"id\": \"clhruv14g000h356er3t8yq0c\", \"@id\": \"clhruv14g000h356er3t8yq0c\", \"name\": \"EXERCICEEE\", \"@type\": \"Exercise\", \"goals\": \"\", \"isNew\": true, \"itemId\": \"clhruv14g000g356ev3qft07t\", \"actions\": [], \"children\": [], \"counters\": [], \"isDroped\": 2, \"position\": null, \"formation\": null, \"isEditable\": true, \"constraints\": [], \"description\": \"\", \"maxDuration\": 0, \"requirements\": [], \"isTheoretical\": true, \"technicalSkills\": [], \"configISExpended\": null, \"standardDuration\": 0, \"notTechnicalSkill\": [], \"formationItemFromListId\": \"clhruv14g000h356er3t8yq0c\"}, {\"id\": \"clhruv69k001e356eladedkj0\", \"@id\": \"clhruv69k001e356eladedkj0\", \"name\": \"LEÇONNN 2\", \"@type\": \"Lesson\", \"files\": [], \"goals\": \"\", \"isNew\": true, \"groupe\": false, \"itemId\": \"clhruv69k001d356eg4t0iels\", \"actions\": [], \"ceiling\": \"\", \"children\": [], \"counters\": [], \"isDroped\": 1, \"position\": null, \"classroom\": null, \"formation\": null, \"isEditable\": true, \"minWeather\": \"\", \"constraints\": [], \"description\": \"\", \"maxDuration\": 0, \"requirements\": [], \"technicalRef\": \"\", \"isTheoretical\": true, \"minVisibility\": \"\", \"technicalSkills\": [], \"configISExpended\": null, \"standardDuration\": 0, \"notTechnicalSkill\": [], \"formationItemFromListId\": \"clhruv69k001e356eladedkj0\"}, {\"id\": \"clhruva5f001z356ewam6gdpm\", \"@id\": \"clhruva5f001z356ewam6gdpm\", \"name\": \"EXERCICEEE 2\", \"@type\": \"Exercise\", \"goals\": \"\", \"isNew\": true, \"itemId\": \"clhruva5f001y356exz0rcclp\", \"actions\": [], \"children\": [], \"counters\": [], \"isDroped\": 1, \"position\": null, \"formation\": null, \"isEditable\": true, \"constraints\": [], \"description\": \"\", \"maxDuration\": 0, \"requirements\": [], \"isTheoretical\": true, \"technicalSkills\": [], \"configISExpended\": null, \"standardDuration\": 0, \"notTechnicalSkill\": [], \"formationItemFromListId\": \"clhruva5f001z356ewam6gdpm\"}]',0,1,14,NULL,13,NULL,1,1,0,'individual',NULL,NULL,NULL,NULL,NULL,NULL,NULL,NULL,NULL,NULL,NULL,NULL,NULL,NULL),(29,42,NULL,NULL,3,41,4,'Formation - Reset note attendue','','zoerfizeajn','azefr^poikjn','','',0,0,0,0,1,0,1,1,0,0,0,1,1,1,0,0,0,0,0,0,0,0,0,'2023-05-18 20:46:12','2023-05-18 21:03:48',0,1,'[{\"id\": \"clhthesgs0001356e19r14sqz\", \"@id\": \"clhthesgs0001356e19r14sqz\", \"name\": \"CUSTOM GROUPE\", \"@type\": \"ModulesGroup\", \"goals\": \"\", \"isNew\": true, \"itemId\": \"clhthesgs0000356epalcqo7k\", \"actions\": [], \"children\": [], \"counters\": [], \"isDroped\": 1, \"notation\": null, \"position\": null, \"formation\": null, \"minRating\": null, \"isEditable\": true, \"constraints\": [], \"description\": \"\", \"maxDuration\": 0, \"requirements\": [], \"technicalSkills\": [], \"configISExpended\": null, \"standardDuration\": 0, \"notTechnicalSkill\": [], \"formationItemFromListId\": \"clhthesgs0001356e19r14sqz\"}, {\"id\": \"clhthewls000g356e4r4lpcdn\", \"@id\": \"clhthewls000g356e4r4lpcdn\", \"name\": \"MODULEEE\", \"@type\": \"Module\", \"goals\": \"\", \"isNew\": true, \"itemId\": \"clhthewls000f356etdbm41b8\", \"actions\": [], \"subname\": \"\", \"children\": [], \"counters\": [], \"isDroped\": 1, \"notation\": null, \"position\": null, \"formation\": null, \"minRating\": null, \"isEditable\": true, \"constraints\": [], \"description\": \"\", \"maxDuration\": 0, \"requirements\": [], \"isTheoretical\": false, \"technicalSkills\": [], \"configISExpended\": null, \"standardDuration\": 0, \"notTechnicalSkill\": [], \"formationItemFromListId\": \"clhthewls000g356e4r4lpcdn\"}, {\"id\": \"clhthf0jp0018356eol9eh9bo\", \"@id\": \"clhthf0jp0018356eol9eh9bo\", \"name\": \"LEÇONNN\", \"@type\": \"Lesson\", \"files\": [], \"goals\": \"\", \"isNew\": true, \"groupe\": false, \"itemId\": \"clhthf0jp0017356eps0zt0x8\", \"actions\": [], \"ceiling\": \"\", \"children\": [], \"counters\": [], \"isDroped\": 1, \"position\": null, \"classroom\": null, \"formation\": null, \"isEditable\": true, \"minWeather\": \"\", \"constraints\": [], \"description\": \"\", \"maxDuration\": 0, \"requirements\": [], \"technicalRef\": \"\", \"isTheoretical\": false, \"minVisibility\": \"\", \"technicalSkills\": [], \"configISExpended\": null, \"standardDuration\": 0, \"notTechnicalSkill\": [], \"formationItemFromListId\": \"clhthf0jp0018356eol9eh9bo\"}, {\"id\": \"clhthslod0000356eul1xfqij\", \"@id\": \"clhthslod0000356eul1xfqij\", \"name\": \"fzefff\", \"@type\": \"Phase\", \"goals\": \"\", \"isNew\": true, \"itemId\": \"clhthsloe0001356e5cc69b9r\", \"actions\": [], \"fromAPI\": true, \"children\": [], \"counters\": [], \"isDroped\": 1, \"notation\": null, \"position\": null, \"formation\": null, \"minRating\": null, \"isEditable\": true, \"constraints\": [], \"description\": \"\", \"maxDuration\": 0, \"requirements\": [], \"technicalSkills\": [], \"configISExpended\": null, \"standardDuration\": 0, \"notTechnicalSkill\": [], \"formationItemFromListId\": \"clhthslod0000356eul1xfqij\"}]',2,0,14,13,NULL,NULL,NULL,0,0,'individual',NULL,NULL,NULL,NULL,NULL,NULL,NULL,NULL,NULL,NULL,NULL,NULL,NULL,NULL),(34,42,41,NULL,3,NULL,NULL,'Formation - Indicateurs théoriques 2','','zeojkf','zeOJKFN','','',0,1,1,0,0,0,0,0,0,0,0,0,0,0,0,1,0,0,0,0,0,0,0,'2023-05-19 14:54:59','2023-05-19 14:58:30',0,1,'[{\"id\": \"clhruuwnd0001356ep4atmwbb\", \"@id\": \"clhruuwnd0001356ep4atmwbb\", \"name\": \"LEÇONNN\", \"@type\": \"Lesson\", \"files\": [], \"goals\": \"\", \"isNew\": true, \"groupe\": false, \"itemId\": \"clhruuwnd0000356eyniwu2ts\", \"actions\": [], \"ceiling\": \"\", \"children\": [], \"counters\": [], \"isDroped\": 1, \"position\": null, \"classroom\": null, \"formation\": null, \"isEditable\": true, \"minWeather\": \"\", \"constraints\": [], \"description\": \"\", \"maxDuration\": 0, \"requirements\": [], \"technicalRef\": \"\", \"isTheoretical\": true, \"minVisibility\": \"\", \"technicalSkills\": [], \"configISExpended\": null, \"standardDuration\": 0, \"notTechnicalSkill\": [], \"formationItemFromListId\": \"clhruuwnd0001356ep4atmwbb\"}, {\"id\": \"clhruv14g000h356er3t8yq0c\", \"@id\": \"clhruv14g000h356er3t8yq0c\", \"name\": \"EXERCICEEE\", \"@type\": \"Exercise\", \"goals\": \"\", \"isNew\": true, \"itemId\": \"clhruv14g000g356ev3qft07t\", \"actions\": [], \"children\": [], \"counters\": [], \"isDroped\": 2, \"position\": null, \"formation\": null, \"isEditable\": true, \"constraints\": [], \"description\": \"\", \"maxDuration\": 0, \"requirements\": [], \"isTheoretical\": true, \"technicalSkills\": [], \"configISExpended\": null, \"standardDuration\": 0, \"notTechnicalSkill\": [], \"formationItemFromListId\": \"clhruv14g000h356er3t8yq0c\"}, {\"id\": \"clhruv69k001e356eladedkj0\", \"@id\": \"clhruv69k001e356eladedkj0\", \"name\": \"LEÇONNN 2\", \"@type\": \"Lesson\", \"files\": [], \"goals\": \"\", \"isNew\": true, \"groupe\": false, \"itemId\": \"clhruv69k001d356eg4t0iels\", \"actions\": [], \"ceiling\": \"\", \"children\": [], \"counters\": [], \"isDroped\": 1, \"position\": null, \"classroom\": null, \"formation\": null, \"isEditable\": true, \"minWeather\": \"\", \"constraints\": [], \"description\": \"\", \"maxDuration\": 0, \"requirements\": [], \"technicalRef\": \"\", \"isTheoretical\": true, \"minVisibility\": \"\", \"technicalSkills\": [], \"configISExpended\": null, \"standardDuration\": 0, \"notTechnicalSkill\": [], \"formationItemFromListId\": \"clhruv69k001e356eladedkj0\"}, {\"id\": \"clhruva5f001z356ewam6gdpm\", \"@id\": \"clhruva5f001z356ewam6gdpm\", \"name\": \"EXERCICEEE 2\", \"@type\": \"Exercise\", \"goals\": \"\", \"isNew\": true, \"itemId\": \"clhruva5f001y356exz0rcclp\", \"actions\": [], \"children\": [], \"counters\": [], \"isDroped\": 1, \"position\": null, \"formation\": null, \"isEditable\": true, \"constraints\": [], \"description\": \"\", \"maxDuration\": 0, \"requirements\": [], \"isTheoretical\": true, \"technicalSkills\": [], \"configISExpended\": null, \"standardDuration\": 0, \"notTechnicalSkill\": [], \"formationItemFromListId\": \"clhruva5f001z356ewam6gdpm\"}]',0,1,14,NULL,13,NULL,1,1,0,'individual',NULL,NULL,NULL,NULL,NULL,NULL,NULL,NULL,NULL,NULL,NULL,NULL,NULL,NULL),(35,42,41,NULL,3,NULL,NULL,'Nouvelle formation',NULL,'','',NULL,NULL,0,1,1,0,0,0,0,0,0,0,0,0,0,0,0,1,0,0,0,0,0,0,0,'2023-05-19 14:58:37','2023-05-19 14:58:37',0,1,'[{\"id\": \"clhruuwnd0001356ep4atmwbb\", \"@id\": \"clhruuwnd0001356ep4atmwbb\", \"name\": \"LEÇONNN\", \"@type\": \"Lesson\", \"files\": [], \"goals\": \"\", \"isNew\": true, \"groupe\": false, \"itemId\": \"clhruuwnd0000356eyniwu2ts\", \"actions\": [], \"ceiling\": \"\", \"children\": [], \"counters\": [], \"isDroped\": 1, \"position\": null, \"classroom\": null, \"formation\": null, \"isEditable\": true, \"minWeather\": \"\", \"constraints\": [], \"description\": \"\", \"maxDuration\": 0, \"requirements\": [], \"technicalRef\": \"\", \"isTheoretical\": true, \"minVisibility\": \"\", \"technicalSkills\": [], \"configISExpended\": null, \"standardDuration\": 0, \"notTechnicalSkill\": [], \"formationItemFromListId\": \"clhruuwnd0001356ep4atmwbb\"}, {\"id\": \"clhruv14g000h356er3t8yq0c\", \"@id\": \"clhruv14g000h356er3t8yq0c\", \"name\": \"EXERCICEEE\", \"@type\": \"Exercise\", \"goals\": \"\", \"isNew\": true, \"itemId\": \"clhruv14g000g356ev3qft07t\", \"actions\": [], \"children\": [], \"counters\": [], \"isDroped\": 2, \"position\": null, \"formation\": null, \"isEditable\": true, \"constraints\": [], \"description\": \"\", \"maxDuration\": 0, \"requirements\": [], \"isTheoretical\": true, \"technicalSkills\": [], \"configISExpended\": null, \"standardDuration\": 0, \"notTechnicalSkill\": [], \"formationItemFromListId\": \"clhruv14g000h356er3t8yq0c\"}, {\"id\": \"clhruv69k001e356eladedkj0\", \"@id\": \"clhruv69k001e356eladedkj0\", \"name\": \"LEÇONNN 2\", \"@type\": \"Lesson\", \"files\": [], \"goals\": \"\", \"isNew\": true, \"groupe\": false, \"itemId\": \"clhruv69k001d356eg4t0iels\", \"actions\": [], \"ceiling\": \"\", \"children\": [], \"counters\": [], \"isDroped\": 1, \"position\": null, \"classroom\": null, \"formation\": null, \"isEditable\": true, \"minWeather\": \"\", \"constraints\": [], \"description\": \"\", \"maxDuration\": 0, \"requirements\": [], \"technicalRef\": \"\", \"isTheoretical\": true, \"minVisibility\": \"\", \"technicalSkills\": [], \"configISExpended\": null, \"standardDuration\": 0, \"notTechnicalSkill\": [], \"formationItemFromListId\": \"clhruv69k001e356eladedkj0\"}, {\"id\": \"clhruva5f001z356ewam6gdpm\", \"@id\": \"clhruva5f001z356ewam6gdpm\", \"name\": \"EXERCICEEE 2\", \"@type\": \"Exercise\", \"goals\": \"\", \"isNew\": true, \"itemId\": \"clhruva5f001y356exz0rcclp\", \"actions\": [], \"children\": [], \"counters\": [], \"isDroped\": 1, \"position\": null, \"formation\": null, \"isEditable\": true, \"constraints\": [], \"description\": \"\", \"maxDuration\": 0, \"requirements\": [], \"isTheoretical\": true, \"technicalSkills\": [], \"configISExpended\": null, \"standardDuration\": 0, \"notTechnicalSkill\": [], \"formationItemFromListId\": \"clhruva5f001z356ewam6gdpm\"}]',NULL,1,14,NULL,13,NULL,1,1,0,'individual',NULL,NULL,NULL,NULL,NULL,NULL,NULL,NULL,NULL,NULL,NULL,NULL,NULL,NULL),(41,41,42,NULL,3,NULL,NULL,'Formation - Notation indicateurs leçon','','zerfgoin','zerpkfn','','',0,0,0,0,1,0,1,1,0,0,0,0,0,0,0,1,0,0,1,0,0,0,0,'2023-05-22 22:52:11','2023-05-22 22:52:27',0,0,'[{\"id\": \"clhzbox2q008j356el5d7n5za\", \"@id\": \"clhzbox2q008j356el5d7n5za\", \"name\": \"LEÇONNN\", \"@type\": \"Lesson\", \"files\": [], \"goals\": \"\", \"isNew\": true, \"groupe\": false, \"itemId\": \"clhzbox2q008i356ed4ledrpn\", \"actions\": [], \"ceiling\": \"\", \"children\": [], \"counters\": [], \"isDroped\": 1, \"position\": null, \"classroom\": null, \"formation\": null, \"isEditable\": true, \"minWeather\": \"\", \"constraints\": [], \"description\": \"\", \"maxDuration\": 0, \"requirements\": [], \"technicalRef\": \"\", \"isTheoretical\": false, \"minVisibility\": \"\", \"technicalSkills\": [], \"configISExpended\": null, \"standardDuration\": 0, \"notTechnicalSkill\": [], \"formationItemFromListId\": \"clhzbox2q008j356el5d7n5za\"}, {\"id\": \"clhzboz6q008n356ew6obb7qj\", \"@id\": \"clhzboz6q008n356ew6obb7qj\", \"name\": \"LEÇONNN 2\", \"@type\": \"Lesson\", \"files\": [], \"goals\": \"\", \"isNew\": true, \"groupe\": false, \"itemId\": \"clhzboz6q008m356eapdqck01\", \"actions\": [], \"ceiling\": \"\", \"children\": [], \"counters\": [], \"isDroped\": 1, \"position\": null, \"classroom\": null, \"formation\": null, \"isEditable\": true, \"minWeather\": \"\", \"constraints\": [], \"description\": \"\", \"maxDuration\": 0, \"requirements\": [], \"technicalRef\": \"\", \"isTheoretical\": false, \"minVisibility\": \"\", \"technicalSkills\": [], \"configISExpended\": null, \"standardDuration\": 0, \"notTechnicalSkill\": [], \"formationItemFromListId\": \"clhzboz6q008n356ew6obb7qj\"}, {\"id\": \"clhzbp1yb008t356e5iz7be9b\", \"@id\": \"clhzbp1yb008t356e5iz7be9b\", \"name\": \"LEÇONNN 3\", \"@type\": \"Lesson\", \"files\": [], \"goals\": \"\", \"isNew\": true, \"groupe\": false, \"itemId\": \"clhzbp1yb008s356ewew5qdai\", \"actions\": [], \"ceiling\": \"\", \"children\": [], \"counters\": [], \"isDroped\": 1, \"position\": null, \"classroom\": null, \"formation\": null, \"isEditable\": true, \"minWeather\": \"\", \"constraints\": [], \"description\": \"\", \"maxDuration\": 0, \"requirements\": [], \"technicalRef\": \"\", \"isTheoretical\": false, \"minVisibility\": \"\", \"technicalSkills\": [], \"configISExpended\": null, \"standardDuration\": 0, \"notTechnicalSkill\": [], \"formationItemFromListId\": \"clhzbp1yb008t356e5iz7be9b\"}, {\"id\": \"clhzbp7vv00a4356e55njra49\", \"@id\": \"clhzbp7vv00a4356e55njra49\", \"name\": \"EXERCICEEE\", \"@type\": \"Exercise\", \"goals\": \"\", \"isNew\": true, \"itemId\": \"clhzbp7vv00a3356et8gq8tn1\", \"actions\": [], \"children\": [], \"counters\": [], \"isDroped\": 1, \"position\": null, \"formation\": null, \"isEditable\": true, \"constraints\": [], \"description\": \"\", \"maxDuration\": 0, \"requirements\": [], \"technicalSkills\": [], \"configISExpended\": null, \"standardDuration\": 0, \"notTechnicalSkill\": [], \"formationItemFromListId\": \"clhzbp7vv00a4356e55njra49\"}, {\"id\": \"clhzbp9zv00a8356egcdck8lw\", \"@id\": \"clhzbp9zv00a8356egcdck8lw\", \"name\": \"EXERCICEEE 2\", \"@type\": \"Exercise\", \"goals\": \"\", \"isNew\": true, \"itemId\": \"clhzbp9zv00a7356e3dlsilv2\", \"actions\": [], \"children\": [], \"counters\": [], \"isDroped\": 1, \"position\": null, \"formation\": null, \"isEditable\": true, \"constraints\": [], \"description\": \"\", \"maxDuration\": 0, \"requirements\": [], \"technicalSkills\": [], \"configISExpended\": null, \"standardDuration\": 0, \"notTechnicalSkill\": [], \"formationItemFromListId\": \"clhzbp9zv00a8356egcdck8lw\"}, {\"id\": \"clhzbpfus00ae356eq3v7mzzg\", \"@id\": \"clhzbpfus00ae356eq3v7mzzg\", \"name\": \"EXERCICEEE 3\", \"@type\": \"Exercise\", \"goals\": \"\", \"isNew\": true, \"itemId\": \"clhzbpfus00ad356ehbilfjn8\", \"actions\": [], \"children\": [], \"counters\": [], \"isDroped\": 2, \"position\": null, \"formation\": null, \"isEditable\": true, \"constraints\": [], \"description\": \"\", \"maxDuration\": 0, \"requirements\": [], \"technicalSkills\": [], \"configISExpended\": null, \"standardDuration\": 0, \"notTechnicalSkill\": [], \"formationItemFromListId\": \"clhzbpfus00ae356eq3v7mzzg\"}]',0,1,13,NULL,14,1,1,1,1,'individual',NULL,NULL,NULL,NULL,NULL,NULL,NULL,NULL,NULL,NULL,NULL,NULL,NULL,NULL),(42,41,NULL,NULL,3,NULL,NULL,'Formation - Théorique','','hdfgb','dgfxhbt','','',300,1,1,0,0,0,0,0,0,0,0,0,0,0,0,0,0,0,1,0,1,0,0,'2023-05-24 11:37:44','2023-05-24 11:37:44',0,0,'[{\"id\": \"cli1idhih0001356eta9lfuxa\", \"@id\": \"cli1idhih0001356eta9lfuxa\", \"name\": \"LEÇONNN\", \"@type\": \"Lesson\", \"files\": [], \"goals\": \"\", \"isNew\": true, \"groupe\": false, \"itemId\": \"cli1idhih0000356eriksnxhs\", \"actions\": [], \"ceiling\": \"\", \"children\": [], \"counters\": [], \"isDroped\": 1, \"position\": null, \"classroom\": null, \"formation\": null, \"isEditable\": true, \"minWeather\": \"\", \"constraints\": [], \"description\": \"\", \"maxDuration\": 0, \"requirements\": [], \"technicalRef\": \"\", \"isTheoretical\": true, \"minVisibility\": \"\", \"technicalSkills\": [], \"configISExpended\": null, \"standardDuration\": 0, \"notTechnicalSkill\": [], \"formationItemFromListId\": \"cli1idhih0001356eta9lfuxa\"}, {\"id\": \"cli1idlcy000f356ekpn06xuz\", \"@id\": \"cli1idlcy000f356ekpn06xuz\", \"name\": \"LEÇONNN 2\", \"@type\": \"Lesson\", \"files\": [], \"goals\": \"\", \"isNew\": true, \"groupe\": false, \"itemId\": \"cli1idlcy000e356ew2wibngc\", \"actions\": [], \"ceiling\": \"\", \"children\": [], \"counters\": [], \"isDroped\": 1, \"position\": null, \"classroom\": null, \"formation\": null, \"isEditable\": true, \"minWeather\": \"\", \"constraints\": [], \"description\": \"\", \"maxDuration\": 0, \"requirements\": [], \"technicalRef\": \"\", \"isTheoretical\": true, \"minVisibility\": \"\", \"technicalSkills\": [], \"configISExpended\": null, \"standardDuration\": 0, \"notTechnicalSkill\": [], \"formationItemFromListId\": \"cli1idlcy000f356ekpn06xuz\"}, {\"id\": \"cli1idnqq000j356el58yl425\", \"@id\": \"cli1idnqq000j356el58yl425\", \"name\": \"LEÇONNN 3\", \"@type\": \"Lesson\", \"files\": [], \"goals\": \"\", \"isNew\": true, \"groupe\": false, \"itemId\": \"cli1idnqq000i356e76b7eqtp\", \"actions\": [], \"ceiling\": \"\", \"children\": [], \"counters\": [], \"isDroped\": 1, \"position\": null, \"classroom\": null, \"formation\": null, \"isEditable\": true, \"minWeather\": \"\", \"constraints\": [], \"description\": \"\", \"maxDuration\": 0, \"requirements\": [], \"technicalRef\": \"\", \"isTheoretical\": true, \"minVisibility\": \"\", \"technicalSkills\": [], \"configISExpended\": null, \"standardDuration\": 0, \"notTechnicalSkill\": [], \"formationItemFromListId\": \"cli1idnqq000j356el58yl425\"}]',0,0,NULL,NULL,NULL,NULL,NULL,0,0,'individual',NULL,NULL,NULL,NULL,NULL,NULL,NULL,NULL,NULL,NULL,NULL,NULL,NULL,NULL),(43,41,42,NULL,3,NULL,NULL,'Formation - Leçons théoriques','','zerfzerf','zefzef','','',0,0,0,1,1,0,1,1,0,0,0,0,0,0,0,1,0,0,1,0,0,0,0,'2023-05-24 18:09:21','2023-05-24 21:10:38',0,0,'[{\"id\": \"cli1wh8510001356e59loyhu5\", \"@id\": \"cli1wh8510001356e59loyhu5\", \"name\": \"LEÇONNN\", \"@type\": \"Lesson\", \"files\": [], \"goals\": \"\", \"isNew\": true, \"groupe\": false, \"itemId\": \"cli1wh8510000356ebumpj6lp\", \"actions\": [], \"ceiling\": \"\", \"children\": [], \"counters\": [], \"isDroped\": 1, \"position\": null, \"classroom\": null, \"formation\": null, \"isEditable\": true, \"minWeather\": \"\", \"constraints\": [], \"description\": \"\", \"maxDuration\": 0, \"requirements\": [], \"technicalRef\": \"\", \"isTheoretical\": false, \"minVisibility\": \"\", \"technicalSkills\": [], \"configISExpended\": null, \"standardDuration\": 0, \"notTechnicalSkill\": [], \"formationItemFromListId\": \"cli1wh8510001356e59loyhu5\"}, {\"id\": \"cli1whbph000f356ea2mtbjbt\", \"@id\": \"cli1whbph000f356ea2mtbjbt\", \"name\": \"LEÇONNN 2\", \"@type\": \"Lesson\", \"files\": [], \"goals\": \"\", \"isNew\": true, \"groupe\": false, \"itemId\": \"cli1whbph000e356ee7crk96z\", \"actions\": [], \"ceiling\": \"\", \"children\": [], \"counters\": [], \"isDroped\": 1, \"position\": null, \"classroom\": null, \"formation\": null, \"isEditable\": true, \"minWeather\": \"\", \"constraints\": [], \"description\": \"\", \"maxDuration\": 0, \"requirements\": [], \"technicalRef\": \"\", \"isTheoretical\": false, \"minVisibility\": \"\", \"technicalSkills\": [], \"configISExpended\": null, \"standardDuration\": 0, \"notTechnicalSkill\": [], \"formationItemFromListId\": \"cli1whbph000f356ea2mtbjbt\"}, {\"id\": \"cli1x93tl0007356e039k5p5k\", \"@id\": \"cli1x93tl0007356e039k5p5k\", \"name\": \"EXERCICEEE\", \"@type\": \"Exercise\", \"goals\": \"\", \"isNew\": true, \"itemId\": \"cli1x93tl0006356eyt4flqpd\", \"actions\": [], \"children\": [], \"counters\": [], \"isDroped\": 2, \"position\": null, \"formation\": null, \"isEditable\": true, \"constraints\": [], \"description\": \"\", \"maxDuration\": 0, \"requirements\": [], \"technicalSkills\": [], \"configISExpended\": null, \"standardDuration\": 0, \"notTechnicalSkill\": [], \"formationItemFromListId\": null}, {\"id\": \"cli1x98u2000y356eco0pqfsc\", \"@id\": \"cli1x98u2000y356eco0pqfsc\", \"name\": \"EXERCICEEE 2\", \"@type\": \"Exercise\", \"goals\": \"\", \"isNew\": true, \"itemId\": \"cli1x98u2000x356eyh73msvl\", \"actions\": [], \"children\": [], \"counters\": [], \"isDroped\": 1, \"position\": null, \"formation\": null, \"isEditable\": true, \"constraints\": [], \"description\": \"\", \"maxDuration\": 0, \"requirements\": [], \"technicalSkills\": [], \"configISExpended\": null, \"standardDuration\": 0, \"notTechnicalSkill\": [], \"formationItemFromListId\": \"cli1x98u2000y356eco0pqfsc\"}]',0,1,13,NULL,14,NULL,1,0,0,'individual',NULL,NULL,NULL,NULL,NULL,NULL,NULL,NULL,NULL,NULL,NULL,NULL,NULL,NULL),(44,NULL,NULL,NULL,3,NULL,NULL,'rgeerg','','regreg','ergerg','','',0,0,0,0,1,0,1,1,0,0,0,0,0,0,0,0,0,0,1,0,0,0,0,'2023-05-25 10:39:32','2023-05-25 10:39:32',0,0,'[{\"id\": \"cli2vu7aq0001356eb9dyy6so\", \"@id\": \"cli2vu7aq0001356eb9dyy6so\", \"name\": \"LEÇONNN\", \"@type\": \"Lesson\", \"files\": [], \"goals\": \"\", \"isNew\": true, \"groupe\": false, \"itemId\": \"cli2vu7aq0000356esbvz1n6x\", \"actions\": [], \"ceiling\": \"\", \"children\": [], \"counters\": [], \"isDroped\": 1, \"position\": null, \"classroom\": null, \"formation\": null, \"isEditable\": true, \"minWeather\": \"\", \"constraints\": [], \"description\": \"\", \"maxDuration\": 0, \"requirements\": [], \"technicalRef\": \"\", \"isTheoretical\": true, \"minVisibility\": \"\", \"technicalSkills\": [], \"configISExpended\": null, \"standardDuration\": 0, \"notTechnicalSkill\": [], \"formationItemFromListId\": \"cli2vu7aq0001356eb9dyy6so\"}]',0,0,NULL,NULL,NULL,NULL,NULL,0,0,'individual',NULL,NULL,NULL,NULL,NULL,NULL,NULL,NULL,NULL,NULL,NULL,NULL,NULL,NULL),(45,41,42,NULL,3,NULL,NULL,'Formation - Exo raté UPD','','zeofjezn','zeffez','','',0,0,0,0,1,0,1,1,0,0,0,0,0,0,0,1,0,0,1,0,0,0,0,'2023-05-25 11:03:58','2023-05-25 11:05:04',0,0,'[{\"id\": \"cli2wpprv0001356e1kj48tkm\", \"@id\": \"cli2wpprv0001356e1kj48tkm\", \"name\": \"LEÇONNN\", \"@type\": \"Lesson\", \"files\": [], \"goals\": \"\", \"isNew\": true, \"groupe\": false, \"itemId\": \"cli2wpprv0000356eqi0lpi44\", \"actions\": [], \"ceiling\": \"\", \"children\": [], \"counters\": [], \"isDroped\": 1, \"position\": null, \"classroom\": null, \"formation\": null, \"isEditable\": true, \"minWeather\": \"\", \"constraints\": [], \"description\": \"\", \"maxDuration\": 0, \"requirements\": [], \"technicalRef\": \"\", \"isTheoretical\": false, \"minVisibility\": \"\", \"technicalSkills\": [], \"configISExpended\": null, \"standardDuration\": 0, \"notTechnicalSkill\": [], \"formationItemFromListId\": \"cli2wpprv0001356e1kj48tkm\"}, {\"id\": \"cli2wpst7000f356eq4kuca5e\", \"@id\": \"cli2wpst7000f356eq4kuca5e\", \"name\": \"LEÇONNN 2\", \"@type\": \"Lesson\", \"files\": [], \"goals\": \"\", \"isNew\": true, \"groupe\": false, \"itemId\": \"cli2wpst7000e356e5zuxhdv3\", \"actions\": [], \"ceiling\": \"\", \"children\": [], \"counters\": [], \"isDroped\": 1, \"position\": null, \"classroom\": null, \"formation\": null, \"isEditable\": true, \"minWeather\": \"\", \"constraints\": [], \"description\": \"\", \"maxDuration\": 0, \"requirements\": [], \"technicalRef\": \"\", \"isTheoretical\": false, \"minVisibility\": \"\", \"technicalSkills\": [], \"configISExpended\": null, \"standardDuration\": 0, \"notTechnicalSkill\": [], \"formationItemFromListId\": \"cli2wpst7000f356eq4kuca5e\"}, {\"id\": \"cli2wpvre000r356eyczghszm\", \"@id\": \"cli2wpvre000r356eyczghszm\", \"name\": \"LEÇONNN 3\", \"@type\": \"Lesson\", \"files\": [], \"goals\": \"\", \"isNew\": true, \"groupe\": false, \"itemId\": \"cli2wpvre000q356eojf2aox0\", \"actions\": [], \"ceiling\": \"\", \"children\": [], \"counters\": [], \"isDroped\": 1, \"position\": null, \"classroom\": null, \"formation\": null, \"isEditable\": true, \"minWeather\": \"\", \"constraints\": [], \"description\": \"\", \"maxDuration\": 0, \"requirements\": [], \"technicalRef\": \"\", \"isTheoretical\": false, \"minVisibility\": \"\", \"technicalSkills\": [], \"configISExpended\": null, \"standardDuration\": 0, \"notTechnicalSkill\": [], \"formationItemFromListId\": \"cli2wpvre000r356eyczghszm\"}, {\"id\": \"cli2wq03f0016356e50crf79d\", \"@id\": \"cli2wq03f0016356e50crf79d\", \"name\": \"EXERCICEEE\", \"@type\": \"Exercise\", \"goals\": \"\", \"isNew\": true, \"itemId\": \"cli2wq03f0015356envvi76gn\", \"actions\": [], \"children\": [], \"counters\": [], \"isDroped\": 2, \"position\": null, \"formation\": null, \"isEditable\": true, \"constraints\": [], \"description\": \"\", \"maxDuration\": 0, \"requirements\": [], \"technicalSkills\": [], \"configISExpended\": null, \"standardDuration\": 0, \"notTechnicalSkill\": [], \"formationItemFromListId\": \"cli2wq03f0016356e50crf79d\"}, {\"id\": \"cli2wq2hn001a356ed1uhqicm\", \"@id\": \"cli2wq2hn001a356ed1uhqicm\", \"name\": \"EXERCICEEE 2\", \"@type\": \"Exercise\", \"goals\": \"\", \"isNew\": true, \"itemId\": \"cli2wq2hn0019356eo870x9lf\", \"actions\": [], \"children\": [], \"counters\": [], \"isDroped\": 2, \"position\": null, \"formation\": null, \"isEditable\": true, \"constraints\": [], \"description\": \"\", \"maxDuration\": 0, \"requirements\": [], \"technicalSkills\": [], \"configISExpended\": null, \"standardDuration\": 0, \"notTechnicalSkill\": [], \"formationItemFromListId\": \"cli2wq2hn001a356ed1uhqicm\"}, {\"id\": \"cli2wq4yk001g356e71cr1og2\", \"@id\": \"cli2wq4yk001g356e71cr1og2\", \"name\": \"EXERCICEEE 3\", \"@type\": \"Exercise\", \"goals\": \"\", \"isNew\": true, \"itemId\": \"cli2wq4yk001f356ep3gruxid\", \"actions\": [], \"children\": [], \"counters\": [], \"isDroped\": 2, \"position\": null, \"formation\": null, \"isEditable\": true, \"constraints\": [], \"description\": \"\", \"maxDuration\": 0, \"requirements\": [], \"technicalSkills\": [], \"configISExpended\": null, \"standardDuration\": 0, \"notTechnicalSkill\": [], \"formationItemFromListId\": \"cli2wq4yk001g356e71cr1og2\"}]',0,1,13,NULL,14,1,1,NULL,NULL,'individual',NULL,NULL,NULL,NULL,NULL,NULL,NULL,NULL,NULL,NULL,NULL,NULL,NULL,NULL),(46,43,41,NULL,3,NULL,NULL,'Formation - Indicateurs','','zeofj','faef','','',0,0,0,0,1,0,0,0,0,0,0,0,0,0,0,1,0,0,1,1,0,0,0,'2023-05-25 14:11:20','2023-05-25 14:12:42',0,0,'[{\"id\": \"cli33ea3e0001356ebg981cwn\", \"@id\": \"cli33ea3e0001356ebg981cwn\", \"name\": \"LEÇONNN\", \"@type\": \"Lesson\", \"files\": [], \"goals\": \"\", \"isNew\": true, \"groupe\": false, \"itemId\": \"cli33ea3e0000356e1pbl9pv6\", \"actions\": [], \"ceiling\": \"\", \"children\": [], \"counters\": [], \"isDroped\": 1, \"position\": null, \"classroom\": null, \"formation\": null, \"isEditable\": true, \"minWeather\": \"\", \"constraints\": [], \"description\": \"\", \"maxDuration\": 0, \"requirements\": [], \"technicalRef\": \"\", \"isTheoretical\": false, \"minVisibility\": \"\", \"technicalSkills\": [], \"configISExpended\": null, \"standardDuration\": 0, \"notTechnicalSkill\": [], \"formationItemFromListId\": \"cli33ea3e0001356ebg981cwn\"}, {\"id\": \"cli33ec0a0003356e05zblr6k\", \"@id\": \"cli33ec0a0003356e05zblr6k\", \"name\": \"LEÇONNN 2\", \"@type\": \"Lesson\", \"files\": [], \"goals\": \"\", \"isNew\": true, \"groupe\": false, \"itemId\": \"cli33ec0a0002356esjzi1cl5\", \"actions\": [], \"ceiling\": \"\", \"children\": [], \"counters\": [], \"isDroped\": 1, \"position\": null, \"classroom\": null, \"formation\": null, \"isEditable\": true, \"minWeather\": \"\", \"constraints\": [], \"description\": \"\", \"maxDuration\": 0, \"requirements\": [], \"technicalRef\": \"\", \"isTheoretical\": false, \"minVisibility\": \"\", \"technicalSkills\": [], \"configISExpended\": null, \"standardDuration\": 0, \"notTechnicalSkill\": [], \"formationItemFromListId\": \"cli33ec0a0003356e05zblr6k\"}, {\"id\": \"cli33edxj0005356em0wzajp9\", \"@id\": \"cli33edxj0005356em0wzajp9\", \"name\": \"LEÇONNN 3\", \"@type\": \"Lesson\", \"files\": [], \"goals\": \"\", \"isNew\": true, \"groupe\": false, \"itemId\": \"cli33edxj0004356eiqf8j8qf\", \"actions\": [], \"ceiling\": \"\", \"children\": [], \"counters\": [], \"isDroped\": 1, \"position\": null, \"classroom\": null, \"formation\": null, \"isEditable\": true, \"minWeather\": \"\", \"constraints\": [], \"description\": \"\", \"maxDuration\": 0, \"requirements\": [], \"technicalRef\": \"\", \"isTheoretical\": false, \"minVisibility\": \"\", \"technicalSkills\": [], \"configISExpended\": null, \"standardDuration\": 0, \"notTechnicalSkill\": [], \"formationItemFromListId\": \"cli33edxj0005356em0wzajp9\"}, {\"id\": \"cli33en2k001w356ev4credjb\", \"@id\": \"cli33en2k001w356ev4credjb\", \"name\": \"EXERCICEEE\", \"@type\": \"Exercise\", \"goals\": \"\", \"isNew\": true, \"itemId\": \"cli33en2k001v356e46mi3ur8\", \"actions\": [], \"children\": [], \"counters\": [], \"isDroped\": 2, \"position\": null, \"formation\": null, \"isEditable\": true, \"constraints\": [], \"description\": \"\", \"maxDuration\": 0, \"requirements\": [], \"technicalSkills\": [], \"configISExpended\": null, \"standardDuration\": 0, \"notTechnicalSkill\": [], \"formationItemFromListId\": \"cli33en2k001w356ev4credjb\"}, {\"id\": \"cli33erkc003a356ef7ym1u8j\", \"@id\": \"cli33erkc003a356ef7ym1u8j\", \"name\": \"EXERCICEEE 2\", \"@type\": \"Exercise\", \"goals\": \"\", \"isNew\": true, \"itemId\": \"cli33erkc0039356e0eui8aps\", \"actions\": [], \"children\": [], \"counters\": [], \"isDroped\": 3, \"position\": null, \"formation\": null, \"isEditable\": true, \"constraints\": [], \"description\": \"\", \"maxDuration\": 0, \"requirements\": [], \"technicalSkills\": [], \"configISExpended\": null, \"standardDuration\": 0, \"notTechnicalSkill\": [], \"formationItemFromListId\": \"cli33erkc003a356ef7ym1u8j\"}, {\"id\": \"cli33euvb0044356eg1rm9798\", \"@id\": \"cli33euvb0044356eg1rm9798\", \"name\": \"EXERCICEEE 3\", \"@type\": \"Exercise\", \"goals\": \"\", \"isNew\": true, \"itemId\": \"cli33euvb0043356etn54xhog\", \"actions\": [], \"children\": [], \"counters\": [], \"isDroped\": 2, \"position\": null, \"formation\": null, \"isEditable\": true, \"constraints\": [], \"description\": \"\", \"maxDuration\": 0, \"requirements\": [], \"technicalSkills\": [], \"configISExpended\": null, \"standardDuration\": 0, \"notTechnicalSkill\": [], \"formationItemFromListId\": \"cli33euvb0044356eg1rm9798\"}]',0,1,15,NULL,13,1,1,NULL,NULL,'individual',NULL,NULL,NULL,NULL,NULL,NULL,NULL,NULL,NULL,NULL,NULL,NULL,NULL,NULL),(47,42,42,NULL,3,41,4,'Formation - Temps standard','','grrrr','rgf','','',600,0,0,0,1,0,1,1,0,0,0,1,1,1,0,1,0,0,1,1,1,0,0,'2023-05-25 14:58:48','2023-06-02 17:12:51',0,1,'[{\"id\": \"cli3548i90001356e4htoxi6m\", \"@id\": \"cli3548i90001356e4htoxi6m\", \"name\": \"LEÇONNN\", \"@type\": \"Lesson\", \"files\": [], \"goals\": \"\", \"isNew\": true, \"groupe\": false, \"itemId\": \"cli3548i90000356en60s5u5z\", \"actions\": [], \"ceiling\": \"\", \"children\": [], \"counters\": [], \"isDroped\": 3, \"position\": null, \"classroom\": null, \"formation\": null, \"isEditable\": true, \"minWeather\": \"\", \"constraints\": [], \"description\": \"\", \"maxDuration\": 0, \"requirements\": [], \"technicalRef\": \"\", \"isTheoretical\": false, \"minVisibility\": \"\", \"technicalSkills\": [], \"configISExpended\": null, \"standardDuration\": 0, \"notTechnicalSkill\": [], \"formationItemFromListId\": \"cli3548i90001356e4htoxi6m\"}, {\"id\": \"cli354ahl0003356eb5ajkysj\", \"@id\": \"cli354ahl0003356eb5ajkysj\", \"name\": \"LEÇONNN 2\", \"@type\": \"Lesson\", \"files\": [], \"goals\": \"\", \"isNew\": true, \"groupe\": false, \"itemId\": \"cli354ahl0002356ehysmnf4r\", \"actions\": [], \"ceiling\": \"\", \"children\": [], \"counters\": [], \"isDroped\": 3, \"position\": null, \"classroom\": null, \"formation\": null, \"isEditable\": true, \"minWeather\": \"\", \"constraints\": [], \"description\": \"\", \"maxDuration\": 0, \"requirements\": [], \"technicalRef\": \"\", \"isTheoretical\": false, \"minVisibility\": \"\", \"technicalSkills\": [], \"configISExpended\": null, \"standardDuration\": 0, \"notTechnicalSkill\": [], \"formationItemFromListId\": \"cli354ahl0003356eb5ajkysj\"}, {\"id\": \"cliel6lpo0000356g8qeo9kj6\", \"@id\": \"cliel6lpo0000356g8qeo9kj6\", \"name\": \"fzefff\", \"@type\": \"Phase\", \"goals\": \"\", \"isNew\": true, \"itemId\": \"cliel6lpo0001356g1sxso1bi\", \"actions\": [], \"fromAPI\": true, \"children\": [], \"counters\": [], \"isDroped\": 9, \"notation\": null, \"position\": null, \"formation\": null, \"minRating\": null, \"isEditable\": true, \"constraints\": [], \"description\": \"\", \"maxDuration\": 0, \"requirements\": [], \"technicalSkills\": [], \"configISExpended\": null, \"standardDuration\": 0, \"notTechnicalSkill\": [], \"formationItemFromListId\": \"cliel6lpo0000356g8qeo9kj6\"}, {\"id\": \"cliel6qxp000v356gwnjlbbuc\", \"@id\": \"cliel6qxp000v356gwnjlbbuc\", \"name\": \"LEÇONNN 3\", \"@type\": \"Lesson\", \"files\": [], \"goals\": \"\", \"isNew\": true, \"groupe\": false, \"itemId\": \"cliel6qxo000u356gd1awubra\", \"actions\": [], \"ceiling\": \"\", \"children\": [], \"counters\": [], \"isDroped\": 3, \"position\": null, \"classroom\": null, \"formation\": null, \"isEditable\": true, \"minWeather\": \"\", \"constraints\": [], \"description\": \"\", \"maxDuration\": 0, \"requirements\": [], \"technicalRef\": \"\", \"isTheoretical\": false, \"minVisibility\": \"\", \"technicalSkills\": [], \"configISExpended\": null, \"standardDuration\": 0, \"notTechnicalSkill\": [], \"formationItemFromListId\": \"cliel6qxp000v356gwnjlbbuc\"}, {\"id\": \"cliel7059002q356gm7aucunx\", \"@id\": \"cliel7059002q356gm7aucunx\", \"name\": \"EXERCICEEE\", \"@type\": \"Exercise\", \"goals\": \"\", \"isNew\": true, \"itemId\": \"cliel7059002p356g1f34n6hp\", \"actions\": [], \"children\": [], \"counters\": [], \"isDroped\": 4, \"position\": null, \"formation\": null, \"isEditable\": true, \"constraints\": [], \"description\": \"\", \"maxDuration\": 0, \"requirements\": [], \"technicalSkills\": [], \"configISExpended\": null, \"standardDuration\": 0, \"notTechnicalSkill\": [], \"formationItemFromListId\": \"cliel7059002q356gm7aucunx\"}, {\"id\": \"cliel72kl002u356g2xmazp6j\", \"@id\": \"cliel72kl002u356g2xmazp6j\", \"name\": \"EXERCICEEE 2\", \"@type\": \"Exercise\", \"goals\": \"\", \"isNew\": true, \"itemId\": \"cliel72kl002t356gh20x79jx\", \"actions\": [], \"children\": [], \"counters\": [], \"isDroped\": 4, \"position\": null, \"formation\": null, \"isEditable\": true, \"constraints\": [], \"description\": \"\", \"maxDuration\": 0, \"requirements\": [], \"technicalSkills\": [], \"configISExpended\": null, \"standardDuration\": 0, \"notTechnicalSkill\": [], \"formationItemFromListId\": \"cliel72kl002u356g2xmazp6j\"}, {\"id\": \"clieohtk40001356gw79h4tu7\", \"@id\": \"clieohtk40001356gw79h4tu7\", \"name\": \"CUSTOM GROUPE\", \"@type\": \"ModulesGroup\", \"goals\": \"\", \"isNew\": true, \"itemId\": \"clieohtk40000356gi23fi9u1\", \"actions\": [], \"children\": [], \"counters\": [], \"isDroped\": 1, \"notation\": null, \"position\": null, \"formation\": null, \"minRating\": null, \"isEditable\": true, \"constraints\": [], \"description\": \"\", \"maxDuration\": 0, \"requirements\": [], \"technicalSkills\": [], \"configISExpended\": null, \"standardDuration\": 0, \"notTechnicalSkill\": [], \"formationItemFromListId\": \"clieohtk40001356gw79h4tu7\"}, {\"id\": \"clieohxt1000f356gyum9d8s3\", \"@id\": \"clieohxt1000f356gyum9d8s3\", \"name\": \"CUSTOM GROUPE 2\", \"@type\": \"ModulesGroup\", \"goals\": \"\", \"isNew\": true, \"itemId\": \"clieohxt1000e356gir8rw2j3\", \"actions\": [], \"children\": [], \"counters\": [], \"isDroped\": 1, \"notation\": null, \"position\": null, \"formation\": null, \"minRating\": null, \"isEditable\": true, \"constraints\": [], \"description\": \"\", \"maxDuration\": 0, \"requirements\": [], \"technicalSkills\": [], \"configISExpended\": null, \"standardDuration\": 0, \"notTechnicalSkill\": [], \"formationItemFromListId\": \"clieohxt1000f356gyum9d8s3\"}, {\"id\": \"clieoi2n2000t356gp1b8bezq\", \"@id\": \"clieoi2n2000t356gp1b8bezq\", \"name\": \"MODULEEE\", \"@type\": \"Module\", \"goals\": \"\", \"isNew\": true, \"itemId\": \"clieoi2n2000s356g07jaibpc\", \"actions\": [], \"subname\": \"\", \"children\": [], \"counters\": [], \"isDroped\": 1, \"notation\": null, \"position\": null, \"formation\": null, \"minRating\": null, \"isEditable\": true, \"constraints\": [], \"description\": \"\", \"maxDuration\": 0, \"requirements\": [], \"isTheoretical\": false, \"technicalSkills\": [], \"configISExpended\": null, \"standardDuration\": 0, \"notTechnicalSkill\": [], \"formationItemFromListId\": \"clieoi2n2000t356gp1b8bezq\"}, {\"id\": \"clieoi5ry001w356gajl740kt\", \"@id\": \"clieoi5ry001w356gajl740kt\", \"name\": \"MODULEEE 2\", \"@type\": \"Module\", \"goals\": \"\", \"isNew\": true, \"itemId\": \"clieoi5ry001v356g7mx0qj6s\", \"actions\": [], \"subname\": \"\", \"children\": [], \"counters\": [], \"isDroped\": 1, \"notation\": null, \"position\": null, \"formation\": null, \"minRating\": null, \"isEditable\": true, \"constraints\": [], \"description\": \"\", \"maxDuration\": 0, \"requirements\": [], \"isTheoretical\": false, \"technicalSkills\": [], \"configISExpended\": null, \"standardDuration\": 0, \"notTechnicalSkill\": [], \"formationItemFromListId\": \"clieoi5ry001w356gajl740kt\"}, {\"id\": \"clieoidnq004w356gvd9oo61u\", \"@id\": \"clieoidnq004w356gvd9oo61u\", \"name\": \"MODULEEE 3\", \"@type\": \"Module\", \"goals\": \"\", \"isNew\": true, \"itemId\": \"clieoidnq004v356gyu2so81u\", \"actions\": [], \"subname\": \"\", \"children\": [], \"counters\": [], \"isDroped\": 1, \"notation\": null, \"position\": null, \"formation\": null, \"minRating\": null, \"isEditable\": true, \"constraints\": [], \"description\": \"\", \"maxDuration\": 0, \"requirements\": [], \"isTheoretical\": false, \"technicalSkills\": [], \"configISExpended\": null, \"standardDuration\": 0, \"notTechnicalSkill\": [], \"formationItemFromListId\": \"clieoidnq004w356gvd9oo61u\"}, {\"id\": \"clieoihav005k356gl75604t3\", \"@id\": \"clieoihav005k356gl75604t3\", \"name\": \"MODULEEE 4\", \"@type\": \"Module\", \"goals\": \"\", \"isNew\": true, \"itemId\": \"clieoihav005j356gzaibosx4\", \"actions\": [], \"subname\": \"\", \"children\": [], \"counters\": [], \"isDroped\": 1, \"notation\": null, \"position\": null, \"formation\": null, \"minRating\": null, \"isEditable\": true, \"constraints\": [], \"description\": \"\", \"maxDuration\": 0, \"requirements\": [], \"isTheoretical\": false, \"technicalSkills\": [], \"configISExpended\": null, \"standardDuration\": 0, \"notTechnicalSkill\": [], \"formationItemFromListId\": \"clieoihav005k356gl75604t3\"}]',4,0,14,13,14,NULL,NULL,0,0,'individual',NULL,NULL,NULL,NULL,NULL,NULL,NULL,NULL,NULL,NULL,NULL,NULL,NULL,NULL),(48,41,NULL,NULL,3,NULL,NULL,'Formation - Attitude élève','','zaeojfn','fnae','','',0,0,0,0,1,0,0,0,0,0,0,0,0,0,0,0,0,0,1,1,0,0,0,'2023-05-25 15:57:39','2023-05-25 15:58:07',0,0,'[{\"id\": \"cli377isu0002356etze9tpzh\", \"@id\": \"cli377isu0002356etze9tpzh\", \"name\": \"LEÇONNN\", \"@type\": \"Lesson\", \"files\": [], \"goals\": \"\", \"isNew\": true, \"groupe\": false, \"itemId\": \"cli377isu0001356e9nvlwa4w\", \"actions\": [], \"ceiling\": \"\", \"children\": [], \"counters\": [], \"isDroped\": 1, \"position\": null, \"classroom\": null, \"formation\": null, \"isEditable\": true, \"minWeather\": \"\", \"constraints\": [], \"description\": \"\", \"maxDuration\": 0, \"requirements\": [], \"technicalRef\": \"\", \"isTheoretical\": false, \"minVisibility\": \"\", \"technicalSkills\": [], \"configISExpended\": null, \"standardDuration\": 0, \"notTechnicalSkill\": [], \"formationItemFromListId\": \"cli377isu0002356etze9tpzh\"}, {\"id\": \"cli377kvc0004356euf4ku8g0\", \"@id\": \"cli377kvc0004356euf4ku8g0\", \"name\": \"LEÇONNN 2\", \"@type\": \"Lesson\", \"files\": [], \"goals\": \"\", \"isNew\": true, \"groupe\": false, \"itemId\": \"cli377kvb0003356ea1tkhd83\", \"actions\": [], \"ceiling\": \"\", \"children\": [], \"counters\": [], \"isDroped\": 1, \"position\": null, \"classroom\": null, \"formation\": null, \"isEditable\": true, \"minWeather\": \"\", \"constraints\": [], \"description\": \"\", \"maxDuration\": 0, \"requirements\": [], \"technicalRef\": \"\", \"isTheoretical\": false, \"minVisibility\": \"\", \"technicalSkills\": [], \"configISExpended\": null, \"standardDuration\": 0, \"notTechnicalSkill\": [], \"formationItemFromListId\": \"cli377kvc0004356euf4ku8g0\"}]',0,1,13,NULL,NULL,1,0,0,0,'individual',NULL,NULL,NULL,NULL,NULL,NULL,NULL,NULL,NULL,NULL,NULL,NULL,NULL,NULL),(49,29,7,NULL,3,NULL,NULL,'Formation - Théorique','','zepfnzef','fzepkfnze','','',240,0,1,0,1,0,1,0,0,0,0,0,0,0,0,0,0,0,0,1,1,0,0,'2023-05-26 16:24:01','2023-06-09 18:52:44',0,1,'[{\"id\": \"cli4nqnx50003356ei8xmkaxn\", \"@id\": \"cli4nqnx50003356ei8xmkaxn\", \"name\": \"L1\", \"@type\": \"Lesson\", \"files\": [], \"goals\": \"\", \"isNew\": true, \"groupe\": false, \"itemId\": \"cli4nqnx50002356e2k077h40\", \"actions\": [], \"ceiling\": \"\", \"children\": [], \"counters\": [], \"isDroped\": 1, \"position\": null, \"classroom\": null, \"formation\": null, \"isEditable\": true, \"minWeather\": \"\", \"constraints\": [], \"description\": \"\", \"maxDuration\": 0, \"requirements\": [], \"technicalRef\": \"\", \"isTheoretical\": false, \"minVisibility\": \"\", \"technicalSkills\": [], \"configISExpended\": null, \"standardDuration\": 0, \"notTechnicalSkill\": [], \"formationItemFromListId\": \"cli4nqnx50003356ei8xmkaxn\"}, {\"id\": \"cli4nqr120009356efgpyvx6p\", \"@id\": \"cli4nqr120009356efgpyvx6p\", \"name\": \"L2\", \"@type\": \"Lesson\", \"files\": [], \"goals\": \"\", \"isNew\": true, \"groupe\": false, \"itemId\": \"cli4nqr120008356ew4vxgtvd\", \"actions\": [], \"ceiling\": \"\", \"children\": [], \"counters\": [], \"isDroped\": 1, \"position\": null, \"classroom\": null, \"formation\": null, \"isEditable\": true, \"minWeather\": \"\", \"constraints\": [], \"description\": \"\", \"maxDuration\": 0, \"requirements\": [], \"technicalRef\": \"\", \"isTheoretical\": false, \"minVisibility\": \"\", \"technicalSkills\": [], \"configISExpended\": null, \"standardDuration\": 0, \"notTechnicalSkill\": [], \"formationItemFromListId\": \"cli4nqr120009356efgpyvx6p\"}, {\"id\": \"cli4wud6i0004356ecdenjgyl\", \"@id\": \"cli4wud6i0004356ecdenjgyl\", \"name\": \"Abbréviation\", \"@type\": \"Phase\", \"goals\": \"\", \"isNew\": true, \"itemId\": \"cli4wud6i0005356ekmig957s\", \"actions\": [], \"fromAPI\": true, \"children\": [], \"counters\": [], \"isDroped\": 0, \"notation\": null, \"position\": null, \"formation\": null, \"minRating\": null, \"isEditable\": true, \"constraints\": [], \"description\": \"\", \"maxDuration\": 0, \"requirements\": [], \"technicalSkills\": [], \"configISExpended\": null, \"standardDuration\": 0, \"notTechnicalSkill\": [], \"formationItemFromListId\": \"cli4wud6i0004356ecdenjgyl\"}, {\"id\": \"cli4wvli9002e356elo7aqa2w\", \"@id\": \"cli4wvli9002e356elo7aqa2w\", \"name\": \"GROUPE D\'EXERCICESSS\", \"@type\": \"ExercisesGroup\", \"goals\": \"\", \"isNew\": true, \"itemId\": \"cli4wvli9002d356ec9jdnrj0\", \"actions\": [], \"children\": [], \"counters\": [], \"isDroped\": 0, \"notation\": null, \"position\": null, \"formation\": null, \"minRating\": null, \"isEditable\": true, \"constraints\": [], \"description\": \"\", \"maxDuration\": 0, \"requirements\": [], \"technicalSkills\": [], \"configISExpended\": null, \"standardDuration\": 0, \"notTechnicalSkill\": [], \"formationItemFromListId\": \"cli4wvli9002e356elo7aqa2w\"}, {\"id\": \"cli4wvzfe005n356ed6ggoonj\", \"@id\": \"cli4wvzfe005n356ed6ggoonj\", \"name\": \"EXERCICEEE\", \"@type\": \"Exercise\", \"goals\": \"\", \"isNew\": true, \"itemId\": \"cli4wvzfe005m356euy1z3aw7\", \"actions\": [], \"children\": [], \"counters\": [], \"isDroped\": 0, \"position\": null, \"formation\": null, \"isEditable\": true, \"constraints\": [], \"description\": \"\", \"maxDuration\": 0, \"requirements\": [], \"technicalSkills\": [], \"configISExpended\": null, \"standardDuration\": 0, \"notTechnicalSkill\": [], \"formationItemFromListId\": \"cli4wvzfe005n356ed6ggoonj\"}, {\"id\": \"cli4x7j58000w356epq3umvg4\", \"@id\": \"cli4x7j58000w356epq3umvg4\", \"name\": \"MODULEEE\", \"@type\": \"Module\", \"goals\": \"\", \"isNew\": true, \"itemId\": \"cli4x7j58000v356egsvud4wj\", \"actions\": [], \"subname\": \"\", \"children\": [], \"counters\": [], \"isDroped\": 0, \"notation\": null, \"position\": null, \"formation\": null, \"minRating\": null, \"isEditable\": true, \"constraints\": [], \"description\": \"\", \"maxDuration\": 0, \"requirements\": [], \"isTheoretical\": false, \"technicalSkills\": [], \"configISExpended\": null, \"standardDuration\": 0, \"notTechnicalSkill\": [], \"formationItemFromListId\": \"cli4x7j58000w356epq3umvg4\"}]',4,0,NULL,NULL,9,NULL,NULL,0,0,'individual',NULL,NULL,NULL,NULL,NULL,NULL,NULL,NULL,NULL,NULL,NULL,NULL,NULL,NULL),(50,41,NULL,NULL,3,NULL,NULL,'Formation - Durée estimée','','ozaefene','fezfpenn','','',30,0,0,0,0,0,0,0,0,0,0,0,0,0,0,0,0,0,1,0,1,0,0,'2023-06-01 11:00:01','2023-06-01 11:00:01',0,0,'[{\"id\": \"clicwlr3k0001356e06abkozp\", \"@id\": \"clicwlr3k0001356e06abkozp\", \"name\": \"LEÇONNN\", \"@type\": \"Lesson\", \"files\": [], \"goals\": \"\", \"isNew\": true, \"groupe\": false, \"itemId\": \"clicwlr3k0000356ebad8z3vp\", \"actions\": [], \"ceiling\": \"\", \"children\": [], \"counters\": [], \"isDroped\": 1, \"position\": null, \"classroom\": null, \"formation\": null, \"isEditable\": true, \"minWeather\": \"\", \"constraints\": [], \"description\": \"\", \"maxDuration\": 0, \"requirements\": [], \"technicalRef\": \"\", \"isTheoretical\": false, \"minVisibility\": \"\", \"technicalSkills\": [], \"configISExpended\": null, \"standardDuration\": 0, \"notTechnicalSkill\": [], \"formationItemFromListId\": \"clicwlr3k0001356e06abkozp\"}, {\"id\": \"clicwm39l000h356e7tmt9a32\", \"@id\": \"clicwm39l000h356e7tmt9a32\", \"name\": \"LEÇONNN 2\", \"@type\": \"Lesson\", \"files\": [], \"goals\": \"\", \"isNew\": true, \"groupe\": false, \"itemId\": \"clicwm39l000g356ee9wwn8y0\", \"actions\": [], \"ceiling\": \"\", \"children\": [], \"counters\": [], \"isDroped\": 1, \"position\": null, \"classroom\": null, \"formation\": null, \"isEditable\": true, \"minWeather\": \"\", \"constraints\": [], \"description\": \"\", \"maxDuration\": 0, \"requirements\": [], \"technicalRef\": \"\", \"isTheoretical\": false, \"minVisibility\": \"\", \"technicalSkills\": [], \"configISExpended\": null, \"standardDuration\": 0, \"notTechnicalSkill\": [], \"formationItemFromListId\": \"clicwm39l000h356e7tmt9a32\"}, {\"id\": \"clicwm6b7000l356e15gvjzhg\", \"@id\": \"clicwm6b7000l356e15gvjzhg\", \"name\": \"LEÇONNN 3\", \"@type\": \"Lesson\", \"files\": [], \"goals\": \"\", \"isNew\": true, \"groupe\": false, \"itemId\": \"clicwm6b7000k356ecfquyrcx\", \"actions\": [], \"ceiling\": \"\", \"children\": [], \"counters\": [], \"isDroped\": 1, \"position\": null, \"classroom\": null, \"formation\": null, \"isEditable\": true, \"minWeather\": \"\", \"constraints\": [], \"description\": \"\", \"maxDuration\": 0, \"requirements\": [], \"technicalRef\": \"\", \"isTheoretical\": false, \"minVisibility\": \"\", \"technicalSkills\": [], \"configISExpended\": null, \"standardDuration\": 0, \"notTechnicalSkill\": [], \"formationItemFromListId\": \"clicwm6b7000l356e15gvjzhg\"}, {\"id\": \"clicwm8sp000r356ewmc3jq30\", \"@id\": \"clicwm8sp000r356ewmc3jq30\", \"name\": \"LEÇONNN 4\", \"@type\": \"Lesson\", \"files\": [], \"goals\": \"\", \"isNew\": true, \"groupe\": false, \"itemId\": \"clicwm8sp000q356eivnnz9cg\", \"actions\": [], \"ceiling\": \"\", \"children\": [], \"counters\": [], \"isDroped\": 1, \"position\": null, \"classroom\": null, \"formation\": null, \"isEditable\": true, \"minWeather\": \"\", \"constraints\": [], \"description\": \"\", \"maxDuration\": 0, \"requirements\": [], \"technicalRef\": \"\", \"isTheoretical\": false, \"minVisibility\": \"\", \"technicalSkills\": [], \"configISExpended\": null, \"standardDuration\": 0, \"notTechnicalSkill\": [], \"formationItemFromListId\": \"clicwm8sp000r356ewmc3jq30\"}]',0,0,NULL,NULL,NULL,NULL,NULL,0,0,'individual',NULL,NULL,NULL,NULL,NULL,NULL,NULL,NULL,NULL,NULL,NULL,NULL,NULL,NULL),(51,40,34,NULL,3,29,2,'Formation - Durée perdue','','zeojnfz','fzeof','','',600,0,0,0,1,0,0,0,0,0,0,1,1,1,0,1,0,0,1,0,1,0,0,'2023-06-02 17:15:16','2023-06-09 16:10:13',0,0,'[{\"id\": \"cliephlx00003356gqwliuik3\", \"@id\": \"cliephlx00003356gqwliuik3\", \"name\": \"L\", \"@type\": \"Lesson\", \"files\": [], \"goals\": \"\", \"isNew\": true, \"groupe\": false, \"itemId\": \"cliew6j3z00dm356g4w08vhod\", \"actions\": [], \"ceiling\": \"\", \"children\": [], \"counters\": [], \"isDroped\": 1, \"position\": null, \"classroom\": null, \"formation\": null, \"isEditable\": true, \"minWeather\": \"\", \"constraints\": [], \"description\": \"\", \"maxDuration\": 0, \"requirements\": [], \"technicalRef\": \"\", \"isTheoretical\": false, \"minVisibility\": \"\", \"technicalSkills\": [], \"configISExpended\": null, \"standardDuration\": 0, \"notTechnicalSkill\": [], \"formationItemFromListId\": \"cliephlx00003356gqwliuik3\"}, {\"id\": \"cliephr34001f356gzuvz66qk\", \"@id\": \"cliephr34001f356gzuvz66qk\", \"name\": \"E\", \"@type\": \"Exercise\", \"goals\": \"\", \"isNew\": true, \"itemId\": \"cliephr34001e356g2frxy0me\", \"actions\": [], \"children\": [], \"counters\": [], \"isDroped\": 3, \"position\": null, \"formation\": null, \"isEditable\": true, \"constraints\": [], \"description\": \"\", \"maxDuration\": 0, \"requirements\": [], \"isTheoretical\": false, \"technicalSkills\": [], \"configISExpended\": null, \"standardDuration\": 0, \"notTechnicalSkill\": [], \"formationItemFromListId\": \"cliephr34001f356gzuvz66qk\"}, {\"id\": \"clievshlq000f356gnyeeage6\", \"@id\": \"clievshlq000f356gnyeeage6\", \"name\": \"ihikhlbg\", \"@type\": \"Lesson\", \"files\": [], \"goals\": \"\", \"isNew\": true, \"groupe\": false, \"itemId\": \"clievvnfh0082356gwgbpx37f\", \"actions\": [], \"ceiling\": \"\", \"children\": [], \"counters\": [], \"isDroped\": 1, \"position\": null, \"classroom\": null, \"formation\": null, \"isEditable\": true, \"minWeather\": \"\", \"constraints\": [], \"description\": \"\", \"maxDuration\": 0, \"requirements\": [], \"technicalRef\": \"\", \"isTheoretical\": false, \"minVisibility\": \"\", \"technicalSkills\": [], \"configISExpended\": null, \"standardDuration\": 0, \"notTechnicalSkill\": [], \"formationItemFromListId\": \"clievshlq000f356gnyeeage6\"}, {\"id\": \"clievuukp0051356gd7rr93x5\", \"@id\": \"clievuukp0051356gd7rr93x5\", \"name\": \"CUSTOM GROUPE\", \"@type\": \"ModulesGroup\", \"goals\": \"\", \"isNew\": true, \"itemId\": \"clievuukp0050356gtsxg01sw\", \"actions\": [], \"children\": [], \"counters\": [], \"isDroped\": 1, \"notation\": null, \"position\": null, \"formation\": null, \"minRating\": null, \"isEditable\": true, \"constraints\": [], \"description\": \"\", \"maxDuration\": 0, \"requirements\": [], \"isTheoretical\": false, \"technicalSkills\": [], \"configISExpended\": null, \"standardDuration\": 0, \"notTechnicalSkill\": [], \"formationItemFromListId\": \"clievuukp0051356gd7rr93x5\"}, {\"id\": \"clievuzw6005b356gs4tx9k7g\", \"@id\": \"clievuzw6005b356gs4tx9k7g\", \"name\": \"CUSTOM GROUPE 2\", \"@type\": \"ModulesGroup\", \"goals\": \"\", \"isNew\": true, \"itemId\": \"cliew62e000a5356glgcmfp3y\", \"actions\": [], \"children\": [], \"counters\": [], \"isDroped\": 1, \"notation\": null, \"position\": null, \"formation\": null, \"minRating\": null, \"isEditable\": true, \"constraints\": [], \"description\": \"\", \"maxDuration\": 0, \"requirements\": [], \"isTheoretical\": false, \"technicalSkills\": [], \"configISExpended\": null, \"standardDuration\": 0, \"notTechnicalSkill\": [], \"formationItemFromListId\": \"clievuzw6005b356gs4tx9k7g\"}, {\"id\": \"clievvbv3005p356g9yyz462f\", \"@id\": \"clievvbv3005p356g9yyz462f\", \"name\": \"MODULEEE\", \"@type\": \"Module\", \"goals\": \"\", \"isNew\": true, \"itemId\": \"clievvbv3005o356gtyfdvtp2\", \"actions\": [], \"subname\": \"\", \"children\": [], \"counters\": [], \"isDroped\": 1, \"notation\": null, \"position\": null, \"formation\": null, \"minRating\": null, \"isEditable\": true, \"constraints\": [], \"description\": \"\", \"maxDuration\": 0, \"requirements\": [], \"isTheoretical\": false, \"technicalSkills\": [], \"configISExpended\": null, \"standardDuration\": 0, \"notTechnicalSkill\": [], \"formationItemFromListId\": \"clievvbv3005p356g9yyz462f\"}, {\"id\": \"clievvh3u0069356gqq0zlyw8\", \"@id\": \"clievvh3u0069356gqq0zlyw8\", \"name\": \"MODULEEE 2\", \"@type\": \"Module\", \"goals\": \"\", \"isNew\": true, \"itemId\": \"cliew6b0600bt356gjyya6j6y\", \"actions\": [], \"subname\": \"\", \"children\": [], \"counters\": [], \"isDroped\": 1, \"notation\": null, \"position\": null, \"formation\": null, \"minRating\": null, \"isEditable\": true, \"constraints\": [], \"description\": \"\", \"maxDuration\": 0, \"requirements\": [], \"isTheoretical\": false, \"technicalSkills\": [], \"configISExpended\": null, \"standardDuration\": 0, \"notTechnicalSkill\": [], \"formationItemFromListId\": \"clievvh3u0069356gqq0zlyw8\"}, {\"id\": \"clilqyd770010356g2tommol3\", \"@id\": \"clilqyd770010356g2tommol3\", \"name\": \"Abbréviation\", \"@type\": \"Phase\", \"goals\": \"\", \"isNew\": true, \"itemId\": \"clilqyd770011356gz3c5cv4y\", \"actions\": [], \"fromAPI\": true, \"children\": [], \"counters\": [], \"isDroped\": 2, \"notation\": null, \"position\": null, \"formation\": null, \"minRating\": null, \"isEditable\": true, \"constraints\": [], \"description\": \"\", \"maxDuration\": 0, \"requirements\": [], \"technicalSkills\": [], \"configISExpended\": null, \"standardDuration\": 0, \"notTechnicalSkill\": [], \"formationItemFromListId\": \"clilqyd770010356g2tommol3\"}]',0,0,NULL,NULL,NULL,NULL,NULL,0,0,'individual',NULL,NULL,NULL,NULL,NULL,NULL,NULL,NULL,NULL,NULL,NULL,NULL,NULL,NULL),(52,41,42,NULL,3,NULL,NULL,'Formation - Indicateurs durée','','ezffe','zeffez','','',0,0,0,0,1,0,1,1,0,0,0,0,0,0,0,1,0,0,1,1,0,0,0,'2023-06-08 17:13:00','2023-06-08 17:13:00',0,0,'[{\"id\": \"clin9tiuj0001356gqk4rhp7l\", \"@id\": \"clin9tiuj0001356gqk4rhp7l\", \"name\": \"LEÇONNN\", \"@type\": \"Lesson\", \"files\": [], \"goals\": \"\", \"isNew\": true, \"groupe\": false, \"itemId\": \"clin9tiuj0000356gchjv1imj\", \"actions\": [], \"ceiling\": \"\", \"children\": [], \"counters\": [], \"isDroped\": 1, \"position\": null, \"classroom\": null, \"formation\": null, \"isEditable\": true, \"minWeather\": \"\", \"constraints\": [], \"description\": \"\", \"maxDuration\": 0, \"requirements\": [], \"technicalRef\": \"\", \"isTheoretical\": false, \"minVisibility\": \"\", \"technicalSkills\": [], \"configISExpended\": null, \"standardDuration\": 0, \"notTechnicalSkill\": [], \"formationItemFromListId\": \"clin9tiuj0001356gqk4rhp7l\"}, {\"id\": \"clin9tkwa0007356gzy7r5wit\", \"@id\": \"clin9tkwa0007356gzy7r5wit\", \"name\": \"LEÇONNN 2\", \"@type\": \"Lesson\", \"files\": [], \"goals\": \"\", \"isNew\": true, \"groupe\": false, \"itemId\": \"clin9tkwa0006356g2vyxqip1\", \"actions\": [], \"ceiling\": \"\", \"children\": [], \"counters\": [], \"isDroped\": 1, \"position\": null, \"classroom\": null, \"formation\": null, \"isEditable\": true, \"minWeather\": \"\", \"constraints\": [], \"description\": \"\", \"maxDuration\": 0, \"requirements\": [], \"technicalRef\": \"\", \"isTheoretical\": false, \"minVisibility\": \"\", \"technicalSkills\": [], \"configISExpended\": null, \"standardDuration\": 0, \"notTechnicalSkill\": [], \"formationItemFromListId\": \"clin9tkwa0007356gzy7r5wit\"}, {\"id\": \"clin9tmob000d356g1b1cu6s5\", \"@id\": \"clin9tmob000d356g1b1cu6s5\", \"name\": \"LEÇONNN 3\", \"@type\": \"Lesson\", \"files\": [], \"goals\": \"\", \"isNew\": true, \"groupe\": false, \"itemId\": \"clin9tmob000c356g9g8fyreb\", \"actions\": [], \"ceiling\": \"\", \"children\": [], \"counters\": [], \"isDroped\": 1, \"position\": null, \"classroom\": null, \"formation\": null, \"isEditable\": true, \"minWeather\": \"\", \"constraints\": [], \"description\": \"\", \"maxDuration\": 0, \"requirements\": [], \"technicalRef\": \"\", \"isTheoretical\": false, \"minVisibility\": \"\", \"technicalSkills\": [], \"configISExpended\": null, \"standardDuration\": 0, \"notTechnicalSkill\": [], \"formationItemFromListId\": \"clin9tmob000d356g1b1cu6s5\"}, {\"id\": \"clin9tqdl001n356gq4xo0rid\", \"@id\": \"clin9tqdl001n356gq4xo0rid\", \"name\": \"LEÇONNN 4\", \"@type\": \"Lesson\", \"files\": [], \"goals\": \"\", \"isNew\": true, \"groupe\": false, \"itemId\": \"clin9tqdl001m356g3x1n6fkf\", \"actions\": [], \"ceiling\": \"\", \"children\": [], \"counters\": [], \"isDroped\": 1, \"position\": null, \"classroom\": null, \"formation\": null, \"isEditable\": true, \"minWeather\": \"\", \"constraints\": [], \"description\": \"\", \"maxDuration\": 0, \"requirements\": [], \"technicalRef\": \"\", \"isTheoretical\": false, \"minVisibility\": \"\", \"technicalSkills\": [], \"configISExpended\": null, \"standardDuration\": 0, \"notTechnicalSkill\": [], \"formationItemFromListId\": \"clin9tqdl001n356gq4xo0rid\"}, {\"id\": \"clin9tt5e001p356g22orzp9w\", \"@id\": \"clin9tt5e001p356g22orzp9w\", \"name\": \"LEÇONNN 5\", \"@type\": \"Lesson\", \"files\": [], \"goals\": \"\", \"isNew\": true, \"groupe\": false, \"itemId\": \"clin9tt5e001o356gv0nm8xja\", \"actions\": [], \"ceiling\": \"\", \"children\": [], \"counters\": [], \"isDroped\": 1, \"position\": null, \"classroom\": null, \"formation\": null, \"isEditable\": true, \"minWeather\": \"\", \"constraints\": [], \"description\": \"\", \"maxDuration\": 0, \"requirements\": [], \"technicalRef\": \"\", \"isTheoretical\": false, \"minVisibility\": \"\", \"technicalSkills\": [], \"configISExpended\": null, \"standardDuration\": 0, \"notTechnicalSkill\": [], \"formationItemFromListId\": \"clin9tt5e001p356g22orzp9w\"}, {\"id\": \"clin9tx9g002f356gcq053v8x\", \"@id\": \"clin9tx9g002f356gcq053v8x\", \"name\": \"E\", \"@type\": \"Exercise\", \"goals\": \"\", \"isNew\": true, \"itemId\": \"clin9tx9g002e356gzj6frbsh\", \"actions\": [], \"children\": [], \"counters\": [], \"isDroped\": 1, \"position\": null, \"formation\": null, \"isEditable\": true, \"constraints\": [], \"description\": \"\", \"maxDuration\": 0, \"requirements\": [], \"technicalSkills\": [], \"configISExpended\": null, \"standardDuration\": 0, \"notTechnicalSkill\": [], \"formationItemFromListId\": null}, {\"id\": \"clin9tz6c002j356gb5j3mpwn\", \"@id\": \"clin9tz6c002j356gb5j3mpwn\", \"name\": \"E 2\", \"@type\": \"Exercise\", \"goals\": \"\", \"isNew\": true, \"itemId\": \"clin9tz6c002i356g9wdtl4pt\", \"actions\": [], \"children\": [], \"counters\": [], \"isDroped\": 1, \"position\": null, \"formation\": null, \"isEditable\": true, \"constraints\": [], \"description\": \"\", \"maxDuration\": 0, \"requirements\": [], \"technicalSkills\": [], \"configISExpended\": null, \"standardDuration\": 0, \"notTechnicalSkill\": [], \"formationItemFromListId\": \"clin9tz6c002j356gb5j3mpwn\"}, {\"id\": \"clin9u1ed002p356gbf39cg5t\", \"@id\": \"clin9u1ed002p356gbf39cg5t\", \"name\": \"E 3\", \"@type\": \"Exercise\", \"goals\": \"\", \"isNew\": true, \"itemId\": \"clin9u1ed002o356gnijiuuu5\", \"actions\": [], \"children\": [], \"counters\": [], \"isDroped\": 1, \"position\": null, \"formation\": null, \"isEditable\": true, \"constraints\": [], \"description\": \"\", \"maxDuration\": 0, \"requirements\": [], \"technicalSkills\": [], \"configISExpended\": null, \"standardDuration\": 0, \"notTechnicalSkill\": [], \"formationItemFromListId\": \"clin9u1ed002p356gbf39cg5t\"}, {\"id\": \"clin9u3st002x356gtm20dguu\", \"@id\": \"clin9u3st002x356gtm20dguu\", \"name\": \"E 4\", \"@type\": \"Exercise\", \"goals\": \"\", \"isNew\": true, \"itemId\": \"clin9u3st002w356g3cu49wi5\", \"actions\": [], \"children\": [], \"counters\": [], \"isDroped\": 1, \"position\": null, \"formation\": null, \"isEditable\": true, \"constraints\": [], \"description\": \"\", \"maxDuration\": 0, \"requirements\": [], \"technicalSkills\": [], \"configISExpended\": null, \"standardDuration\": 0, \"notTechnicalSkill\": [], \"formationItemFromListId\": \"clin9u3st002x356gtm20dguu\"}, {\"id\": \"clin9u5la0037356gr61wye6w\", \"@id\": \"clin9u5la0037356gr61wye6w\", \"name\": \"E 5\", \"@type\": \"Exercise\", \"goals\": \"\", \"isNew\": true, \"itemId\": \"clin9u5la0036356gl5vf15o3\", \"actions\": [], \"children\": [], \"counters\": [], \"isDroped\": 1, \"position\": null, \"formation\": null, \"isEditable\": true, \"constraints\": [], \"description\": \"\", \"maxDuration\": 0, \"requirements\": [], \"technicalSkills\": [], \"configISExpended\": null, \"standardDuration\": 0, \"notTechnicalSkill\": [], \"formationItemFromListId\": \"clin9u5la0037356gr61wye6w\"}]',0,0,NULL,NULL,14,NULL,NULL,0,0,'individual',NULL,NULL,NULL,NULL,NULL,NULL,NULL,NULL,NULL,NULL,NULL,NULL,NULL,NULL),(53,41,42,NULL,3,NULL,NULL,'Formation - Validation exercice','zeopjfne','zerojfnze','ozENF','','',0,0,0,0,1,0,0,0,0,0,0,0,0,0,0,1,0,0,1,0,0,0,0,'2023-06-09 12:55:52','2023-06-09 12:55:52',0,0,'[{\"id\": \"cliog5mig0001356gf69jiiua\", \"@id\": \"cliog5mig0001356gf69jiiua\", \"name\": \"LEÇONNN\", \"@type\": \"Lesson\", \"files\": [], \"goals\": \"\", \"isNew\": true, \"groupe\": false, \"itemId\": \"cliog5mig0000356g32ku2kpp\", \"actions\": [], \"ceiling\": \"\", \"children\": [], \"counters\": [], \"isDroped\": 1, \"position\": null, \"classroom\": null, \"formation\": null, \"isEditable\": true, \"minWeather\": \"\", \"constraints\": [], \"description\": \"\", \"maxDuration\": 0, \"requirements\": [], \"technicalRef\": \"\", \"isTheoretical\": false, \"minVisibility\": \"\", \"technicalSkills\": [], \"configISExpended\": null, \"standardDuration\": 0, \"notTechnicalSkill\": [], \"formationItemFromListId\": \"cliog5mig0001356gf69jiiua\"}, {\"id\": \"cliog5p280007356g6dlg7r4p\", \"@id\": \"cliog5p280007356g6dlg7r4p\", \"name\": \"LEÇONNN 2\", \"@type\": \"Lesson\", \"files\": [], \"goals\": \"\", \"isNew\": true, \"groupe\": false, \"itemId\": \"cliog5p280006356gso6m2pio\", \"actions\": [], \"ceiling\": \"\", \"children\": [], \"counters\": [], \"isDroped\": 1, \"position\": null, \"classroom\": null, \"formation\": null, \"isEditable\": true, \"minWeather\": \"\", \"constraints\": [], \"description\": \"\", \"maxDuration\": 0, \"requirements\": [], \"technicalRef\": \"\", \"isTheoretical\": false, \"minVisibility\": \"\", \"technicalSkills\": [], \"configISExpended\": null, \"standardDuration\": 0, \"notTechnicalSkill\": [], \"formationItemFromListId\": \"cliog5p280007356g6dlg7r4p\"}, {\"id\": \"cliog5r4h000d356gqri0vaci\", \"@id\": \"cliog5r4h000d356gqri0vaci\", \"name\": \"LEÇONNN 3\", \"@type\": \"Lesson\", \"files\": [], \"goals\": \"\", \"isNew\": true, \"groupe\": false, \"itemId\": \"cliog5r4h000c356g1g94resl\", \"actions\": [], \"ceiling\": \"\", \"children\": [], \"counters\": [], \"isDroped\": 1, \"position\": null, \"classroom\": null, \"formation\": null, \"isEditable\": true, \"minWeather\": \"\", \"constraints\": [], \"description\": \"\", \"maxDuration\": 0, \"requirements\": [], \"technicalRef\": \"\", \"isTheoretical\": false, \"minVisibility\": \"\", \"technicalSkills\": [], \"configISExpended\": null, \"standardDuration\": 0, \"notTechnicalSkill\": [], \"formationItemFromListId\": \"cliog5r4h000d356gqri0vaci\"}, {\"id\": \"cliog5u49000r356gqa41t294\", \"@id\": \"cliog5u49000r356gqa41t294\", \"name\": \"LEÇONNN 4\", \"@type\": \"Lesson\", \"files\": [], \"goals\": \"\", \"isNew\": true, \"groupe\": false, \"itemId\": \"cliog5u49000q356gusdei8m5\", \"actions\": [], \"ceiling\": \"\", \"children\": [], \"counters\": [], \"isDroped\": 1, \"position\": null, \"classroom\": null, \"formation\": null, \"isEditable\": true, \"minWeather\": \"\", \"constraints\": [], \"description\": \"\", \"maxDuration\": 0, \"requirements\": [], \"technicalRef\": \"\", \"isTheoretical\": false, \"minVisibility\": \"\", \"technicalSkills\": [], \"configISExpended\": null, \"standardDuration\": 0, \"notTechnicalSkill\": [], \"formationItemFromListId\": \"cliog5u49000r356gqa41t294\"}, {\"id\": \"cliog5x0y0011356gy1d7hacp\", \"@id\": \"cliog5x0y0011356gy1d7hacp\", \"name\": \"LEÇONNN 5\", \"@type\": \"Lesson\", \"files\": [], \"goals\": \"\", \"isNew\": true, \"groupe\": false, \"itemId\": \"cliog5x0y0010356gls6jhoef\", \"actions\": [], \"ceiling\": \"\", \"children\": [], \"counters\": [], \"isDroped\": 1, \"position\": null, \"classroom\": null, \"formation\": null, \"isEditable\": true, \"minWeather\": \"\", \"constraints\": [], \"description\": \"\", \"maxDuration\": 0, \"requirements\": [], \"technicalRef\": \"\", \"isTheoretical\": false, \"minVisibility\": \"\", \"technicalSkills\": [], \"configISExpended\": null, \"standardDuration\": 0, \"notTechnicalSkill\": [], \"formationItemFromListId\": \"cliog5x0y0011356gy1d7hacp\"}, {\"id\": \"cliog64g2003q356gbduwbnlr\", \"@id\": \"cliog64g2003q356gbduwbnlr\", \"name\": \"E\", \"@type\": \"Exercise\", \"goals\": \"\", \"isNew\": true, \"itemId\": \"cliog64g2003p356gwo1yjekx\", \"actions\": [], \"children\": [], \"counters\": [], \"isDroped\": 1, \"position\": null, \"formation\": null, \"isEditable\": true, \"constraints\": [], \"description\": \"\", \"maxDuration\": 0, \"requirements\": [], \"technicalSkills\": [], \"configISExpended\": null, \"standardDuration\": 0, \"notTechnicalSkill\": [], \"formationItemFromListId\": \"cliog64g2003q356gbduwbnlr\"}, {\"id\": \"cliog66g3003u356g1lkno9dz\", \"@id\": \"cliog66g3003u356g1lkno9dz\", \"name\": \"E 2\", \"@type\": \"Exercise\", \"goals\": \"\", \"isNew\": true, \"itemId\": \"cliog66g3003t356gewy35ekp\", \"actions\": [], \"children\": [], \"counters\": [], \"isDroped\": 1, \"position\": null, \"formation\": null, \"isEditable\": true, \"constraints\": [], \"description\": \"\", \"maxDuration\": 0, \"requirements\": [], \"technicalSkills\": [], \"configISExpended\": null, \"standardDuration\": 0, \"notTechnicalSkill\": [], \"formationItemFromListId\": \"cliog66g3003u356g1lkno9dz\"}, {\"id\": \"cliog69jf003w356g6szbuios\", \"@id\": \"cliog69jf003w356g6szbuios\", \"name\": \"E 3\", \"@type\": \"Exercise\", \"goals\": \"\", \"isNew\": true, \"itemId\": \"cliog69jf003v356gzwyc9weu\", \"actions\": [], \"children\": [], \"counters\": [], \"isDroped\": 1, \"position\": null, \"formation\": null, \"isEditable\": true, \"constraints\": [], \"description\": \"\", \"maxDuration\": 0, \"requirements\": [], \"technicalSkills\": [], \"configISExpended\": null, \"standardDuration\": 0, \"notTechnicalSkill\": [], \"formationItemFromListId\": \"cliog69jf003w356g6szbuios\"}, {\"id\": \"cliog6cv80044356g5ruawnbj\", \"@id\": \"cliog6cv80044356g5ruawnbj\", \"name\": \"E 4\", \"@type\": \"Exercise\", \"goals\": \"\", \"isNew\": true, \"itemId\": \"cliog6cv80043356ghl0bi4tk\", \"actions\": [], \"children\": [], \"counters\": [], \"isDroped\": 1, \"position\": null, \"formation\": null, \"isEditable\": true, \"constraints\": [], \"description\": \"\", \"maxDuration\": 0, \"requirements\": [], \"technicalSkills\": [], \"configISExpended\": null, \"standardDuration\": 0, \"notTechnicalSkill\": [], \"formationItemFromListId\": \"cliog6cv80044356g5ruawnbj\"}, {\"id\": \"cliog6eyc004e356gcldt6jab\", \"@id\": \"cliog6eyc004e356gcldt6jab\", \"name\": \"E 5\", \"@type\": \"Exercise\", \"goals\": \"\", \"isNew\": true, \"itemId\": \"cliog6eyc004d356gd08vzjp7\", \"actions\": [], \"children\": [], \"counters\": [], \"isDroped\": 1, \"position\": null, \"formation\": null, \"isEditable\": true, \"constraints\": [], \"description\": \"\", \"maxDuration\": 0, \"requirements\": [], \"technicalSkills\": [], \"configISExpended\": null, \"standardDuration\": 0, \"notTechnicalSkill\": [], \"formationItemFromListId\": \"cliog6eyc004e356gcldt6jab\"}]',0,0,NULL,NULL,14,NULL,NULL,0,0,'individual',NULL,NULL,NULL,NULL,NULL,NULL,NULL,NULL,NULL,NULL,NULL,NULL,NULL,NULL),(54,42,NULL,NULL,3,NULL,NULL,'Formation - Notation module','','zrefzf','fazefza','','',0,0,0,0,1,0,1,1,0,0,0,0,1,0,0,0,0,0,1,0,0,0,0,'2023-06-10 15:09:44','2023-06-10 19:46:48',0,0,'[{\"id\": \"cliq0a5v70001356gky5axkl9\", \"@id\": \"cliq0a5v70001356gky5axkl9\", \"name\": \"MODULEEE\", \"@type\": \"Module\", \"goals\": \"\", \"isNew\": true, \"itemId\": \"cliq0a5v60000356g3aibla7h\", \"actions\": [], \"subname\": \"\", \"children\": [], \"counters\": [], \"isDroped\": 1, \"notation\": null, \"position\": null, \"formation\": null, \"minRating\": null, \"isEditable\": true, \"constraints\": [], \"description\": \"\", \"maxDuration\": 0, \"requirements\": [], \"isTheoretical\": false, \"technicalSkills\": [], \"configISExpended\": null, \"standardDuration\": 0, \"notTechnicalSkill\": [], \"formationItemFromListId\": \"cliq0a5v70001356gky5axkl9\"}, {\"id\": \"cliq0a9jd000d356glmpfc8o2\", \"@id\": \"cliq0a9jd000d356glmpfc8o2\", \"name\": \"LEÇONNN\", \"@type\": \"Lesson\", \"files\": [], \"goals\": \"\", \"isNew\": true, \"groupe\": false, \"itemId\": \"cliq0a9jd000c356gr9g5fqwm\", \"actions\": [], \"ceiling\": \"\", \"children\": [], \"counters\": [], \"isDroped\": 2, \"position\": null, \"classroom\": null, \"formation\": null, \"isEditable\": true, \"minWeather\": \"\", \"constraints\": [], \"description\": \"\", \"maxDuration\": 0, \"requirements\": [], \"technicalRef\": \"\", \"isTheoretical\": false, \"minVisibility\": \"\", \"technicalSkills\": [], \"configISExpended\": null, \"standardDuration\": 0, \"notTechnicalSkill\": [], \"formationItemFromListId\": \"cliq0a9jd000d356glmpfc8o2\"}, {\"id\": \"cliq0abll000h356gzdj4p0qv\", \"@id\": \"cliq0abll000h356gzdj4p0qv\", \"name\": \"LEÇONNN 2\", \"@type\": \"Lesson\", \"files\": [], \"goals\": \"\", \"isNew\": true, \"groupe\": false, \"itemId\": \"cliq0abll000g356ghjxco1qj\", \"actions\": [], \"ceiling\": \"\", \"children\": [], \"counters\": [], \"isDroped\": 1, \"position\": null, \"classroom\": null, \"formation\": null, \"isEditable\": true, \"minWeather\": \"\", \"constraints\": [], \"description\": \"\", \"maxDuration\": 0, \"requirements\": [], \"technicalRef\": \"\", \"isTheoretical\": false, \"minVisibility\": \"\", \"technicalSkills\": [], \"configISExpended\": null, \"standardDuration\": 0, \"notTechnicalSkill\": [], \"formationItemFromListId\": \"cliq0abll000h356gzdj4p0qv\"}, {\"id\": \"cliq0adpd000n356g9s4x6qxk\", \"@id\": \"cliq0adpd000n356g9s4x6qxk\", \"name\": \"LEÇONNN 3\", \"@type\": \"Lesson\", \"files\": [], \"goals\": \"\", \"isNew\": true, \"groupe\": false, \"itemId\": \"cliq0adpd000m356glbfbk9jn\", \"actions\": [], \"ceiling\": \"\", \"children\": [], \"counters\": [], \"isDroped\": 1, \"position\": null, \"classroom\": null, \"formation\": null, \"isEditable\": true, \"minWeather\": \"\", \"constraints\": [], \"description\": \"\", \"maxDuration\": 0, \"requirements\": [], \"technicalRef\": \"\", \"isTheoretical\": false, \"minVisibility\": \"\", \"technicalSkills\": [], \"configISExpended\": null, \"standardDuration\": 0, \"notTechnicalSkill\": [], \"formationItemFromListId\": \"cliq0adpd000n356g9s4x6qxk\"}, {\"id\": \"cliq0afxu000v356glp2om7c0\", \"@id\": \"cliq0afxu000v356glp2om7c0\", \"name\": \"LEÇONNN 4\", \"@type\": \"Lesson\", \"files\": [], \"goals\": \"\", \"isNew\": true, \"groupe\": false, \"itemId\": \"cliq0afxu000u356gdk13qpj1\", \"actions\": [], \"ceiling\": \"\", \"children\": [], \"counters\": [], \"isDroped\": 1, \"position\": null, \"classroom\": null, \"formation\": null, \"isEditable\": true, \"minWeather\": \"\", \"constraints\": [], \"description\": \"\", \"maxDuration\": 0, \"requirements\": [], \"technicalRef\": \"\", \"isTheoretical\": false, \"minVisibility\": \"\", \"technicalSkills\": [], \"configISExpended\": null, \"standardDuration\": 0, \"notTechnicalSkill\": [], \"formationItemFromListId\": \"cliq0afxu000v356glp2om7c0\"}, {\"id\": \"cliq0aokj003n356gky5ihftr\", \"@id\": \"cliq0aokj003n356gky5ihftr\", \"name\": \"MODULEEE 2\", \"@type\": \"Module\", \"goals\": \"\", \"isNew\": true, \"itemId\": \"cliq0aokj003m356giib5d4jn\", \"actions\": [], \"subname\": \"\", \"children\": [], \"counters\": [], \"isDroped\": 1, \"notation\": null, \"position\": null, \"formation\": null, \"minRating\": null, \"isEditable\": true, \"constraints\": [], \"description\": \"\", \"maxDuration\": 0, \"requirements\": [], \"isTheoretical\": false, \"technicalSkills\": [], \"configISExpended\": null, \"standardDuration\": 0, \"notTechnicalSkill\": [], \"formationItemFromListId\": \"cliq0aokj003n356gky5ihftr\"}]',0,0,NULL,NULL,NULL,NULL,NULL,0,0,'individual',NULL,NULL,NULL,NULL,41,13,NULL,NULL,NULL,NULL,NULL,NULL,NULL,NULL),(62,NULL,NULL,NULL,3,NULL,NULL,'Formation - Notation groupe module','','eofn','zefôpkn,','','',0,0,0,0,1,0,1,1,0,0,0,1,1,0,0,0,0,0,1,0,0,0,0,'2023-06-11 18:48:11','2023-06-11 20:12:25',0,0,'[{\"id\": \"clirqr28h0047356gkl5tomjs\", \"@id\": \"clirqr28h0047356gkl5tomjs\", \"name\": \"CUSTOM GROUPE\", \"@type\": \"ModulesGroup\", \"goals\": \"\", \"isNew\": true, \"itemId\": \"clirqr28h0046356gkkpurfki\", \"actions\": [], \"children\": [], \"counters\": [], \"isDroped\": 1, \"notation\": {\"@id\": \"/api/ratings/41\", \"name\": \"TEST\", \"@type\": \"Rating\", \"ratingValues\": [{\"@id\": \"/api/rating_values/57\", \"@type\": \"RatingValue\", \"color\": \"#000000\", \"value\": \"Oui\", \"position\": 0, \"mediaValue\": null, \"description\": \"Oui\", \"validateExercise\": true, \"exerciseNotperformed\": false}, {\"@id\": \"/api/rating_values/58\", \"@type\": \"RatingValue\", \"color\": \"#000000\", \"value\": \"Non\", \"position\": 1, \"mediaValue\": null, \"description\": \"Non\", \"validateExercise\": false, \"exerciseNotperformed\": false}, {\"@id\": \"/api/rating_values/59\", \"@type\": \"RatingValue\", \"color\": \"#000000\", \"value\": \"-\", \"position\": 2, \"mediaValue\": null, \"description\": \"-\", \"validateExercise\": false, \"exerciseNotperformed\": true}], \"ratingValueReasons\": [{\"id\": 13, \"@id\": \"/api/rating_value_reasons/13\", \"@type\": \"RatingValueReasons\", \"rating\": \"/api/ratings/41\", \"createdAt\": \"2023-05-06T13:42:18+02:00\", \"groupName\": \"TEST motif de note\", \"ratingValueReasonsDetails\": [{\"@id\": \"/api/rating_value_reasons_details/44\", \"code\": \"tezeze\", \"@type\": \"RatingValueReasonsDetails\", \"description\": \"fzefezfzefzefze\", \"ratingValue\": {\"@id\": \"/api/rating_values/57\", \"@type\": \"RatingValue\", \"color\": \"#000000\", \"value\": \"Oui\", \"position\": 0, \"mediaValue\": null, \"description\": \"Oui\", \"validateExercise\": true, \"exerciseNotperformed\": false}}, {\"@id\": \"/api/rating_value_reasons_details/45\", \"code\": \"zfzefzef 2\", \"@type\": \"RatingValueReasonsDetails\", \"description\": \"zfzfzefzef 2\", \"ratingValue\": {\"@id\": \"/api/rating_values/57\", \"@type\": \"RatingValue\", \"color\": \"#000000\", \"value\": \"Oui\", \"position\": 0, \"mediaValue\": null, \"description\": \"Oui\", \"validateExercise\": true, \"exerciseNotperformed\": false}}, {\"@id\": \"/api/rating_value_reasons_details/46\", \"code\": \"jytgrzs\", \"@type\": \"RatingValueReasonsDetails\", \"description\": \"jryhrgz\", \"ratingValue\": {\"@id\": \"/api/rating_values/58\", \"@type\": \"RatingValue\", \"color\": \"#000000\", \"value\": \"Non\", \"position\": 1, \"mediaValue\": null, \"description\": \"Non\", \"validateExercise\": false, \"exerciseNotperformed\": false}}, {\"@id\": \"/api/rating_value_reasons_details/47\", \"code\": \"jytfgerz 2\", \"@type\": \"RatingValueReasonsDetails\", \"description\": \"htyrjrgz 2\", \"ratingValue\": {\"@id\": \"/api/rating_values/58\", \"@type\": \"RatingValue\", \"color\": \"#000000\", \"value\": \"Non\", \"position\": 1, \"mediaValue\": null, \"description\": \"Non\", \"validateExercise\": false, \"exerciseNotperformed\": false}}, {\"@id\": \"/api/rating_value_reasons_details/48\", \"code\": \"hyjrrzg\", \"@type\": \"RatingValueReasonsDetails\", \"description\": \"ryhjregz\", \"ratingValue\": {\"@id\": \"/api/rating_values/59\", \"@type\": \"RatingValue\", \"color\": \"#000000\", \"value\": \"-\", \"position\": 2, \"mediaValue\": null, \"description\": \"-\", \"validateExercise\": false, \"exerciseNotperformed\": true}}, {\"@id\": \"/api/rating_value_reasons_details/49\", \"code\": \"hjyrtrgz 2\", \"@type\": \"RatingValueReasonsDetails\", \"description\": \"bxcvryjt 2\", \"ratingValue\": {\"@id\": \"/api/rating_values/59\", \"@type\": \"RatingValue\", \"color\": \"#000000\", \"value\": \"-\", \"position\": 2, \"mediaValue\": null, \"description\": \"-\", \"validateExercise\": false, \"exerciseNotperformed\": true}}]}]}, \"position\": null, \"formation\": null, \"minRating\": \"/api/rating_values/57\", \"isEditable\": true, \"constraints\": [], \"description\": \"\", \"maxDuration\": 0, \"requirements\": [], \"expectedValue\": \"/api/rating_values/57\", \"technicalSkills\": [], \"configISExpended\": null, \"standardDuration\": 0, \"notTechnicalSkill\": [], \"formationItemFromListId\": \"clirqr28h0047356gkl5tomjs\"}, {\"id\": \"clirqrb8i004m356gkmyzj9b4\", \"@id\": \"clirqrb8i004m356gkmyzj9b4\", \"name\": \"CUSTOM GROUPE 2\", \"@type\": \"ModulesGroup\", \"goals\": \"\", \"isNew\": true, \"itemId\": \"clirqrb8i004l356g2a1ytiqz\", \"actions\": [], \"children\": [], \"counters\": [], \"isDroped\": 1, \"notation\": {\"@id\": \"/api/ratings/41\", \"name\": \"TEST\", \"@type\": \"Rating\", \"ratingValues\": [{\"@id\": \"/api/rating_values/57\", \"@type\": \"RatingValue\", \"color\": \"#000000\", \"value\": \"Oui\", \"position\": 0, \"mediaValue\": null, \"description\": \"Oui\", \"validateExercise\": true, \"exerciseNotperformed\": false}, {\"@id\": \"/api/rating_values/58\", \"@type\": \"RatingValue\", \"color\": \"#000000\", \"value\": \"Non\", \"position\": 1, \"mediaValue\": null, \"description\": \"Non\", \"validateExercise\": false, \"exerciseNotperformed\": false}, {\"@id\": \"/api/rating_values/59\", \"@type\": \"RatingValue\", \"color\": \"#000000\", \"value\": \"-\", \"position\": 2, \"mediaValue\": null, \"description\": \"-\", \"validateExercise\": false, \"exerciseNotperformed\": true}], \"ratingValueReasons\": [{\"id\": 13, \"@id\": \"/api/rating_value_reasons/13\", \"@type\": \"RatingValueReasons\", \"rating\": \"/api/ratings/41\", \"createdAt\": \"2023-05-06T13:42:18+02:00\", \"groupName\": \"TEST motif de note\", \"ratingValueReasonsDetails\": [{\"@id\": \"/api/rating_value_reasons_details/44\", \"code\": \"tezeze\", \"@type\": \"RatingValueReasonsDetails\", \"description\": \"fzefezfzefzefze\", \"ratingValue\": {\"@id\": \"/api/rating_values/57\", \"@type\": \"RatingValue\", \"color\": \"#000000\", \"value\": \"Oui\", \"position\": 0, \"mediaValue\": null, \"description\": \"Oui\", \"validateExercise\": true, \"exerciseNotperformed\": false}}, {\"@id\": \"/api/rating_value_reasons_details/45\", \"code\": \"zfzefzef 2\", \"@type\": \"RatingValueReasonsDetails\", \"description\": \"zfzfzefzef 2\", \"ratingValue\": {\"@id\": \"/api/rating_values/57\", \"@type\": \"RatingValue\", \"color\": \"#000000\", \"value\": \"Oui\", \"position\": 0, \"mediaValue\": null, \"description\": \"Oui\", \"validateExercise\": true, \"exerciseNotperformed\": false}}, {\"@id\": \"/api/rating_value_reasons_details/46\", \"code\": \"jytgrzs\", \"@type\": \"RatingValueReasonsDetails\", \"description\": \"jryhrgz\", \"ratingValue\": {\"@id\": \"/api/rating_values/58\", \"@type\": \"RatingValue\", \"color\": \"#000000\", \"value\": \"Non\", \"position\": 1, \"mediaValue\": null, \"description\": \"Non\", \"validateExercise\": false, \"exerciseNotperformed\": false}}, {\"@id\": \"/api/rating_value_reasons_details/47\", \"code\": \"jytfgerz 2\", \"@type\": \"RatingValueReasonsDetails\", \"description\": \"htyrjrgz 2\", \"ratingValue\": {\"@id\": \"/api/rating_values/58\", \"@type\": \"RatingValue\", \"color\": \"#000000\", \"value\": \"Non\", \"position\": 1, \"mediaValue\": null, \"description\": \"Non\", \"validateExercise\": false, \"exerciseNotperformed\": false}}, {\"@id\": \"/api/rating_value_reasons_details/48\", \"code\": \"hyjrrzg\", \"@type\": \"RatingValueReasonsDetails\", \"description\": \"ryhjregz\", \"ratingValue\": {\"@id\": \"/api/rating_values/59\", \"@type\": \"RatingValue\", \"color\": \"#000000\", \"value\": \"-\", \"position\": 2, \"mediaValue\": null, \"description\": \"-\", \"validateExercise\": false, \"exerciseNotperformed\": true}}, {\"@id\": \"/api/rating_value_reasons_details/49\", \"code\": \"hjyrtrgz 2\", \"@type\": \"RatingValueReasonsDetails\", \"description\": \"bxcvryjt 2\", \"ratingValue\": {\"@id\": \"/api/rating_values/59\", \"@type\": \"RatingValue\", \"color\": \"#000000\", \"value\": \"-\", \"position\": 2, \"mediaValue\": null, \"description\": \"-\", \"validateExercise\": false, \"exerciseNotperformed\": true}}]}]}, \"position\": null, \"formation\": null, \"minRating\": \"/api/rating_values/58\", \"isEditable\": true, \"constraints\": [], \"description\": \"\", \"maxDuration\": 0, \"requirements\": [], \"expectedValue\": \"/api/rating_values/58\", \"technicalSkills\": [], \"configISExpended\": null, \"standardDuration\": 0, \"notTechnicalSkill\": [], \"formationItemFromListId\": \"clirqrb8i004m356gkmyzj9b4\"}, {\"id\": \"clirqri4b004z356gaggf05om\", \"@id\": \"clirqri4b004z356gaggf05om\", \"name\": \"MODULEEE\", \"@type\": \"Module\", \"goals\": \"\", \"isNew\": true, \"itemId\": \"clirqri4b004y356ge5d3m035\", \"actions\": [], \"subname\": \"\", \"children\": [], \"counters\": [], \"isDroped\": 1, \"notation\": {\"@id\": \"/api/ratings/42\", \"name\": \"TEST 2 \", \"@type\": \"Rating\", \"ratingValues\": [{\"@id\": \"/api/rating_values/60\", \"@type\": \"RatingValue\", \"color\": \"#73e148\", \"value\": \"OK\", \"position\": 0, \"mediaValue\": null, \"description\": \"OK\", \"validateExercise\": true, \"exerciseNotperformed\": false}, {\"@id\": \"/api/rating_values/61\", \"@type\": \"RatingValue\", \"color\": \"#da3326\", \"value\": \"KO\", \"position\": 1, \"mediaValue\": null, \"description\": \"KO\", \"validateExercise\": false, \"exerciseNotperformed\": false}, {\"@id\": \"/api/rating_values/62\", \"@type\": \"RatingValue\", \"color\": \"#000000\", \"value\": \"-\", \"position\": 2, \"mediaValue\": null, \"description\": \"-\", \"validateExercise\": false, \"exerciseNotperformed\": true}], \"ratingValueReasons\": [{\"id\": 14, \"@id\": \"/api/rating_value_reasons/14\", \"@type\": \"RatingValueReasons\", \"rating\": \"/api/ratings/42\", \"createdAt\": \"2023-05-06T15:28:00+02:00\", \"groupName\": \"TEST 2 motif de la note\", \"ratingValueReasonsDetails\": [{\"@id\": \"/api/rating_value_reasons_details/50\", \"code\": \"grezzrgf\", \"@type\": \"RatingValueReasonsDetails\", \"description\": \"rzgfgrzf\", \"ratingValue\": {\"@id\": \"/api/rating_values/60\", \"@type\": \"RatingValue\", \"color\": \"#73e148\", \"value\": \"OK\", \"position\": 0, \"mediaValue\": null, \"description\": \"OK\", \"validateExercise\": true, \"exerciseNotperformed\": false}}, {\"@id\": \"/api/rating_value_reasons_details/51\", \"code\": \"grezzrgf 2\", \"@type\": \"RatingValueReasonsDetails\", \"description\": \"rzgfgrzf 2\", \"ratingValue\": {\"@id\": \"/api/rating_values/60\", \"@type\": \"RatingValue\", \"color\": \"#73e148\", \"value\": \"OK\", \"position\": 0, \"mediaValue\": null, \"description\": \"OK\", \"validateExercise\": true, \"exerciseNotperformed\": false}}, {\"@id\": \"/api/rating_value_reasons_details/52\", \"code\": \"ergfvrgg\", \"@type\": \"RatingValueReasonsDetails\", \"description\": \"egrrgergr\", \"ratingValue\": {\"@id\": \"/api/rating_values/61\", \"@type\": \"RatingValue\", \"color\": \"#da3326\", \"value\": \"KO\", \"position\": 1, \"mediaValue\": null, \"description\": \"KO\", \"validateExercise\": false, \"exerciseNotperformed\": false}}, {\"@id\": \"/api/rating_value_reasons_details/53\", \"code\": \"ergfvrgg 2\", \"@type\": \"RatingValueReasonsDetails\", \"description\": \"egrrgergr 2\", \"ratingValue\": {\"@id\": \"/api/rating_values/61\", \"@type\": \"RatingValue\", \"color\": \"#da3326\", \"value\": \"KO\", \"position\": 1, \"mediaValue\": null, \"description\": \"KO\", \"validateExercise\": false, \"exerciseNotperformed\": false}}, {\"@id\": \"/api/rating_value_reasons_details/54\", \"code\": \"zrfzefez\", \"@type\": \"RatingValueReasonsDetails\", \"description\": \"zefezfz\", \"ratingValue\": {\"@id\": \"/api/rating_values/62\", \"@type\": \"RatingValue\", \"color\": \"#000000\", \"value\": \"-\", \"position\": 2, \"mediaValue\": null, \"description\": \"-\", \"validateExercise\": false, \"exerciseNotperformed\": true}}, {\"@id\": \"/api/rating_value_reasons_details/55\", \"code\": \"zfzefezf 2\", \"@type\": \"RatingValueReasonsDetails\", \"description\": \" grgrzz 2\", \"ratingValue\": {\"@id\": \"/api/rating_values/62\", \"@type\": \"RatingValue\", \"color\": \"#000000\", \"value\": \"-\", \"position\": 2, \"mediaValue\": null, \"description\": \"-\", \"validateExercise\": false, \"exerciseNotperformed\": true}}]}]}, \"position\": null, \"formation\": null, \"minRating\": \"/api/rating_values/60\", \"isEditable\": true, \"constraints\": [], \"description\": \"\", \"maxDuration\": 0, \"requirements\": [], \"expectedValue\": \"/api/rating_values/60\", \"isTheoretical\": false, \"technicalSkills\": [], \"configISExpended\": null, \"standardDuration\": 0, \"notTechnicalSkill\": [], \"formationItemFromListId\": \"clirqri4b004z356gaggf05om\"}, {\"id\": \"clirqrlsk0063356gv9xrhe4x\", \"@id\": \"clirqrlsk0063356gv9xrhe4x\", \"name\": \"MODULEEE 2\", \"@type\": \"Module\", \"goals\": \"\", \"isNew\": true, \"itemId\": \"clirqrlsk0062356glahy21rv\", \"actions\": [], \"subname\": \"\", \"children\": [], \"counters\": [], \"isDroped\": 1, \"notation\": {\"@id\": \"/api/ratings/42\", \"name\": \"TEST 2 \", \"@type\": \"Rating\", \"ratingValues\": [{\"@id\": \"/api/rating_values/60\", \"@type\": \"RatingValue\", \"color\": \"#73e148\", \"value\": \"OK\", \"position\": 0, \"mediaValue\": null, \"description\": \"OK\", \"validateExercise\": true, \"exerciseNotperformed\": false}, {\"@id\": \"/api/rating_values/61\", \"@type\": \"RatingValue\", \"color\": \"#da3326\", \"value\": \"KO\", \"position\": 1, \"mediaValue\": null, \"description\": \"KO\", \"validateExercise\": false, \"exerciseNotperformed\": false}, {\"@id\": \"/api/rating_values/62\", \"@type\": \"RatingValue\", \"color\": \"#000000\", \"value\": \"-\", \"position\": 2, \"mediaValue\": null, \"description\": \"-\", \"validateExercise\": false, \"exerciseNotperformed\": true}], \"ratingValueReasons\": [{\"id\": 14, \"@id\": \"/api/rating_value_reasons/14\", \"@type\": \"RatingValueReasons\", \"rating\": \"/api/ratings/42\", \"createdAt\": \"2023-05-06T15:28:00+02:00\", \"groupName\": \"TEST 2 motif de la note\", \"ratingValueReasonsDetails\": [{\"@id\": \"/api/rating_value_reasons_details/50\", \"code\": \"grezzrgf\", \"@type\": \"RatingValueReasonsDetails\", \"description\": \"rzgfgrzf\", \"ratingValue\": {\"@id\": \"/api/rating_values/60\", \"@type\": \"RatingValue\", \"color\": \"#73e148\", \"value\": \"OK\", \"position\": 0, \"mediaValue\": null, \"description\": \"OK\", \"validateExercise\": true, \"exerciseNotperformed\": false}}, {\"@id\": \"/api/rating_value_reasons_details/51\", \"code\": \"grezzrgf 2\", \"@type\": \"RatingValueReasonsDetails\", \"description\": \"rzgfgrzf 2\", \"ratingValue\": {\"@id\": \"/api/rating_values/60\", \"@type\": \"RatingValue\", \"color\": \"#73e148\", \"value\": \"OK\", \"position\": 0, \"mediaValue\": null, \"description\": \"OK\", \"validateExercise\": true, \"exerciseNotperformed\": false}}, {\"@id\": \"/api/rating_value_reasons_details/52\", \"code\": \"ergfvrgg\", \"@type\": \"RatingValueReasonsDetails\", \"description\": \"egrrgergr\", \"ratingValue\": {\"@id\": \"/api/rating_values/61\", \"@type\": \"RatingValue\", \"color\": \"#da3326\", \"value\": \"KO\", \"position\": 1, \"mediaValue\": null, \"description\": \"KO\", \"validateExercise\": false, \"exerciseNotperformed\": false}}, {\"@id\": \"/api/rating_value_reasons_details/53\", \"code\": \"ergfvrgg 2\", \"@type\": \"RatingValueReasonsDetails\", \"description\": \"egrrgergr 2\", \"ratingValue\": {\"@id\": \"/api/rating_values/61\", \"@type\": \"RatingValue\", \"color\": \"#da3326\", \"value\": \"KO\", \"position\": 1, \"mediaValue\": null, \"description\": \"KO\", \"validateExercise\": false, \"exerciseNotperformed\": false}}, {\"@id\": \"/api/rating_value_reasons_details/54\", \"code\": \"zrfzefez\", \"@type\": \"RatingValueReasonsDetails\", \"description\": \"zefezfz\", \"ratingValue\": {\"@id\": \"/api/rating_values/62\", \"@type\": \"RatingValue\", \"color\": \"#000000\", \"value\": \"-\", \"position\": 2, \"mediaValue\": null, \"description\": \"-\", \"validateExercise\": false, \"exerciseNotperformed\": true}}, {\"@id\": \"/api/rating_value_reasons_details/55\", \"code\": \"zfzefezf 2\", \"@type\": \"RatingValueReasonsDetails\", \"description\": \" grgrzz 2\", \"ratingValue\": {\"@id\": \"/api/rating_values/62\", \"@type\": \"RatingValue\", \"color\": \"#000000\", \"value\": \"-\", \"position\": 2, \"mediaValue\": null, \"description\": \"-\", \"validateExercise\": false, \"exerciseNotperformed\": true}}]}]}, \"position\": null, \"formation\": null, \"minRating\": \"/api/rating_values/61\", \"isEditable\": true, \"constraints\": [], \"description\": \"\", \"maxDuration\": 0, \"requirements\": [], \"expectedValue\": \"/api/rating_values/61\", \"isTheoretical\": false, \"technicalSkills\": [], \"configISExpended\": null, \"standardDuration\": 0, \"notTechnicalSkill\": [], \"formationItemFromListId\": \"clirqrlsk0063356gv9xrhe4x\"}, {\"id\": \"clirqru5f008n356gi1wlr7vd\", \"@id\": \"clirqru5f008n356gi1wlr7vd\", \"name\": \"MODULEEE 3\", \"@type\": \"Module\", \"goals\": \"\", \"isNew\": true, \"itemId\": \"clirqru5f008m356gzcnccius\", \"actions\": [], \"subname\": \"\", \"children\": [], \"counters\": [], \"isDroped\": 1, \"notation\": {\"@id\": \"/api/ratings/42\", \"name\": \"TEST 2 \", \"@type\": \"Rating\", \"ratingValues\": [{\"@id\": \"/api/rating_values/60\", \"@type\": \"RatingValue\", \"color\": \"#73e148\", \"value\": \"OK\", \"position\": 0, \"mediaValue\": null, \"description\": \"OK\", \"validateExercise\": true, \"exerciseNotperformed\": false}, {\"@id\": \"/api/rating_values/61\", \"@type\": \"RatingValue\", \"color\": \"#da3326\", \"value\": \"KO\", \"position\": 1, \"mediaValue\": null, \"description\": \"KO\", \"validateExercise\": false, \"exerciseNotperformed\": false}, {\"@id\": \"/api/rating_values/62\", \"@type\": \"RatingValue\", \"color\": \"#000000\", \"value\": \"-\", \"position\": 2, \"mediaValue\": null, \"description\": \"-\", \"validateExercise\": false, \"exerciseNotperformed\": true}], \"ratingValueReasons\": [{\"id\": 14, \"@id\": \"/api/rating_value_reasons/14\", \"@type\": \"RatingValueReasons\", \"rating\": \"/api/ratings/42\", \"createdAt\": \"2023-05-06T15:28:00+02:00\", \"groupName\": \"TEST 2 motif de la note\", \"ratingValueReasonsDetails\": [{\"@id\": \"/api/rating_value_reasons_details/50\", \"code\": \"grezzrgf\", \"@type\": \"RatingValueReasonsDetails\", \"description\": \"rzgfgrzf\", \"ratingValue\": {\"@id\": \"/api/rating_values/60\", \"@type\": \"RatingValue\", \"color\": \"#73e148\", \"value\": \"OK\", \"position\": 0, \"mediaValue\": null, \"description\": \"OK\", \"validateExercise\": true, \"exerciseNotperformed\": false}}, {\"@id\": \"/api/rating_value_reasons_details/51\", \"code\": \"grezzrgf 2\", \"@type\": \"RatingValueReasonsDetails\", \"description\": \"rzgfgrzf 2\", \"ratingValue\": {\"@id\": \"/api/rating_values/60\", \"@type\": \"RatingValue\", \"color\": \"#73e148\", \"value\": \"OK\", \"position\": 0, \"mediaValue\": null, \"description\": \"OK\", \"validateExercise\": true, \"exerciseNotperformed\": false}}, {\"@id\": \"/api/rating_value_reasons_details/52\", \"code\": \"ergfvrgg\", \"@type\": \"RatingValueReasonsDetails\", \"description\": \"egrrgergr\", \"ratingValue\": {\"@id\": \"/api/rating_values/61\", \"@type\": \"RatingValue\", \"color\": \"#da3326\", \"value\": \"KO\", \"position\": 1, \"mediaValue\": null, \"description\": \"KO\", \"validateExercise\": false, \"exerciseNotperformed\": false}}, {\"@id\": \"/api/rating_value_reasons_details/53\", \"code\": \"ergfvrgg 2\", \"@type\": \"RatingValueReasonsDetails\", \"description\": \"egrrgergr 2\", \"ratingValue\": {\"@id\": \"/api/rating_values/61\", \"@type\": \"RatingValue\", \"color\": \"#da3326\", \"value\": \"KO\", \"position\": 1, \"mediaValue\": null, \"description\": \"KO\", \"validateExercise\": false, \"exerciseNotperformed\": false}}, {\"@id\": \"/api/rating_value_reasons_details/54\", \"code\": \"zrfzefez\", \"@type\": \"RatingValueReasonsDetails\", \"description\": \"zefezfz\", \"ratingValue\": {\"@id\": \"/api/rating_values/62\", \"@type\": \"RatingValue\", \"color\": \"#000000\", \"value\": \"-\", \"position\": 2, \"mediaValue\": null, \"description\": \"-\", \"validateExercise\": false, \"exerciseNotperformed\": true}}, {\"@id\": \"/api/rating_value_reasons_details/55\", \"code\": \"zfzefezf 2\", \"@type\": \"RatingValueReasonsDetails\", \"description\": \" grgrzz 2\", \"ratingValue\": {\"@id\": \"/api/rating_values/62\", \"@type\": \"RatingValue\", \"color\": \"#000000\", \"value\": \"-\", \"position\": 2, \"mediaValue\": null, \"description\": \"-\", \"validateExercise\": false, \"exerciseNotperformed\": true}}]}]}, \"position\": null, \"formation\": null, \"minRating\": \"/api/rating_values/61\", \"isEditable\": true, \"constraints\": [], \"description\": \"\", \"maxDuration\": 0, \"requirements\": [], \"expectedValue\": \"/api/rating_values/61\", \"isTheoretical\": false, \"technicalSkills\": [], \"configISExpended\": null, \"standardDuration\": 0, \"notTechnicalSkill\": [], \"formationItemFromListId\": \"clirqru5f008n356gi1wlr7vd\"}, {\"id\": \"clirqrzry009b356glr9e93zg\", \"@id\": \"clirqrzry009b356glr9e93zg\", \"name\": \"MODULEEE 4\", \"@type\": \"Module\", \"goals\": \"\", \"isNew\": true, \"itemId\": \"clirqrzry009a356g8heyvq1w\", \"actions\": [], \"subname\": \"\", \"children\": [], \"counters\": [], \"isDroped\": 1, \"notation\": {\"@id\": \"/api/ratings/42\", \"name\": \"TEST 2 \", \"@type\": \"Rating\", \"ratingValues\": [{\"@id\": \"/api/rating_values/60\", \"@type\": \"RatingValue\", \"color\": \"#73e148\", \"value\": \"OK\", \"position\": 0, \"mediaValue\": null, \"description\": \"OK\", \"validateExercise\": true, \"exerciseNotperformed\": false}, {\"@id\": \"/api/rating_values/61\", \"@type\": \"RatingValue\", \"color\": \"#da3326\", \"value\": \"KO\", \"position\": 1, \"mediaValue\": null, \"description\": \"KO\", \"validateExercise\": false, \"exerciseNotperformed\": false}, {\"@id\": \"/api/rating_values/62\", \"@type\": \"RatingValue\", \"color\": \"#000000\", \"value\": \"-\", \"position\": 2, \"mediaValue\": null, \"description\": \"-\", \"validateExercise\": false, \"exerciseNotperformed\": true}], \"ratingValueReasons\": [{\"id\": 14, \"@id\": \"/api/rating_value_reasons/14\", \"@type\": \"RatingValueReasons\", \"rating\": \"/api/ratings/42\", \"createdAt\": \"2023-05-06T15:28:00+02:00\", \"groupName\": \"TEST 2 motif de la note\", \"ratingValueReasonsDetails\": [{\"@id\": \"/api/rating_value_reasons_details/50\", \"code\": \"grezzrgf\", \"@type\": \"RatingValueReasonsDetails\", \"description\": \"rzgfgrzf\", \"ratingValue\": {\"@id\": \"/api/rating_values/60\", \"@type\": \"RatingValue\", \"color\": \"#73e148\", \"value\": \"OK\", \"position\": 0, \"mediaValue\": null, \"description\": \"OK\", \"validateExercise\": true, \"exerciseNotperformed\": false}}, {\"@id\": \"/api/rating_value_reasons_details/51\", \"code\": \"grezzrgf 2\", \"@type\": \"RatingValueReasonsDetails\", \"description\": \"rzgfgrzf 2\", \"ratingValue\": {\"@id\": \"/api/rating_values/60\", \"@type\": \"RatingValue\", \"color\": \"#73e148\", \"value\": \"OK\", \"position\": 0, \"mediaValue\": null, \"description\": \"OK\", \"validateExercise\": true, \"exerciseNotperformed\": false}}, {\"@id\": \"/api/rating_value_reasons_details/52\", \"code\": \"ergfvrgg\", \"@type\": \"RatingValueReasonsDetails\", \"description\": \"egrrgergr\", \"ratingValue\": {\"@id\": \"/api/rating_values/61\", \"@type\": \"RatingValue\", \"color\": \"#da3326\", \"value\": \"KO\", \"position\": 1, \"mediaValue\": null, \"description\": \"KO\", \"validateExercise\": false, \"exerciseNotperformed\": false}}, {\"@id\": \"/api/rating_value_reasons_details/53\", \"code\": \"ergfvrgg 2\", \"@type\": \"RatingValueReasonsDetails\", \"description\": \"egrrgergr 2\", \"ratingValue\": {\"@id\": \"/api/rating_values/61\", \"@type\": \"RatingValue\", \"color\": \"#da3326\", \"value\": \"KO\", \"position\": 1, \"mediaValue\": null, \"description\": \"KO\", \"validateExercise\": false, \"exerciseNotperformed\": false}}, {\"@id\": \"/api/rating_value_reasons_details/54\", \"code\": \"zrfzefez\", \"@type\": \"RatingValueReasonsDetails\", \"description\": \"zefezfz\", \"ratingValue\": {\"@id\": \"/api/rating_values/62\", \"@type\": \"RatingValue\", \"color\": \"#000000\", \"value\": \"-\", \"position\": 2, \"mediaValue\": null, \"description\": \"-\", \"validateExercise\": false, \"exerciseNotperformed\": true}}, {\"@id\": \"/api/rating_value_reasons_details/55\", \"code\": \"zfzefezf 2\", \"@type\": \"RatingValueReasonsDetails\", \"description\": \" grgrzz 2\", \"ratingValue\": {\"@id\": \"/api/rating_values/62\", \"@type\": \"RatingValue\", \"color\": \"#000000\", \"value\": \"-\", \"position\": 2, \"mediaValue\": null, \"description\": \"-\", \"validateExercise\": false, \"exerciseNotperformed\": true}}]}]}, \"position\": null, \"formation\": null, \"minRating\": \"/api/rating_values/62\", \"isEditable\": true, \"constraints\": [], \"description\": \"\", \"maxDuration\": 0, \"requirements\": [], \"expectedValue\": \"/api/rating_values/62\", \"isTheoretical\": false, \"technicalSkills\": [], \"configISExpended\": null, \"standardDuration\": 0, \"notTechnicalSkill\": [], \"formationItemFromListId\": \"clirqrzry009b356glr9e93zg\"}, {\"id\": \"clirqsbcw00c9356gwa54mfjd\", \"@id\": \"clirqsbcw00c9356gwa54mfjd\", \"name\": \"LEÇONNN\", \"@type\": \"Lesson\", \"files\": [], \"goals\": \"\", \"isNew\": true, \"groupe\": false, \"itemId\": \"clirqsbcw00c8356g104gvvvi\", \"actions\": [], \"ceiling\": \"\", \"children\": [], \"counters\": [], \"isDroped\": 1, \"notation\": {\"id\": 41, \"@id\": \"/api/ratings/41\", \"atos\": [{\"@id\": \"/api/atos/3\", \"name\": \"test2 Edit\", \"@type\": \"Ato\", \"formations\": [\"/api/formations/2\", \"/api/formations/13\", \"/api/formations/14\", \"/api/formations/15\", \"/api/formations/17\", \"/api/formations/18\", \"/api/formations/19\", \"/api/formations/20\", \"/api/formations/21\", \"/api/formations/22\", \"/api/formations/23\", \"/api/formations/24\", \"/api/formations/25\", \"/api/formations/26\", \"/api/formations/27\", \"/api/formations/28\", \"/api/formations/29\", \"/api/formations/34\", \"/api/formations/35\", \"/api/formations/41\", \"/api/formations/42\", \"/api/formations/43\", \"/api/formations/44\", \"/api/formations/45\", \"/api/formations/46\", \"/api/formations/47\", \"/api/formations/48\", \"/api/formations/49\", \"/api/formations/50\", \"/api/formations/51\", \"/api/formations/52\", \"/api/formations/53\", \"/api/formations/54\", \"/api/formations/62\"], \"postalAddress\": {\"@id\": \"/api/postal_addresses/78\", \"@type\": \"PostalAddress\", \"country\": \"Fance\"}}], \"name\": \"TEST\", \"@type\": \"Rating\", \"skills\": [{\"id\": 23, \"@id\": \"/api/skills/23\", \"name\": \"Compétence 1\", \"type\": \"technical\", \"@type\": \"Skills\", \"description\": \"Desc compétence 1\"}, {\"id\": 26, \"@id\": \"/api/skills/26\", \"name\": \"Compétence 4 \", \"type\": \"technical\", \"@type\": \"Skills\", \"description\": \"Notation indicateur\"}, {\"id\": 34, \"@id\": \"/api/skills/34\", \"name\": \"Pilotage Manuel\", \"type\": \"technical\", \"@type\": \"Skills\", \"description\": \"Gestion du pilotage manuel de l\'appareil\"}, {\"id\": 35, \"@id\": \"/api/skills/35\", \"name\": \"Compétences indicateurs\", \"type\": \"technical\", \"@type\": \"Skills\", \"description\": \"àpîhzERFGPNZREG\"}], \"createdAt\": \"2023-04-26T15:21:14+02:00\", \"formations\": [\"/api/formations/18\", \"/api/formations/19\", \"/api/formations/20\", \"/api/formations/21\", \"/api/formations/23\", \"/api/formations/26\", \"/api/formations/41\", \"/api/formations/42\", \"/api/formations/43\", \"/api/formations/45\", \"/api/formations/48\", \"/api/formations/50\", \"/api/formations/52\", \"/api/formations/53\"], \"isEditable\": false, \"ratingValues\": [{\"@id\": \"/api/rating_values/57\", \"@type\": \"RatingValue\", \"color\": \"#000000\", \"value\": \"Oui\", \"position\": 0, \"mediaValue\": null, \"description\": \"Oui\", \"validateExercise\": true, \"exerciseNotperformed\": false}, {\"@id\": \"/api/rating_values/58\", \"@type\": \"RatingValue\", \"color\": \"#000000\", \"value\": \"Non\", \"position\": 1, \"mediaValue\": null, \"description\": \"Non\", \"validateExercise\": false, \"exerciseNotperformed\": false}, {\"@id\": \"/api/rating_values/59\", \"@type\": \"RatingValue\", \"color\": \"#000000\", \"value\": \"-\", \"position\": 2, \"mediaValue\": null, \"description\": \"-\", \"validateExercise\": false, \"exerciseNotperformed\": true}], \"exerciseFormations\": [\"/api/formations/22\", \"/api/formations/24\", \"/api/formations/28\", \"/api/formations/34\", \"/api/formations/35\", \"/api/formations/46\"], \"nextWhenUnrealized\": true, \"nextWhenUnvalidate\": true, \"ratingValueReasons\": [{\"id\": 13, \"@id\": \"/api/rating_value_reasons/13\", \"@type\": \"RatingValueReasons\", \"rating\": \"/api/ratings/41\", \"createdAt\": \"2023-05-06T13:42:18+02:00\", \"groupName\": \"TEST motif de note\", \"ratingValueReasonsDetails\": [{\"@id\": \"/api/rating_value_reasons_details/44\", \"code\": \"tezeze\", \"@type\": \"RatingValueReasonsDetails\", \"description\": \"fzefezfzefzefze\", \"ratingValue\": {\"@id\": \"/api/rating_values/57\", \"@type\": \"RatingValue\", \"color\": \"#000000\", \"value\": \"Oui\", \"position\": 0, \"mediaValue\": null, \"description\": \"Oui\", \"validateExercise\": true, \"exerciseNotperformed\": false}}, {\"@id\": \"/api/rating_value_reasons_details/45\", \"code\": \"zfzefzef 2\", \"@type\": \"RatingValueReasonsDetails\", \"description\": \"zfzfzefzef 2\", \"ratingValue\": {\"@id\": \"/api/rating_values/57\", \"@type\": \"RatingValue\", \"color\": \"#000000\", \"value\": \"Oui\", \"position\": 0, \"mediaValue\": null, \"description\": \"Oui\", \"validateExercise\": true, \"exerciseNotperformed\": false}}, {\"@id\": \"/api/rating_value_reasons_details/46\", \"code\": \"jytgrzs\", \"@type\": \"RatingValueReasonsDetails\", \"description\": \"jryhrgz\", \"ratingValue\": {\"@id\": \"/api/rating_values/58\", \"@type\": \"RatingValue\", \"color\": \"#000000\", \"value\": \"Non\", \"position\": 1, \"mediaValue\": null, \"description\": \"Non\", \"validateExercise\": false, \"exerciseNotperformed\": false}}, {\"@id\": \"/api/rating_value_reasons_details/47\", \"code\": \"jytfgerz 2\", \"@type\": \"RatingValueReasonsDetails\", \"description\": \"htyrjrgz 2\", \"ratingValue\": {\"@id\": \"/api/rating_values/58\", \"@type\": \"RatingValue\", \"color\": \"#000000\", \"value\": \"Non\", \"position\": 1, \"mediaValue\": null, \"description\": \"Non\", \"validateExercise\": false, \"exerciseNotperformed\": false}}, {\"@id\": \"/api/rating_value_reasons_details/48\", \"code\": \"hyjrrzg\", \"@type\": \"RatingValueReasonsDetails\", \"description\": \"ryhjregz\", \"ratingValue\": {\"@id\": \"/api/rating_values/59\", \"@type\": \"RatingValue\", \"color\": \"#000000\", \"value\": \"-\", \"position\": 2, \"mediaValue\": null, \"description\": \"-\", \"validateExercise\": false, \"exerciseNotperformed\": true}}, {\"@id\": \"/api/rating_value_reasons_details/49\", \"code\": \"hjyrtrgz 2\", \"@type\": \"RatingValueReasonsDetails\", \"description\": \"bxcvryjt 2\", \"ratingValue\": {\"@id\": \"/api/rating_values/59\", \"@type\": \"RatingValue\", \"color\": \"#000000\", \"value\": \"-\", \"position\": 2, \"mediaValue\": null, \"description\": \"-\", \"validateExercise\": false, \"exerciseNotperformed\": true}}]}], \"formationsPhasesNotation\": [\"/api/formations/22\", \"/api/formations/29\", \"/api/formations/47\"]}, \"position\": null, \"classroom\": null, \"formation\": null, \"minRating\": \"/api/rating_values/57\", \"isEditable\": true, \"minWeather\": \"\", \"constraints\": [], \"description\": \"\", \"maxDuration\": 0, \"requirements\": [], \"technicalRef\": \"\", \"expectedValue\": \"/api/rating_values/57\", \"isTheoretical\": false, \"minVisibility\": \"\", \"technicalSkills\": [], \"configISExpended\": null, \"standardDuration\": 0, \"notTechnicalSkill\": [], \"formationItemFromListId\": \"clirqsbcw00c9356gwa54mfjd\"}, {\"id\": \"clirqsgux00d6356g881gfsov\", \"@id\": \"clirqsgux00d6356g881gfsov\", \"name\": \"LEÇONNN 2\", \"@type\": \"Lesson\", \"files\": [], \"goals\": \"\", \"isNew\": true, \"groupe\": false, \"itemId\": \"clirqsgux00d5356gfn72216a\", \"actions\": [], \"ceiling\": \"\", \"children\": [], \"counters\": [], \"isDroped\": 1, \"notation\": {\"id\": 42, \"@id\": \"/api/ratings/42\", \"atos\": [{\"@id\": \"/api/atos/3\", \"name\": \"test2 Edit\", \"@type\": \"Ato\", \"formations\": [\"/api/formations/2\", \"/api/formations/13\", \"/api/formations/14\", \"/api/formations/15\", \"/api/formations/17\", \"/api/formations/18\", \"/api/formations/19\", \"/api/formations/20\", \"/api/formations/21\", \"/api/formations/22\", \"/api/formations/23\", \"/api/formations/24\", \"/api/formations/25\", \"/api/formations/26\", \"/api/formations/27\", \"/api/formations/28\", \"/api/formations/29\", \"/api/formations/34\", \"/api/formations/35\", \"/api/formations/41\", \"/api/formations/42\", \"/api/formations/43\", \"/api/formations/44\", \"/api/formations/45\", \"/api/formations/46\", \"/api/formations/47\", \"/api/formations/48\", \"/api/formations/49\", \"/api/formations/50\", \"/api/formations/51\", \"/api/formations/52\", \"/api/formations/53\", \"/api/formations/54\", \"/api/formations/62\"], \"postalAddress\": {\"@id\": \"/api/postal_addresses/78\", \"@type\": \"PostalAddress\", \"country\": \"Fance\"}}], \"name\": \"TEST 2 \", \"@type\": \"Rating\", \"skills\": [{\"id\": 24, \"@id\": \"/api/skills/24\", \"name\": \"Compétence 2\", \"type\": \"technical\", \"@type\": \"Skills\", \"description\": \"Desc compétence 2\"}, {\"id\": 36, \"@id\": \"/api/skills/36\", \"name\": \"Compétences sans indicateurs\", \"type\": \"non technical\", \"@type\": \"Skills\", \"description\": \"effhefezthg\"}], \"createdAt\": \"2023-04-26T15:21:37+02:00\", \"formations\": [\"/api/formations/27\", \"/api/formations/28\", \"/api/formations/29\", \"/api/formations/34\", \"/api/formations/35\", \"/api/formations/47\", \"/api/formations/54\"], \"isEditable\": false, \"ratingValues\": [{\"@id\": \"/api/rating_values/60\", \"@type\": \"RatingValue\", \"color\": \"#73e148\", \"value\": \"OK\", \"position\": 0, \"mediaValue\": null, \"description\": \"OK\", \"validateExercise\": true, \"exerciseNotperformed\": false}, {\"@id\": \"/api/rating_values/61\", \"@type\": \"RatingValue\", \"color\": \"#da3326\", \"value\": \"KO\", \"position\": 1, \"mediaValue\": null, \"description\": \"KO\", \"validateExercise\": false, \"exerciseNotperformed\": false}, {\"@id\": \"/api/rating_values/62\", \"@type\": \"RatingValue\", \"color\": \"#000000\", \"value\": \"-\", \"position\": 2, \"mediaValue\": null, \"description\": \"-\", \"validateExercise\": false, \"exerciseNotperformed\": true}], \"exerciseFormations\": [\"/api/formations/19\", \"/api/formations/23\", \"/api/formations/26\", \"/api/formations/27\", \"/api/formations/41\", \"/api/formations/43\", \"/api/formations/45\", \"/api/formations/47\", \"/api/formations/52\", \"/api/formations/53\"], \"nextWhenUnrealized\": true, \"nextWhenUnvalidate\": true, \"ratingValueReasons\": [{\"id\": 14, \"@id\": \"/api/rating_value_reasons/14\", \"@type\": \"RatingValueReasons\", \"rating\": \"/api/ratings/42\", \"createdAt\": \"2023-05-06T15:28:00+02:00\", \"groupName\": \"TEST 2 motif de la note\", \"ratingValueReasonsDetails\": [{\"@id\": \"/api/rating_value_reasons_details/50\", \"code\": \"grezzrgf\", \"@type\": \"RatingValueReasonsDetails\", \"description\": \"rzgfgrzf\", \"ratingValue\": {\"@id\": \"/api/rating_values/60\", \"@type\": \"RatingValue\", \"color\": \"#73e148\", \"value\": \"OK\", \"position\": 0, \"mediaValue\": null, \"description\": \"OK\", \"validateExercise\": true, \"exerciseNotperformed\": false}}, {\"@id\": \"/api/rating_value_reasons_details/51\", \"code\": \"grezzrgf 2\", \"@type\": \"RatingValueReasonsDetails\", \"description\": \"rzgfgrzf 2\", \"ratingValue\": {\"@id\": \"/api/rating_values/60\", \"@type\": \"RatingValue\", \"color\": \"#73e148\", \"value\": \"OK\", \"position\": 0, \"mediaValue\": null, \"description\": \"OK\", \"validateExercise\": true, \"exerciseNotperformed\": false}}, {\"@id\": \"/api/rating_value_reasons_details/52\", \"code\": \"ergfvrgg\", \"@type\": \"RatingValueReasonsDetails\", \"description\": \"egrrgergr\", \"ratingValue\": {\"@id\": \"/api/rating_values/61\", \"@type\": \"RatingValue\", \"color\": \"#da3326\", \"value\": \"KO\", \"position\": 1, \"mediaValue\": null, \"description\": \"KO\", \"validateExercise\": false, \"exerciseNotperformed\": false}}, {\"@id\": \"/api/rating_value_reasons_details/53\", \"code\": \"ergfvrgg 2\", \"@type\": \"RatingValueReasonsDetails\", \"description\": \"egrrgergr 2\", \"ratingValue\": {\"@id\": \"/api/rating_values/61\", \"@type\": \"RatingValue\", \"color\": \"#da3326\", \"value\": \"KO\", \"position\": 1, \"mediaValue\": null, \"description\": \"KO\", \"validateExercise\": false, \"exerciseNotperformed\": false}}, {\"@id\": \"/api/rating_value_reasons_details/54\", \"code\": \"zrfzefez\", \"@type\": \"RatingValueReasonsDetails\", \"description\": \"zefezfz\", \"ratingValue\": {\"@id\": \"/api/rating_values/62\", \"@type\": \"RatingValue\", \"color\": \"#000000\", \"value\": \"-\", \"position\": 2, \"mediaValue\": null, \"description\": \"-\", \"validateExercise\": false, \"exerciseNotperformed\": true}}, {\"@id\": \"/api/rating_value_reasons_details/55\", \"code\": \"zfzefezf 2\", \"@type\": \"RatingValueReasonsDetails\", \"description\": \" grgrzz 2\", \"ratingValue\": {\"@id\": \"/api/rating_values/62\", \"@type\": \"RatingValue\", \"color\": \"#000000\", \"value\": \"-\", \"position\": 2, \"mediaValue\": null, \"description\": \"-\", \"validateExercise\": false, \"exerciseNotperformed\": true}}]}], \"formationsPhasesNotation\": [\"/api/formations/20\", \"/api/formations/21\"]}, \"position\": null, \"classroom\": null, \"formation\": null, \"minRating\": \"/api/rating_values/61\", \"isEditable\": true, \"minWeather\": \"\", \"constraints\": [], \"description\": \"\", \"maxDuration\": 0, \"requirements\": [], \"technicalRef\": \"\", \"expectedValue\": \"/api/rating_values/61\", \"isTheoretical\": false, \"minVisibility\": \"\", \"technicalSkills\": [], \"configISExpended\": null, \"standardDuration\": 0, \"notTechnicalSkill\": [], \"formationItemFromListId\": \"clirqsgux00d6356g881gfsov\"}, {\"id\": \"clirqsmv200ey356g769if9hf\", \"@id\": \"clirqsmv200ey356g769if9hf\", \"name\": \"LEÇONNN 3\", \"@type\": \"Lesson\", \"files\": [], \"goals\": \"\", \"isNew\": true, \"groupe\": false, \"itemId\": \"clirqsmv200ex356gc4k6ctj0\", \"actions\": [], \"ceiling\": \"\", \"children\": [], \"counters\": [], \"isDroped\": 1, \"notation\": {\"id\": 42, \"@id\": \"/api/ratings/42\", \"atos\": [{\"@id\": \"/api/atos/3\", \"name\": \"test2 Edit\", \"@type\": \"Ato\", \"formations\": [\"/api/formations/2\", \"/api/formations/13\", \"/api/formations/14\", \"/api/formations/15\", \"/api/formations/17\", \"/api/formations/18\", \"/api/formations/19\", \"/api/formations/20\", \"/api/formations/21\", \"/api/formations/22\", \"/api/formations/23\", \"/api/formations/24\", \"/api/formations/25\", \"/api/formations/26\", \"/api/formations/27\", \"/api/formations/28\", \"/api/formations/29\", \"/api/formations/34\", \"/api/formations/35\", \"/api/formations/41\", \"/api/formations/42\", \"/api/formations/43\", \"/api/formations/44\", \"/api/formations/45\", \"/api/formations/46\", \"/api/formations/47\", \"/api/formations/48\", \"/api/formations/49\", \"/api/formations/50\", \"/api/formations/51\", \"/api/formations/52\", \"/api/formations/53\", \"/api/formations/54\", \"/api/formations/62\"], \"postalAddress\": {\"@id\": \"/api/postal_addresses/78\", \"@type\": \"PostalAddress\", \"country\": \"Fance\"}}], \"name\": \"TEST 2 \", \"@type\": \"Rating\", \"skills\": [{\"id\": 24, \"@id\": \"/api/skills/24\", \"name\": \"Compétence 2\", \"type\": \"technical\", \"@type\": \"Skills\", \"description\": \"Desc compétence 2\"}, {\"id\": 36, \"@id\": \"/api/skills/36\", \"name\": \"Compétences sans indicateurs\", \"type\": \"non technical\", \"@type\": \"Skills\", \"description\": \"effhefezthg\"}], \"createdAt\": \"2023-04-26T15:21:37+02:00\", \"formations\": [\"/api/formations/27\", \"/api/formations/28\", \"/api/formations/29\", \"/api/formations/34\", \"/api/formations/35\", \"/api/formations/47\", \"/api/formations/54\"], \"isEditable\": false, \"ratingValues\": [{\"@id\": \"/api/rating_values/60\", \"@type\": \"RatingValue\", \"color\": \"#73e148\", \"value\": \"OK\", \"position\": 0, \"mediaValue\": null, \"description\": \"OK\", \"validateExercise\": true, \"exerciseNotperformed\": false}, {\"@id\": \"/api/rating_values/61\", \"@type\": \"RatingValue\", \"color\": \"#da3326\", \"value\": \"KO\", \"position\": 1, \"mediaValue\": null, \"description\": \"KO\", \"validateExercise\": false, \"exerciseNotperformed\": false}, {\"@id\": \"/api/rating_values/62\", \"@type\": \"RatingValue\", \"color\": \"#000000\", \"value\": \"-\", \"position\": 2, \"mediaValue\": null, \"description\": \"-\", \"validateExercise\": false, \"exerciseNotperformed\": true}], \"exerciseFormations\": [\"/api/formations/19\", \"/api/formations/23\", \"/api/formations/26\", \"/api/formations/27\", \"/api/formations/41\", \"/api/formations/43\", \"/api/formations/45\", \"/api/formations/47\", \"/api/formations/52\", \"/api/formations/53\"], \"nextWhenUnrealized\": true, \"nextWhenUnvalidate\": true, \"ratingValueReasons\": [{\"id\": 14, \"@id\": \"/api/rating_value_reasons/14\", \"@type\": \"RatingValueReasons\", \"rating\": \"/api/ratings/42\", \"createdAt\": \"2023-05-06T15:28:00+02:00\", \"groupName\": \"TEST 2 motif de la note\", \"ratingValueReasonsDetails\": [{\"@id\": \"/api/rating_value_reasons_details/50\", \"code\": \"grezzrgf\", \"@type\": \"RatingValueReasonsDetails\", \"description\": \"rzgfgrzf\", \"ratingValue\": {\"@id\": \"/api/rating_values/60\", \"@type\": \"RatingValue\", \"color\": \"#73e148\", \"value\": \"OK\", \"position\": 0, \"mediaValue\": null, \"description\": \"OK\", \"validateExercise\": true, \"exerciseNotperformed\": false}}, {\"@id\": \"/api/rating_value_reasons_details/51\", \"code\": \"grezzrgf 2\", \"@type\": \"RatingValueReasonsDetails\", \"description\": \"rzgfgrzf 2\", \"ratingValue\": {\"@id\": \"/api/rating_values/60\", \"@type\": \"RatingValue\", \"color\": \"#73e148\", \"value\": \"OK\", \"position\": 0, \"mediaValue\": null, \"description\": \"OK\", \"validateExercise\": true, \"exerciseNotperformed\": false}}, {\"@id\": \"/api/rating_value_reasons_details/52\", \"code\": \"ergfvrgg\", \"@type\": \"RatingValueReasonsDetails\", \"description\": \"egrrgergr\", \"ratingValue\": {\"@id\": \"/api/rating_values/61\", \"@type\": \"RatingValue\", \"color\": \"#da3326\", \"value\": \"KO\", \"position\": 1, \"mediaValue\": null, \"description\": \"KO\", \"validateExercise\": false, \"exerciseNotperformed\": false}}, {\"@id\": \"/api/rating_value_reasons_details/53\", \"code\": \"ergfvrgg 2\", \"@type\": \"RatingValueReasonsDetails\", \"description\": \"egrrgergr 2\", \"ratingValue\": {\"@id\": \"/api/rating_values/61\", \"@type\": \"RatingValue\", \"color\": \"#da3326\", \"value\": \"KO\", \"position\": 1, \"mediaValue\": null, \"description\": \"KO\", \"validateExercise\": false, \"exerciseNotperformed\": false}}, {\"@id\": \"/api/rating_value_reasons_details/54\", \"code\": \"zrfzefez\", \"@type\": \"RatingValueReasonsDetails\", \"description\": \"zefezfz\", \"ratingValue\": {\"@id\": \"/api/rating_values/62\", \"@type\": \"RatingValue\", \"color\": \"#000000\", \"value\": \"-\", \"position\": 2, \"mediaValue\": null, \"description\": \"-\", \"validateExercise\": false, \"exerciseNotperformed\": true}}, {\"@id\": \"/api/rating_value_reasons_details/55\", \"code\": \"zfzefezf 2\", \"@type\": \"RatingValueReasonsDetails\", \"description\": \" grgrzz 2\", \"ratingValue\": {\"@id\": \"/api/rating_values/62\", \"@type\": \"RatingValue\", \"color\": \"#000000\", \"value\": \"-\", \"position\": 2, \"mediaValue\": null, \"description\": \"-\", \"validateExercise\": false, \"exerciseNotperformed\": true}}]}], \"formationsPhasesNotation\": [\"/api/formations/20\", \"/api/formations/21\"]}, \"position\": null, \"classroom\": null, \"formation\": null, \"minRating\": \"/api/rating_values/60\", \"isEditable\": true, \"minWeather\": \"\", \"constraints\": [], \"description\": \"\", \"maxDuration\": 0, \"requirements\": [], \"technicalRef\": \"\", \"expectedValue\": \"/api/rating_values/60\", \"isTheoretical\": false, \"minVisibility\": \"\", \"technicalSkills\": [], \"configISExpended\": null, \"standardDuration\": 0, \"notTechnicalSkill\": [], \"formationItemFromListId\": \"clirqsmv200ey356g769if9hf\"}, {\"id\": \"clirqssbe00fp356gj3cv28he\", \"@id\": \"clirqssbe00fp356gj3cv28he\", \"name\": \"LEÇONNN 4\", \"@type\": \"Lesson\", \"files\": [], \"goals\": \"\", \"isNew\": true, \"groupe\": false, \"itemId\": \"clirqssbd00fo356gcsyidiej\", \"actions\": [], \"ceiling\": \"\", \"children\": [], \"counters\": [], \"isDroped\": 1, \"notation\": {\"id\": 41, \"@id\": \"/api/ratings/41\", \"atos\": [{\"@id\": \"/api/atos/3\", \"name\": \"test2 Edit\", \"@type\": \"Ato\", \"formations\": [\"/api/formations/2\", \"/api/formations/13\", \"/api/formations/14\", \"/api/formations/15\", \"/api/formations/17\", \"/api/formations/18\", \"/api/formations/19\", \"/api/formations/20\", \"/api/formations/21\", \"/api/formations/22\", \"/api/formations/23\", \"/api/formations/24\", \"/api/formations/25\", \"/api/formations/26\", \"/api/formations/27\", \"/api/formations/28\", \"/api/formations/29\", \"/api/formations/34\", \"/api/formations/35\", \"/api/formations/41\", \"/api/formations/42\", \"/api/formations/43\", \"/api/formations/44\", \"/api/formations/45\", \"/api/formations/46\", \"/api/formations/47\", \"/api/formations/48\", \"/api/formations/49\", \"/api/formations/50\", \"/api/formations/51\", \"/api/formations/52\", \"/api/formations/53\", \"/api/formations/54\", \"/api/formations/62\"], \"postalAddress\": {\"@id\": \"/api/postal_addresses/78\", \"@type\": \"PostalAddress\", \"country\": \"Fance\"}}], \"name\": \"TEST\", \"@type\": \"Rating\", \"skills\": [{\"id\": 23, \"@id\": \"/api/skills/23\", \"name\": \"Compétence 1\", \"type\": \"technical\", \"@type\": \"Skills\", \"description\": \"Desc compétence 1\"}, {\"id\": 26, \"@id\": \"/api/skills/26\", \"name\": \"Compétence 4 \", \"type\": \"technical\", \"@type\": \"Skills\", \"description\": \"Notation indicateur\"}, {\"id\": 34, \"@id\": \"/api/skills/34\", \"name\": \"Pilotage Manuel\", \"type\": \"technical\", \"@type\": \"Skills\", \"description\": \"Gestion du pilotage manuel de l\'appareil\"}, {\"id\": 35, \"@id\": \"/api/skills/35\", \"name\": \"Compétences indicateurs\", \"type\": \"technical\", \"@type\": \"Skills\", \"description\": \"àpîhzERFGPNZREG\"}], \"createdAt\": \"2023-04-26T15:21:14+02:00\", \"formations\": [\"/api/formations/18\", \"/api/formations/19\", \"/api/formations/20\", \"/api/formations/21\", \"/api/formations/23\", \"/api/formations/26\", \"/api/formations/41\", \"/api/formations/42\", \"/api/formations/43\", \"/api/formations/45\", \"/api/formations/48\", \"/api/formations/50\", \"/api/formations/52\", \"/api/formations/53\"], \"isEditable\": false, \"ratingValues\": [{\"@id\": \"/api/rating_values/57\", \"@type\": \"RatingValue\", \"color\": \"#000000\", \"value\": \"Oui\", \"position\": 0, \"mediaValue\": null, \"description\": \"Oui\", \"validateExercise\": true, \"exerciseNotperformed\": false}, {\"@id\": \"/api/rating_values/58\", \"@type\": \"RatingValue\", \"color\": \"#000000\", \"value\": \"Non\", \"position\": 1, \"mediaValue\": null, \"description\": \"Non\", \"validateExercise\": false, \"exerciseNotperformed\": false}, {\"@id\": \"/api/rating_values/59\", \"@type\": \"RatingValue\", \"color\": \"#000000\", \"value\": \"-\", \"position\": 2, \"mediaValue\": null, \"description\": \"-\", \"validateExercise\": false, \"exerciseNotperformed\": true}], \"exerciseFormations\": [\"/api/formations/22\", \"/api/formations/24\", \"/api/formations/28\", \"/api/formations/34\", \"/api/formations/35\", \"/api/formations/46\"], \"nextWhenUnrealized\": true, \"nextWhenUnvalidate\": true, \"ratingValueReasons\": [{\"id\": 13, \"@id\": \"/api/rating_value_reasons/13\", \"@type\": \"RatingValueReasons\", \"rating\": \"/api/ratings/41\", \"createdAt\": \"2023-05-06T13:42:18+02:00\", \"groupName\": \"TEST motif de note\", \"ratingValueReasonsDetails\": [{\"@id\": \"/api/rating_value_reasons_details/44\", \"code\": \"tezeze\", \"@type\": \"RatingValueReasonsDetails\", \"description\": \"fzefezfzefzefze\", \"ratingValue\": {\"@id\": \"/api/rating_values/57\", \"@type\": \"RatingValue\", \"color\": \"#000000\", \"value\": \"Oui\", \"position\": 0, \"mediaValue\": null, \"description\": \"Oui\", \"validateExercise\": true, \"exerciseNotperformed\": false}}, {\"@id\": \"/api/rating_value_reasons_details/45\", \"code\": \"zfzefzef 2\", \"@type\": \"RatingValueReasonsDetails\", \"description\": \"zfzfzefzef 2\", \"ratingValue\": {\"@id\": \"/api/rating_values/57\", \"@type\": \"RatingValue\", \"color\": \"#000000\", \"value\": \"Oui\", \"position\": 0, \"mediaValue\": null, \"description\": \"Oui\", \"validateExercise\": true, \"exerciseNotperformed\": false}}, {\"@id\": \"/api/rating_value_reasons_details/46\", \"code\": \"jytgrzs\", \"@type\": \"RatingValueReasonsDetails\", \"description\": \"jryhrgz\", \"ratingValue\": {\"@id\": \"/api/rating_values/58\", \"@type\": \"RatingValue\", \"color\": \"#000000\", \"value\": \"Non\", \"position\": 1, \"mediaValue\": null, \"description\": \"Non\", \"validateExercise\": false, \"exerciseNotperformed\": false}}, {\"@id\": \"/api/rating_value_reasons_details/47\", \"code\": \"jytfgerz 2\", \"@type\": \"RatingValueReasonsDetails\", \"description\": \"htyrjrgz 2\", \"ratingValue\": {\"@id\": \"/api/rating_values/58\", \"@type\": \"RatingValue\", \"color\": \"#000000\", \"value\": \"Non\", \"position\": 1, \"mediaValue\": null, \"description\": \"Non\", \"validateExercise\": false, \"exerciseNotperformed\": false}}, {\"@id\": \"/api/rating_value_reasons_details/48\", \"code\": \"hyjrrzg\", \"@type\": \"RatingValueReasonsDetails\", \"description\": \"ryhjregz\", \"ratingValue\": {\"@id\": \"/api/rating_values/59\", \"@type\": \"RatingValue\", \"color\": \"#000000\", \"value\": \"-\", \"position\": 2, \"mediaValue\": null, \"description\": \"-\", \"validateExercise\": false, \"exerciseNotperformed\": true}}, {\"@id\": \"/api/rating_value_reasons_details/49\", \"code\": \"hjyrtrgz 2\", \"@type\": \"RatingValueReasonsDetails\", \"description\": \"bxcvryjt 2\", \"ratingValue\": {\"@id\": \"/api/rating_values/59\", \"@type\": \"RatingValue\", \"color\": \"#000000\", \"value\": \"-\", \"position\": 2, \"mediaValue\": null, \"description\": \"-\", \"validateExercise\": false, \"exerciseNotperformed\": true}}]}], \"formationsPhasesNotation\": [\"/api/formations/22\", \"/api/formations/29\", \"/api/formations/47\"]}, \"position\": null, \"classroom\": null, \"formation\": null, \"minRating\": \"/api/rating_values/58\", \"isEditable\": true, \"minWeather\": \"\", \"constraints\": [], \"description\": \"\", \"maxDuration\": 0, \"requirements\": [], \"technicalRef\": \"\", \"expectedValue\": \"/api/rating_values/58\", \"isTheoretical\": false, \"minVisibility\": \"\", \"technicalSkills\": [], \"configISExpended\": null, \"standardDuration\": 0, \"notTechnicalSkill\": [], \"formationItemFromListId\": \"clirqssbe00fp356gj3cv28he\"}, {\"id\": \"clirqsx5t00ge356glbfcgjh6\", \"@id\": \"clirqsx5t00ge356glbfcgjh6\", \"name\": \"LEÇONNN 5\", \"@type\": \"Lesson\", \"files\": [], \"goals\": \"\", \"isNew\": true, \"groupe\": false, \"itemId\": \"clirqsx5s00gd356gn7wzxxj8\", \"actions\": [], \"ceiling\": \"\", \"children\": [], \"counters\": [], \"isDroped\": 1, \"notation\": {\"id\": 43, \"@id\": \"/api/ratings/43\", \"atos\": [{\"@id\": \"/api/atos/3\", \"name\": \"test2 Edit\", \"@type\": \"Ato\", \"formations\": [\"/api/formations/2\", \"/api/formations/13\", \"/api/formations/14\", \"/api/formations/15\", \"/api/formations/17\", \"/api/formations/18\", \"/api/formations/19\", \"/api/formations/20\", \"/api/formations/21\", \"/api/formations/22\", \"/api/formations/23\", \"/api/formations/24\", \"/api/formations/25\", \"/api/formations/26\", \"/api/formations/27\", \"/api/formations/28\", \"/api/formations/29\", \"/api/formations/34\", \"/api/formations/35\", \"/api/formations/41\", \"/api/formations/42\", \"/api/formations/43\", \"/api/formations/44\", \"/api/formations/45\", \"/api/formations/46\", \"/api/formations/47\", \"/api/formations/48\", \"/api/formations/49\", \"/api/formations/50\", \"/api/formations/51\", \"/api/formations/52\", \"/api/formations/53\", \"/api/formations/54\", \"/api/formations/62\"], \"postalAddress\": {\"@id\": \"/api/postal_addresses/78\", \"@type\": \"PostalAddress\", \"country\": \"Fance\"}}], \"name\": \"TEST 3 \", \"@type\": \"Rating\", \"skills\": [{\"id\": 25, \"@id\": \"/api/skills/25\", \"name\": \"Compétence 3\", \"type\": \"technical\", \"@type\": \"Skills\", \"description\": \"Desc compétence 3\"}], \"createdAt\": \"2023-04-26T15:22:07+02:00\", \"formations\": [\"/api/formations/46\"], \"isEditable\": false, \"ratingValues\": [{\"@id\": \"/api/rating_values/63\", \"@type\": \"RatingValue\", \"color\": \"#000000\", \"value\": \"Valide\", \"position\": 0, \"mediaValue\": null, \"description\": \"Valide\", \"validateExercise\": true, \"exerciseNotperformed\": false}, {\"@id\": \"/api/rating_values/64\", \"@type\": \"RatingValue\", \"color\": \"#000000\", \"value\": \"Non valide\", \"position\": 1, \"mediaValue\": null, \"description\": \"Non valide\", \"validateExercise\": false, \"exerciseNotperformed\": false}, {\"@id\": \"/api/rating_values/65\", \"@type\": \"RatingValue\", \"color\": \"#000000\", \"value\": \"-\", \"position\": 2, \"mediaValue\": null, \"description\": \"-\", \"validateExercise\": false, \"exerciseNotperformed\": true}], \"exerciseFormations\": [\"/api/formations/18\", \"/api/formations/20\", \"/api/formations/21\", \"/api/formations/25\"], \"nextWhenUnrealized\": true, \"nextWhenUnvalidate\": true, \"ratingValueReasons\": [{\"id\": 15, \"@id\": \"/api/rating_value_reasons/15\", \"@type\": \"RatingValueReasons\", \"rating\": \"/api/ratings/43\", \"createdAt\": \"2023-05-06T15:29:42+02:00\", \"groupName\": \"TEST 3 Motif de la note\", \"ratingValueReasonsDetails\": [{\"@id\": \"/api/rating_value_reasons_details/56\", \"code\": \"fzefezfez\", \"@type\": \"RatingValueReasonsDetails\", \"description\": \"zfefzefez\", \"ratingValue\": {\"@id\": \"/api/rating_values/63\", \"@type\": \"RatingValue\", \"color\": \"#000000\", \"value\": \"Valide\", \"position\": 0, \"mediaValue\": null, \"description\": \"Valide\", \"validateExercise\": true, \"exerciseNotperformed\": false}}, {\"@id\": \"/api/rating_value_reasons_details/57\", \"code\": \"zrzef 2 \", \"@type\": \"RatingValueReasonsDetails\", \"description\": \"zrvrf 2\", \"ratingValue\": {\"@id\": \"/api/rating_values/63\", \"@type\": \"RatingValue\", \"color\": \"#000000\", \"value\": \"Valide\", \"position\": 0, \"mediaValue\": null, \"description\": \"Valide\", \"validateExercise\": true, \"exerciseNotperformed\": false}}, {\"@id\": \"/api/rating_value_reasons_details/58\", \"code\": \"gzfzefz \", \"@type\": \"RatingValueReasonsDetails\", \"description\": \"zefzefez\", \"ratingValue\": {\"@id\": \"/api/rating_values/64\", \"@type\": \"RatingValue\", \"color\": \"#000000\", \"value\": \"Non valide\", \"position\": 1, \"mediaValue\": null, \"description\": \"Non valide\", \"validateExercise\": false, \"exerciseNotperformed\": false}}, {\"@id\": \"/api/rating_value_reasons_details/59\", \"code\": \"aerg 2\", \"@type\": \"RatingValueReasonsDetails\", \"description\": \"fezazed 2\", \"ratingValue\": {\"@id\": \"/api/rating_values/64\", \"@type\": \"RatingValue\", \"color\": \"#000000\", \"value\": \"Non valide\", \"position\": 1, \"mediaValue\": null, \"description\": \"Non valide\", \"validateExercise\": false, \"exerciseNotperformed\": false}}, {\"@id\": \"/api/rating_value_reasons_details/60\", \"code\": \"fzefzfezf \", \"@type\": \"RatingValueReasonsDetails\", \"description\": \"zefzefez\", \"ratingValue\": {\"@id\": \"/api/rating_values/65\", \"@type\": \"RatingValue\", \"color\": \"#000000\", \"value\": \"-\", \"position\": 2, \"mediaValue\": null, \"description\": \"-\", \"validateExercise\": false, \"exerciseNotperformed\": true}}, {\"@id\": \"/api/rating_value_reasons_details/61\", \"code\": \"fezfzf 2\", \"@type\": \"RatingValueReasonsDetails\", \"description\": \" efzfe 2\", \"ratingValue\": {\"@id\": \"/api/rating_values/65\", \"@type\": \"RatingValue\", \"color\": \"#000000\", \"value\": \"-\", \"position\": 2, \"mediaValue\": null, \"description\": \"-\", \"validateExercise\": false, \"exerciseNotperformed\": true}}]}], \"formationsPhasesNotation\": []}, \"position\": null, \"classroom\": null, \"formation\": null, \"minRating\": \"/api/rating_values/64\", \"isEditable\": true, \"minWeather\": \"\", \"constraints\": [], \"description\": \"\", \"maxDuration\": 0, \"requirements\": [], \"technicalRef\": \"\", \"expectedValue\": \"/api/rating_values/64\", \"isTheoretical\": false, \"minVisibility\": \"\", \"technicalSkills\": [], \"configISExpended\": null, \"standardDuration\": 0, \"notTechnicalSkill\": [], \"formationItemFromListId\": \"clirqsx5t00ge356glbfcgjh6\"}]',0,0,NULL,NULL,NULL,NULL,NULL,0,0,'individual',NULL,NULL,41,13,42,14,NULL,NULL,NULL,NULL,NULL,NULL,NULL,NULL),(63,NULL,NULL,NULL,3,NULL,NULL,'Formation - Durée estimée check','','zapef','zefkn','','',300,0,0,0,1,0,1,1,0,0,0,1,1,0,0,0,0,0,1,0,0,0,0,'2023-06-11 23:36:07','2023-06-13 13:14:29',0,0,'[{\"id\": \"clisnxaji0001356gb312efp4\", \"@id\": \"clisnxaji0001356gb312efp4\", \"name\": \"CUSTOM GROUPE\", \"@type\": \"ModulesGroup\", \"goals\": \"\", \"isNew\": true, \"itemId\": \"clisnxaji0000356g90mbrgwe\", \"actions\": [], \"children\": [], \"counters\": [], \"isDroped\": 1, \"notation\": null, \"position\": null, \"formation\": null, \"minRating\": null, \"isEditable\": true, \"constraints\": [], \"description\": \"\", \"maxDuration\": 0, \"requirements\": [], \"technicalSkills\": [], \"configISExpended\": null, \"standardDuration\": 0, \"notTechnicalSkill\": [], \"formationItemFromListId\": \"clisnxaji0001356gb312efp4\"}, {\"id\": \"clisnxdyu000h356gircv5eie\", \"@id\": \"clisnxdyu000h356gircv5eie\", \"name\": \"MODULEEE\", \"@type\": \"Module\", \"goals\": \"\", \"isNew\": true, \"itemId\": \"clisnxdyu000g356gl5uocdr6\", \"actions\": [], \"subname\": \"\", \"children\": [], \"counters\": [], \"isDroped\": 1, \"notation\": null, \"position\": null, \"formation\": null, \"minRating\": null, \"isEditable\": true, \"constraints\": [], \"description\": \"\", \"maxDuration\": 0, \"requirements\": [], \"isTheoretical\": false, \"technicalSkills\": [], \"configISExpended\": null, \"standardDuration\": 0, \"notTechnicalSkill\": [], \"formationItemFromListId\": null}, {\"id\": \"cliu61ymh0006356g9ucsj1ej\", \"@id\": \"cliu61ymh0006356g9ucsj1ej\", \"name\": \"LEÇONNN\", \"@type\": \"Lesson\", \"files\": [], \"goals\": \"\", \"isNew\": true, \"groupe\": false, \"itemId\": \"cliu61ymh0005356g74g6t8bq\", \"actions\": [], \"ceiling\": \"\", \"children\": [], \"counters\": [], \"isDroped\": 1, \"position\": null, \"classroom\": null, \"formation\": null, \"isEditable\": true, \"minWeather\": \"\", \"constraints\": [], \"description\": \"\", \"maxDuration\": 0, \"requirements\": [], \"technicalRef\": \"\", \"isTheoretical\": false, \"minVisibility\": \"\", \"technicalSkills\": [], \"configISExpended\": null, \"standardDuration\": 0, \"notTechnicalSkill\": [], \"formationItemFromListId\": null}]',0,0,NULL,NULL,NULL,NULL,NULL,0,0,'individual',240,360,NULL,NULL,NULL,NULL,NULL,NULL,NULL,NULL,NULL,NULL,NULL,NULL),(64,NULL,NULL,NULL,3,42,4,'Formation - Phase arbo + fichier','','zepfnz','fêzanc','','',0,0,0,0,1,0,1,1,0,0,0,0,0,1,0,0,0,0,0,0,0,0,0,'2023-06-12 22:20:46','2023-06-12 22:20:46',0,1,'[{\"id\": \"clitatlox0000356gj1vb98qr\", \"@id\": \"clitatlox0000356gj1vb98qr\", \"TEMs\": [], \"name\": \"fzefff\", \"@type\": \"Phase\", \"goals\": \"\", \"isNew\": true, \"itemId\": \"clitatlox0001356gmvo53eww\", \"actions\": [], \"fromAPI\": true, \"children\": [], \"counters\": [], \"notation\": null, \"position\": null, \"formation\": null, \"minRating\": null, \"isEditable\": true, \"constraints\": [], \"description\": \"\", \"maxDuration\": 0, \"requirements\": [], \"technicalSkills\": [], \"configISExpended\": null, \"standardDuration\": 0, \"notTechnicalSkill\": [], \"formationItemFromListId\": null}]',2,0,NULL,14,NULL,NULL,NULL,0,0,'individual',NULL,NULL,NULL,NULL,NULL,NULL,NULL,NULL,NULL,NULL,NULL,NULL,NULL,NULL),(65,41,42,NULL,3,43,3,'Formation - Exercices sans raison','','zerfokfnze','pkzenfez','','',0,0,0,0,1,0,1,1,0,0,0,0,0,1,1,1,0,0,1,0,0,0,0,'2023-06-13 17:41:46','2023-06-13 19:30:44',0,0,'[{\"id\": \"cliug9y0g0001356gkr73jrju\", \"@id\": \"cliug9y0g0001356gkr73jrju\", \"name\": \"LEÇONNN\", \"@type\": \"Lesson\", \"files\": [], \"goals\": \"\", \"isNew\": true, \"groupe\": false, \"itemId\": \"cliug9y0g0000356g0xu2fumt\", \"actions\": [], \"ceiling\": \"\", \"children\": [], \"counters\": [], \"isDroped\": 1, \"position\": null, \"classroom\": null, \"formation\": null, \"isEditable\": true, \"minWeather\": \"\", \"constraints\": [], \"description\": \"\", \"maxDuration\": 0, \"requirements\": [], \"technicalRef\": \"\", \"isTheoretical\": false, \"minVisibility\": \"\", \"technicalSkills\": [], \"configISExpended\": null, \"standardDuration\": 0, \"notTechnicalSkill\": [], \"formationItemFromListId\": \"cliug9y0g0001356gkr73jrju\"}, {\"id\": \"cliuga1cw000j356gwgohzdsv\", \"@id\": \"cliuga1cw000j356gwgohzdsv\", \"name\": \"LEÇONNN 2\", \"@type\": \"Lesson\", \"files\": [], \"goals\": \"\", \"isNew\": true, \"groupe\": false, \"itemId\": \"cliuga1cw000i356gutfs2wxy\", \"actions\": [], \"ceiling\": \"\", \"children\": [], \"counters\": [], \"isDroped\": 1, \"position\": null, \"classroom\": null, \"formation\": null, \"isEditable\": true, \"minWeather\": \"\", \"constraints\": [], \"description\": \"\", \"maxDuration\": 0, \"requirements\": [], \"technicalRef\": \"\", \"isTheoretical\": false, \"minVisibility\": \"\", \"technicalSkills\": [], \"configISExpended\": null, \"standardDuration\": 0, \"notTechnicalSkill\": [], \"formationItemFromListId\": \"cliuga1cw000j356gwgohzdsv\"}, {\"id\": \"cliuga51w000t356g9hkalz1h\", \"@id\": \"cliuga51w000t356g9hkalz1h\", \"name\": \"LEÇONNN 3\", \"@type\": \"Lesson\", \"files\": [], \"goals\": \"\", \"isNew\": true, \"groupe\": false, \"itemId\": \"cliuga51w000s356gsuncwvvs\", \"actions\": [], \"ceiling\": \"\", \"children\": [], \"counters\": [], \"isDroped\": 1, \"position\": null, \"classroom\": null, \"formation\": null, \"isEditable\": true, \"minWeather\": \"\", \"constraints\": [], \"description\": \"\", \"maxDuration\": 0, \"requirements\": [], \"technicalRef\": \"\", \"isTheoretical\": false, \"minVisibility\": \"\", \"technicalSkills\": [], \"configISExpended\": null, \"standardDuration\": 0, \"notTechnicalSkill\": [], \"formationItemFromListId\": \"cliuga51w000t356g9hkalz1h\"}, {\"id\": \"cliugabmb001g356g93p9drxq\", \"@id\": \"cliugabmb001g356g93p9drxq\", \"name\": \"EXERCICEEE\", \"@type\": \"Exercise\", \"goals\": \"\", \"isNew\": true, \"itemId\": \"cliugabmb001f356g5zvb3u74\", \"actions\": [], \"children\": [], \"counters\": [], \"isDroped\": 1, \"position\": null, \"formation\": null, \"isEditable\": true, \"constraints\": [], \"description\": \"\", \"maxDuration\": 0, \"requirements\": [], \"technicalSkills\": [], \"configISExpended\": null, \"standardDuration\": 0, \"notTechnicalSkill\": [], \"formationItemFromListId\": \"cliugabmb001g356g93p9drxq\"}, {\"id\": \"cliugaen0002r356g86gj6z0g\", \"@id\": \"cliugaen0002r356g86gj6z0g\", \"name\": \"EXERCICEEE 2\", \"@type\": \"Exercise\", \"goals\": \"\", \"isNew\": true, \"itemId\": \"cliugaen0002q356go4v6vvxb\", \"actions\": [], \"children\": [], \"counters\": [], \"isDroped\": 1, \"position\": null, \"formation\": null, \"isEditable\": true, \"constraints\": [], \"description\": \"\", \"maxDuration\": 0, \"requirements\": [], \"technicalSkills\": [], \"configISExpended\": null, \"standardDuration\": 0, \"notTechnicalSkill\": [], \"formationItemFromListId\": \"cliugaen0002r356g86gj6z0g\"}, {\"id\": \"cliugai8z003b356g33kkkdtf\", \"@id\": \"cliugai8z003b356g33kkkdtf\", \"name\": \"EXERCICEEE 3\", \"@type\": \"Exercise\", \"goals\": \"\", \"isNew\": true, \"itemId\": \"cliugai8z003a356guswz7oiz\", \"actions\": [], \"children\": [], \"counters\": [], \"isDroped\": 1, \"position\": null, \"formation\": null, \"isEditable\": true, \"constraints\": [], \"description\": \"\", \"maxDuration\": 0, \"requirements\": [], \"technicalSkills\": [], \"configISExpended\": null, \"standardDuration\": 0, \"notTechnicalSkill\": [], \"formationItemFromListId\": \"cliugai8z003b356g33kkkdtf\"}, {\"id\": \"cliugamgm003x356gsy8zwp6a\", \"@id\": \"cliugamgm003x356gsy8zwp6a\", \"name\": \"EXERCICEEE 4\", \"@type\": \"Exercise\", \"goals\": \"\", \"isNew\": true, \"itemId\": \"cliugamgm003w356gqduz67uk\", \"actions\": [], \"children\": [], \"counters\": [], \"isDroped\": 1, \"position\": null, \"formation\": null, \"isEditable\": true, \"constraints\": [], \"description\": \"\", \"maxDuration\": 0, \"requirements\": [], \"technicalSkills\": [], \"configISExpended\": null, \"standardDuration\": 0, \"notTechnicalSkill\": [], \"formationItemFromListId\": \"cliugamgm003x356gsy8zwp6a\"}, {\"id\": \"cliujnf3k000q356gvk73zzrl\", \"@id\": \"cliujnf3k000q356gvk73zzrl\", \"TEMs\": [{\"@id\": \"/api/t_e_m_details/8\", \"@type\": \"TEMDetails\", \"threat\": \"zefzf\"}], \"name\": \"zfef\", \"@type\": \"Phase\", \"goals\": \"\", \"isNew\": true, \"itemId\": \"cliujnf3k000r356gyl3jqz9f\", \"actions\": [], \"fromAPI\": true, \"children\": [], \"counters\": [], \"isDroped\": 3, \"notation\": null, \"position\": null, \"formation\": null, \"minRating\": null, \"isEditable\": true, \"constraints\": [], \"description\": \"\", \"maxDuration\": 0, \"requirements\": [], \"technicalSkills\": [], \"configISExpended\": null, \"standardDuration\": 0, \"notTechnicalSkill\": [], \"formationItemFromListId\": \"cliujnf3k000q356gvk73zzrl\"}, {\"id\": \"cliujnrzq0039356g9z3uuhs3\", \"@id\": \"cliujnrzq0039356g9z3uuhs3\", \"name\": \"GROUPE D\'EXERCICESSS\", \"@type\": \"ExercisesGroup\", \"goals\": \"\", \"isNew\": true, \"itemId\": \"cliujnrzq0038356geijatt27\", \"actions\": [], \"children\": [], \"counters\": [], \"isDroped\": 1, \"notation\": null, \"position\": null, \"formation\": null, \"minRating\": null, \"isEditable\": true, \"constraints\": [], \"description\": \"\", \"maxDuration\": 0, \"requirements\": [], \"technicalSkills\": [], \"configISExpended\": null, \"standardDuration\": 0, \"notTechnicalSkill\": [], \"formationItemFromListId\": \"cliujnrzq0039356g9z3uuhs3\"}, {\"id\": \"cliujnuwp003d356gky8k3q2u\", \"@id\": \"cliujnuwp003d356gky8k3q2u\", \"name\": \"GROUPE D\'EXERCICESSS 2\", \"@type\": \"ExercisesGroup\", \"goals\": \"\", \"isNew\": true, \"itemId\": \"cliujnuwo003c356ghqlr62si\", \"actions\": [], \"children\": [], \"counters\": [], \"isDroped\": 1, \"notation\": null, \"position\": null, \"formation\": null, \"minRating\": null, \"isEditable\": true, \"constraints\": [], \"description\": \"\", \"maxDuration\": 0, \"requirements\": [], \"technicalSkills\": [], \"configISExpended\": null, \"standardDuration\": 0, \"notTechnicalSkill\": [], \"formationItemFromListId\": \"cliujnuwp003d356gky8k3q2u\"}, {\"id\": \"cliujnx9w003j356ghbjc55qg\", \"@id\": \"cliujnx9w003j356ghbjc55qg\", \"name\": \"GROUPE D\'EXERCICESSS 3\", \"@type\": \"ExercisesGroup\", \"goals\": \"\", \"isNew\": true, \"itemId\": \"cliujnx9w003i356gof9rio6e\", \"actions\": [], \"children\": [], \"counters\": [], \"isDroped\": 1, \"notation\": null, \"position\": null, \"formation\": null, \"minRating\": null, \"isEditable\": true, \"constraints\": [], \"description\": \"\", \"maxDuration\": 0, \"requirements\": [], \"technicalSkills\": [], \"configISExpended\": null, \"standardDuration\": 0, \"notTechnicalSkill\": [], \"formationItemFromListId\": \"cliujnx9w003j356ghbjc55qg\"}]',0,1,NULL,NULL,NULL,1,1,1,1,'individual',NULL,NULL,NULL,NULL,NULL,NULL,NULL,NULL,NULL,NULL,NULL,NULL,NULL,NULL),(66,41,43,NULL,3,42,3,'Formation - basique','','zefon','azeFOKN','','',0,0,0,0,1,0,1,1,0,0,0,0,0,1,0,1,0,0,1,0,0,0,0,'2023-06-14 10:45:38','2023-06-14 10:45:38',0,0,'[{\"id\": \"clivgv8o50000356g4etkgj62\", \"@id\": \"clivgv8o50000356g4etkgj62\", \"TEMs\": [{\"@id\": \"/api/t_e_m_details/8\", \"@type\": \"TEMDetails\", \"threat\": \"zefzf\"}], \"name\": \"zfef\", \"@type\": \"Phase\", \"goals\": \"\", \"isNew\": true, \"itemId\": \"clivgv8o50001356ghps9g4xw\", \"actions\": [], \"fromAPI\": true, \"children\": [], \"counters\": [], \"isDroped\": 2, \"notation\": null, \"position\": null, \"formation\": null, \"minRating\": null, \"isEditable\": true, \"constraints\": [], \"description\": \"\", \"maxDuration\": 0, \"requirements\": [], \"technicalSkills\": [], \"configISExpended\": null, \"standardDuration\": 0, \"notTechnicalSkill\": [], \"formationItemFromListId\": \"clivgv8o50000356g4etkgj62\"}, {\"id\": \"clivgvbnd0003356g2yurwo3o\", \"@id\": \"clivgvbnd0003356g2yurwo3o\", \"name\": \"LEÇONNN\", \"@type\": \"Lesson\", \"files\": [], \"goals\": \"\", \"isNew\": true, \"groupe\": false, \"itemId\": \"clivgvbnd0002356gwwr1q0dg\", \"actions\": [], \"ceiling\": \"\", \"children\": [], \"counters\": [], \"isDroped\": 1, \"position\": null, \"classroom\": null, \"formation\": null, \"isEditable\": true, \"minWeather\": \"\", \"constraints\": [], \"description\": \"\", \"maxDuration\": 0, \"requirements\": [], \"technicalRef\": \"\", \"isTheoretical\": false, \"minVisibility\": \"\", \"technicalSkills\": [], \"configISExpended\": null, \"standardDuration\": 0, \"notTechnicalSkill\": [], \"formationItemFromListId\": \"clivgvbnd0003356g2yurwo3o\"}, {\"id\": \"clivgveq1000i356gy5hjtbzh\", \"@id\": \"clivgveq1000i356gy5hjtbzh\", \"name\": \"LEÇONNN 2\", \"@type\": \"Lesson\", \"files\": [], \"goals\": \"\", \"isNew\": true, \"groupe\": false, \"itemId\": \"clivgveq1000h356g17paltqi\", \"actions\": [], \"ceiling\": \"\", \"children\": [], \"counters\": [], \"isDroped\": 1, \"position\": null, \"classroom\": null, \"formation\": null, \"isEditable\": true, \"minWeather\": \"\", \"constraints\": [], \"description\": \"\", \"maxDuration\": 0, \"requirements\": [], \"technicalRef\": \"\", \"isTheoretical\": false, \"minVisibility\": \"\", \"technicalSkills\": [], \"configISExpended\": null, \"standardDuration\": 0, \"notTechnicalSkill\": [], \"formationItemFromListId\": \"clivgveq1000i356gy5hjtbzh\"}, {\"id\": \"clivgvl54002i356ghkqpffou\", \"@id\": \"clivgvl54002i356ghkqpffou\", \"name\": \"E\", \"@type\": \"Exercise\", \"goals\": \"\", \"isNew\": true, \"itemId\": \"clivgvl54002h356govi9bnwb\", \"actions\": [], \"children\": [], \"counters\": [], \"isDroped\": 1, \"position\": null, \"formation\": null, \"isEditable\": true, \"constraints\": [], \"description\": \"\", \"maxDuration\": 0, \"requirements\": [], \"technicalSkills\": [], \"configISExpended\": null, \"standardDuration\": 0, \"notTechnicalSkill\": [], \"formationItemFromListId\": \"clivgvl54002i356ghkqpffou\"}, {\"id\": \"clivgvpo20059356gd6gg0ov1\", \"@id\": \"clivgvpo20059356gd6gg0ov1\", \"name\": \"E 2\", \"@type\": \"Exercise\", \"goals\": \"\", \"isNew\": true, \"itemId\": \"clivgvpo20058356gxgdao3l4\", \"actions\": [], \"children\": [], \"counters\": [], \"isDroped\": 1, \"position\": null, \"formation\": null, \"isEditable\": true, \"constraints\": [], \"description\": \"\", \"maxDuration\": 0, \"requirements\": [], \"technicalSkills\": [], \"configISExpended\": null, \"standardDuration\": 0, \"notTechnicalSkill\": [], \"formationItemFromListId\": null}]',0,0,NULL,14,NULL,NULL,NULL,0,0,'individual',NULL,NULL,NULL,NULL,NULL,NULL,NULL,NULL,NULL,NULL,NULL,NULL,NULL,NULL),(67,NULL,NULL,NULL,3,NULL,NULL,'fzefze','','zefzef','zefzef','','',0,0,0,0,1,0,1,1,0,0,0,0,0,0,0,1,0,0,0,0,0,0,0,'2023-06-15 14:54:59','2023-06-15 14:54:59',0,0,'[{\"id\": \"clix5834h0001356gbta64clq\", \"@id\": \"clix5834h0001356gbta64clq\", \"name\": \"e\", \"@type\": \"Lesson\", \"files\": [], \"goals\": \"\", \"isNew\": true, \"groupe\": false, \"itemId\": \"clix5834g0000356g7rz0il3m\", \"actions\": [], \"ceiling\": \"\", \"children\": [], \"counters\": [], \"isDroped\": 1, \"position\": null, \"classroom\": null, \"formation\": null, \"isEditable\": true, \"minWeather\": \"\", \"constraints\": [], \"description\": \"\", \"maxDuration\": 0, \"requirements\": [], \"technicalRef\": \"\", \"isTheoretical\": false, \"minVisibility\": \"\", \"technicalSkills\": [], \"configISExpended\": null, \"standardDuration\": 0, \"notTechnicalSkill\": [], \"formationItemFromListId\": \"clix5834h0001356gbta64clq\"}, {\"id\": \"clix586h7000i356gylhfczvp\", \"@id\": \"clix586h7000i356gylhfczvp\", \"name\": \"E\", \"@type\": \"Exercise\", \"goals\": \"\", \"isNew\": true, \"itemId\": \"clix586h7000h356gg2b8rlji\", \"actions\": [], \"children\": [], \"counters\": [], \"isDroped\": 1, \"position\": null, \"formation\": null, \"isEditable\": true, \"constraints\": [], \"description\": \"\", \"maxDuration\": 0, \"requirements\": [], \"technicalSkills\": [], \"configISExpended\": null, \"standardDuration\": 0, \"notTechnicalSkill\": [], \"formationItemFromListId\": \"clix586h7000i356gylhfczvp\"}]',0,1,NULL,NULL,NULL,NULL,1,NULL,0,'individual',NULL,NULL,NULL,NULL,NULL,NULL,NULL,NULL,NULL,NULL,NULL,NULL,NULL,NULL),(68,42,41,NULL,3,NULL,NULL,'Formation - Indicateur groupe','','zefonze','efezf','','',5,0,0,0,1,0,0,0,0,0,0,0,1,0,0,1,0,0,1,0,0,0,0,'2023-06-15 19:48:17','2023-06-19 12:10:08',0,0,'[{\"id\": \"cliynf68a0001356g4cxamr9o\", \"@id\": \"cliynf68a0001356g4cxamr9o\", \"name\": \"MODULEEE\", \"@type\": \"Module\", \"goals\": \"\", \"isNew\": true, \"itemId\": \"cliynf68a0000356gedix0dd6\", \"actions\": [], \"subname\": \"\", \"children\": [], \"counters\": [], \"isDroped\": 1, \"notation\": {\"@id\": \"/api/ratings/41\", \"name\": \"TEST\", \"@type\": \"Rating\", \"ratingValues\": [{\"@id\": \"/api/rating_values/57\", \"@type\": \"RatingValue\", \"color\": \"#000000\", \"value\": \"Oui\", \"position\": 0, \"mediaValue\": null, \"description\": \"Oui\", \"validateExercise\": true, \"exerciseNotperformed\": false}, {\"@id\": \"/api/rating_values/58\", \"@type\": \"RatingValue\", \"color\": \"#000000\", \"value\": \"Non\", \"position\": 1, \"mediaValue\": null, \"description\": \"Non\", \"validateExercise\": false, \"exerciseNotperformed\": false}, {\"@id\": \"/api/rating_values/59\", \"@type\": \"RatingValue\", \"color\": \"#000000\", \"value\": \"-\", \"position\": 2, \"mediaValue\": null, \"description\": \"-\", \"validateExercise\": false, \"exerciseNotperformed\": true}], \"ratingValueReasons\": [{\"id\": 13, \"@id\": \"/api/rating_value_reasons/13\", \"@type\": \"RatingValueReasons\", \"rating\": \"/api/ratings/41\", \"createdAt\": \"2023-05-06T13:42:18+02:00\", \"groupName\": \"TEST motif de note\", \"ratingValueReasonsDetails\": [{\"@id\": \"/api/rating_value_reasons_details/44\", \"code\": \"tezeze\", \"@type\": \"RatingValueReasonsDetails\", \"description\": \"fzefezfzefzefze\", \"ratingValue\": {\"@id\": \"/api/rating_values/57\", \"@type\": \"RatingValue\", \"color\": \"#000000\", \"value\": \"Oui\", \"position\": 0, \"mediaValue\": null, \"description\": \"Oui\", \"validateExercise\": true, \"exerciseNotperformed\": false}}, {\"@id\": \"/api/rating_value_reasons_details/45\", \"code\": \"zfzefzef 2\", \"@type\": \"RatingValueReasonsDetails\", \"description\": \"zfzfzefzef 2\", \"ratingValue\": {\"@id\": \"/api/rating_values/57\", \"@type\": \"RatingValue\", \"color\": \"#000000\", \"value\": \"Oui\", \"position\": 0, \"mediaValue\": null, \"description\": \"Oui\", \"validateExercise\": true, \"exerciseNotperformed\": false}}, {\"@id\": \"/api/rating_value_reasons_details/46\", \"code\": \"jytgrzs\", \"@type\": \"RatingValueReasonsDetails\", \"description\": \"jryhrgz\", \"ratingValue\": {\"@id\": \"/api/rating_values/58\", \"@type\": \"RatingValue\", \"color\": \"#000000\", \"value\": \"Non\", \"position\": 1, \"mediaValue\": null, \"description\": \"Non\", \"validateExercise\": false, \"exerciseNotperformed\": false}}, {\"@id\": \"/api/rating_value_reasons_details/47\", \"code\": \"jytfgerz 2\", \"@type\": \"RatingValueReasonsDetails\", \"description\": \"htyrjrgz 2\", \"ratingValue\": {\"@id\": \"/api/rating_values/58\", \"@type\": \"RatingValue\", \"color\": \"#000000\", \"value\": \"Non\", \"position\": 1, \"mediaValue\": null, \"description\": \"Non\", \"validateExercise\": false, \"exerciseNotperformed\": false}}, {\"@id\": \"/api/rating_value_reasons_details/48\", \"code\": \"hyjrrzg\", \"@type\": \"RatingValueReasonsDetails\", \"description\": \"ryhjregz\", \"ratingValue\": {\"@id\": \"/api/rating_values/59\", \"@type\": \"RatingValue\", \"color\": \"#000000\", \"value\": \"-\", \"position\": 2, \"mediaValue\": null, \"description\": \"-\", \"validateExercise\": false, \"exerciseNotperformed\": true}}, {\"@id\": \"/api/rating_value_reasons_details/49\", \"code\": \"hjyrtrgz 2\", \"@type\": \"RatingValueReasonsDetails\", \"description\": \"bxcvryjt 2\", \"ratingValue\": {\"@id\": \"/api/rating_values/59\", \"@type\": \"RatingValue\", \"color\": \"#000000\", \"value\": \"-\", \"position\": 2, \"mediaValue\": null, \"description\": \"-\", \"validateExercise\": false, \"exerciseNotperformed\": true}}]}]}, \"position\": null, \"formation\": null, \"minRating\": null, \"isEditable\": true, \"constraints\": [], \"description\": \"\", \"maxDuration\": 0, \"requirements\": [], \"isTheoretical\": false, \"technicalSkills\": [], \"configISExpended\": null, \"standardDuration\": 0, \"notTechnicalSkill\": [], \"formationItemFromListId\": \"cliynf68a0001356g4cxamr9o\"}, {\"id\": \"cliynf9c2000f356gckg3ax5y\", \"@id\": \"cliynf9c2000f356gckg3ax5y\", \"name\": \"LEÇONNN\", \"@type\": \"Lesson\", \"files\": [], \"goals\": \"\", \"isNew\": true, \"groupe\": false, \"itemId\": \"cliynf9c2000e356g41yfi2yg\", \"actions\": [], \"ceiling\": \"\", \"children\": [], \"counters\": [], \"isDroped\": 1, \"position\": null, \"classroom\": null, \"formation\": null, \"isEditable\": true, \"minWeather\": \"\", \"constraints\": [], \"description\": \"\", \"maxDuration\": 0, \"requirements\": [], \"technicalRef\": \"\", \"isTheoretical\": false, \"minVisibility\": \"\", \"technicalSkills\": [], \"configISExpended\": null, \"standardDuration\": 0, \"notTechnicalSkill\": [], \"formationItemFromListId\": null}, {\"id\": \"cliynfemz001c356gwd081hdo\", \"@id\": \"cliynfemz001c356gwd081hdo\", \"name\": \"LEÇONNN 2\", \"@type\": \"Lesson\", \"files\": [], \"goals\": \"\", \"isNew\": true, \"groupe\": false, \"itemId\": \"cliynfemz001b356gii8s0eow\", \"actions\": [], \"ceiling\": \"\", \"children\": [], \"counters\": [], \"isDroped\": 1, \"position\": null, \"classroom\": null, \"formation\": null, \"isEditable\": true, \"minWeather\": \"\", \"constraints\": [], \"description\": \"\", \"maxDuration\": 0, \"requirements\": [], \"technicalRef\": \"\", \"isTheoretical\": false, \"minVisibility\": \"\", \"technicalSkills\": [], \"configISExpended\": null, \"standardDuration\": 0, \"notTechnicalSkill\": [], \"formationItemFromListId\": \"cliynfemz001c356gwd081hdo\"}, {\"id\": \"clj2mhnlk003c356gljiayxlv\", \"@id\": \"clj2mhnlk003c356gljiayxlv\", \"name\": \"E\", \"@type\": \"Exercise\", \"goals\": \"\", \"isNew\": true, \"itemId\": \"clj2mhnlk003b356ghavrgoha\", \"actions\": [], \"children\": [], \"counters\": [], \"isDroped\": 1, \"position\": null, \"formation\": null, \"isEditable\": true, \"constraints\": [], \"description\": \"\", \"maxDuration\": 0, \"requirements\": [], \"technicalSkills\": [], \"configISExpended\": null, \"standardDuration\": 0, \"notTechnicalSkill\": [], \"formationItemFromListId\": \"clj2mhnlk003c356gljiayxlv\"}, {\"id\": \"clj2mhpgx003e356gy9bspp4d\", \"@id\": \"clj2mhpgx003e356gy9bspp4d\", \"name\": \"E 2\", \"@type\": \"Exercise\", \"goals\": \"\", \"isNew\": true, \"itemId\": \"clj2mhpgx003d356glw0v3zzb\", \"actions\": [], \"children\": [], \"counters\": [], \"isDroped\": 1, \"position\": null, \"formation\": null, \"isEditable\": true, \"constraints\": [], \"description\": \"\", \"maxDuration\": 0, \"requirements\": [], \"technicalSkills\": [], \"configISExpended\": null, \"standardDuration\": 0, \"notTechnicalSkill\": [], \"formationItemFromListId\": \"clj2mhpgx003e356gy9bspp4d\"}, {\"id\": \"clj2mhti1003g356g1xw9ob59\", \"@id\": \"clj2mhti1003g356g1xw9ob59\", \"name\": \"E 3\", \"@type\": \"Exercise\", \"goals\": \"\", \"isNew\": true, \"itemId\": \"clj2mhti1003f356gsvex4ukb\", \"actions\": [], \"children\": [], \"counters\": [], \"isDroped\": 1, \"position\": null, \"formation\": null, \"isEditable\": true, \"constraints\": [], \"description\": \"\", \"maxDuration\": 0, \"requirements\": [], \"technicalSkills\": [], \"configISExpended\": null, \"standardDuration\": 0, \"notTechnicalSkill\": [], \"formationItemFromListId\": \"clj2mhti1003g356g1xw9ob59\"}, {\"id\": \"clj2mi3tm009c356gurfrbrpg\", \"@id\": \"clj2mi3tm009c356gurfrbrpg\", \"name\": \"E 4\", \"@type\": \"Exercise\", \"goals\": \"\", \"isNew\": true, \"itemId\": \"clj2mi3tm009b356gd3ls3akx\", \"actions\": [], \"children\": [], \"counters\": [], \"isDroped\": 1, \"position\": null, \"formation\": null, \"isEditable\": true, \"constraints\": [], \"description\": \"\", \"maxDuration\": 0, \"requirements\": [], \"technicalSkills\": [], \"configISExpended\": null, \"standardDuration\": 0, \"notTechnicalSkill\": [], \"formationItemFromListId\": \"clj2mi3tm009c356gurfrbrpg\"}]',0,1,NULL,NULL,13,1,1,1,0,'individual',4,6,NULL,NULL,41,13,NULL,NULL,NULL,NULL,NULL,NULL,NULL,NULL),(69,42,NULL,NULL,3,NULL,NULL,'Formation - estimation plusieurs leçons','','zrefokjn','zerdfonlkj','','',15,0,0,0,1,0,1,1,0,0,0,0,1,0,0,0,0,0,1,0,0,0,0,'2023-06-16 15:26:58','2023-06-16 15:26:58',0,0,'[{\"id\": \"cliylq4a20001356gv6596adj\", \"@id\": \"cliylq4a20001356gv6596adj\", \"name\": \"MODULEEE\", \"@type\": \"Module\", \"goals\": \"\", \"isNew\": true, \"itemId\": \"cliylq4a20000356gffa8wlhf\", \"actions\": [], \"subname\": \"\", \"children\": [], \"counters\": [], \"isDroped\": 1, \"notation\": \"/api/ratings/41\", \"position\": null, \"formation\": null, \"minRating\": null, \"isEditable\": true, \"constraints\": [], \"description\": \"\", \"maxDuration\": 0, \"requirements\": [], \"isTheoretical\": false, \"technicalSkills\": [], \"configISExpended\": null, \"standardDuration\": 0, \"notTechnicalSkill\": [], \"formationItemFromListId\": \"cliylq4a20001356gv6596adj\"}, {\"id\": \"cliylq7mn000f356gsam8nqqo\", \"@id\": \"cliylq7mn000f356gsam8nqqo\", \"name\": \"LEÇONNN\", \"@type\": \"Lesson\", \"files\": [], \"goals\": \"\", \"isNew\": true, \"groupe\": false, \"itemId\": \"cliylq7mn000e356groneoe30\", \"actions\": [], \"ceiling\": \"\", \"children\": [], \"counters\": [], \"isDroped\": 1, \"position\": null, \"classroom\": null, \"formation\": null, \"isEditable\": true, \"minWeather\": \"\", \"constraints\": [], \"description\": \"\", \"maxDuration\": 0, \"requirements\": [], \"technicalRef\": \"\", \"isTheoretical\": false, \"minVisibility\": \"\", \"technicalSkills\": [], \"configISExpended\": null, \"standardDuration\": 0, \"notTechnicalSkill\": [], \"formationItemFromListId\": null}, {\"id\": \"cliylqjg8001e356gdj81ja15\", \"@id\": \"cliylqjg8001e356gdj81ja15\", \"name\": \"LEÇONNN 2\", \"@type\": \"Lesson\", \"files\": [], \"goals\": \"\", \"isNew\": true, \"groupe\": false, \"itemId\": \"cliylqjg8001d356gn3zo4okx\", \"actions\": [], \"ceiling\": \"\", \"children\": [], \"counters\": [], \"isDroped\": 1, \"position\": null, \"classroom\": null, \"formation\": null, \"isEditable\": true, \"minWeather\": \"\", \"constraints\": [], \"description\": \"\", \"maxDuration\": 0, \"requirements\": [], \"technicalRef\": \"\", \"isTheoretical\": false, \"minVisibility\": \"\", \"technicalSkills\": [], \"configISExpended\": null, \"standardDuration\": 0, \"notTechnicalSkill\": [], \"formationItemFromListId\": \"cliylqjg8001e356gdj81ja15\"}, {\"id\": \"cliylqomh002f356gh0eh8xg7\", \"@id\": \"cliylqomh002f356gh0eh8xg7\", \"name\": \"MODULEEE 2\", \"@type\": \"Module\", \"goals\": \"\", \"isNew\": true, \"itemId\": \"cliylqomh002e356gr14cl9ii\", \"actions\": [], \"subname\": \"\", \"children\": [], \"counters\": [], \"isDroped\": 1, \"notation\": \"/api/ratings/41\", \"position\": null, \"formation\": null, \"minRating\": null, \"isEditable\": true, \"constraints\": [], \"description\": \"\", \"maxDuration\": 0, \"requirements\": [], \"isTheoretical\": false, \"technicalSkills\": [], \"configISExpended\": null, \"standardDuration\": 0, \"notTechnicalSkill\": [], \"formationItemFromListId\": \"cliylqomh002f356gh0eh8xg7\"}, {\"id\": \"cliylqs8i002t356gpanzu5ow\", \"@id\": \"cliylqs8i002t356gpanzu5ow\", \"name\": \"MODULEEE 3\", \"@type\": \"Module\", \"goals\": \"\", \"isNew\": true, \"itemId\": \"cliylqs8i002s356gw3sdgeuw\", \"actions\": [], \"subname\": \"\", \"children\": [], \"counters\": [], \"isDroped\": 1, \"notation\": \"/api/ratings/41\", \"position\": null, \"formation\": null, \"minRating\": null, \"isEditable\": true, \"constraints\": [], \"description\": \"\", \"maxDuration\": 0, \"requirements\": [], \"isTheoretical\": false, \"technicalSkills\": [], \"configISExpended\": null, \"standardDuration\": 0, \"notTechnicalSkill\": [], \"formationItemFromListId\": \"cliylqs8i002t356gpanzu5ow\"}, {\"id\": \"cliylqvmq0039356gqa9mcel8\", \"@id\": \"cliylqvmq0039356gqa9mcel8\", \"name\": \"LEÇONNN 3\", \"@type\": \"Lesson\", \"files\": [], \"goals\": \"\", \"isNew\": true, \"groupe\": false, \"itemId\": \"cliylqvmq0038356ggujbt11o\", \"actions\": [], \"ceiling\": \"\", \"children\": [], \"counters\": [], \"isDroped\": 1, \"position\": null, \"classroom\": null, \"formation\": null, \"isEditable\": true, \"minWeather\": \"\", \"constraints\": [], \"description\": \"\", \"maxDuration\": 0, \"requirements\": [], \"technicalRef\": \"\", \"isTheoretical\": false, \"minVisibility\": \"\", \"technicalSkills\": [], \"configISExpended\": null, \"standardDuration\": 0, \"notTechnicalSkill\": [], \"formationItemFromListId\": \"cliylqvmq0039356gqa9mcel8\"}, {\"id\": \"cliylqxvm003d356gukyzow0y\", \"@id\": \"cliylqxvm003d356gukyzow0y\", \"name\": \"LEÇONNN 4\", \"@type\": \"Lesson\", \"files\": [], \"goals\": \"\", \"isNew\": true, \"groupe\": false, \"itemId\": \"cliylqxvm003c356gsnw6mgt8\", \"actions\": [], \"ceiling\": \"\", \"children\": [], \"counters\": [], \"isDroped\": 1, \"position\": null, \"classroom\": null, \"formation\": null, \"isEditable\": true, \"minWeather\": \"\", \"constraints\": [], \"description\": \"\", \"maxDuration\": 0, \"requirements\": [], \"technicalRef\": \"\", \"isTheoretical\": false, \"minVisibility\": \"\", \"technicalSkills\": [], \"configISExpended\": null, \"standardDuration\": 0, \"notTechnicalSkill\": [], \"formationItemFromListId\": null}, {\"id\": \"cliylqzrv003j356g62exaqc7\", \"@id\": \"cliylqzrv003j356g62exaqc7\", \"name\": \"LEÇONNN 5\", \"@type\": \"Lesson\", \"files\": [], \"goals\": \"\", \"isNew\": true, \"groupe\": false, \"itemId\": \"cliylqzrv003i356gyob7ffbc\", \"actions\": [], \"ceiling\": \"\", \"children\": [], \"counters\": [], \"isDroped\": 1, \"position\": null, \"classroom\": null, \"formation\": null, \"isEditable\": true, \"minWeather\": \"\", \"constraints\": [], \"description\": \"\", \"maxDuration\": 0, \"requirements\": [], \"technicalRef\": \"\", \"isTheoretical\": false, \"minVisibility\": \"\", \"technicalSkills\": [], \"configISExpended\": null, \"standardDuration\": 0, \"notTechnicalSkill\": [], \"formationItemFromListId\": \"cliylqzrv003j356g62exaqc7\"}, {\"id\": \"cliylr7ws009q356gdt7eps8b\", \"@id\": \"cliylr7ws009q356gdt7eps8b\", \"name\": \"LEÇONNN 6\", \"@type\": \"Lesson\", \"files\": [], \"goals\": \"\", \"isNew\": true, \"groupe\": false, \"itemId\": \"cliylr7ws009p356gud7vtfuq\", \"actions\": [], \"ceiling\": \"\", \"children\": [], \"counters\": [], \"isDroped\": 1, \"position\": null, \"classroom\": null, \"formation\": null, \"isEditable\": true, \"minWeather\": \"\", \"constraints\": [], \"description\": \"\", \"maxDuration\": 0, \"requirements\": [], \"technicalRef\": \"\", \"isTheoretical\": false, \"minVisibility\": \"\", \"technicalSkills\": [], \"configISExpended\": null, \"standardDuration\": 0, \"notTechnicalSkill\": [], \"formationItemFromListId\": \"cliylr7ws009q356gdt7eps8b\"}]',0,0,NULL,NULL,NULL,NULL,NULL,0,0,'individual',10,20,NULL,NULL,41,13,NULL,NULL,NULL,NULL,NULL,NULL,NULL,NULL),(70,43,42,NULL,3,41,2,'Formation - Codes raisons','','zrfgk','zerf','','',0,0,0,0,1,0,0,0,0,0,0,1,1,1,0,1,0,0,0,0,0,0,0,'2023-06-16 17:47:19','2023-06-16 17:50:56',0,0,'[{\"id\": \"cliyqtioi0001356gv9c1r29p\", \"@id\": \"cliyqtioi0001356gv9c1r29p\", \"name\": \"CUSTOM GROUPE\", \"@type\": \"ModulesGroup\", \"goals\": \"\", \"isNew\": true, \"itemId\": \"cliyqtioi0000356gmv4dxgry\", \"actions\": [], \"children\": [], \"counters\": [], \"isDroped\": 1, \"notation\": \"/api/ratings/41\", \"position\": null, \"formation\": null, \"minRating\": null, \"isEditable\": true, \"constraints\": [], \"description\": \"\", \"maxDuration\": 0, \"requirements\": [], \"technicalSkills\": [], \"configISExpended\": null, \"standardDuration\": 0, \"notTechnicalSkill\": [], \"formationItemFromListId\": \"cliyqtioi0001356gv9c1r29p\"}, {\"id\": \"cliyqtlua000f356g5ovp25zp\", \"@id\": \"cliyqtlua000f356g5ovp25zp\", \"name\": \"MODULEEE\", \"@type\": \"Module\", \"goals\": \"\", \"isNew\": true, \"itemId\": \"cliyqtlua000e356gtpudprzj\", \"actions\": [], \"subname\": \"\", \"children\": [], \"counters\": [], \"isDroped\": 1, \"notation\": \"/api/ratings/42\", \"position\": null, \"formation\": null, \"minRating\": null, \"isEditable\": true, \"constraints\": [], \"description\": \"\", \"maxDuration\": 0, \"requirements\": [], \"isTheoretical\": false, \"technicalSkills\": [], \"configISExpended\": null, \"standardDuration\": 0, \"notTechnicalSkill\": [], \"formationItemFromListId\": null}, {\"id\": \"cliyqtqez001a356g1n4bjsm2\", \"@id\": \"cliyqtqez001a356g1n4bjsm2\", \"name\": \"LEÇONNN\", \"@type\": \"Lesson\", \"files\": [], \"goals\": \"\", \"isNew\": true, \"groupe\": false, \"itemId\": \"cliyqtqez0019356gxjit0ftz\", \"actions\": [], \"ceiling\": \"\", \"children\": [], \"counters\": [], \"isDroped\": 1, \"position\": null, \"classroom\": null, \"formation\": null, \"isEditable\": true, \"minWeather\": \"\", \"constraints\": [], \"description\": \"\", \"maxDuration\": 0, \"requirements\": [], \"technicalRef\": \"\", \"isTheoretical\": false, \"minVisibility\": \"\", \"technicalSkills\": [], \"configISExpended\": null, \"standardDuration\": 0, \"notTechnicalSkill\": [], \"formationItemFromListId\": \"cliyqtqez001a356g1n4bjsm2\"}, {\"id\": \"cliyqxw4e0000356gapcm8sbc\", \"@id\": \"cliyqxw4e0000356gapcm8sbc\", \"TEMs\": [{\"@id\": \"/api/t_e_m_details/4\", \"@type\": \"TEMDetails\", \"threat\": \"grefrez\"}, {\"@id\": \"/api/t_e_m_details/18\", \"@type\": \"TEMDetails\", \"threat\": \"zfzef\"}, {\"@id\": \"/api/t_e_m_details/21\", \"@type\": \"TEMDetails\", \"threat\": \"efef EDIT\"}], \"name\": \"Abbréviation\", \"@type\": \"Phase\", \"goals\": \"\", \"isNew\": true, \"itemId\": \"cliyqxw4e0001356gstgxzc41\", \"actions\": [], \"fromAPI\": true, \"children\": [], \"counters\": [], \"isDroped\": 1, \"notation\": null, \"position\": null, \"formation\": null, \"minRating\": null, \"isEditable\": true, \"constraints\": [], \"description\": \"\", \"maxDuration\": 0, \"requirements\": [], \"technicalSkills\": [], \"configISExpended\": null, \"standardDuration\": 0, \"notTechnicalSkill\": [], \"formationItemFromListId\": \"cliyqxw4e0000356gapcm8sbc\"}, {\"id\": \"cliyqy3jv001x356gb6moxi9d\", \"@id\": \"cliyqy3jv001x356gb6moxi9d\", \"name\": \"CUSTOM PHASEEE\", \"@type\": \"Phase\", \"goals\": \"\", \"isNew\": true, \"itemId\": \"cliyqy3jv001w356g6j5nhcud\", \"actions\": [], \"children\": [], \"counters\": [], \"isDroped\": 1, \"notation\": null, \"position\": null, \"formation\": null, \"minRating\": null, \"isEditable\": true, \"constraints\": [], \"description\": \"\", \"maxDuration\": 0, \"requirements\": [], \"technicalSkills\": [], \"configISExpended\": null, \"standardDuration\": 0, \"notTechnicalSkill\": [], \"formationItemFromListId\": \"cliyqy3jv001x356gb6moxi9d\"}, {\"id\": \"cliyqycv1003u356gekvmkv6k\", \"@id\": \"cliyqycv1003u356gekvmkv6k\", \"name\": \"EXERCICEEE\", \"@type\": \"Exercise\", \"goals\": \"\", \"isNew\": true, \"itemId\": \"cliyqycv1003t356g0z8pknf8\", \"actions\": [], \"children\": [], \"counters\": [], \"isDroped\": 2, \"position\": null, \"formation\": null, \"isEditable\": true, \"constraints\": [], \"description\": \"\", \"maxDuration\": 0, \"requirements\": [], \"technicalSkills\": [], \"configISExpended\": null, \"standardDuration\": 0, \"notTechnicalSkill\": [], \"formationItemFromListId\": \"cliyqycv1003u356gekvmkv6k\"}]',0,0,NULL,13,14,NULL,NULL,0,0,'individual',NULL,NULL,41,13,42,14,NULL,NULL,NULL,NULL,NULL,NULL,NULL,NULL),(71,41,42,NULL,3,41,4,'Formation - Groupe module avec durée','','zafen','fezkon','','',6,0,0,0,1,0,1,1,0,0,0,1,1,1,0,1,0,0,1,0,0,0,0,'2023-06-20 10:51:01','2023-06-20 10:53:28',0,0,'[{\"id\": \"clj41mmqw0000356g4oujgskj\", \"@id\": \"clj41mmqw0000356g4oujgskj\", \"TEMs\": [], \"name\": \"fzefff\", \"@type\": \"Phase\", \"goals\": \"\", \"isNew\": true, \"itemId\": \"clj41mmqw0001356g1yevd1b1\", \"actions\": [], \"fromAPI\": true, \"children\": [], \"counters\": [], \"isDroped\": 6, \"notation\": null, \"position\": null, \"formation\": null, \"minRating\": null, \"isEditable\": true, \"constraints\": [], \"description\": \"\", \"maxDuration\": 0, \"requirements\": [], \"technicalSkills\": [], \"configISExpended\": null, \"standardDuration\": 0, \"notTechnicalSkill\": [], \"formationItemFromListId\": \"clj41mmqw0000356g4oujgskj\"}, {\"id\": \"clj41mqak0003356g5hmts7nc\", \"@id\": \"clj41mqak0003356g5hmts7nc\", \"name\": \"CUSTOM GROUPE\", \"@type\": \"ModulesGroup\", \"goals\": \"\", \"isNew\": true, \"itemId\": \"clj41mqak0002356gzwymjgpi\", \"actions\": [], \"children\": [], \"counters\": [], \"isDroped\": 1, \"notation\": \"/api/ratings/43\", \"position\": null, \"formation\": null, \"minRating\": null, \"isEditable\": true, \"constraints\": [], \"description\": \"\", \"maxDuration\": 0, \"requirements\": [], \"technicalSkills\": [], \"configISExpended\": null, \"standardDuration\": 0, \"notTechnicalSkill\": [], \"formationItemFromListId\": \"clj41mqak0003356g5hmts7nc\"}, {\"id\": \"clj41mt9g0009356gpzcd6pcc\", \"@id\": \"clj41mt9g0009356gpzcd6pcc\", \"name\": \"CUSTOM GROUPE 2\", \"@type\": \"ModulesGroup\", \"goals\": \"\", \"isNew\": true, \"itemId\": \"clj41mt9g0008356gyaot1t3j\", \"actions\": [], \"children\": [], \"counters\": [], \"isDroped\": 1, \"notation\": \"/api/ratings/43\", \"position\": null, \"formation\": null, \"minRating\": null, \"isEditable\": true, \"constraints\": [], \"description\": \"\", \"maxDuration\": 0, \"requirements\": [], \"technicalSkills\": [], \"configISExpended\": null, \"standardDuration\": 0, \"notTechnicalSkill\": [], \"formationItemFromListId\": \"clj41mt9g0009356gpzcd6pcc\"}, {\"id\": \"clj41n43i0013356gi81q1jnj\", \"@id\": \"clj41n43i0013356gi81q1jnj\", \"name\": \"MODULEEE\", \"@type\": \"Module\", \"goals\": \"\", \"isNew\": true, \"itemId\": \"clj41n43i0012356g569umyau\", \"actions\": [], \"subname\": \"\", \"children\": [], \"counters\": [], \"isDroped\": 1, \"notation\": \"/api/ratings/42\", \"position\": null, \"formation\": null, \"minRating\": null, \"isEditable\": true, \"constraints\": [], \"description\": \"\", \"maxDuration\": 0, \"requirements\": [], \"isTheoretical\": false, \"technicalSkills\": [], \"configISExpended\": null, \"standardDuration\": 0, \"notTechnicalSkill\": [], \"formationItemFromListId\": \"clj41n43i0013356gi81q1jnj\"}, {\"id\": \"clj41n68e0017356glgz2l7d5\", \"@id\": \"clj41n68e0017356glgz2l7d5\", \"name\": \"MODULEEE 2\", \"@type\": \"Module\", \"goals\": \"\", \"isNew\": true, \"itemId\": \"clj41n68e0016356gyec1ei5h\", \"actions\": [], \"subname\": \"\", \"children\": [], \"counters\": [], \"isDroped\": 1, \"notation\": \"/api/ratings/42\", \"position\": null, \"formation\": null, \"minRating\": null, \"isEditable\": true, \"constraints\": [], \"description\": \"\", \"maxDuration\": 0, \"requirements\": [], \"isTheoretical\": false, \"technicalSkills\": [], \"configISExpended\": null, \"standardDuration\": 0, \"notTechnicalSkill\": [], \"formationItemFromListId\": \"clj41n68e0017356glgz2l7d5\"}, {\"id\": \"clj41n7xa001d356gy35jve61\", \"@id\": \"clj41n7xa001d356gy35jve61\", \"name\": \"MODULEEE 3\", \"@type\": \"Module\", \"goals\": \"\", \"isNew\": true, \"itemId\": \"clj41n7xa001c356gn3xpws49\", \"actions\": [], \"subname\": \"\", \"children\": [], \"counters\": [], \"isDroped\": 1, \"notation\": \"/api/ratings/42\", \"position\": null, \"formation\": null, \"minRating\": null, \"isEditable\": true, \"constraints\": [], \"description\": \"\", \"maxDuration\": 0, \"requirements\": [], \"isTheoretical\": false, \"technicalSkills\": [], \"configISExpended\": null, \"standardDuration\": 0, \"notTechnicalSkill\": [], \"formationItemFromListId\": \"clj41n7xa001d356gy35jve61\"}, {\"id\": \"clj41n9rb001l356gtdyeev7w\", \"@id\": \"clj41n9rb001l356gtdyeev7w\", \"name\": \"MODULEEE 4\", \"@type\": \"Module\", \"goals\": \"\", \"isNew\": true, \"itemId\": \"clj41n9rb001k356giraoe7bq\", \"actions\": [], \"subname\": \"\", \"children\": [], \"counters\": [], \"isDroped\": 1, \"notation\": \"/api/ratings/42\", \"position\": null, \"formation\": null, \"minRating\": null, \"isEditable\": true, \"constraints\": [], \"description\": \"\", \"maxDuration\": 0, \"requirements\": [], \"isTheoretical\": false, \"technicalSkills\": [], \"configISExpended\": null, \"standardDuration\": 0, \"notTechnicalSkill\": [], \"formationItemFromListId\": \"clj41n9rb001l356gtdyeev7w\"}, {\"id\": \"clj41nltd008g356gwjkhfny6\", \"@id\": \"clj41nltd008g356gwjkhfny6\", \"name\": \"LEÇONNN\", \"@type\": \"Lesson\", \"files\": [], \"goals\": \"\", \"isNew\": true, \"groupe\": false, \"itemId\": \"clj41nltd008f356gs6fehszi\", \"actions\": [], \"ceiling\": \"\", \"children\": [], \"counters\": [], \"isDroped\": 1, \"position\": null, \"classroom\": null, \"formation\": null, \"isEditable\": true, \"minWeather\": \"\", \"constraints\": [], \"description\": \"\", \"maxDuration\": 0, \"requirements\": [], \"technicalRef\": \"\", \"isTheoretical\": false, \"minVisibility\": \"\", \"technicalSkills\": [], \"configISExpended\": null, \"standardDuration\": 0, \"notTechnicalSkill\": [], \"formationItemFromListId\": \"clj41nltd008g356gwjkhfny6\"}, {\"id\": \"clj41nov6008i356gucupz9i9\", \"@id\": \"clj41nov6008i356gucupz9i9\", \"name\": \"LEÇONNN 2\", \"@type\": \"Lesson\", \"files\": [], \"goals\": \"\", \"isNew\": true, \"groupe\": false, \"itemId\": \"clj41nov6008h356glpstlzbh\", \"actions\": [], \"ceiling\": \"\", \"children\": [], \"counters\": [], \"isDroped\": 1, \"position\": null, \"classroom\": null, \"formation\": null, \"isEditable\": true, \"minWeather\": \"\", \"constraints\": [], \"description\": \"\", \"maxDuration\": 0, \"requirements\": [], \"technicalRef\": \"\", \"isTheoretical\": false, \"minVisibility\": \"\", \"technicalSkills\": [], \"configISExpended\": null, \"standardDuration\": 0, \"notTechnicalSkill\": [], \"formationItemFromListId\": \"clj41nov6008i356gucupz9i9\"}, {\"id\": \"clj41nr8a008k356gy0118w59\", \"@id\": \"clj41nr8a008k356gy0118w59\", \"name\": \"LEÇONNN 3\", \"@type\": \"Lesson\", \"files\": [], \"goals\": \"\", \"isNew\": true, \"groupe\": false, \"itemId\": \"clj41nr8a008j356g46xziczh\", \"actions\": [], \"ceiling\": \"\", \"children\": [], \"counters\": [], \"isDroped\": 1, \"position\": null, \"classroom\": null, \"formation\": null, \"isEditable\": true, \"minWeather\": \"\", \"constraints\": [], \"description\": \"\", \"maxDuration\": 0, \"requirements\": [], \"technicalRef\": \"\", \"isTheoretical\": false, \"minVisibility\": \"\", \"technicalSkills\": [], \"configISExpended\": null, \"standardDuration\": 0, \"notTechnicalSkill\": [], \"formationItemFromListId\": \"clj41nr8a008k356gy0118w59\"}, {\"id\": \"clj41nww2008s356gfanqcx2u\", \"@id\": \"clj41nww2008s356gfanqcx2u\", \"name\": \"LEÇONNN 4\", \"@type\": \"Lesson\", \"files\": [], \"goals\": \"\", \"isNew\": true, \"groupe\": false, \"itemId\": \"clj41nww2008r356gc9pmm767\", \"actions\": [], \"ceiling\": \"\", \"children\": [], \"counters\": [], \"isDroped\": 1, \"position\": null, \"classroom\": null, \"formation\": null, \"isEditable\": true, \"minWeather\": \"\", \"constraints\": [], \"description\": \"\", \"maxDuration\": 0, \"requirements\": [], \"technicalRef\": \"\", \"isTheoretical\": false, \"minVisibility\": \"\", \"technicalSkills\": [], \"configISExpended\": null, \"standardDuration\": 0, \"notTechnicalSkill\": [], \"formationItemFromListId\": \"clj41nww2008s356gfanqcx2u\"}, {\"id\": \"clj41nz8q0092356g8xrzznks\", \"@id\": \"clj41nz8q0092356g8xrzznks\", \"name\": \"LEÇONNN 5\", \"@type\": \"Lesson\", \"files\": [], \"goals\": \"\", \"isNew\": true, \"groupe\": false, \"itemId\": \"clj41o2ib009d356gnrk8y1q9\", \"actions\": [], \"ceiling\": \"\", \"children\": [], \"counters\": [], \"isDroped\": 1, \"position\": null, \"classroom\": null, \"formation\": null, \"isEditable\": true, \"minWeather\": \"\", \"constraints\": [], \"description\": \"\", \"maxDuration\": 0, \"requirements\": [], \"technicalRef\": \"\", \"isTheoretical\": false, \"minVisibility\": \"\", \"technicalSkills\": [], \"configISExpended\": null, \"standardDuration\": 0, \"notTechnicalSkill\": [], \"formationItemFromListId\": \"clj41nz8q0092356g8xrzznks\"}, {\"id\": \"clj41o73x009r356g0qkf606h\", \"@id\": \"clj41o73x009r356g0qkf606h\", \"name\": \"LEÇONNN 6\", \"@type\": \"Lesson\", \"files\": [], \"goals\": \"\", \"isNew\": true, \"groupe\": false, \"itemId\": \"clj41o73w009q356gpo5lasia\", \"actions\": [], \"ceiling\": \"\", \"children\": [], \"counters\": [], \"isDroped\": 1, \"position\": null, \"classroom\": null, \"formation\": null, \"isEditable\": true, \"minWeather\": \"\", \"constraints\": [], \"description\": \"\", \"maxDuration\": 0, \"requirements\": [], \"technicalRef\": \"\", \"isTheoretical\": false, \"minVisibility\": \"\", \"technicalSkills\": [], \"configISExpended\": null, \"standardDuration\": 0, \"notTechnicalSkill\": [], \"formationItemFromListId\": \"clj41o73x009r356g0qkf606h\"}, {\"id\": \"clj41p0w000u1356gzlqre723\", \"@id\": \"clj41p0w000u1356gzlqre723\", \"name\": \"EXERCICEEE\", \"@type\": \"Exercise\", \"goals\": \"\", \"isNew\": true, \"itemId\": \"clj41p0w000u0356gtytma567\", \"actions\": [], \"children\": [], \"counters\": [], \"isDroped\": 1, \"position\": null, \"formation\": null, \"isEditable\": true, \"constraints\": [], \"description\": \"\", \"maxDuration\": 0, \"requirements\": [], \"technicalSkills\": [], \"configISExpended\": null, \"standardDuration\": 0, \"notTechnicalSkill\": [], \"formationItemFromListId\": \"clj41p0w000u1356gzlqre723\"}, {\"id\": \"clj41p2qh00u5356ga4y2z05g\", \"@id\": \"clj41p2qh00u5356ga4y2z05g\", \"name\": \"EXERCICEEE 2\", \"@type\": \"Exercise\", \"goals\": \"\", \"isNew\": true, \"itemId\": \"clj41p2qh00u4356g5fkizzfc\", \"actions\": [], \"children\": [], \"counters\": [], \"isDroped\": 1, \"position\": null, \"formation\": null, \"isEditable\": true, \"constraints\": [], \"description\": \"\", \"maxDuration\": 0, \"requirements\": [], \"technicalSkills\": [], \"configISExpended\": null, \"standardDuration\": 0, \"notTechnicalSkill\": [], \"formationItemFromListId\": \"clj41p2qh00u5356ga4y2z05g\"}, {\"id\": \"clj41p4pk00ub356gywbuqyct\", \"@id\": \"clj41p4pk00ub356gywbuqyct\", \"name\": \"EXERCICEEE 3\", \"@type\": \"Exercise\", \"goals\": \"\", \"isNew\": true, \"itemId\": \"clj41p4pk00ua356giv8nlcq9\", \"actions\": [], \"children\": [], \"counters\": [], \"isDroped\": 1, \"position\": null, \"formation\": null, \"isEditable\": true, \"constraints\": [], \"description\": \"\", \"maxDuration\": 0, \"requirements\": [], \"technicalSkills\": [], \"configISExpended\": null, \"standardDuration\": 0, \"notTechnicalSkill\": [], \"formationItemFromListId\": \"clj41p4pk00ub356gywbuqyct\"}, {\"id\": \"clj41p7g800uj356gkeyazdwv\", \"@id\": \"clj41p7g800uj356gkeyazdwv\", \"name\": \"EXERCICEEE 4\", \"@type\": \"Exercise\", \"goals\": \"\", \"isNew\": true, \"itemId\": \"clj41p7g800ui356gnjwj78mu\", \"actions\": [], \"children\": [], \"counters\": [], \"isDroped\": 1, \"position\": null, \"formation\": null, \"isEditable\": true, \"constraints\": [], \"description\": \"\", \"maxDuration\": 0, \"requirements\": [], \"technicalSkills\": [], \"configISExpended\": null, \"standardDuration\": 0, \"notTechnicalSkill\": [], \"formationItemFromListId\": \"clj41p7g800uj356gkeyazdwv\"}, {\"id\": \"clj41p9ka00ut356gjsyzmb5d\", \"@id\": \"clj41p9ka00ut356gjsyzmb5d\", \"name\": \"EXERCICEEE 5\", \"@type\": \"Exercise\", \"goals\": \"\", \"isNew\": true, \"itemId\": \"clj41p9ka00us356gfinh9gy2\", \"actions\": [], \"children\": [], \"counters\": [], \"isDroped\": 1, \"position\": null, \"formation\": null, \"isEditable\": true, \"constraints\": [], \"description\": \"\", \"maxDuration\": 0, \"requirements\": [], \"technicalSkills\": [], \"configISExpended\": null, \"standardDuration\": 0, \"notTechnicalSkill\": [], \"formationItemFromListId\": \"clj41p9ka00ut356gjsyzmb5d\"}, {\"id\": \"clj41pbix00v5356g6otykl8p\", \"@id\": \"clj41pbix00v5356g6otykl8p\", \"name\": \"EXERCICEEE 6\", \"@type\": \"Exercise\", \"goals\": \"\", \"isNew\": true, \"itemId\": \"clj41pbix00v4356glj9qcuy4\", \"actions\": [], \"children\": [], \"counters\": [], \"isDroped\": 1, \"position\": null, \"formation\": null, \"isEditable\": true, \"constraints\": [], \"description\": \"\", \"maxDuration\": 0, \"requirements\": [], \"technicalSkills\": [], \"configISExpended\": null, \"standardDuration\": 0, \"notTechnicalSkill\": [], \"formationItemFromListId\": \"clj41pbix00v5356g6otykl8p\"}, {\"id\": \"clj41pr0j01m7356g79qp2bw7\", \"@id\": \"clj41pr0j01m7356g79qp2bw7\", \"name\": \"EXERCICEEE 7\", \"@type\": \"Exercise\", \"goals\": \"\", \"isNew\": true, \"itemId\": \"clj41pr0j01m6356gviqqrdwi\", \"actions\": [], \"children\": [], \"counters\": [], \"isDroped\": 1, \"position\": null, \"formation\": null, \"isEditable\": true, \"constraints\": [], \"description\": \"\", \"maxDuration\": 0, \"requirements\": [], \"technicalSkills\": [], \"configISExpended\": null, \"standardDuration\": 0, \"notTechnicalSkill\": [], \"formationItemFromListId\": \"clj41pr0j01m7356g79qp2bw7\"}]',0,0,NULL,13,14,NULL,NULL,0,0,'individual',5,10,43,15,42,14,NULL,NULL,NULL,NULL,NULL,NULL,NULL,NULL),(73,43,41,NULL,3,NULL,NULL,'Formation - Indicateurs notation + code raisons','','zfenzefon','fezpnfzfze','','',6,0,0,0,1,0,0,0,0,0,0,0,0,0,0,1,0,0,1,0,0,0,0,'2023-06-20 13:06:53','2023-06-22 12:02:06',0,0,'[{\"id\": \"clj5pyr2e0001356gzyo3nhkg\", \"@id\": \"clj5pyr2e0001356gzyo3nhkg\", \"name\": \"LEÇONNN\", \"@type\": \"Lesson\", \"files\": [], \"goals\": \"\", \"isNew\": true, \"groupe\": false, \"itemId\": \"clj5pyr2e0000356ggcmwvzfe\", \"actions\": [], \"ceiling\": \"\", \"children\": [], \"counters\": [], \"isDroped\": 1, \"position\": null, \"classroom\": null, \"formation\": null, \"isEditable\": true, \"minWeather\": \"\", \"constraints\": [], \"description\": \"\", \"maxDuration\": 0, \"requirements\": [], \"technicalRef\": \"\", \"isTheoretical\": false, \"minVisibility\": \"\", \"technicalSkills\": [], \"configISExpended\": null, \"standardDuration\": 0, \"notTechnicalSkill\": [], \"formationItemFromListId\": \"clj5pyr2e0001356gzyo3nhkg\"}, {\"id\": \"clj6z2o7l000g356gyuxmpdar\", \"@id\": \"clj6z2o7l000g356gyuxmpdar\", \"name\": \"LEÇONNN 2\", \"@type\": \"Lesson\", \"files\": [], \"goals\": \"\", \"isNew\": true, \"groupe\": false, \"itemId\": \"clj6z2o7l000f356g6l8f9hy5\", \"actions\": [], \"ceiling\": \"\", \"children\": [], \"counters\": [], \"isDroped\": 1, \"position\": null, \"classroom\": null, \"formation\": null, \"isEditable\": true, \"minWeather\": \"\", \"constraints\": [], \"description\": \"\", \"maxDuration\": 0, \"requirements\": [], \"technicalRef\": \"\", \"isTheoretical\": false, \"minVisibility\": \"\", \"technicalSkills\": [], \"configISExpended\": null, \"standardDuration\": 0, \"notTechnicalSkill\": [], \"formationItemFromListId\": \"clj6z2o7l000g356gyuxmpdar\"}, {\"id\": \"clj6z2ptd000k356grgv9rqqh\", \"@id\": \"clj6z2ptd000k356grgv9rqqh\", \"name\": \"LEÇONNN 3\", \"@type\": \"Lesson\", \"files\": [], \"goals\": \"\", \"isNew\": true, \"groupe\": false, \"itemId\": \"clj6z2ptd000j356gzjvbz584\", \"actions\": [], \"ceiling\": \"\", \"children\": [], \"counters\": [], \"isDroped\": 1, \"position\": null, \"classroom\": null, \"formation\": null, \"isEditable\": true, \"minWeather\": \"\", \"constraints\": [], \"description\": \"\", \"maxDuration\": 0, \"requirements\": [], \"technicalRef\": \"\", \"isTheoretical\": false, \"minVisibility\": \"\", \"technicalSkills\": [], \"configISExpended\": null, \"standardDuration\": 0, \"notTechnicalSkill\": [], \"formationItemFromListId\": \"clj6z2ptd000k356grgv9rqqh\"}, {\"id\": \"clj6z2rql000q356g82jixypc\", \"@id\": \"clj6z2rql000q356g82jixypc\", \"name\": \"LEÇONNN 4\", \"@type\": \"Lesson\", \"files\": [], \"goals\": \"\", \"isNew\": true, \"groupe\": false, \"itemId\": \"clj6z2rql000p356gne9qvey0\", \"actions\": [], \"ceiling\": \"\", \"children\": [], \"counters\": [], \"isDroped\": 1, \"position\": null, \"classroom\": null, \"formation\": null, \"isEditable\": true, \"minWeather\": \"\", \"constraints\": [], \"description\": \"\", \"maxDuration\": 0, \"requirements\": [], \"technicalRef\": \"\", \"isTheoretical\": false, \"minVisibility\": \"\", \"technicalSkills\": [], \"configISExpended\": null, \"standardDuration\": 0, \"notTechnicalSkill\": [], \"formationItemFromListId\": \"clj6z2rql000q356g82jixypc\"}, {\"id\": \"clj6z2xld0027356gtma7mzej\", \"@id\": \"clj6z2xld0027356gtma7mzej\", \"name\": \"E\", \"@type\": \"Exercise\", \"goals\": \"\", \"isNew\": true, \"itemId\": \"clj6z2xld0026356gx1aze6zv\", \"actions\": [], \"children\": [], \"counters\": [], \"isDroped\": 1, \"position\": null, \"formation\": null, \"isEditable\": true, \"constraints\": [], \"description\": \"\", \"maxDuration\": 0, \"requirements\": [], \"technicalSkills\": [], \"configISExpended\": null, \"standardDuration\": 0, \"notTechnicalSkill\": [], \"formationItemFromListId\": \"clj6z2xld0027356gtma7mzej\"}, {\"id\": \"clj6z30b5002b356g88jbim83\", \"@id\": \"clj6z30b5002b356g88jbim83\", \"name\": \"E 1\", \"@type\": \"Exercise\", \"goals\": \"\", \"isNew\": true, \"itemId\": \"clj6z30b5002a356guu8jlphn\", \"actions\": [], \"children\": [], \"counters\": [], \"isDroped\": 1, \"position\": null, \"formation\": null, \"isEditable\": true, \"constraints\": [], \"description\": \"\", \"maxDuration\": 0, \"requirements\": [], \"technicalSkills\": [], \"configISExpended\": null, \"standardDuration\": 0, \"notTechnicalSkill\": [], \"formationItemFromListId\": \"clj6z30b5002b356g88jbim83\"}, {\"id\": \"clj6z34ai002h356ghxfsdmku\", \"@id\": \"clj6z34ai002h356ghxfsdmku\", \"name\": \"E 2\", \"@type\": \"Exercise\", \"goals\": \"\", \"isNew\": true, \"itemId\": \"clj6z34ai002g356g4f53nb8a\", \"actions\": [], \"children\": [], \"counters\": [], \"isDroped\": 1, \"position\": null, \"formation\": null, \"isEditable\": true, \"constraints\": [], \"description\": \"\", \"maxDuration\": 0, \"requirements\": [], \"technicalSkills\": [], \"configISExpended\": null, \"standardDuration\": 0, \"notTechnicalSkill\": [], \"formationItemFromListId\": \"clj6z34ai002h356ghxfsdmku\"}, {\"id\": \"clj6z3702002p356g5jto1x5d\", \"@id\": \"clj6z3702002p356g5jto1x5d\", \"name\": \"E 3\", \"@type\": \"Exercise\", \"goals\": \"\", \"isNew\": true, \"itemId\": \"clj6z3702002o356gin90pfde\", \"actions\": [], \"children\": [], \"counters\": [], \"isDroped\": 1, \"position\": null, \"formation\": null, \"isEditable\": true, \"constraints\": [], \"description\": \"\", \"maxDuration\": 0, \"requirements\": [], \"technicalSkills\": [], \"configISExpended\": null, \"standardDuration\": 0, \"notTechnicalSkill\": [], \"formationItemFromListId\": \"clj6z3702002p356g5jto1x5d\"}, {\"id\": \"clj6z38xv002z356gbm0epp43\", \"@id\": \"clj6z38xv002z356gbm0epp43\", \"name\": \"E 4\", \"@type\": \"Exercise\", \"goals\": \"\", \"isNew\": true, \"itemId\": \"clj6z38xv002y356g868n5hsx\", \"actions\": [], \"children\": [], \"counters\": [], \"isDroped\": 1, \"position\": null, \"formation\": null, \"isEditable\": true, \"constraints\": [], \"description\": \"\", \"maxDuration\": 0, \"requirements\": [], \"technicalSkills\": [], \"configISExpended\": null, \"standardDuration\": 0, \"notTechnicalSkill\": [], \"formationItemFromListId\": \"clj6z38xv002z356gbm0epp43\"}, {\"id\": \"clj6z3fr000a3356g89wtcwge\", \"@id\": \"clj6z3fr000a3356g89wtcwge\", \"name\": \"E 5\", \"@type\": \"Exercise\", \"goals\": \"\", \"isNew\": true, \"itemId\": \"clj6z3fr000a2356ghtigoszp\", \"actions\": [], \"children\": [], \"counters\": [], \"isDroped\": 1, \"position\": null, \"formation\": null, \"isEditable\": true, \"constraints\": [], \"description\": \"\", \"maxDuration\": 0, \"requirements\": [], \"technicalSkills\": [], \"configISExpended\": null, \"standardDuration\": 0, \"notTechnicalSkill\": [], \"formationItemFromListId\": \"clj6z3fr000a3356g89wtcwge\"}]',0,1,NULL,NULL,13,1,1,1,1,'individual',4,10,NULL,NULL,NULL,NULL,42,14,43,15,41,13,42,14),(74,41,42,NULL,3,NULL,NULL,'F_Per_Simple temps bloc et vol','','ffff','ssss','','',25,0,0,0,1,1,0,0,0,0,0,0,0,0,0,1,0,0,1,0,0,0,0,'2023-06-20 20:17:37','2023-06-20 20:17:37',0,0,'[{\"id\": \"clj4lw0di0001356gcagd9ibl\", \"@id\": \"clj4lw0di0001356gcagd9ibl\", \"name\": \"L1\", \"@type\": \"Lesson\", \"files\": [], \"goals\": \"\", \"isNew\": true, \"groupe\": false, \"itemId\": \"clj4lw0di0000356gr2n5uku8\", \"actions\": [], \"ceiling\": \"\", \"children\": [], \"counters\": [], \"isDroped\": 1, \"position\": null, \"classroom\": null, \"formation\": null, \"isEditable\": true, \"minWeather\": \"\", \"constraints\": [], \"description\": \"\", \"maxDuration\": 0, \"requirements\": [], \"technicalRef\": \"\", \"isTheoretical\": false, \"minVisibility\": \"\", \"technicalSkills\": [], \"configISExpended\": null, \"standardDuration\": 0, \"notTechnicalSkill\": [], \"formationItemFromListId\": \"clj4lw0di0001356gcagd9ibl\"}, {\"id\": \"clj4lw2cg0007356g2qi9mjby\", \"@id\": \"clj4lw2cg0007356g2qi9mjby\", \"name\": \"L2\", \"@type\": \"Lesson\", \"files\": [], \"goals\": \"\", \"isNew\": true, \"groupe\": false, \"itemId\": \"clj4lw2cg0006356gfsjscear\", \"actions\": [], \"ceiling\": \"\", \"children\": [], \"counters\": [], \"isDroped\": 1, \"position\": null, \"classroom\": null, \"formation\": null, \"isEditable\": true, \"minWeather\": \"\", \"constraints\": [], \"description\": \"\", \"maxDuration\": 0, \"requirements\": [], \"technicalRef\": \"\", \"isTheoretical\": false, \"minVisibility\": \"\", \"technicalSkills\": [], \"configISExpended\": null, \"standardDuration\": 0, \"notTechnicalSkill\": [], \"formationItemFromListId\": \"clj4lw2cg0007356g2qi9mjby\"}, {\"id\": \"clj4lw7490013356gyglmb24w\", \"@id\": \"clj4lw7490013356gyglmb24w\", \"name\": \"Item1 \", \"@type\": \"Exercise\", \"goals\": \"\", \"isNew\": true, \"itemId\": \"clj4lw7490012356g4m7x6z12\", \"actions\": [], \"children\": [], \"counters\": [], \"isDroped\": 1, \"position\": null, \"formation\": null, \"isEditable\": true, \"constraints\": [], \"description\": \"\", \"maxDuration\": 0, \"requirements\": [], \"technicalSkills\": [], \"configISExpended\": null, \"standardDuration\": 0, \"notTechnicalSkill\": [], \"formationItemFromListId\": \"clj4lw7490013356gyglmb24w\"}, {\"id\": \"clj4lwaao0015356gp7o672ax\", \"@id\": \"clj4lwaao0015356gp7o672ax\", \"name\": \"Item 2\", \"@type\": \"Exercise\", \"goals\": \"\", \"isNew\": true, \"itemId\": \"clj4lwaao0014356g8colz8b3\", \"actions\": [], \"children\": [], \"counters\": [], \"isDroped\": 1, \"position\": null, \"formation\": null, \"isEditable\": true, \"constraints\": [], \"description\": \"\", \"maxDuration\": 0, \"requirements\": [], \"technicalSkills\": [], \"configISExpended\": null, \"standardDuration\": 0, \"notTechnicalSkill\": [], \"formationItemFromListId\": \"clj4lwaao0015356gp7o672ax\"}, {\"id\": \"clj4lwgvb0017356gf7z7c4q5\", \"@id\": \"clj4lwgvb0017356gf7z7c4q5\", \"name\": \"Item 3\", \"@type\": \"Exercise\", \"goals\": \"\", \"isNew\": true, \"itemId\": \"clj4lwgvb0016356gded97avu\", \"actions\": [], \"children\": [], \"counters\": [], \"isDroped\": 1, \"position\": null, \"formation\": null, \"isEditable\": true, \"constraints\": [], \"description\": \"\", \"maxDuration\": 0, \"requirements\": [], \"technicalSkills\": [], \"configISExpended\": null, \"standardDuration\": 0, \"notTechnicalSkill\": [], \"formationItemFromListId\": \"clj4lwgvb0017356gf7z7c4q5\"}, {\"id\": \"clj4lwjhw0019356g73nxqsqy\", \"@id\": \"clj4lwjhw0019356g73nxqsqy\", \"name\": \"Item 4\", \"@type\": \"Exercise\", \"goals\": \"\", \"isNew\": true, \"itemId\": \"clj4lwjhw0018356gtfhzwjxk\", \"actions\": [], \"children\": [], \"counters\": [], \"isDroped\": 1, \"position\": null, \"formation\": null, \"isEditable\": true, \"constraints\": [], \"description\": \"\", \"maxDuration\": 0, \"requirements\": [], \"technicalSkills\": [], \"configISExpended\": null, \"standardDuration\": 0, \"notTechnicalSkill\": [], \"formationItemFromListId\": \"clj4lwjhw0019356g73nxqsqy\"}]',0,0,NULL,NULL,NULL,NULL,NULL,0,0,'individual',20,30,NULL,NULL,NULL,NULL,NULL,NULL,NULL,NULL,NULL,NULL,NULL,NULL),(75,41,42,NULL,3,NULL,NULL,'Formation - Notation compétences 2','','ef','zeafp','','',0,0,0,0,1,0,0,0,0,0,0,0,0,0,0,1,0,0,1,0,0,0,0,'2023-06-21 19:24:44','2023-06-21 19:24:44',0,0,'[{\"id\": \"clj5z7rrn0001356gdh6p2syw\", \"@id\": \"clj5z7rrn0001356gdh6p2syw\", \"name\": \"LEÇONNN\", \"@type\": \"Lesson\", \"files\": [], \"goals\": \"\", \"isNew\": true, \"groupe\": false, \"itemId\": \"clj5z7rrn0000356g5oz0iuq9\", \"actions\": [], \"ceiling\": \"\", \"children\": [], \"counters\": [], \"isDroped\": 1, \"position\": null, \"classroom\": null, \"formation\": null, \"isEditable\": true, \"minWeather\": \"\", \"constraints\": [], \"description\": \"\", \"maxDuration\": 0, \"requirements\": [], \"technicalRef\": \"\", \"isTheoretical\": false, \"minVisibility\": \"\", \"technicalSkills\": [], \"configISExpended\": null, \"standardDuration\": 0, \"notTechnicalSkill\": [], \"formationItemFromListId\": \"clj5z7rrn0001356gdh6p2syw\"}, {\"id\": \"clj5zgnr9000f356gs177644z\", \"@id\": \"clj5zgnr9000f356gs177644z\", \"name\": \"LEÇONNN 2\", \"@type\": \"Lesson\", \"files\": [], \"goals\": \"\", \"isNew\": true, \"groupe\": false, \"itemId\": \"clj5zgnr9000e356gcl49685b\", \"actions\": [], \"ceiling\": \"\", \"children\": [], \"counters\": [], \"isDroped\": 1, \"position\": null, \"classroom\": null, \"formation\": null, \"isEditable\": true, \"minWeather\": \"\", \"constraints\": [], \"description\": \"\", \"maxDuration\": 0, \"requirements\": [], \"technicalRef\": \"\", \"isTheoretical\": false, \"minVisibility\": \"\", \"technicalSkills\": [], \"configISExpended\": null, \"standardDuration\": 0, \"notTechnicalSkill\": [], \"formationItemFromListId\": \"clj5zgnr9000f356gs177644z\"}, {\"id\": \"clj5zgyn2000v356g5fyboz4c\", \"@id\": \"clj5zgyn2000v356g5fyboz4c\", \"name\": \"EXERCICEEE\", \"@type\": \"Exercise\", \"goals\": \"\", \"isNew\": true, \"itemId\": \"clj5zgyn2000u356gkz66h1nh\", \"actions\": [], \"children\": [], \"counters\": [], \"isDroped\": 1, \"position\": null, \"formation\": null, \"isEditable\": true, \"constraints\": [], \"description\": \"\", \"maxDuration\": 0, \"requirements\": [], \"technicalSkills\": [], \"configISExpended\": null, \"standardDuration\": 0, \"notTechnicalSkill\": [], \"formationItemFromListId\": \"clj5zgyn2000v356g5fyboz4c\"}, {\"id\": \"clj5zh0kf000z356g4a52apz2\", \"@id\": \"clj5zh0kf000z356g4a52apz2\", \"name\": \"EXERCICEEE 2\", \"@type\": \"Exercise\", \"goals\": \"\", \"isNew\": true, \"itemId\": \"clj5zh0kf000y356ggzxkeopj\", \"actions\": [], \"children\": [], \"counters\": [], \"isDroped\": 1, \"position\": null, \"formation\": null, \"isEditable\": true, \"constraints\": [], \"description\": \"\", \"maxDuration\": 0, \"requirements\": [], \"technicalSkills\": [], \"configISExpended\": null, \"standardDuration\": 0, \"notTechnicalSkill\": [], \"formationItemFromListId\": \"clj5zh0kf000z356g4a52apz2\"}, {\"id\": \"clj5zh7tc005b356gcbz3apsd\", \"@id\": \"clj5zh7tc005b356gcbz3apsd\", \"name\": \"EXERCICEEE 3\", \"@type\": \"Exercise\", \"goals\": \"\", \"isNew\": true, \"itemId\": \"clj5zh7tc005a356g5tywklh8\", \"actions\": [], \"children\": [], \"counters\": [], \"isDroped\": 1, \"position\": null, \"formation\": null, \"isEditable\": true, \"constraints\": [], \"description\": \"\", \"maxDuration\": 0, \"requirements\": [], \"technicalSkills\": [], \"configISExpended\": null, \"standardDuration\": 0, \"notTechnicalSkill\": [], \"formationItemFromListId\": \"clj5zh7tc005b356gcbz3apsd\"}]',0,1,NULL,NULL,14,0,1,1,0,'individual',NULL,NULL,NULL,NULL,NULL,NULL,NULL,NULL,NULL,NULL,NULL,NULL,NULL,NULL),(76,41,NULL,NULL,3,NULL,NULL,'Formation - Compteur','','zeofn','aoepfn^k','','',0,0,0,0,1,0,1,1,0,0,0,0,0,0,0,0,0,0,1,1,0,0,0,'2023-06-23 12:32:42','2023-06-23 12:32:42',0,0,'[{\"id\": \"clj8flyr30001356gwhqlfuk2\", \"@id\": \"clj8flyr30001356gwhqlfuk2\", \"name\": \"LEÇONNN\", \"@type\": \"Lesson\", \"files\": [], \"goals\": \"\", \"isNew\": true, \"groupe\": false, \"itemId\": \"clj8flyr30000356gtpxsg7dd\", \"actions\": [], \"ceiling\": \"\", \"children\": [], \"counters\": [], \"isDroped\": 1, \"position\": null, \"classroom\": null, \"formation\": null, \"isEditable\": true, \"minWeather\": \"\", \"constraints\": [], \"description\": \"\", \"maxDuration\": 0, \"requirements\": [], \"technicalRef\": \"\", \"isTheoretical\": false, \"minVisibility\": \"\", \"technicalSkills\": [], \"configISExpended\": null, \"standardDuration\": 0, \"notTechnicalSkill\": [], \"formationItemFromListId\": \"clj8flyr30001356gwhqlfuk2\"}, {\"id\": \"clj8fm1ld0007356gui76k6ii\", \"@id\": \"clj8fm1ld0007356gui76k6ii\", \"name\": \"LEÇONNN 2\", \"@type\": \"Lesson\", \"files\": [], \"goals\": \"\", \"isNew\": true, \"groupe\": false, \"itemId\": \"clj8fm1ld0006356guoxmavrl\", \"actions\": [], \"ceiling\": \"\", \"children\": [], \"counters\": [], \"isDroped\": 1, \"position\": null, \"classroom\": null, \"formation\": null, \"isEditable\": true, \"minWeather\": \"\", \"constraints\": [], \"description\": \"\", \"maxDuration\": 0, \"requirements\": [], \"technicalRef\": \"\", \"isTheoretical\": false, \"minVisibility\": \"\", \"technicalSkills\": [], \"configISExpended\": null, \"standardDuration\": 0, \"notTechnicalSkill\": [], \"formationItemFromListId\": \"clj8fm1ld0007356gui76k6ii\"}, {\"id\": \"clj8fm3e8000d356gb0jxqk8g\", \"@id\": \"clj8fm3e8000d356gb0jxqk8g\", \"name\": \"LEÇONNN 3\", \"@type\": \"Lesson\", \"files\": [], \"goals\": \"\", \"isNew\": true, \"groupe\": false, \"itemId\": \"clj8fm3e8000c356gphrrtsid\", \"actions\": [], \"ceiling\": \"\", \"children\": [], \"counters\": [], \"isDroped\": 1, \"position\": null, \"classroom\": null, \"formation\": null, \"isEditable\": true, \"minWeather\": \"\", \"constraints\": [], \"description\": \"\", \"maxDuration\": 0, \"requirements\": [], \"technicalRef\": \"\", \"isTheoretical\": false, \"minVisibility\": \"\", \"technicalSkills\": [], \"configISExpended\": null, \"standardDuration\": 0, \"notTechnicalSkill\": [], \"formationItemFromListId\": \"clj8fm3e8000d356gb0jxqk8g\"}, {\"id\": \"clj8fm67i000l356gvnrkzz9n\", \"@id\": \"clj8fm67i000l356gvnrkzz9n\", \"name\": \"LEÇONNN 4\", \"@type\": \"Lesson\", \"files\": [], \"goals\": \"\", \"isNew\": true, \"groupe\": false, \"itemId\": \"clj8fm67i000k356gz7bq1xh7\", \"actions\": [], \"ceiling\": \"\", \"children\": [], \"counters\": [], \"isDroped\": 1, \"position\": null, \"classroom\": null, \"formation\": null, \"isEditable\": true, \"minWeather\": \"\", \"constraints\": [], \"description\": \"\", \"maxDuration\": 0, \"requirements\": [], \"technicalRef\": \"\", \"isTheoretical\": false, \"minVisibility\": \"\", \"technicalSkills\": [], \"configISExpended\": null, \"standardDuration\": 0, \"notTechnicalSkill\": [], \"formationItemFromListId\": \"clj8fm67i000l356gvnrkzz9n\"}]',0,0,NULL,NULL,NULL,NULL,NULL,0,0,'individual',NULL,NULL,NULL,NULL,NULL,NULL,NULL,NULL,NULL,NULL,NULL,NULL,NULL,NULL);

--
-- Table structure for table `formation_formatting`
--

CREATE TABLE `formation_formatting` (
  `id` int NOT NULL AUTO_INCREMENT,
  `formation_id` int NOT NULL,
  `bg_color` varchar(255) COLLATE utf8mb4_unicode_ci DEFAULT NULL,
  `font_style` varchar(255) COLLATE utf8mb4_unicode_ci DEFAULT NULL,
  `font_size` int DEFAULT NULL,
  `color` varchar(255) COLLATE utf8mb4_unicode_ci DEFAULT NULL,
  `font_mode` varchar(255) COLLATE utf8mb4_unicode_ci DEFAULT NULL,
  `type` varchar(255) COLLATE utf8mb4_unicode_ci NOT NULL,
  PRIMARY KEY (`id`),
  KEY `IDX_41CD5835200282E` (`formation_id`),
  CONSTRAINT `FK_41CD5835200282E` FOREIGN KEY (`formation_id`) REFERENCES `formation` (`id`)
) ENGINE=InnoDB AUTO_INCREMENT=25 DEFAULT CHARSET=utf8mb4 COLLATE=utf8mb4_unicode_ci;

--
-- Dumping data for table `formation_formatting`
--

INSERT INTO `formation_formatting` VALUES (1,13,'#000000','Time new roman',22,'#ff0000','bold, italic','moduleGroup'),(2,13,'#fbcb89',NULL,NULL,'#007bff',NULL,'module'),(3,13,'#fc0303',NULL,40,'#78e010',NULL,'lesson'),(4,13,'#ffffff',NULL,NULL,'#000000',NULL,'phase'),(5,13,'#ffffff',NULL,NULL,'#000000',NULL,'exercisesGroup'),(6,13,'#ffffff',NULL,NULL,'#000000',NULL,'exercise'),(7,13,'#ffffff',NULL,NULL,'#000000',NULL,'exerciseItem'),(8,13,NULL,NULL,NULL,NULL,NULL,'skills'),(9,16,'#000599','Time new roman',24,'#00ff88','italic, bold, underline','moduleGroup'),(10,16,'#ad5858','Time new roman',18,'#ff8a8a','bold, underline','module'),(11,16,'#ff7070','polaris',16,'#005e75','italic','lesson'),(12,16,'#8f0000','Time new roman',15,'#ffea00','bold','phase'),(13,16,'#ffffff',NULL,NULL,'#000000',NULL,'exercisesGroup'),(14,16,'#000000','polaris',14,'#f100f5','underline','exercise'),(15,16,'#000000','Time new roman',13,'#ffffff','bold, italic','exerciseItem'),(16,16,NULL,NULL,NULL,NULL,NULL,'skills'),(17,51,'#000000',NULL,NULL,'#ff0000',NULL,'moduleGroup'),(18,51,'#fbcb89',NULL,NULL,'#007bff',NULL,'module'),(19,51,'#ffe0e0',NULL,NULL,'#78e010',NULL,'lesson'),(20,51,'#80ffce','Time new roman',20,'#ff0000','italic','phase'),(21,51,'#ffffff',NULL,NULL,'#000000',NULL,'exercisesGroup'),(22,51,'#ffea00','polaris',17,'#0084ff','underline','exercise'),(23,51,'#ffffff',NULL,NULL,'#000000',NULL,'exerciseItem'),(24,51,NULL,NULL,NULL,NULL,NULL,'skills');

--
-- Table structure for table `formation_item`
--

CREATE TABLE `formation_item` (
  `id` int NOT NULL AUTO_INCREMENT,
  `parent_id` int DEFAULT NULL,
  `formation_id` int DEFAULT NULL,
  `name` varchar(255) CHARACTER SET utf8mb4 COLLATE utf8mb4_unicode_ci NOT NULL,
  `standard_duration` int DEFAULT NULL,
  `max_duration` int DEFAULT NULL,
  `type` varchar(255) CHARACTER SET utf8mb4 COLLATE utf8mb4_unicode_ci NOT NULL,
  `description` longtext CHARACTER SET utf8mb4 COLLATE utf8mb4_unicode_ci,
  `goals` longtext CHARACTER SET utf8mb4 COLLATE utf8mb4_unicode_ci,
  `position` int NOT NULL,
  `extra_lesson_id` int DEFAULT NULL,
  `config_isexpended` tinyint(1) DEFAULT NULL,
  `formation_item_from_list_id` varchar(255) CHARACTER SET utf8mb4 COLLATE utf8mb4_unicode_ci DEFAULT NULL,
  `notation_id` int DEFAULT NULL,
  `min_rating_id` int DEFAULT NULL,
  `classroom_id` int DEFAULT NULL,
  `subname` varchar(255) CHARACTER SET utf8mb4 COLLATE utf8mb4_unicode_ci DEFAULT NULL,
  `is_theoretical` tinyint(1) DEFAULT NULL,
  `min_visibility` varchar(255) CHARACTER SET utf8mb4 COLLATE utf8mb4_unicode_ci DEFAULT NULL,
  `min_weather` varchar(255) CHARACTER SET utf8mb4 COLLATE utf8mb4_unicode_ci DEFAULT NULL,
  `ceiling` varchar(255) CHARACTER SET utf8mb4 COLLATE utf8mb4_unicode_ci DEFAULT NULL,
  `technical_ref` varchar(255) CHARACTER SET utf8mb4 COLLATE utf8mb4_unicode_ci DEFAULT NULL,
  `groupe` tinyint(1) DEFAULT NULL,
  `is_important` tinyint(1) DEFAULT NULL,
  `expected_value_id` int DEFAULT NULL,
  `expected_duration` int DEFAULT NULL,
  `time` int DEFAULT NULL,
  PRIMARY KEY (`id`),
  KEY `IDX_48C4C05E727ACA70` (`parent_id`),
  KEY `IDX_48C4C05E5200282E` (`formation_id`),
  KEY `IDX_48C4C05E3FD4DD80` (`extra_lesson_id`),
  KEY `IDX_48C4C05E9680B7F7` (`notation_id`),
  KEY `IDX_48C4C05E55D631A8` (`min_rating_id`),
  KEY `IDX_48C4C05E6278D5A8` (`classroom_id`),
  KEY `IDX_48C4C05EB0E02586` (`expected_value_id`),
  CONSTRAINT `FK_48C4C05E3FD4DD80` FOREIGN KEY (`extra_lesson_id`) REFERENCES `extra_lesson` (`id`) ON DELETE SET NULL,
  CONSTRAINT `FK_48C4C05E5200282E` FOREIGN KEY (`formation_id`) REFERENCES `formation` (`id`) ON DELETE CASCADE,
  CONSTRAINT `FK_48C4C05E55D631A8` FOREIGN KEY (`min_rating_id`) REFERENCES `rating_value` (`id`) ON DELETE CASCADE,
  CONSTRAINT `FK_48C4C05E6278D5A8` FOREIGN KEY (`classroom_id`) REFERENCES `classroom` (`id`),
  CONSTRAINT `FK_48C4C05E727ACA70` FOREIGN KEY (`parent_id`) REFERENCES `formation_item` (`id`) ON DELETE CASCADE,
  CONSTRAINT `FK_48C4C05E9680B7F7` FOREIGN KEY (`notation_id`) REFERENCES `rating` (`id`),
  CONSTRAINT `FK_48C4C05EB0E02586` FOREIGN KEY (`expected_value_id`) REFERENCES `rating_value` (`id`)
) ENGINE=InnoDB AUTO_INCREMENT=551 DEFAULT CHARSET=utf8mb4 COLLATE=utf8mb4_unicode_ci;

--
-- Dumping data for table `formation_item`
--

INSERT INTO `formation_item` VALUES (41,NULL,2,'Module',0,0,'item_module','','',0,NULL,1,'clg6zi4kq000i356iny4npmqv',27,NULL,NULL,'',1,NULL,NULL,NULL,NULL,NULL,NULL,NULL,900,NULL),(46,41,NULL,'Leçon',0,0,'item_lesson','','',0,NULL,1,'clg2s31m40005356ieraloz8c',27,NULL,NULL,NULL,1,'','','','',0,NULL,NULL,900,NULL),(47,41,NULL,'Leçon 2',0,0,'item_lesson','','',1,NULL,1,'clg2s34mi000b356iuaf9qjzt',27,NULL,NULL,NULL,1,'','','','',0,NULL,NULL,NULL,NULL),(48,46,NULL,'Abbréviation',0,0,'item_phase','','',0,NULL,1,'clg9s49sl0008356eww3ft4xv',27,NULL,NULL,NULL,NULL,NULL,NULL,NULL,NULL,NULL,NULL,NULL,NULL,NULL),(49,47,NULL,'Abbréviation',0,0,'item_phase','','',0,NULL,1,'clg9s49sl0008356eww3ft4xv',27,NULL,NULL,NULL,NULL,NULL,NULL,NULL,NULL,NULL,NULL,NULL,NULL,NULL),(50,48,NULL,'Exercice',0,0,'item_exercise','','',0,NULL,NULL,'clg2s3d1m002o356itnkv5nt5',27,NULL,NULL,NULL,NULL,NULL,NULL,NULL,NULL,NULL,NULL,NULL,NULL,NULL),(51,49,NULL,'Exercice',0,0,'item_exercise','','',0,NULL,NULL,'clg2s3d1m002o356itnkv5nt5',27,NULL,NULL,NULL,NULL,NULL,NULL,NULL,NULL,NULL,NULL,NULL,NULL,NULL),(56,NULL,13,'Groupe module',0,0,'item_modules_group','','',0,NULL,1,'clgcs98si0001356i8a2gjx7t',NULL,NULL,NULL,NULL,NULL,NULL,NULL,NULL,NULL,NULL,NULL,NULL,1080,NULL),(57,58,NULL,'Exercice',0,0,'item_exercise','test','test',0,NULL,NULL,'clgb31ywu001x356i88tnm1ow',36,NULL,NULL,NULL,NULL,NULL,NULL,NULL,NULL,NULL,NULL,NULL,NULL,NULL),(58,59,NULL,'Abbréviation',0,0,'item_phase','','',0,NULL,1,'clgb31j4w0000356iqkxb4wmb',NULL,NULL,NULL,NULL,NULL,NULL,NULL,NULL,NULL,NULL,NULL,NULL,NULL,912),(59,61,NULL,'Leçon',0,0,'item_lesson','test','test',0,NULL,1,'clgb31s9x000i356iijvueanh',31,NULL,NULL,NULL,0,'','','','',0,NULL,NULL,NULL,NULL),(60,62,NULL,'Leçon 2',0,0,'item_lesson','','',0,NULL,1,'clgcsa4al008a356i63y9xltq',31,NULL,NULL,NULL,0,'','','','',0,NULL,NULL,180,NULL),(61,56,NULL,'Module',0,0,'item_module','','',0,NULL,1,'clgb31oe40003356in789uhg8',31,NULL,NULL,'',0,NULL,NULL,NULL,NULL,NULL,NULL,NULL,900,NULL),(62,56,NULL,'Module 2',0,0,'item_module','','',1,NULL,1,'clgcs9ww7005m356ifv8l4dcu',31,NULL,NULL,'',0,NULL,NULL,NULL,NULL,NULL,NULL,NULL,300,NULL),(63,NULL,14,'Leçon',0,0,'item_lesson','Description Leçon','ObjectifsLeçon',0,NULL,NULL,'clgqbzfjg0001356ixn93vw8h',28,NULL,NULL,NULL,0,'','','','',0,NULL,32,600,900),(64,NULL,15,'Leçon ',0,0,'item_lesson','Description leçon','Objectif leçon',0,NULL,NULL,'clgqcl3200001356g5kp1qtej',29,NULL,NULL,NULL,0,'','','','',0,NULL,33,900,1200),(65,58,NULL,'Exercice 2',0,0,'item_exercise','test 2','test 2',1,NULL,NULL,'clgqkezv5000n356ggjl2owgd',28,32,NULL,NULL,NULL,NULL,NULL,NULL,NULL,NULL,NULL,NULL,NULL,NULL),(66,68,NULL,'Exercice 2',0,0,'item_exercise','','',0,NULL,0,'clgqkezv5000n356ggjl2owgd',31,NULL,NULL,NULL,NULL,NULL,NULL,NULL,NULL,NULL,NULL,NULL,NULL,NULL),(67,68,NULL,'Exercice',0,0,'item_exercise','','',1,NULL,NULL,'clgqkhbdh0071356g25dsv3mp',31,NULL,NULL,NULL,NULL,NULL,NULL,NULL,NULL,NULL,NULL,NULL,NULL,NULL),(68,60,NULL,'Abbréviation',0,0,'item_phase','','',0,NULL,1,'clgqkeoog000k356gm0ydz3tw',31,NULL,NULL,NULL,NULL,NULL,NULL,NULL,NULL,NULL,NULL,NULL,NULL,NULL),(69,73,NULL,'Exercice',0,0,'item_exercise','Test','TEst',0,NULL,NULL,'clgqkjiyb00dj356gjla8cnb9',27,29,NULL,NULL,NULL,NULL,NULL,NULL,NULL,NULL,NULL,NULL,NULL,NULL),(70,73,NULL,'Exercice 2',0,0,'item_exercise','Test 2','Test 2',1,NULL,NULL,'clgqkjmx700dn356gz3ynrlrt',27,29,NULL,NULL,NULL,NULL,NULL,NULL,NULL,NULL,NULL,NULL,NULL,NULL),(71,74,NULL,'Exercice 2',0,0,'item_exercise','Test 2','',0,NULL,NULL,'clgqkjmx700dn356gz3ynrlrt',27,NULL,NULL,NULL,NULL,NULL,NULL,NULL,NULL,NULL,NULL,NULL,NULL,NULL),(72,74,NULL,'Exercice 3',0,0,'item_exercise','','',1,NULL,NULL,'clgqkjsll00dt356gwlzvtmcg',27,NULL,NULL,NULL,NULL,NULL,NULL,NULL,NULL,NULL,NULL,NULL,NULL,NULL),(73,NULL,16,'test',0,0,'item_lesson','test','test',0,NULL,1,'clgqkj75f00cd356g02k9gn2j',27,29,NULL,NULL,0,'','','','',0,NULL,NULL,NULL,NULL),(74,NULL,16,'Leçon 2',0,0,'item_lesson','test 2','test 2',1,NULL,1,'clgqkjbgc00cf356gihwwg3bo',NULL,NULL,NULL,NULL,0,'','','','',0,NULL,NULL,NULL,NULL),(75,78,NULL,'l\'exerciceee',0,0,'item_exercise','','',0,3,NULL,'clgxkt43i000d356iv7s49ksc',32,NULL,NULL,NULL,NULL,NULL,NULL,NULL,NULL,NULL,NULL,NULL,NULL,NULL),(76,78,NULL,'l\'exerciceee 2',0,0,'item_exercise','','',1,3,NULL,'clgxkt680000j356iycsz1vxf',36,NULL,NULL,NULL,NULL,NULL,NULL,NULL,NULL,NULL,NULL,NULL,NULL,NULL),(77,79,NULL,'l\'exerciceee',0,0,'item_exercise','','',0,3,NULL,'clgxkt43i000d356iv7s49ksc',34,NULL,NULL,NULL,NULL,NULL,NULL,NULL,NULL,NULL,NULL,NULL,NULL,NULL),(78,NULL,17,'leçonnn',0,0,'item_lesson','','',0,NULL,1,'clgxksxq20001356i9e5ccjkq',7,NULL,NULL,NULL,0,'','','','',0,NULL,NULL,NULL,NULL),(79,NULL,17,'leçonnn 2',0,0,'item_lesson','','',1,NULL,1,'clgxkt0bz0007356izgmdn69r',32,NULL,NULL,NULL,0,'','','','',0,NULL,NULL,NULL,NULL),(80,83,NULL,'Exercice 1',0,0,'item_exercise','','',0,5,NULL,'clgxq8b6k000z356g07zseoj1',43,64,NULL,NULL,NULL,NULL,NULL,NULL,NULL,NULL,NULL,63,NULL,NULL),(81,83,NULL,'Exercice 2',0,0,'item_exercise','','',1,5,NULL,'clgxq8jmq001y356gjh4iy3hk',43,63,NULL,NULL,NULL,NULL,NULL,NULL,NULL,NULL,NULL,64,NULL,NULL),(82,84,NULL,'Exercice 2',0,0,'item_exercise','','',0,5,NULL,'clgxq8jmq001y356gjh4iy3hk',43,63,NULL,NULL,NULL,NULL,NULL,NULL,NULL,NULL,NULL,63,NULL,NULL),(83,NULL,18,'Leçon 1',0,0,'item_lesson','','',0,NULL,1,'clgxq7jue0001356g742y2ram',41,58,NULL,NULL,0,'','','','',0,NULL,57,NULL,NULL),(84,NULL,18,'Leçon 2',0,0,'item_lesson','','',1,NULL,1,'clgxq7xg30007356g1sp9bxf2',41,57,NULL,NULL,0,'','','','',0,NULL,57,NULL,NULL),(85,88,NULL,'Exercice',0,0,'item_exercise','','',0,NULL,NULL,'clgxsrbn8000g356itwx4p9aq',43,64,NULL,NULL,NULL,NULL,NULL,NULL,NULL,NULL,NULL,64,NULL,NULL),(86,89,NULL,'l\'exerciceee 2',0,0,'item_exercise','','',0,NULL,NULL,'clgxsrrug001j356i8u3cspkw',43,64,NULL,NULL,NULL,NULL,NULL,NULL,NULL,NULL,NULL,64,NULL,NULL),(87,89,NULL,'Exercice',0,0,'item_exercise','','',1,NULL,NULL,'clgxsrbn8000g356itwx4p9aq',43,64,NULL,NULL,NULL,NULL,NULL,NULL,NULL,NULL,NULL,64,NULL,NULL),(88,NULL,19,'efzfzfz',0,0,'item_lesson','','',0,NULL,1,'clgxsr3e00001356iapi0npsl',41,58,NULL,NULL,0,'','','','',0,NULL,58,NULL,NULL),(89,NULL,19,'zefzfzef',0,0,'item_lesson','','',1,NULL,1,'clgxsrjef0012356i1p8ykkvi',41,57,NULL,NULL,0,'','','','',0,NULL,58,NULL,NULL),(90,NULL,19,'test',0,0,'item_lesson','','',2,NULL,0,'clgxtuzxm000e356i0ihhycjj',41,NULL,NULL,NULL,0,'','','','',0,NULL,58,NULL,NULL),(91,NULL,19,'test2',0,0,'item_lesson','','',3,NULL,NULL,'clgxtx0e3000m356gg9nlvqsa',41,NULL,NULL,NULL,0,'','','','',0,NULL,NULL,NULL,NULL),(99,NULL,21,'MODULEEE',0,0,'item_module','','',0,NULL,1,'clh4rzsuh0005356ij517tzln',41,NULL,NULL,'',0,NULL,NULL,NULL,NULL,NULL,NULL,NULL,300,NULL),(100,NULL,21,'MODULEEE 2',0,0,'item_module','','',1,NULL,1,'clh4s036t004g356ify5svo6x',41,NULL,NULL,'',0,NULL,NULL,NULL,NULL,NULL,NULL,NULL,540,NULL),(101,103,NULL,'l\'exerciceee',0,0,'item_exercise','','',0,NULL,NULL,'clgza9xfq000h356iffqwsd7h',NULL,NULL,NULL,NULL,NULL,NULL,NULL,NULL,NULL,NULL,NULL,NULL,NULL,NULL),(102,104,NULL,'EXERCICEEE 2',0,0,'item_exercise','','',0,NULL,NULL,'clh4s0h59007d356ict5xx595',NULL,NULL,NULL,NULL,NULL,NULL,NULL,NULL,NULL,NULL,NULL,NULL,NULL,NULL),(103,105,NULL,'zfef',0,0,'item_phase','','',0,NULL,1,'clh4rzqb40002356i1ruo61oq',NULL,NULL,NULL,NULL,NULL,NULL,NULL,NULL,NULL,NULL,NULL,NULL,NULL,NULL),(104,106,NULL,'CUSTOM PHASEEE',0,0,'item_phase','','',0,NULL,1,'clh4s0d8s006m356i78e60a2c',NULL,NULL,NULL,NULL,NULL,NULL,NULL,NULL,NULL,NULL,NULL,NULL,NULL,NULL),(105,99,NULL,'leçonnn',0,0,'item_lesson','','',0,NULL,1,'clgza9s550003356i2tb4k4gv',41,NULL,NULL,NULL,0,'','','','',0,NULL,NULL,NULL,NULL),(106,100,NULL,'LEÇONNN 2',0,0,'item_lesson','','',0,NULL,1,'clh4s07v7005l356icjfptjl6',41,NULL,NULL,NULL,0,'','','','',0,NULL,NULL,NULL,NULL),(125,NULL,22,'CUSTOM GROUPE',0,0,'item_modules_group','','',0,NULL,1,'clhajr44r0005356gndo7miqp',NULL,NULL,NULL,NULL,NULL,NULL,NULL,NULL,NULL,NULL,NULL,NULL,NULL,NULL),(126,128,NULL,'l\'exerciceee',0,0,'item_exercise','','',0,NULL,NULL,'clhaibi7k0007356igc8bhsk3',42,61,NULL,NULL,NULL,NULL,NULL,NULL,NULL,NULL,NULL,60,NULL,NULL),(127,129,NULL,'l\'exerciceee 2',0,0,'item_exercise','','',0,NULL,NULL,'clhaibmcm000u356i9jzgwav9',41,NULL,NULL,NULL,NULL,NULL,NULL,NULL,NULL,NULL,NULL,57,NULL,NULL),(128,130,NULL,'d\'exercicesss',0,0,'item_exercises_group','','',0,NULL,1,'clhajdrh8002s356iouraybkw',42,61,NULL,NULL,NULL,NULL,NULL,NULL,NULL,NULL,NULL,NULL,NULL,NULL),(129,131,NULL,'d\'exercicesss 2',0,0,'item_exercises_group','','',0,NULL,1,'clhajdykk007f356ivw3wpsco',42,60,NULL,NULL,NULL,NULL,NULL,NULL,NULL,NULL,NULL,NULL,NULL,NULL),(130,132,NULL,'Abbréviation',0,0,'item_phase','','',0,NULL,1,'clhajcp82000i356i8i8mkx4p',42,61,NULL,NULL,NULL,NULL,NULL,NULL,NULL,NULL,NULL,NULL,NULL,NULL),(131,133,NULL,'Abbréviation',0,0,'item_phase','','',0,NULL,1,'clhajcp82000i356i8i8mkx4p',42,60,NULL,NULL,NULL,NULL,NULL,NULL,NULL,NULL,NULL,NULL,NULL,NULL),(132,134,NULL,'leçonnn',0,0,'item_lesson','','',0,NULL,1,'clgzazz930001356epi5lr1r3',42,61,NULL,NULL,0,'','','','',0,NULL,60,NULL,NULL),(133,134,NULL,'LEÇONNN 2',0,0,'item_lesson','','',1,NULL,1,'clh9bt0wp0003356ilvm2cnwt',42,NULL,NULL,NULL,0,'','','','',0,NULL,60,NULL,NULL),(134,125,NULL,'MODULEEE',0,0,'item_module','','',0,NULL,1,'clhajr7u3000k356g9upwdakh',7,NULL,NULL,'',0,NULL,NULL,NULL,NULL,NULL,NULL,NULL,NULL,NULL),(135,NULL,20,'CUSTOM GROUPE',0,0,'item_modules_group','','',0,NULL,1,'clhc0xixn0003356g9bbnjmj9',41,58,NULL,NULL,NULL,NULL,NULL,NULL,NULL,NULL,NULL,NULL,NULL,NULL),(136,137,NULL,'zefzeff',0,0,'item_exercise','','',0,NULL,NULL,'clgz7i3l70001356g0nwjjmoc',42,61,NULL,NULL,NULL,NULL,NULL,NULL,NULL,NULL,NULL,60,NULL,NULL),(137,138,NULL,'fzefff',0,0,'item_phase','','',0,NULL,1,'clhc0x5750000356gpg0d84ud',42,61,NULL,NULL,NULL,NULL,NULL,NULL,NULL,NULL,NULL,NULL,NULL,NULL),(138,139,NULL,'zefefezf',0,0,'item_lesson','','',0,NULL,1,'clgz7i5950007356gorrkrfog',42,61,NULL,NULL,0,'','','','',0,NULL,NULL,NULL,NULL),(139,135,NULL,'MODULEEE ',0,0,'item_module','','',0,NULL,1,'clhc0xzn8000g356gykxp5z6k',42,61,NULL,'',0,NULL,NULL,NULL,NULL,NULL,NULL,NULL,NULL,NULL),(140,137,NULL,'l\'exerciceee',0,0,'item_exercise','','',1,NULL,NULL,'clheq7d7k000f356ixy8v0aor',43,NULL,NULL,NULL,NULL,NULL,NULL,NULL,NULL,NULL,NULL,63,NULL,NULL),(141,144,NULL,'l\'exerciceee',0,0,'item_exercise','','',0,11,NULL,'clhglycoh000e356ishdt89em',42,NULL,NULL,NULL,NULL,NULL,NULL,NULL,NULL,NULL,NULL,NULL,NULL,NULL),(142,144,NULL,'l\'exerciceee 2',0,0,'item_exercise','','',1,NULL,NULL,'clhglytah0017356ilwr0m19d',42,NULL,NULL,NULL,NULL,NULL,NULL,NULL,NULL,NULL,NULL,NULL,NULL,NULL),(143,145,NULL,'l\'exerciceee 2',0,0,'item_exercise','','',0,NULL,NULL,'clhglytah0017356ilwr0m19d',42,NULL,NULL,NULL,NULL,NULL,NULL,NULL,NULL,NULL,NULL,NULL,NULL,NULL),(144,NULL,23,'leçonnn',0,0,'item_lesson','','',0,NULL,1,'clhgly7mj0001356ix2f4s6qw',NULL,NULL,NULL,NULL,0,'','','','',0,NULL,NULL,NULL,NULL),(145,NULL,23,'leçonnn 2',0,0,'item_lesson','','',1,NULL,1,'clhglyydo0027356i5748ajol',NULL,NULL,NULL,NULL,0,'','','','',0,NULL,NULL,NULL,NULL),(146,152,NULL,'étapes',0,0,'item_exercise_item','','',0,NULL,NULL,NULL,NULL,NULL,NULL,NULL,NULL,NULL,NULL,NULL,NULL,NULL,1,NULL,NULL,NULL),(147,152,NULL,'étapes 2',0,0,'item_exercise_item','','',1,NULL,NULL,NULL,NULL,NULL,NULL,NULL,NULL,NULL,NULL,NULL,NULL,NULL,1,NULL,NULL,NULL),(148,152,NULL,'étapes 3',0,0,'item_exercise_item','','',2,NULL,NULL,NULL,NULL,NULL,NULL,NULL,NULL,NULL,NULL,NULL,NULL,NULL,0,NULL,NULL,NULL),(149,153,NULL,'étapes 3 - 1',0,0,'item_exercise_item','','',0,NULL,NULL,NULL,NULL,NULL,NULL,NULL,NULL,NULL,NULL,NULL,NULL,NULL,1,NULL,NULL,NULL),(150,153,NULL,'étapes 3 - 2',0,0,'item_exercise_item','','',1,NULL,NULL,NULL,NULL,NULL,NULL,NULL,NULL,NULL,NULL,NULL,NULL,NULL,0,NULL,NULL,NULL),(151,153,NULL,'étapes 3 - 3',0,0,'item_exercise_item','','',2,NULL,NULL,NULL,NULL,NULL,NULL,NULL,NULL,NULL,NULL,NULL,NULL,NULL,0,NULL,NULL,NULL),(152,155,NULL,'EXERCICEEE',0,0,'item_exercise','','',0,NULL,NULL,'clhl1qr9c000z356enzoubj80',41,NULL,NULL,NULL,NULL,NULL,NULL,NULL,NULL,NULL,NULL,58,NULL,NULL),(153,155,NULL,'EXERCICEEE 3',0,0,'item_exercise','','',1,NULL,NULL,'clhl1r08h0033356e7f57ney3',41,NULL,NULL,NULL,NULL,NULL,NULL,NULL,NULL,NULL,NULL,57,NULL,NULL),(154,156,NULL,'EXERCICEEE 2',0,0,'item_exercise','','',0,NULL,NULL,'clhl1qvlf0028356euuyjrzq2',41,NULL,NULL,NULL,NULL,NULL,NULL,NULL,NULL,NULL,NULL,57,NULL,NULL),(155,NULL,24,'LEÇONNN',0,0,'item_lesson','','',0,NULL,1,'clhl1p8rd0001356e0gagffdf',42,NULL,NULL,NULL,0,'','','','',0,NULL,61,NULL,NULL),(156,NULL,24,'LEÇONNN 2',0,0,'item_lesson','','',1,NULL,1,'clhl1qm7z000h356ee3g4r4r7',43,NULL,NULL,NULL,0,'','','','',0,NULL,63,NULL,NULL),(157,161,NULL,'LEÇONNN',0,0,'item_exercise','','',0,NULL,NULL,'clhm0pm20000u356elh0jto1p',43,NULL,NULL,NULL,NULL,NULL,NULL,NULL,NULL,NULL,NULL,NULL,NULL,NULL),(158,161,NULL,'LEÇONNN 2',0,0,'item_exercise','','',1,NULL,NULL,'clhm0pped001g356eefwzcqxf',43,NULL,NULL,NULL,NULL,NULL,NULL,NULL,NULL,NULL,NULL,NULL,NULL,NULL),(159,161,NULL,'LEÇONNN 3',0,0,'item_exercise','','',2,NULL,NULL,'clhm0q1cc002i356edmohke1d',43,NULL,NULL,NULL,NULL,NULL,NULL,NULL,NULL,NULL,NULL,NULL,NULL,NULL),(160,162,NULL,'LEÇONNN 2',0,0,'item_exercise','','',0,NULL,NULL,'clhm0pped001g356eefwzcqxf',43,NULL,NULL,NULL,NULL,NULL,NULL,NULL,NULL,NULL,NULL,NULL,NULL,NULL),(161,NULL,25,'LEÇONNN ',0,0,'item_lesson','','',0,NULL,1,'clhm0pevy0001356eygs43jot',NULL,NULL,NULL,NULL,0,'','','','',0,NULL,NULL,NULL,NULL),(162,NULL,25,'LEÇONNN 2',0,0,'item_lesson','','',1,NULL,1,'clhm0pgwh0007356el0yg71q6',NULL,NULL,NULL,NULL,0,'','','','',0,NULL,NULL,NULL,NULL),(163,164,NULL,'EXERCICEEE',0,0,'item_exercise','','',0,16,NULL,'clhn6va900034356e6f5w1aoc',44,67,NULL,NULL,NULL,NULL,NULL,NULL,NULL,NULL,NULL,67,NULL,NULL),(164,165,NULL,'LEÇONNN',0,0,'item_lesson','','',0,NULL,1,'clhn6v312002b356eepq4s5x9',41,58,NULL,NULL,0,'','','','',0,NULL,NULL,NULL,NULL),(165,166,NULL,'MODULEEE',0,0,'item_module','','',0,NULL,1,'clhn6uolw000r356em3ual5z7',42,61,NULL,'',0,NULL,NULL,NULL,NULL,NULL,NULL,NULL,NULL,NULL),(166,NULL,26,'CUSTOM GROUPE',0,0,'item_modules_group','','',0,NULL,1,'clhn6u9bm0001356e0hsxuw1m',43,64,NULL,NULL,NULL,NULL,NULL,NULL,NULL,NULL,NULL,NULL,NULL,NULL),(167,126,NULL,'étapes',0,0,'item_exercise_item','','',0,NULL,NULL,NULL,NULL,NULL,NULL,NULL,NULL,NULL,NULL,NULL,NULL,NULL,1,NULL,NULL,NULL),(168,126,NULL,'étapes 2',0,0,'item_exercise_item','','',1,NULL,NULL,NULL,NULL,NULL,NULL,NULL,NULL,NULL,NULL,NULL,NULL,NULL,0,NULL,NULL,NULL),(169,NULL,27,'CUSTOM GROUPE',0,0,'item_modules_group','','',0,NULL,1,'clhqn3nhz0001356e0ajstbye',41,NULL,NULL,NULL,NULL,NULL,NULL,NULL,NULL,NULL,NULL,NULL,NULL,NULL),(170,NULL,27,'CUSTOM GROUPE 2',0,0,'item_modules_group','','',1,NULL,1,'clhqn3pim0007356edp0umcdy',NULL,NULL,NULL,NULL,NULL,NULL,NULL,NULL,NULL,NULL,NULL,NULL,NULL,NULL),(171,169,NULL,'MODULEEE',0,0,'item_module','','',0,NULL,1,'clhqn41qn0016356e42tukvjf',41,NULL,NULL,'',1,NULL,NULL,NULL,NULL,NULL,NULL,NULL,NULL,NULL),(172,169,NULL,'MODULEEE 2',0,0,'item_module','','',1,NULL,1,'clhqn45lc001w356e8eb2dwpw',42,NULL,NULL,'',1,NULL,NULL,NULL,NULL,NULL,NULL,NULL,NULL,NULL),(173,170,NULL,'MODULEEE',0,0,'item_module','','',0,NULL,1,'clhqn41qn0016356e42tukvjf',43,NULL,NULL,'',1,NULL,NULL,NULL,NULL,NULL,NULL,NULL,NULL,NULL),(174,171,NULL,'LEÇONNN',0,0,'item_lesson','','',0,NULL,1,'clhqmy6di0001356eu93zts6f',42,NULL,NULL,NULL,1,'','','','',0,NULL,NULL,NULL,NULL),(175,172,NULL,'LEÇONNN 2',0,0,'item_lesson','','',0,NULL,1,'clhqqea8r002j356e6u0yon3g',42,NULL,NULL,NULL,1,'','','','',0,NULL,NULL,NULL,NULL),(176,173,NULL,'LEÇONNN',0,0,'item_lesson','','',0,NULL,1,'clhqmy6di0001356eu93zts6f',43,NULL,NULL,NULL,1,'','','','',0,NULL,NULL,NULL,NULL),(177,173,NULL,'LEÇONNN 2',0,0,'item_lesson','','',1,NULL,1,'clhqqea8r002j356e6u0yon3g',43,NULL,NULL,NULL,1,'','','','',0,NULL,NULL,NULL,NULL),(178,174,NULL,'EXERCICEEE',0,0,'item_exercise','','',0,NULL,NULL,'clhqqe1ea000f356emzxoy6ai',42,NULL,NULL,NULL,NULL,NULL,NULL,NULL,NULL,NULL,NULL,NULL,NULL,NULL),(179,175,NULL,'EXERCICEEE 2',0,0,'item_exercise','','',0,NULL,NULL,'clhqqeqjh0064356esz1swju3',42,NULL,NULL,NULL,NULL,NULL,NULL,NULL,NULL,NULL,NULL,NULL,NULL,NULL),(180,176,NULL,'EXERCICEEE',0,0,'item_exercise','','',0,NULL,NULL,'clhqqe1ea000f356emzxoy6ai',43,NULL,NULL,NULL,NULL,NULL,NULL,NULL,NULL,NULL,NULL,NULL,NULL,NULL),(181,176,NULL,'EXERCICEEE 3',0,0,'item_exercise','','',1,NULL,NULL,'clhqqexhr007e356e9fgwp1e3',43,NULL,NULL,NULL,NULL,NULL,NULL,NULL,NULL,NULL,NULL,NULL,NULL,NULL),(182,177,NULL,'EXERCICEEE 3',0,0,'item_exercise','','',0,NULL,NULL,'clhqqexhr007e356e9fgwp1e3',43,NULL,NULL,NULL,NULL,NULL,NULL,NULL,NULL,NULL,NULL,NULL,NULL,NULL),(183,186,NULL,'EXERCICEEE',0,0,'item_exercise','','',0,NULL,NULL,'clhruv14g000h356er3t8yq0c',41,NULL,NULL,NULL,NULL,NULL,NULL,NULL,NULL,NULL,NULL,NULL,NULL,NULL),(184,187,NULL,'EXERCICEEE',0,0,'item_exercise','','',0,NULL,NULL,'clhruv14g000h356er3t8yq0c',41,NULL,NULL,NULL,NULL,NULL,NULL,NULL,NULL,NULL,NULL,NULL,NULL,NULL),(185,187,NULL,'EXERCICEEE 2',0,0,'item_exercise','','',1,NULL,NULL,'clhruva5f001z356ewam6gdpm',41,NULL,NULL,NULL,NULL,NULL,NULL,NULL,NULL,NULL,NULL,NULL,NULL,NULL),(186,NULL,28,'LEÇONNN',0,0,'item_lesson','','',0,NULL,1,'clhruuwnd0001356ep4atmwbb',42,NULL,NULL,NULL,1,'','','','',0,NULL,NULL,NULL,NULL),(187,NULL,28,'LEÇONNN 2',0,0,'item_lesson','','',1,NULL,1,'clhruv69k001e356eladedkj0',42,NULL,NULL,NULL,1,'','','','',0,NULL,NULL,NULL,NULL),(191,NULL,29,'CUSTOM GROUPE',0,0,'item_modules_group','','',0,NULL,1,'clhthesgs0001356e19r14sqz',NULL,NULL,NULL,NULL,NULL,NULL,NULL,NULL,NULL,NULL,NULL,NULL,NULL,NULL),(192,193,NULL,'fzefff',0,0,'item_phase','','',0,NULL,NULL,'clhthslod0000356eul1xfqij',NULL,NULL,NULL,NULL,NULL,NULL,NULL,NULL,NULL,NULL,NULL,NULL,NULL,NULL),(193,194,NULL,'LEÇONNN',0,0,'item_lesson','','',0,NULL,1,'clhthf0jp0018356eol9eh9bo',NULL,NULL,NULL,NULL,0,'','','','',0,NULL,NULL,NULL,NULL),(194,191,NULL,'MODULEEE',0,0,'item_module','','',0,NULL,1,'clhthewls000g356e4r4lpcdn',NULL,NULL,NULL,'',0,NULL,NULL,NULL,NULL,NULL,NULL,NULL,NULL,NULL),(195,198,NULL,'EXERCICEEE',0,0,'item_exercise','','',0,NULL,NULL,'clhruv14g000h356er3t8yq0c',41,NULL,NULL,NULL,NULL,NULL,NULL,NULL,NULL,NULL,NULL,NULL,NULL,NULL),(196,199,NULL,'EXERCICEEE',0,0,'item_exercise','','',0,NULL,NULL,'clhruv14g000h356er3t8yq0c',41,NULL,NULL,NULL,NULL,NULL,NULL,NULL,NULL,NULL,NULL,NULL,NULL,NULL),(197,199,NULL,'EXERCICEEE 2',0,0,'item_exercise','','',1,NULL,NULL,'clhruva5f001z356ewam6gdpm',41,NULL,NULL,NULL,NULL,NULL,NULL,NULL,NULL,NULL,NULL,NULL,NULL,NULL),(198,NULL,34,'LEÇONNN',0,0,'item_lesson','','',0,NULL,1,'clhruuwnd0001356ep4atmwbb',42,NULL,NULL,NULL,1,'','','','',0,NULL,NULL,NULL,NULL),(199,NULL,34,'LEÇONNN 2',0,0,'item_lesson','','',1,NULL,1,'clhruv69k001e356eladedkj0',42,NULL,NULL,NULL,1,'','','','',0,NULL,NULL,NULL,NULL),(237,241,NULL,'EXERCICEEE',0,0,'item_exercise','','',0,NULL,NULL,'clhzbp7vv00a4356e55njra49',42,NULL,NULL,NULL,NULL,NULL,NULL,NULL,NULL,NULL,NULL,NULL,NULL,NULL),(238,241,NULL,'EXERCICEEE 3',0,0,'item_exercise','','',1,NULL,NULL,'clhzbpfus00ae356eq3v7mzzg',42,NULL,NULL,NULL,NULL,NULL,NULL,NULL,NULL,NULL,NULL,NULL,NULL,NULL),(239,242,NULL,'EXERCICEEE 2',0,0,'item_exercise','','',0,NULL,NULL,'clhzbp9zv00a8356egcdck8lw',42,NULL,NULL,NULL,NULL,NULL,NULL,NULL,NULL,NULL,NULL,NULL,NULL,NULL),(240,243,NULL,'EXERCICEEE 3',0,0,'item_exercise','','',0,NULL,NULL,'clhzbpfus00ae356eq3v7mzzg',42,NULL,NULL,NULL,NULL,NULL,NULL,NULL,NULL,NULL,NULL,NULL,NULL,NULL),(241,NULL,41,'LEÇONNN',0,0,'item_lesson','','',0,NULL,1,'clhzbox2q008j356el5d7n5za',NULL,NULL,NULL,NULL,0,'','','','',0,NULL,NULL,NULL,NULL),(242,NULL,41,'LEÇONNN 2',0,0,'item_lesson','','',1,NULL,1,'clhzboz6q008n356ew6obb7qj',NULL,NULL,NULL,NULL,0,'','','','',0,NULL,NULL,NULL,NULL),(243,NULL,41,'LEÇONNN 3',0,0,'item_lesson','','',2,NULL,1,'clhzbp1yb008t356e5iz7be9b',NULL,NULL,NULL,NULL,0,'','','','',0,NULL,NULL,NULL,NULL),(244,NULL,42,'LEÇONNN',0,0,'item_lesson','','',0,NULL,NULL,'cli1idhih0001356eta9lfuxa',41,NULL,NULL,NULL,1,'','','','',0,NULL,NULL,75,NULL),(245,NULL,42,'LEÇONNN 2',0,0,'item_lesson','','',1,NULL,NULL,'cli1idlcy000f356ekpn06xuz',41,NULL,NULL,NULL,1,'','','','',0,NULL,NULL,120,NULL),(246,NULL,42,'LEÇONNN 3',0,0,'item_lesson','','',2,NULL,NULL,'cli1idnqq000j356el58yl425',41,NULL,NULL,NULL,1,'','','','',0,NULL,NULL,105,NULL),(247,NULL,43,'LEÇONNN',0,0,'item_lesson','','',0,NULL,1,'cli1wh8510001356e59loyhu5',41,NULL,NULL,NULL,1,'','','','',0,NULL,NULL,NULL,NULL),(248,NULL,43,'LEÇONNN 2',0,0,'item_lesson','','',1,NULL,1,'cli1whbph000f356ea2mtbjbt',41,NULL,NULL,NULL,1,'','','','',0,NULL,NULL,NULL,NULL),(249,247,NULL,'EXERCICEEE',0,0,'item_exercise','','',0,NULL,NULL,'cli1x93tl0007356e039k5p5k',41,NULL,NULL,NULL,NULL,NULL,NULL,NULL,NULL,NULL,NULL,NULL,NULL,NULL),(250,247,NULL,'EXERCICEEE 2',0,0,'item_exercise','','',1,NULL,NULL,'cli1x98u2000y356eco0pqfsc',41,NULL,NULL,NULL,NULL,NULL,NULL,NULL,NULL,NULL,NULL,NULL,NULL,NULL),(251,248,NULL,'EXERCICEEE',0,0,'item_exercise','','',0,NULL,NULL,'cli1x93tl0007356e039k5p5k',41,NULL,NULL,NULL,NULL,NULL,NULL,NULL,NULL,NULL,NULL,NULL,NULL,NULL),(252,NULL,44,'LEÇONNN',0,0,'item_lesson','','',0,NULL,NULL,'cli2vu7aq0001356eb9dyy6so',NULL,NULL,NULL,NULL,0,'','','','',0,NULL,NULL,600,NULL),(253,259,NULL,'EXERCICEEE 2',0,0,'item_exercise','','',0,NULL,NULL,'cli2wq2hn001a356ed1uhqicm',42,NULL,NULL,NULL,NULL,NULL,NULL,NULL,NULL,NULL,NULL,60,NULL,NULL),(254,259,NULL,'EXERCICEEE',0,0,'item_exercise','','',1,NULL,NULL,'cli2wq03f0016356e50crf79d',42,NULL,NULL,NULL,NULL,NULL,NULL,NULL,NULL,NULL,NULL,61,NULL,NULL),(255,260,NULL,'EXERCICEEE 3',0,0,'item_exercise','','',0,NULL,NULL,'cli2wq4yk001g356e71cr1og2',42,NULL,NULL,NULL,NULL,NULL,NULL,NULL,NULL,NULL,NULL,60,NULL,NULL),(256,260,NULL,'EXERCICEEE 2',0,0,'item_exercise','','',1,NULL,NULL,'cli2wq2hn001a356ed1uhqicm',42,NULL,NULL,NULL,NULL,NULL,NULL,NULL,NULL,NULL,NULL,61,NULL,NULL),(257,261,NULL,'EXERCICEEE 3',0,0,'item_exercise','','',0,NULL,NULL,'cli2wq4yk001g356e71cr1og2',42,NULL,NULL,NULL,NULL,NULL,NULL,NULL,NULL,NULL,NULL,61,NULL,NULL),(258,261,NULL,'EXERCICEEE',0,0,'item_exercise','','',1,NULL,NULL,'cli2wq03f0016356e50crf79d',42,NULL,NULL,NULL,NULL,NULL,NULL,NULL,NULL,NULL,NULL,61,NULL,NULL),(259,NULL,45,'LEÇONNN',0,0,'item_lesson','','',0,NULL,1,'cli2wpprv0001356e1kj48tkm',41,NULL,NULL,NULL,0,'','','','',0,NULL,57,NULL,NULL),(260,NULL,45,'LEÇONNN 2',0,0,'item_lesson','','',1,NULL,1,'cli2wpst7000f356eq4kuca5e',41,NULL,NULL,NULL,0,'','','','',0,NULL,58,NULL,NULL),(261,NULL,45,'LEÇONNN 3',0,0,'item_lesson','','',2,NULL,1,'cli2wpvre000r356eyczghszm',41,NULL,NULL,NULL,0,'','','','',0,NULL,57,NULL,NULL),(262,269,NULL,'EXERCICEEE 2',0,0,'item_exercise','','',0,NULL,NULL,'cli33erkc003a356ef7ym1u8j',41,NULL,NULL,NULL,NULL,NULL,NULL,NULL,NULL,NULL,NULL,NULL,NULL,NULL),(263,269,NULL,'EXERCICEEE',0,0,'item_exercise','','',1,NULL,NULL,'cli33en2k001w356ev4credjb',41,NULL,NULL,NULL,NULL,NULL,NULL,NULL,NULL,NULL,NULL,NULL,NULL,NULL),(264,270,NULL,'EXERCICEEE 2',0,0,'item_exercise','','',0,NULL,NULL,'cli33erkc003a356ef7ym1u8j',41,NULL,NULL,NULL,NULL,NULL,NULL,NULL,NULL,NULL,NULL,NULL,NULL,NULL),(265,270,NULL,'EXERCICEEE 3',0,0,'item_exercise','','',1,NULL,NULL,'cli33euvb0044356eg1rm9798',41,NULL,NULL,NULL,NULL,NULL,NULL,NULL,NULL,NULL,NULL,NULL,NULL,NULL),(266,271,NULL,'EXERCICEEE 2',0,0,'item_exercise','','',0,NULL,NULL,'cli33erkc003a356ef7ym1u8j',41,NULL,NULL,NULL,NULL,NULL,NULL,NULL,NULL,NULL,NULL,NULL,NULL,NULL),(267,271,NULL,'EXERCICEEE 3',0,0,'item_exercise','','',1,NULL,NULL,'cli33euvb0044356eg1rm9798',41,NULL,NULL,NULL,NULL,NULL,NULL,NULL,NULL,NULL,NULL,NULL,NULL,NULL),(268,271,NULL,'EXERCICEEE',0,0,'item_exercise','','',2,NULL,NULL,'cli33en2k001w356ev4credjb',41,NULL,NULL,NULL,NULL,NULL,NULL,NULL,NULL,NULL,NULL,NULL,NULL,NULL),(269,NULL,46,'LEÇONNN',0,0,'item_lesson','','',0,NULL,1,'cli33ea3e0001356ebg981cwn',43,NULL,NULL,NULL,0,'','','','',0,NULL,NULL,NULL,NULL),(270,NULL,46,'LEÇONNN 2',0,0,'item_lesson','','',1,NULL,1,'cli33ec0a0003356e05zblr6k',43,NULL,NULL,NULL,0,'','','','',0,NULL,NULL,NULL,NULL),(271,NULL,46,'LEÇONNN 3',0,0,'item_lesson','','',2,NULL,1,'cli33edxj0005356em0wzajp9',43,NULL,NULL,NULL,0,'','','','',0,NULL,NULL,NULL,NULL),(274,NULL,48,'LEÇONNN',0,0,'item_lesson','','',0,NULL,NULL,'cli377isu0002356etze9tpzh',41,NULL,NULL,NULL,0,'','','','',0,NULL,NULL,NULL,NULL),(275,NULL,48,'LEÇONNN 2',0,0,'item_lesson','','',1,NULL,NULL,'cli377kvc0004356euf4ku8g0',41,NULL,NULL,NULL,0,'','','','',0,NULL,NULL,NULL,NULL),(286,NULL,49,'L1',0,0,'item_lesson','','',0,NULL,NULL,'cli4nqnx50003356ei8xmkaxn',29,NULL,NULL,NULL,0,'','','','',0,NULL,NULL,NULL,NULL),(287,NULL,49,'L2',0,0,'item_lesson','','',1,NULL,NULL,'cli4nqr120009356efgpyvx6p',29,NULL,NULL,NULL,0,'','','','',0,NULL,NULL,NULL,NULL),(288,NULL,50,'LEÇONNN',0,0,'item_lesson','','',0,NULL,NULL,'clicwlr3k0001356e06abkozp',41,NULL,NULL,NULL,0,'','','','',0,NULL,NULL,5,5),(289,NULL,50,'LEÇONNN 2',0,0,'item_lesson','','',1,NULL,NULL,'clicwm39l000h356e7tmt9a32',41,NULL,NULL,NULL,0,'','','','',0,NULL,NULL,5,NULL),(290,NULL,50,'LEÇONNN 3',0,0,'item_lesson','','',2,NULL,NULL,'clicwm6b7000l356e15gvjzhg',41,NULL,NULL,NULL,0,'','','','',0,NULL,NULL,10,NULL),(291,NULL,50,'LEÇONNN 4',0,0,'item_lesson','','',3,NULL,NULL,'clicwm8sp000r356ewmc3jq30',41,NULL,NULL,NULL,0,'','','','',0,NULL,NULL,10,NULL),(301,NULL,47,'CUSTOM GROUPE',300,0,'item_modules_group','','',0,NULL,1,'clieohtk40001356gw79h4tu7',NULL,NULL,NULL,NULL,NULL,NULL,NULL,NULL,NULL,NULL,NULL,NULL,NULL,NULL),(302,NULL,47,'CUSTOM GROUPE 2',300,0,'item_modules_group','','',1,NULL,1,'clieohxt1000f356gyum9d8s3',NULL,NULL,NULL,NULL,NULL,NULL,NULL,NULL,NULL,NULL,NULL,NULL,NULL,NULL),(303,312,NULL,'LEÇONNN',120,0,'item_lesson','','',0,NULL,1,'cli3548i90001356e4htoxi6m',42,NULL,NULL,NULL,0,'','','','',0,NULL,NULL,NULL,NULL),(304,312,NULL,'LEÇONNN 2',60,0,'item_lesson','','',1,NULL,1,'cli354ahl0003356eb5ajkysj',42,NULL,NULL,NULL,0,'','','','',0,NULL,NULL,NULL,NULL),(305,313,NULL,'LEÇONNN 2',60,0,'item_lesson','','',0,NULL,1,'cli354ahl0003356eb5ajkysj',42,NULL,NULL,NULL,0,'','','','',0,NULL,NULL,NULL,NULL),(306,313,NULL,'LEÇONNN 3',60,0,'item_lesson','','',1,NULL,1,'cliel6qxp000v356gwnjlbbuc',42,NULL,NULL,NULL,0,'','','','',0,NULL,NULL,NULL,NULL),(307,314,NULL,'LEÇONNN',0,0,'item_lesson','','',0,NULL,1,'cli3548i90001356e4htoxi6m',NULL,NULL,NULL,NULL,0,'','','','',0,NULL,NULL,NULL,NULL),(308,314,NULL,'LEÇONNN 3',0,0,'item_lesson','','',1,NULL,1,'cliel6qxp000v356gwnjlbbuc',NULL,NULL,NULL,NULL,0,'','','','',0,NULL,NULL,NULL,NULL),(309,315,NULL,'LEÇONNN 3',0,0,'item_lesson','','',0,NULL,1,'cliel6qxp000v356gwnjlbbuc',NULL,NULL,NULL,NULL,0,'','','','',0,NULL,NULL,NULL,NULL),(310,315,NULL,'LEÇONNN 2',0,0,'item_lesson','','',1,NULL,1,'cli354ahl0003356eb5ajkysj',NULL,NULL,NULL,NULL,0,'','','','',0,NULL,NULL,NULL,NULL),(311,315,NULL,'LEÇONNN',0,0,'item_lesson','','',2,NULL,1,'cli3548i90001356e4htoxi6m',NULL,NULL,NULL,NULL,0,'','','','',0,NULL,NULL,NULL,NULL),(312,301,NULL,'MODULEEE',180,0,'item_module','','',0,NULL,1,'clieoi2n2000t356gp1b8bezq',42,NULL,NULL,'',0,NULL,NULL,NULL,NULL,NULL,NULL,NULL,NULL,NULL),(313,301,NULL,'MODULEEE 2',120,0,'item_module','','',1,NULL,1,'clieoi5ry001w356gajl740kt',42,NULL,NULL,'',0,NULL,NULL,NULL,NULL,NULL,NULL,NULL,NULL,NULL),(314,302,NULL,'MODULEEE 3',0,0,'item_module','','',0,NULL,1,'clieoidnq004w356gvd9oo61u',NULL,NULL,NULL,'',0,NULL,NULL,NULL,NULL,NULL,NULL,NULL,NULL,NULL),(315,302,NULL,'MODULEEE 4',0,0,'item_module','','',1,NULL,1,'clieoihav005k356gl75604t3',NULL,NULL,NULL,'',0,NULL,NULL,NULL,NULL,NULL,NULL,NULL,NULL,NULL),(316,303,NULL,'fzefff',0,0,'item_phase','','',0,NULL,1,'cliel6lpo0000356g8qeo9kj6',NULL,NULL,NULL,NULL,NULL,NULL,NULL,NULL,NULL,NULL,NULL,NULL,NULL,NULL),(317,304,NULL,'fzefff',0,0,'item_phase','','',0,NULL,1,'cliel6lpo0000356g8qeo9kj6',NULL,NULL,NULL,NULL,NULL,NULL,NULL,NULL,NULL,NULL,NULL,NULL,NULL,NULL),(318,305,NULL,'fzefff',0,0,'item_phase','','',0,NULL,1,'cliel6lpo0000356g8qeo9kj6',NULL,NULL,NULL,NULL,NULL,NULL,NULL,NULL,NULL,NULL,NULL,NULL,NULL,NULL),(319,306,NULL,'fzefff',0,0,'item_phase','','',0,NULL,1,'cliel6lpo0000356g8qeo9kj6',NULL,NULL,NULL,NULL,NULL,NULL,NULL,NULL,NULL,NULL,NULL,NULL,NULL,NULL),(320,307,NULL,'fzefff',0,0,'item_phase','','',0,NULL,1,'cliel6lpo0000356g8qeo9kj6',NULL,NULL,NULL,NULL,NULL,NULL,NULL,NULL,NULL,NULL,NULL,NULL,NULL,NULL),(321,308,NULL,'fzefff',0,0,'item_phase','','',0,NULL,1,'cliel6lpo0000356g8qeo9kj6',NULL,NULL,NULL,NULL,NULL,NULL,NULL,NULL,NULL,NULL,NULL,NULL,NULL,NULL),(322,309,NULL,'fzefff',0,0,'item_phase','','',0,NULL,1,'cliel6lpo0000356g8qeo9kj6',NULL,NULL,NULL,NULL,NULL,NULL,NULL,NULL,NULL,NULL,NULL,NULL,NULL,NULL),(323,310,NULL,'fzefff',0,0,'item_phase','','',0,NULL,1,'cliel6lpo0000356g8qeo9kj6',NULL,NULL,NULL,NULL,NULL,NULL,NULL,NULL,NULL,NULL,NULL,NULL,NULL,NULL),(324,311,NULL,'fzefff',0,0,'item_phase','','',0,NULL,NULL,'cliel6lpo0000356g8qeo9kj6',NULL,NULL,NULL,NULL,NULL,NULL,NULL,NULL,NULL,NULL,NULL,NULL,NULL,NULL),(325,316,NULL,'EXERCICEEE',0,0,'item_exercise','','',0,NULL,NULL,'cliel7059002q356gm7aucunx',NULL,NULL,NULL,NULL,NULL,NULL,NULL,NULL,NULL,NULL,NULL,NULL,NULL,NULL),(326,317,NULL,'EXERCICEEE 2',0,0,'item_exercise','','',0,NULL,NULL,'cliel72kl002u356g2xmazp6j',NULL,NULL,NULL,NULL,NULL,NULL,NULL,NULL,NULL,NULL,NULL,NULL,NULL,NULL),(327,318,NULL,'EXERCICEEE 2',0,0,'item_exercise','','',0,NULL,NULL,'cliel72kl002u356g2xmazp6j',NULL,NULL,NULL,NULL,NULL,NULL,NULL,NULL,NULL,NULL,NULL,NULL,NULL,NULL),(328,319,NULL,'EXERCICEEE',0,0,'item_exercise','','',0,NULL,NULL,'cliel7059002q356gm7aucunx',NULL,NULL,NULL,NULL,NULL,NULL,NULL,NULL,NULL,NULL,NULL,NULL,NULL,NULL),(329,320,NULL,'EXERCICEEE',0,0,'item_exercise','','',0,NULL,NULL,'cliel7059002q356gm7aucunx',NULL,NULL,NULL,NULL,NULL,NULL,NULL,NULL,NULL,NULL,NULL,NULL,NULL,NULL),(330,321,NULL,'EXERCICEEE 2',0,0,'item_exercise','','',0,NULL,NULL,'cliel72kl002u356g2xmazp6j',NULL,NULL,NULL,NULL,NULL,NULL,NULL,NULL,NULL,NULL,NULL,NULL,NULL,NULL),(331,322,NULL,'EXERCICEEE',0,0,'item_exercise','','',0,NULL,NULL,'cliel7059002q356gm7aucunx',NULL,NULL,NULL,NULL,NULL,NULL,NULL,NULL,NULL,NULL,NULL,NULL,NULL,NULL),(332,323,NULL,'EXERCICEEE 2',0,0,'item_exercise','','',0,NULL,NULL,'cliel72kl002u356g2xmazp6j',NULL,NULL,NULL,NULL,NULL,NULL,NULL,NULL,NULL,NULL,NULL,NULL,NULL,NULL),(346,NULL,51,'CUSTOM GROUPE',0,0,'item_modules_group','','',0,NULL,1,'clievuukp0051356gd7rr93x5',NULL,NULL,NULL,NULL,NULL,NULL,NULL,NULL,NULL,NULL,NULL,NULL,NULL,NULL),(347,NULL,51,'CUSTOM GROUPE 2',0,0,'item_modules_group','','',1,NULL,1,'clievuzw6005b356gs4tx9k7g',NULL,NULL,NULL,NULL,NULL,NULL,NULL,NULL,NULL,NULL,NULL,NULL,NULL,NULL),(350,352,NULL,'ihikhlbg',0,0,'item_lesson','','',0,NULL,1,'clievshlq000f356gnyeeage6',NULL,NULL,NULL,NULL,0,'','','','',0,NULL,NULL,NULL,NULL),(351,353,NULL,'L',0,0,'item_lesson','','',0,NULL,1,'cliephlx00003356gqwliuik3',NULL,NULL,NULL,NULL,0,'','','','',0,NULL,NULL,NULL,NULL),(352,346,NULL,'MODULEEE 2',0,0,'item_module','','',0,NULL,1,'clievvh3u0069356gqq0zlyw8',NULL,NULL,NULL,'',0,NULL,NULL,NULL,NULL,NULL,NULL,NULL,NULL,NULL),(353,347,NULL,'MODULEEE',0,0,'item_module','','',0,NULL,1,'clievvbv3005p356g9yyz462f',NULL,NULL,NULL,'',0,NULL,NULL,NULL,NULL,NULL,NULL,NULL,NULL,NULL),(354,350,NULL,'Abbréviation',0,0,'item_phase','','',0,NULL,1,'clilqyd770010356g2tommol3',NULL,NULL,NULL,NULL,NULL,NULL,NULL,NULL,NULL,NULL,NULL,NULL,NULL,NULL),(355,351,NULL,'Abbréviation',0,0,'item_phase','','',0,NULL,1,'clilqyd770010356g2tommol3',NULL,NULL,NULL,NULL,NULL,NULL,NULL,NULL,NULL,NULL,NULL,NULL,NULL,NULL),(356,354,NULL,'E',0,0,'item_exercise','','',0,NULL,NULL,'cliephr34001f356gzuvz66qk',NULL,NULL,NULL,NULL,NULL,NULL,NULL,NULL,NULL,NULL,NULL,NULL,NULL,NULL),(357,355,NULL,'E',0,0,'item_exercise','','',0,NULL,NULL,'cliephr34001f356gzuvz66qk',NULL,NULL,NULL,NULL,NULL,NULL,NULL,NULL,NULL,NULL,NULL,NULL,NULL,NULL),(358,363,NULL,'E',0,0,'item_exercise','','',0,NULL,NULL,'clin9tx9g002f356gcq053v8x',42,NULL,NULL,NULL,NULL,NULL,NULL,NULL,NULL,NULL,NULL,NULL,NULL,NULL),(359,364,NULL,'E 2',0,0,'item_exercise','','',0,NULL,NULL,'clin9tz6c002j356gb5j3mpwn',NULL,NULL,NULL,NULL,NULL,NULL,NULL,NULL,NULL,NULL,NULL,NULL,NULL,NULL),(360,365,NULL,'E 3',0,0,'item_exercise','','',0,NULL,NULL,'clin9u1ed002p356gbf39cg5t',NULL,NULL,NULL,NULL,NULL,NULL,NULL,NULL,NULL,NULL,NULL,NULL,NULL,NULL),(361,366,NULL,'E 4',0,0,'item_exercise','','',0,NULL,NULL,'clin9u3st002x356gtm20dguu',NULL,NULL,NULL,NULL,NULL,NULL,NULL,NULL,NULL,NULL,NULL,NULL,NULL,NULL),(362,367,NULL,'E 5',0,0,'item_exercise','','',0,NULL,NULL,'clin9u5la0037356gr61wye6w',NULL,NULL,NULL,NULL,NULL,NULL,NULL,NULL,NULL,NULL,NULL,NULL,NULL,NULL),(363,NULL,52,'LEÇONNN',0,0,'item_lesson','','',0,NULL,1,'clin9tiuj0001356gqk4rhp7l',41,NULL,NULL,NULL,0,'','','','',0,NULL,NULL,NULL,NULL),(364,NULL,52,'LEÇONNN 2',0,0,'item_lesson','','',1,NULL,1,'clin9tkwa0007356gzy7r5wit',41,NULL,NULL,NULL,0,'','','','',0,NULL,NULL,NULL,NULL),(365,NULL,52,'LEÇONNN 3',0,0,'item_lesson','','',2,NULL,1,'clin9tmob000d356g1b1cu6s5',41,NULL,NULL,NULL,0,'','','','',0,NULL,NULL,NULL,NULL),(366,NULL,52,'LEÇONNN 4',0,0,'item_lesson','','',3,NULL,1,'clin9tqdl001n356gq4xo0rid',41,NULL,NULL,NULL,0,'','','','',0,NULL,NULL,NULL,NULL),(367,NULL,52,'LEÇONNN 5',0,0,'item_lesson','','',4,NULL,1,'clin9tt5e001p356g22orzp9w',41,NULL,NULL,NULL,0,'','','','',0,NULL,NULL,NULL,NULL),(368,373,NULL,'E',0,0,'item_exercise','','',0,NULL,NULL,'cliog64g2003q356gbduwbnlr',42,NULL,NULL,NULL,NULL,NULL,NULL,NULL,NULL,NULL,NULL,61,NULL,NULL),(369,374,NULL,'E 2',0,0,'item_exercise','','',0,NULL,NULL,'cliog66g3003u356g1lkno9dz',42,NULL,NULL,NULL,NULL,NULL,NULL,NULL,NULL,NULL,NULL,60,NULL,NULL),(370,375,NULL,'E 3',0,0,'item_exercise','','',0,NULL,NULL,'cliog69jf003w356g6szbuios',42,NULL,NULL,NULL,NULL,NULL,NULL,NULL,NULL,NULL,NULL,60,NULL,NULL),(371,376,NULL,'E 4',0,0,'item_exercise','','',0,NULL,NULL,'cliog6cv80044356g5ruawnbj',42,NULL,NULL,NULL,NULL,NULL,NULL,NULL,NULL,NULL,NULL,61,NULL,NULL),(372,377,NULL,'E 5',0,0,'item_exercise','','',0,NULL,NULL,'cliog6eyc004e356gcldt6jab',42,NULL,NULL,NULL,NULL,NULL,NULL,NULL,NULL,NULL,NULL,60,NULL,NULL),(373,NULL,53,'LEÇONNN',0,0,'item_lesson','','',0,NULL,1,'cliog5mig0001356gf69jiiua',41,NULL,NULL,NULL,0,'','','','',0,NULL,57,NULL,NULL),(374,NULL,53,'LEÇONNN 2',0,0,'item_lesson','','',1,NULL,1,'cliog5p280007356g6dlg7r4p',41,NULL,NULL,NULL,0,'','','','',0,NULL,57,NULL,NULL),(375,NULL,53,'LEÇONNN 3',0,0,'item_lesson','','',2,NULL,1,'cliog5r4h000d356gqri0vaci',41,NULL,NULL,NULL,0,'','','','',0,NULL,58,NULL,NULL),(376,NULL,53,'LEÇONNN 4',0,0,'item_lesson','','',3,NULL,1,'cliog5u49000r356gqa41t294',41,NULL,NULL,NULL,0,'','','','',0,NULL,57,NULL,NULL),(377,NULL,53,'LEÇONNN 5',0,0,'item_lesson','','',4,NULL,1,'cliog5x0y0011356gy1d7hacp',41,NULL,NULL,NULL,0,'','','','',0,NULL,57,NULL,NULL),(394,NULL,54,'MODULEEE',0,0,'item_module','','',0,NULL,1,'cliq0a5v70001356gky5axkl9',42,NULL,NULL,'',0,NULL,NULL,NULL,NULL,NULL,NULL,60,NULL,NULL),(395,NULL,54,'MODULEEE 2',0,0,'item_module','','',1,NULL,1,'cliq0aokj003n356gky5ihftr',42,NULL,NULL,'',0,NULL,NULL,NULL,NULL,NULL,NULL,61,NULL,NULL),(396,394,NULL,'LEÇONNN',0,0,'item_lesson','','',0,NULL,NULL,'cliq0a9jd000d356glmpfc8o2',42,NULL,NULL,NULL,0,'','','','',0,NULL,61,NULL,NULL),(397,394,NULL,'LEÇONNN 2',0,0,'item_lesson','','',1,NULL,NULL,'cliq0abll000h356gzdj4p0qv',42,NULL,NULL,NULL,0,'','','','',0,NULL,60,NULL,NULL),(398,395,NULL,'LEÇONNN 3',0,0,'item_lesson','','',0,NULL,NULL,'cliq0adpd000n356g9s4x6qxk',42,NULL,NULL,NULL,0,'','','','',0,NULL,60,NULL,NULL),(399,395,NULL,'LEÇONNN 4',0,0,'item_lesson','','',1,NULL,NULL,'cliq0afxu000v356glp2om7c0',42,NULL,NULL,NULL,0,'','','','',0,NULL,61,NULL,NULL),(400,395,NULL,'LEÇONNN',0,0,'item_lesson','','',2,NULL,NULL,'cliq0a9jd000d356glmpfc8o2',42,NULL,NULL,NULL,0,'','','','',0,NULL,60,NULL,NULL),(428,NULL,62,'CUSTOM GROUPE',0,0,'item_modules_group','','',0,NULL,1,'clirqr28h0047356gkl5tomjs',41,57,NULL,NULL,NULL,NULL,NULL,NULL,NULL,NULL,NULL,57,NULL,NULL),(429,NULL,62,'CUSTOM GROUPE 2',0,0,'item_modules_group','','',1,NULL,1,'clirqrb8i004m356gkmyzj9b4',41,58,NULL,NULL,NULL,NULL,NULL,NULL,NULL,NULL,NULL,58,NULL,NULL),(430,435,NULL,'LEÇONNN',0,0,'item_lesson','','',0,NULL,NULL,'clirqsbcw00c9356gwa54mfjd',41,57,NULL,NULL,0,'','','','',0,NULL,57,NULL,NULL),(431,435,NULL,'LEÇONNN 2',0,0,'item_lesson','','',1,NULL,NULL,'clirqsgux00d6356g881gfsov',42,61,NULL,NULL,0,'','','','',0,NULL,61,NULL,NULL),(432,436,NULL,'LEÇONNN 3',0,0,'item_lesson','','',0,NULL,NULL,'clirqsmv200ey356g769if9hf',42,60,NULL,NULL,0,'','','','',0,NULL,60,NULL,NULL),(433,437,NULL,'LEÇONNN 4',0,0,'item_lesson','','',0,NULL,NULL,'clirqssbe00fp356gj3cv28he',41,58,NULL,NULL,0,'','','','',0,NULL,58,NULL,NULL),(434,438,NULL,'LEÇONNN 5',0,0,'item_lesson','','',0,NULL,NULL,'clirqsx5t00ge356glbfcgjh6',43,64,NULL,NULL,0,'','','','',0,NULL,64,NULL,NULL),(435,428,NULL,'MODULEEE',0,0,'item_module','','',0,NULL,1,'clirqri4b004z356gaggf05om',42,60,NULL,'',0,NULL,NULL,NULL,NULL,NULL,NULL,60,NULL,NULL),(436,428,NULL,'MODULEEE 2',0,0,'item_module','','',1,NULL,1,'clirqrlsk0063356gv9xrhe4x',42,61,NULL,'',0,NULL,NULL,NULL,NULL,NULL,NULL,61,NULL,NULL),(437,429,NULL,'MODULEEE 3',0,0,'item_module','','',0,NULL,1,'clirqru5f008n356gi1wlr7vd',42,61,NULL,'',0,NULL,NULL,NULL,NULL,NULL,NULL,61,NULL,NULL),(438,429,NULL,'MODULEEE 4',0,0,'item_module','','',1,NULL,1,'clirqrzry009b356glr9e93zg',42,62,NULL,'',0,NULL,NULL,NULL,NULL,NULL,NULL,62,NULL,NULL),(439,NULL,63,'CUSTOM GROUPE',240,360,'item_modules_group','','',0,NULL,1,'clisnxaji0001356gb312efp4',NULL,NULL,NULL,NULL,NULL,NULL,NULL,NULL,NULL,NULL,NULL,NULL,300,NULL),(440,439,NULL,'MODULEEE',240,360,'item_module','','',0,NULL,1,'clisnxdyu000h356gircv5eie',NULL,NULL,NULL,'',0,NULL,NULL,NULL,NULL,NULL,NULL,NULL,300,NULL),(441,440,NULL,'LEÇONNN',240,360,'item_lesson','grezegef','thdhtae',0,NULL,NULL,'cliu61ymh0006356g9ucsj1ej',NULL,NULL,NULL,NULL,0,'','','','',0,NULL,NULL,300,NULL),(449,NULL,65,'LEÇONNN',0,0,'item_lesson','','',0,NULL,1,'cliug9y0g0001356gkr73jrju',NULL,NULL,NULL,NULL,0,'','','','',0,NULL,NULL,NULL,NULL),(450,NULL,65,'LEÇONNN 2',0,0,'item_lesson','','',1,NULL,1,'cliuga1cw000j356gwgohzdsv',NULL,NULL,NULL,NULL,0,'','','','',0,NULL,NULL,NULL,NULL),(451,NULL,65,'LEÇONNN 3',0,0,'item_lesson','','',2,NULL,1,'cliuga51w000t356g9hkalz1h',NULL,NULL,NULL,NULL,0,'','','','',0,NULL,NULL,NULL,NULL),(452,456,NULL,'EXERCICEEE',0,0,'item_exercise','','',0,NULL,NULL,'cliugabmb001g356g93p9drxq',42,NULL,NULL,NULL,NULL,NULL,NULL,NULL,NULL,NULL,NULL,NULL,NULL,NULL),(453,457,NULL,'EXERCICEEE 2',0,0,'item_exercise','','',0,NULL,NULL,'cliugaen0002r356g86gj6z0g',42,NULL,NULL,NULL,NULL,NULL,NULL,NULL,NULL,NULL,NULL,NULL,NULL,NULL),(454,457,NULL,'EXERCICEEE 4',0,0,'item_exercise','','',1,NULL,NULL,'cliugamgm003x356gsy8zwp6a',42,NULL,NULL,NULL,NULL,NULL,NULL,NULL,NULL,NULL,NULL,NULL,NULL,NULL),(455,458,NULL,'EXERCICEEE 3',0,0,'item_exercise','','',0,NULL,NULL,'cliugai8z003b356g33kkkdtf',42,NULL,NULL,NULL,NULL,NULL,NULL,NULL,NULL,NULL,NULL,NULL,NULL,NULL),(456,459,NULL,'GROUPE D\'EXERCICESSS',0,0,'item_exercises_group','','',0,NULL,1,'cliujnrzq0039356g9z3uuhs3',NULL,NULL,NULL,NULL,NULL,NULL,NULL,NULL,NULL,NULL,NULL,NULL,NULL,NULL),(457,460,NULL,'GROUPE D\'EXERCICESSS 2',0,0,'item_exercises_group','','',0,NULL,1,'cliujnuwp003d356gky8k3q2u',NULL,NULL,NULL,NULL,NULL,NULL,NULL,NULL,NULL,NULL,NULL,NULL,NULL,NULL),(458,461,NULL,'GROUPE D\'EXERCICESSS 3',0,0,'item_exercises_group','','',0,NULL,1,'cliujnx9w003j356ghbjc55qg',NULL,NULL,NULL,NULL,NULL,NULL,NULL,NULL,NULL,NULL,NULL,NULL,NULL,NULL),(459,449,NULL,'zfef',0,0,'item_phase','','',0,NULL,1,'cliujnf3k000q356gvk73zzrl',NULL,NULL,NULL,NULL,NULL,NULL,NULL,NULL,NULL,NULL,NULL,NULL,NULL,NULL),(460,450,NULL,'zfef',0,0,'item_phase','','',0,NULL,1,'cliujnf3k000q356gvk73zzrl',NULL,NULL,NULL,NULL,NULL,NULL,NULL,NULL,NULL,NULL,NULL,NULL,NULL,NULL),(461,451,NULL,'zfef',0,0,'item_phase','','',0,NULL,1,'cliujnf3k000q356gvk73zzrl',NULL,NULL,NULL,NULL,NULL,NULL,NULL,NULL,NULL,NULL,NULL,NULL,NULL,NULL),(462,464,NULL,'E',0,0,'item_exercise','','',0,NULL,NULL,'clivgvl54002i356ghkqpffou',NULL,NULL,NULL,NULL,NULL,NULL,NULL,NULL,NULL,NULL,NULL,NULL,NULL,NULL),(463,465,NULL,'E 2',0,0,'item_exercise','','',0,NULL,NULL,'clivgvpo20059356gd6gg0ov1',NULL,NULL,NULL,NULL,NULL,NULL,NULL,NULL,NULL,NULL,NULL,NULL,NULL,NULL),(464,466,NULL,'zfef',0,0,'item_phase','','',0,NULL,1,'clivgv8o50000356g4etkgj62',NULL,NULL,NULL,NULL,NULL,NULL,NULL,NULL,NULL,NULL,NULL,NULL,NULL,NULL),(465,467,NULL,'zfef',0,0,'item_phase','','',0,NULL,1,'clivgv8o50000356g4etkgj62',NULL,NULL,NULL,NULL,NULL,NULL,NULL,NULL,NULL,NULL,NULL,NULL,NULL,NULL),(466,NULL,66,'LEÇONNN',0,0,'item_lesson','','',0,NULL,1,'clivgvbnd0003356g2yurwo3o',NULL,NULL,NULL,NULL,0,'','','','',0,NULL,NULL,NULL,NULL),(467,NULL,66,'LEÇONNN 2',0,0,'item_lesson','','',1,NULL,1,'clivgveq1000i356gy5hjtbzh',NULL,NULL,NULL,NULL,0,'','','','',0,NULL,NULL,NULL,NULL),(468,469,NULL,'E',0,0,'item_exercise','','',0,NULL,NULL,'clix586h7000i356gylhfczvp',NULL,NULL,NULL,NULL,NULL,NULL,NULL,NULL,NULL,NULL,NULL,NULL,NULL,NULL),(469,NULL,67,'e',0,0,'item_lesson','','',0,NULL,1,'clix5834h0001356gbta64clq',NULL,NULL,NULL,NULL,0,'','','','',0,NULL,NULL,NULL,NULL),(470,476,NULL,'LEÇONNN',1,2,'item_lesson','','',0,NULL,NULL,'cliylq7mn000f356gsam8nqqo',42,NULL,NULL,NULL,0,'','','','',0,NULL,NULL,2,NULL),(471,476,NULL,'LEÇONNN 2',1,2,'item_lesson','','',1,NULL,NULL,'cliylqjg8001e356gdj81ja15',42,NULL,NULL,NULL,0,'','','','',0,NULL,NULL,1,NULL),(472,476,NULL,'LEÇONNN 3',1,2,'item_lesson','','',2,NULL,NULL,'cliylqvmq0039356gqa9mcel8',42,NULL,NULL,NULL,0,'','','','',0,NULL,NULL,2,NULL),(473,477,NULL,'LEÇONNN 4',3,7,'item_lesson','','',0,NULL,NULL,'cliylqxvm003d356gukyzow0y',42,NULL,NULL,NULL,0,'','','','',0,NULL,NULL,5,NULL),(474,478,NULL,'LEÇONNN 5',2,3,'item_lesson','','',0,NULL,NULL,'cliylqzrv003j356g62exaqc7',42,NULL,NULL,NULL,0,'','','','',0,NULL,NULL,2,NULL),(475,478,NULL,'LEÇONNN 6',2,4,'item_lesson','','',1,NULL,NULL,'cliylr7ws009q356gdt7eps8b',42,NULL,NULL,NULL,0,'','','','',0,NULL,NULL,3,NULL),(476,NULL,69,'MODULEEE',3,6,'item_module','','',0,NULL,1,'cliylq4a20001356gv6596adj',42,NULL,NULL,'',0,NULL,NULL,NULL,NULL,NULL,NULL,NULL,5,NULL),(477,NULL,69,'MODULEEE 2',3,7,'item_module','','',1,NULL,1,'cliylqomh002f356gh0eh8xg7',42,NULL,NULL,'',0,NULL,NULL,NULL,NULL,NULL,NULL,NULL,5,NULL),(478,NULL,69,'MODULEEE 3',4,7,'item_module','','',2,NULL,1,'cliylqs8i002t356gpanzu5ow',42,NULL,NULL,'',0,NULL,NULL,NULL,NULL,NULL,NULL,NULL,5,NULL),(485,NULL,70,'CUSTOM GROUPE',0,0,'item_modules_group','','',0,NULL,1,'cliyqtioi0001356gv9c1r29p',41,NULL,NULL,NULL,NULL,NULL,NULL,NULL,NULL,NULL,NULL,NULL,NULL,NULL),(486,488,NULL,'EXERCICEEE',0,0,'item_exercise','','',0,NULL,NULL,'cliyqycv1003u356gekvmkv6k',42,NULL,NULL,NULL,NULL,NULL,NULL,NULL,NULL,NULL,NULL,NULL,NULL,NULL),(487,489,NULL,'EXERCICEEE',0,0,'item_exercise','','',0,NULL,NULL,'cliyqycv1003u356gekvmkv6k',42,NULL,NULL,NULL,NULL,NULL,NULL,NULL,NULL,NULL,NULL,NULL,NULL,NULL),(488,490,NULL,'Abbréviation',0,0,'item_phase','','',0,NULL,1,'cliyqxw4e0000356gapcm8sbc',42,NULL,NULL,NULL,NULL,NULL,NULL,NULL,NULL,NULL,NULL,NULL,NULL,NULL),(489,490,NULL,'CUSTOM PHASEEE',0,0,'item_phase','','',1,NULL,1,'cliyqy3jv001x356gb6moxi9d',42,NULL,NULL,NULL,NULL,NULL,NULL,NULL,NULL,NULL,NULL,NULL,NULL,NULL),(490,491,NULL,'LEÇONNN',0,0,'item_lesson','','',0,NULL,1,'cliyqtqez001a356g1n4bjsm2',42,NULL,NULL,NULL,0,'','','','',0,NULL,NULL,NULL,NULL),(491,485,NULL,'MODULEEE',0,0,'item_module','','',0,NULL,1,'cliyqtlua000f356g5ovp25zp',42,NULL,NULL,'',0,NULL,NULL,NULL,NULL,NULL,NULL,NULL,NULL,NULL),(492,NULL,68,'MODULEEE',0,0,'item_module','','',0,NULL,1,'cliynf68a0001356g4cxamr9o',41,NULL,NULL,'',0,NULL,NULL,NULL,NULL,NULL,NULL,NULL,5,NULL),(493,497,NULL,'E',0,0,'item_exercise','','',0,NULL,NULL,'clj2mhnlk003c356gljiayxlv',42,NULL,NULL,NULL,NULL,NULL,NULL,NULL,NULL,NULL,NULL,60,NULL,NULL),(494,497,NULL,'E 2',0,0,'item_exercise','','',1,NULL,NULL,'clj2mhpgx003e356gy9bspp4d',41,NULL,NULL,NULL,NULL,NULL,NULL,NULL,NULL,NULL,NULL,57,NULL,NULL),(495,497,NULL,'E 3',0,0,'item_exercise','','',2,NULL,NULL,'clj2mhti1003g356g1xw9ob59',41,NULL,NULL,NULL,NULL,NULL,NULL,NULL,NULL,NULL,NULL,58,NULL,NULL),(496,498,NULL,'E 4',0,0,'item_exercise','','',0,NULL,NULL,'clj2mi3tm009c356gurfrbrpg',43,NULL,NULL,NULL,NULL,NULL,NULL,NULL,NULL,NULL,NULL,NULL,NULL,NULL),(497,492,NULL,'LEÇONNN',0,0,'item_lesson','','',0,NULL,1,'cliynf9c2000f356gckg3ax5y',41,NULL,NULL,NULL,0,'','','','',0,NULL,NULL,4,NULL),(498,492,NULL,'LEÇONNN 2',0,0,'item_lesson','','',1,NULL,1,'cliynfemz001c356gwd081hdo',41,NULL,NULL,NULL,0,'','','','',0,NULL,NULL,1,NULL),(499,506,NULL,'EXERCICEEE',0,0,'item_exercise','','',0,NULL,NULL,'clj41p0w000u1356gzlqre723',42,NULL,NULL,NULL,NULL,NULL,NULL,NULL,NULL,NULL,NULL,NULL,NULL,NULL),(500,506,NULL,'EXERCICEEE 2',0,0,'item_exercise','','',1,NULL,NULL,'clj41p2qh00u5356ga4y2z05g',42,NULL,NULL,NULL,NULL,NULL,NULL,NULL,NULL,NULL,NULL,NULL,NULL,NULL),(501,507,NULL,'EXERCICEEE 3',0,0,'item_exercise','','',0,NULL,NULL,'clj41p4pk00ub356gywbuqyct',42,NULL,NULL,NULL,NULL,NULL,NULL,NULL,NULL,NULL,NULL,NULL,NULL,NULL),(502,508,NULL,'EXERCICEEE 4',0,0,'item_exercise','','',0,NULL,NULL,'clj41p7g800uj356gkeyazdwv',42,NULL,NULL,NULL,NULL,NULL,NULL,NULL,NULL,NULL,NULL,NULL,NULL,NULL),(503,509,NULL,'EXERCICEEE 5',0,0,'item_exercise','','',0,NULL,NULL,'clj41p9ka00ut356gjsyzmb5d',42,NULL,NULL,NULL,NULL,NULL,NULL,NULL,NULL,NULL,NULL,NULL,NULL,NULL),(504,510,NULL,'EXERCICEEE 6',0,0,'item_exercise','','',0,NULL,NULL,'clj41pbix00v5356g6otykl8p',42,NULL,NULL,NULL,NULL,NULL,NULL,NULL,NULL,NULL,NULL,NULL,NULL,NULL),(505,511,NULL,'EXERCICEEE 7',0,0,'item_exercise','','',0,NULL,NULL,'clj41pr0j01m7356g79qp2bw7',42,NULL,NULL,NULL,NULL,NULL,NULL,NULL,NULL,NULL,NULL,NULL,NULL,NULL),(506,512,NULL,'fzefff',0,0,'item_phase','','',0,NULL,1,'clj41mmqw0000356g4oujgskj',42,NULL,NULL,NULL,NULL,NULL,NULL,NULL,NULL,NULL,NULL,NULL,NULL,NULL),(507,513,NULL,'fzefff',0,0,'item_phase','','',0,NULL,1,'clj41mmqw0000356g4oujgskj',42,NULL,NULL,NULL,NULL,NULL,NULL,NULL,NULL,NULL,NULL,NULL,NULL,NULL),(508,514,NULL,'fzefff',0,0,'item_phase','','',0,NULL,1,'clj41mmqw0000356g4oujgskj',42,NULL,NULL,NULL,NULL,NULL,NULL,NULL,NULL,NULL,NULL,NULL,NULL,NULL),(509,515,NULL,'fzefff',0,0,'item_phase','','',0,NULL,1,'clj41mmqw0000356g4oujgskj',42,NULL,NULL,NULL,NULL,NULL,NULL,NULL,NULL,NULL,NULL,NULL,NULL,NULL),(510,516,NULL,'fzefff',0,0,'item_phase','','',0,NULL,1,'clj41mmqw0000356g4oujgskj',42,NULL,NULL,NULL,NULL,NULL,NULL,NULL,NULL,NULL,NULL,NULL,NULL,NULL),(511,517,NULL,'fzefff',0,0,'item_phase','','',0,NULL,1,'clj41mmqw0000356g4oujgskj',42,NULL,NULL,NULL,NULL,NULL,NULL,NULL,NULL,NULL,NULL,NULL,NULL,NULL),(512,518,NULL,'LEÇONNN',1,2,'item_lesson','','',0,NULL,1,'clj41nltd008g356gwjkhfny6',42,NULL,NULL,NULL,0,'','','','',0,NULL,NULL,1,NULL),(513,518,NULL,'LEÇONNN 2',1,1,'item_lesson','','',1,NULL,1,'clj41nov6008i356gucupz9i9',42,NULL,NULL,NULL,0,'','','','',0,NULL,NULL,1,NULL),(514,519,NULL,'LEÇONNN 3',1,2,'item_lesson','','',0,NULL,1,'clj41nr8a008k356gy0118w59',42,NULL,NULL,NULL,0,'','','','',0,NULL,NULL,1,NULL),(515,519,NULL,'LEÇONNN 4',0,1,'item_lesson','','',1,NULL,1,'clj41nww2008s356gfanqcx2u',42,NULL,NULL,NULL,0,'','','','',0,NULL,NULL,1,NULL),(516,520,NULL,'LEÇONNN 5',1,2,'item_lesson','','',0,NULL,1,'clj41nz8q0092356g8xrzznks',42,NULL,NULL,NULL,0,'','','','',0,NULL,NULL,1,NULL),(517,521,NULL,'LEÇONNN 6',1,2,'item_lesson','','',0,NULL,1,'clj41o73x009r356g0qkf606h',42,NULL,NULL,NULL,0,'','','','',0,NULL,NULL,1,NULL),(518,522,NULL,'MODULEEE',2,3,'item_module','','',0,NULL,1,'clj41n43i0013356gi81q1jnj',42,NULL,NULL,'',0,NULL,NULL,NULL,NULL,NULL,NULL,NULL,2,NULL),(519,522,NULL,'MODULEEE 2',1,3,'item_module','','',1,NULL,1,'clj41n68e0017356glgz2l7d5',42,NULL,NULL,'',0,NULL,NULL,NULL,NULL,NULL,NULL,NULL,2,NULL),(520,523,NULL,'MODULEEE 3',1,2,'item_module','','',0,NULL,1,'clj41n7xa001d356gy35jve61',42,NULL,NULL,'',0,NULL,NULL,NULL,NULL,NULL,NULL,NULL,1,NULL),(521,523,NULL,'MODULEEE 4',1,2,'item_module','','',1,NULL,1,'clj41n9rb001l356gtdyeev7w',42,NULL,NULL,'',0,NULL,NULL,NULL,NULL,NULL,NULL,NULL,1,NULL),(522,NULL,71,'CUSTOM GROUPE',3,6,'item_modules_group','','',0,NULL,1,'clj41mqak0003356g5hmts7nc',43,NULL,NULL,NULL,NULL,NULL,NULL,NULL,NULL,NULL,NULL,NULL,4,NULL),(523,NULL,71,'CUSTOM GROUPE 2',2,4,'item_modules_group','','',1,NULL,1,'clj41mt9g0009356gpzcd6pcc',43,NULL,NULL,NULL,NULL,NULL,NULL,NULL,NULL,NULL,NULL,NULL,2,NULL),(525,529,NULL,'Item1 ',0,0,'item_exercise','','',0,NULL,NULL,'clj4lw7490013356gyglmb24w',42,NULL,NULL,NULL,NULL,NULL,NULL,NULL,NULL,NULL,NULL,NULL,NULL,NULL),(526,529,NULL,'Item 2',0,0,'item_exercise','','',1,NULL,NULL,'clj4lwaao0015356gp7o672ax',NULL,NULL,NULL,NULL,NULL,NULL,NULL,NULL,NULL,NULL,NULL,NULL,NULL,NULL),(527,530,NULL,'Item 3',0,0,'item_exercise','','',0,NULL,NULL,'clj4lwgvb0017356gf7z7c4q5',NULL,NULL,NULL,NULL,NULL,NULL,NULL,NULL,NULL,NULL,NULL,NULL,NULL,NULL),(528,530,NULL,'Item 4',0,0,'item_exercise','','',1,NULL,NULL,'clj4lwjhw0019356g73nxqsqy',NULL,NULL,NULL,NULL,NULL,NULL,NULL,NULL,NULL,NULL,NULL,NULL,NULL,NULL),(529,NULL,74,'L1',7,14,'item_lesson','','',0,NULL,1,'clj4lw0di0001356gcagd9ibl',41,NULL,NULL,NULL,0,'','','','',0,NULL,NULL,9,NULL),(530,NULL,74,'L2',13,16,'item_lesson','','',1,NULL,1,'clj4lw2cg0007356g2qi9mjby',41,NULL,NULL,NULL,0,'','','','',0,NULL,NULL,16,NULL),(532,535,NULL,'EXERCICEEE',0,0,'item_exercise','','',0,NULL,NULL,'clj5zgyn2000v356g5fyboz4c',42,NULL,NULL,NULL,NULL,NULL,NULL,NULL,NULL,NULL,NULL,NULL,NULL,NULL),(533,535,NULL,'EXERCICEEE 2',0,0,'item_exercise','','',1,NULL,NULL,'clj5zh0kf000z356g4a52apz2',42,NULL,NULL,NULL,NULL,NULL,NULL,NULL,NULL,NULL,NULL,NULL,NULL,NULL),(534,536,NULL,'EXERCICEEE 3',0,0,'item_exercise','','',0,NULL,NULL,'clj5zh7tc005b356gcbz3apsd',42,NULL,NULL,NULL,NULL,NULL,NULL,NULL,NULL,NULL,NULL,NULL,NULL,NULL),(535,NULL,75,'LEÇONNN',0,0,'item_lesson','','',0,NULL,1,'clj5z7rrn0001356gdh6p2syw',NULL,NULL,NULL,NULL,0,'','','','',0,NULL,NULL,NULL,NULL),(536,NULL,75,'LEÇONNN 2',0,0,'item_lesson','','',1,NULL,1,'clj5zgnr9000f356gs177644z',NULL,NULL,NULL,NULL,0,'','','','',0,NULL,NULL,NULL,NULL),(537,NULL,73,'LEÇONNN',1,3,'item_lesson','','',0,NULL,1,'clj5pyr2e0001356gzyo3nhkg',43,NULL,NULL,NULL,0,'','','','',0,NULL,NULL,2,NULL),(538,NULL,73,'LEÇONNN 2',1,2,'item_lesson','','',1,NULL,1,'clj6z2o7l000g356gyuxmpdar',43,NULL,NULL,NULL,0,'','','','',0,NULL,NULL,1,NULL),(539,NULL,73,'LEÇONNN 3',1,2,'item_lesson','','',2,NULL,1,'clj6z2ptd000k356grgv9rqqh',43,NULL,NULL,NULL,0,'','','','',0,NULL,NULL,1,NULL),(540,NULL,73,'LEÇONNN 4',1,3,'item_lesson','','',3,NULL,1,'clj6z2rql000q356g82jixypc',43,NULL,NULL,NULL,0,'','','','',0,NULL,NULL,2,NULL),(541,537,NULL,'E',0,0,'item_exercise','','',0,NULL,NULL,'clj6z2xld0027356gtma7mzej',41,NULL,NULL,NULL,NULL,NULL,NULL,NULL,NULL,NULL,NULL,NULL,NULL,NULL),(542,537,NULL,'E 1',0,0,'item_exercise','','',1,NULL,NULL,'clj6z30b5002b356g88jbim83',41,NULL,NULL,NULL,NULL,NULL,NULL,NULL,NULL,NULL,NULL,NULL,NULL,NULL),(543,538,NULL,'E 2',0,0,'item_exercise','','',0,NULL,NULL,'clj6z34ai002h356ghxfsdmku',41,NULL,NULL,NULL,NULL,NULL,NULL,NULL,NULL,NULL,NULL,NULL,NULL,NULL),(544,539,NULL,'E 3',0,0,'item_exercise','','',0,NULL,NULL,'clj6z3702002p356g5jto1x5d',41,NULL,NULL,NULL,NULL,NULL,NULL,NULL,NULL,NULL,NULL,NULL,NULL,NULL),(545,540,NULL,'E 4',0,0,'item_exercise','','',0,NULL,NULL,'clj6z38xv002z356gbm0epp43',41,NULL,NULL,NULL,NULL,NULL,NULL,NULL,NULL,NULL,NULL,NULL,NULL,NULL),(546,540,NULL,'E 5',0,0,'item_exercise','','',1,NULL,1,'clj6z3fr000a3356g89wtcwge',41,NULL,NULL,NULL,NULL,NULL,NULL,NULL,NULL,NULL,NULL,NULL,NULL,NULL),(547,NULL,76,'LEÇONNN',0,0,'item_lesson','','',0,NULL,NULL,'clj8flyr30001356gwhqlfuk2',41,NULL,NULL,NULL,0,'','','','',0,NULL,NULL,NULL,NULL),(548,NULL,76,'LEÇONNN 2',0,0,'item_lesson','','',1,NULL,NULL,'clj8fm1ld0007356gui76k6ii',41,NULL,NULL,NULL,0,'','','','',0,NULL,NULL,NULL,NULL),(549,NULL,76,'LEÇONNN 3',0,0,'item_lesson','','',2,NULL,NULL,'clj8fm3e8000d356gb0jxqk8g',41,NULL,NULL,NULL,0,'','','','',0,NULL,NULL,NULL,NULL),(550,NULL,76,'LEÇONNN 4',0,0,'item_lesson','','',3,NULL,NULL,'clj8fm67i000l356gvnrkzz9n',41,NULL,NULL,NULL,0,'','','','',0,NULL,NULL,NULL,NULL);

--
-- Table structure for table `formation_item_action`
--

CREATE TABLE `formation_item_action` (
  `formation_item_id` int NOT NULL,
  `action_id` int NOT NULL,
  PRIMARY KEY (`formation_item_id`,`action_id`),
  KEY `IDX_9EC8D98657901725` (`formation_item_id`),
  KEY `IDX_9EC8D9869D32F035` (`action_id`),
  CONSTRAINT `FK_9EC8D98657901725` FOREIGN KEY (`formation_item_id`) REFERENCES `formation_item` (`id`) ON DELETE CASCADE,
  CONSTRAINT `FK_9EC8D9869D32F035` FOREIGN KEY (`action_id`) REFERENCES `action` (`id`) ON DELETE CASCADE
) ENGINE=InnoDB DEFAULT CHARSET=utf8mb4 COLLATE=utf8mb4_unicode_ci;

--
-- Dumping data for table `formation_item_action`
--

INSERT INTO `formation_item_action` VALUES (125,5),(125,6);

--
-- Table structure for table `formation_item_formation_item`
--

CREATE TABLE `formation_item_formation_item` (
  `formation_item_source` int NOT NULL,
  `formation_item_target` int NOT NULL,
  PRIMARY KEY (`formation_item_source`,`formation_item_target`),
  KEY `IDX_DEAC66A1868E2A67` (`formation_item_source`),
  KEY `IDX_DEAC66A19F6B7AE8` (`formation_item_target`),
  CONSTRAINT `FK_DEAC66A1868E2A67` FOREIGN KEY (`formation_item_source`) REFERENCES `formation_item` (`id`) ON DELETE CASCADE,
  CONSTRAINT `FK_DEAC66A19F6B7AE8` FOREIGN KEY (`formation_item_target`) REFERENCES `formation_item` (`id`) ON DELETE CASCADE
) ENGINE=InnoDB DEFAULT CHARSET=utf8mb4 COLLATE=utf8mb4_unicode_ci;

--
-- Dumping data for table `formation_item_formation_item`
--


--
-- Table structure for table `formation_item_skills`
--

CREATE TABLE `formation_item_skills` (
  `formation_item_id` int NOT NULL,
  `skills_id` int NOT NULL,
  PRIMARY KEY (`formation_item_id`,`skills_id`),
  KEY `IDX_C35436457901725` (`formation_item_id`),
  KEY `IDX_C3543647FF61858` (`skills_id`),
  CONSTRAINT `FK_C35436457901725` FOREIGN KEY (`formation_item_id`) REFERENCES `formation_item` (`id`) ON DELETE CASCADE,
  CONSTRAINT `FK_C3543647FF61858` FOREIGN KEY (`skills_id`) REFERENCES `skills` (`id`) ON DELETE CASCADE
) ENGINE=InnoDB DEFAULT CHARSET=utf8mb4 COLLATE=utf8mb4_unicode_ci;

--
-- Dumping data for table `formation_item_skills`
--


--
-- Table structure for table `formation_items_technical_skills`
--

CREATE TABLE `formation_items_technical_skills` (
  `formation_item_id` int NOT NULL,
  `skills_id` int NOT NULL,
  PRIMARY KEY (`formation_item_id`,`skills_id`),
  KEY `IDX_72D338D457901725` (`formation_item_id`),
  KEY `IDX_72D338D47FF61858` (`skills_id`),
  CONSTRAINT `FK_72D338D457901725` FOREIGN KEY (`formation_item_id`) REFERENCES `formation_item` (`id`) ON DELETE CASCADE,
  CONSTRAINT `FK_72D338D47FF61858` FOREIGN KEY (`skills_id`) REFERENCES `skills` (`id`) ON DELETE CASCADE
) ENGINE=InnoDB DEFAULT CHARSET=utf8mb4 COLLATE=utf8mb4_unicode_ci;

--
-- Dumping data for table `formation_items_technical_skills`
--


--
-- Table structure for table `formation_practical_counter_type`
--

CREATE TABLE `formation_practical_counter_type` (
  `formation_id` int NOT NULL,
  `counter_type_value_id` int NOT NULL,
  PRIMARY KEY (`formation_id`,`counter_type_value_id`),
  KEY `IDX_8EA8CCD95200282E` (`formation_id`),
  KEY `IDX_8EA8CCD92402E8F` (`counter_type_value_id`),
  CONSTRAINT `FK_8EA8CCD92402E8F` FOREIGN KEY (`counter_type_value_id`) REFERENCES `counter_type_value` (`id`) ON DELETE CASCADE,
  CONSTRAINT `FK_8EA8CCD95200282E` FOREIGN KEY (`formation_id`) REFERENCES `formation` (`id`) ON DELETE CASCADE
) ENGINE=InnoDB DEFAULT CHARSET=utf8mb4 COLLATE=utf8mb4_unicode_ci;

--
-- Dumping data for table `formation_practical_counter_type`
--

INSERT INTO `formation_practical_counter_type` VALUES (13,17),(13,19),(13,21),(13,22),(13,26),(13,27),(13,28),(13,29),(21,18),(21,22),(22,21),(22,22),(22,26),(46,15),(46,17),(47,32),(48,22),(49,17),(52,27),(76,22),(76,26),(76,27),(76,29);

--
-- Table structure for table `formation_skills`
--

CREATE TABLE `formation_skills` (
  `formation_id` int NOT NULL,
  `skills_id` int NOT NULL,
  PRIMARY KEY (`formation_id`,`skills_id`),
  KEY `IDX_F528185D5200282E` (`formation_id`),
  KEY `IDX_F528185D7FF61858` (`skills_id`),
  CONSTRAINT `FK_F528185D5200282E` FOREIGN KEY (`formation_id`) REFERENCES `formation` (`id`) ON DELETE CASCADE,
  CONSTRAINT `FK_F528185D7FF61858` FOREIGN KEY (`skills_id`) REFERENCES `skills` (`id`) ON DELETE CASCADE
) ENGINE=InnoDB DEFAULT CHARSET=utf8mb4 COLLATE=utf8mb4_unicode_ci;

--
-- Dumping data for table `formation_skills`
--

INSERT INTO `formation_skills` VALUES (41,35),(41,36),(43,23),(43,24),(43,25),(43,36),(45,24),(45,36),(46,23),(46,24),(48,23),(65,35),(67,23),(67,25),(68,35),(68,36),(73,35),(73,36),(75,35),(75,36);

--
-- Table structure for table `formation_theoretical_counter_type`
--

CREATE TABLE `formation_theoretical_counter_type` (
  `formation_id` int NOT NULL,
  `counter_type_value_id` int NOT NULL,
  PRIMARY KEY (`formation_id`,`counter_type_value_id`),
  KEY `IDX_4B85E0E35200282E` (`formation_id`),
  KEY `IDX_4B85E0E32402E8F` (`counter_type_value_id`),
  CONSTRAINT `FK_4B85E0E32402E8F` FOREIGN KEY (`counter_type_value_id`) REFERENCES `counter_type_value` (`id`) ON DELETE CASCADE,
  CONSTRAINT `FK_4B85E0E35200282E` FOREIGN KEY (`formation_id`) REFERENCES `formation` (`id`) ON DELETE CASCADE
) ENGINE=InnoDB DEFAULT CHARSET=utf8mb4 COLLATE=utf8mb4_unicode_ci;

--
-- Dumping data for table `formation_theoretical_counter_type`
--

INSERT INTO `formation_theoretical_counter_type` VALUES (2,12),(28,30),(28,31),(34,30),(34,31),(35,30),(35,31),(42,30);

--
-- Table structure for table `instructor_skill`
--

CREATE TABLE `instructor_skill` (
  `id` int NOT NULL AUTO_INCREMENT,
  `name` varchar(255) CHARACTER SET utf8mb4 COLLATE utf8mb4_unicode_ci NOT NULL,
  PRIMARY KEY (`id`)
) ENGINE=InnoDB AUTO_INCREMENT=2 DEFAULT CHARSET=utf8mb4 COLLATE=utf8mb4_unicode_ci;

--
-- Dumping data for table `instructor_skill`
--

INSERT INTO `instructor_skill` VALUES (1,'test');

--
-- Table structure for table `instructor_skill_ato_user`
--

CREATE TABLE `instructor_skill_ato_user` (
  `instructor_skill_id` int NOT NULL,
  `ato_user_id` int NOT NULL,
  PRIMARY KEY (`instructor_skill_id`,`ato_user_id`),
  KEY `IDX_1EC3796555E763E7` (`instructor_skill_id`),
  KEY `IDX_1EC3796530A17E02` (`ato_user_id`),
  CONSTRAINT `FK_1EC3796530A17E02` FOREIGN KEY (`ato_user_id`) REFERENCES `ato_user` (`id`) ON DELETE CASCADE,
  CONSTRAINT `FK_1EC3796555E763E7` FOREIGN KEY (`instructor_skill_id`) REFERENCES `instructor_skill` (`id`) ON DELETE CASCADE
) ENGINE=InnoDB DEFAULT CHARSET=utf8mb4 COLLATE=utf8mb4_unicode_ci;

--
-- Dumping data for table `instructor_skill_ato_user`
--

INSERT INTO `instructor_skill_ato_user` VALUES (1,32);

--
-- Table structure for table `lesson_annotation`
--

CREATE TABLE `lesson_annotation` (
  `id` int NOT NULL AUTO_INCREMENT,
  `ato_id` int NOT NULL,
  `name` varchar(255) CHARACTER SET utf8mb4 COLLATE utf8mb4_unicode_ci NOT NULL,
  PRIMARY KEY (`id`),
  KEY `IDX_234D7723847DC024` (`ato_id`),
  CONSTRAINT `FK_234D7723847DC024` FOREIGN KEY (`ato_id`) REFERENCES `ato` (`id`)
) ENGINE=InnoDB DEFAULT CHARSET=utf8mb4 COLLATE=utf8mb4_unicode_ci;

--
-- Dumping data for table `lesson_annotation`
--


--
-- Table structure for table `lesson_annotation_value`
--

CREATE TABLE `lesson_annotation_value` (
  `id` int NOT NULL AUTO_INCREMENT,
  `value` varchar(255) CHARACTER SET utf8mb4 COLLATE utf8mb4_unicode_ci NOT NULL,
  PRIMARY KEY (`id`)
) ENGINE=InnoDB DEFAULT CHARSET=utf8mb4 COLLATE=utf8mb4_unicode_ci;

--
-- Dumping data for table `lesson_annotation_value`
--


--
-- Table structure for table `manufacturer_aircraft`
--

CREATE TABLE `manufacturer_aircraft` (
  `id` int NOT NULL AUTO_INCREMENT,
  `name` varchar(255) CHARACTER SET utf8mb4 COLLATE utf8mb4_unicode_ci NOT NULL,
  PRIMARY KEY (`id`)
) ENGINE=InnoDB AUTO_INCREMENT=39 DEFAULT CHARSET=utf8mb4 COLLATE=utf8mb4_unicode_ci;

--
-- Dumping data for table `manufacturer_aircraft`
--

INSERT INTO `manufacturer_aircraft` VALUES (1,'ROBIN'),(2,'CESSNA'),(3,'AIR-TRACTOR'),(4,'BELL'),(5,'CORSAIR'),(6,'PARAMANIA'),(7,'TAKEOGG'),(8,'COSMOS'),(9,'AEROPO'),(10,'DYNAERO'),(11,'ELA'),(12,'MAGNI'),(13,'CELIER'),(14,'TRIXY AVIATION'),(15,'BALLONS CHAIZE'),(16,'HELISPORT'),(17,'LAMBADA'),(18,'SCHEIBE'),(19,'STEMME'),(20,'LANGE ANTARES'),(21,'JANTAR'),(22,'ASW22'),(23,'NIMBUS'),(24,'ALEXANDER SCHLEICHER'),(25,'PIPER AIRCRAFT'),(26,'CIRRUS DESIGN'),(27,'DIAMOND'),(28,'MORANE-SAULNIER'),(29,'SOCATA'),(30,'FOURNIER'),(31,'ALPI AVIATION'),(32,'APEX'),(33,'MUDRY'),(34,'DYN\'AERO'),(35,'EXTRA AIRCRAFT'),(36,'CURTIS PITTS'),(37,'GRUMMAN AMERICA'),(38,'Test');

--
-- Table structure for table `media_object`
--

CREATE TABLE `media_object` (
  `id` int NOT NULL AUTO_INCREMENT,
  `file_path` varchar(255) CHARACTER SET utf8mb4 COLLATE utf8mb4_unicode_ci DEFAULT NULL,
  `content_url` varchar(255) CHARACTER SET utf8mb4 COLLATE utf8mb4_unicode_ci NOT NULL,
  `formation_id` int DEFAULT NULL,
  `lesson_id` int DEFAULT NULL,
  `original_name` varchar(255) CHARACTER SET utf8mb4 COLLATE utf8mb4_unicode_ci NOT NULL,
  `action_id` int DEFAULT NULL,
  `extra_lesson_id` int DEFAULT NULL,
  PRIMARY KEY (`id`),
  KEY `IDX_14D431325200282E` (`formation_id`),
  KEY `IDX_14D43132CDF80196` (`lesson_id`),
  KEY `IDX_14D431329D32F035` (`action_id`),
  KEY `IDX_14D431323FD4DD80` (`extra_lesson_id`),
  CONSTRAINT `FK_14D431323FD4DD80` FOREIGN KEY (`extra_lesson_id`) REFERENCES `extra_lesson` (`id`),
  CONSTRAINT `FK_14D431325200282E` FOREIGN KEY (`formation_id`) REFERENCES `formation` (`id`) ON DELETE CASCADE,
  CONSTRAINT `FK_14D431329D32F035` FOREIGN KEY (`action_id`) REFERENCES `action` (`id`),
  CONSTRAINT `FK_14D43132CDF80196` FOREIGN KEY (`lesson_id`) REFERENCES `formation_item` (`id`) ON DELETE CASCADE
) ENGINE=InnoDB AUTO_INCREMENT=27 DEFAULT CHARSET=utf8mb4 COLLATE=utf8mb4_unicode_ci;

--
-- Dumping data for table `media_object`
--

INSERT INTO `media_object` VALUES (1,'63cd553dcea52_126831522_688122635403879_4351436385684016301_n.jpg','/media/63cd553dcea52_126831522_688122635403879_4351436385684016301_n.jpg',NULL,NULL,'126831522_688122635403879_4351436385684016301_n.jpg',NULL,NULL),(5,'63e672ffcff05_126831522_688122635403879_4351436385684016301_n.jpg','/media/63e672ffcff05_126831522_688122635403879_4351436385684016301_n.jpg',NULL,NULL,'126831522_688122635403879_4351436385684016301_n.jpg',NULL,NULL),(6,'63ed1a1fc6395_126831522_688122635403879_4351436385684016301_n.jpg','/media/63ed1a1fc6395_126831522_688122635403879_4351436385684016301_n.jpg',NULL,NULL,'126831522_688122635403879_4351436385684016301_n.jpg',NULL,NULL),(8,'63f3989ca89d2_126831522_688122635403879_4351436385684016301_n.jpg','/media/63f3989ca89d2_126831522_688122635403879_4351436385684016301_n.jpg',NULL,NULL,'126831522_688122635403879_4351436385684016301_n.jpg',NULL,NULL),(9,'63f3989e61f8b_126222546_287869209235716_5096667585606811254_n.jpg','/media/63f3989e61f8b_126222546_287869209235716_5096667585606811254_n.jpg',NULL,NULL,'126222546_287869209235716_5096667585606811254_n.jpg',NULL,NULL),(10,'63f398bf9eefd_126831522_688122635403879_4351436385684016301_n.jpg','/media/63f398bf9eefd_126831522_688122635403879_4351436385684016301_n.jpg',NULL,NULL,'126831522_688122635403879_4351436385684016301_n.jpg',NULL,NULL),(12,'640cc12f7aa60_126831522_688122635403879_4351436385684016301_n.jpg','/media/640cc12f7aa60_126831522_688122635403879_4351436385684016301_n.jpg',NULL,NULL,'126831522_688122635403879_4351436385684016301_n.jpg',NULL,NULL),(13,'640cc1fb0cee0_126831522_688122635403879_4351436385684016301_n.jpg','/media/640cc1fb0cee0_126831522_688122635403879_4351436385684016301_n.jpg',NULL,NULL,'126831522_688122635403879_4351436385684016301_n.jpg',NULL,NULL),(14,'640cc231baa0b_126831522_688122635403879_4351436385684016301_n.jpg','/media/640cc231baa0b_126831522_688122635403879_4351436385684016301_n.jpg',NULL,NULL,'126831522_688122635403879_4351436385684016301_n.jpg',NULL,NULL),(15,'640cc81478632_golden-retriever.jpg','/media/640cc81478632_golden-retriever.jpg',NULL,NULL,'golden-retriever.jpg',NULL,NULL),(17,'6427f647e0fbb_example.xlsx','/media/6427f647e0fbb_example.xlsx',NULL,NULL,'example.xlsx',NULL,NULL),(18,'6442543a755d8_299684898_2197753793736740_3257285090226740465_n.jpg','/media/6442543a755d8_299684898_2197753793736740_3257285090226740465_n.jpg',NULL,NULL,'299684898_2197753793736740_3257285090226740465_n.jpg',NULL,NULL),(19,'6442558734990_299684898_2197753793736740_3257285090226740465_n.jpg','/media/6442558734990_299684898_2197753793736740_3257285090226740465_n.jpg',NULL,NULL,'299684898_2197753793736740_3257285090226740465_n.jpg',NULL,NULL),(20,'644255c5194fa_299684898_2197753793736740_3257285090226740465_n.jpg','/media/644255c5194fa_299684898_2197753793736740_3257285090226740465_n.jpg',NULL,NULL,'299684898_2197753793736740_3257285090226740465_n.jpg',NULL,NULL),(21,'644255e8dcee7_299684898_2197753793736740_3257285090226740465_n.jpg','/media/644255e8dcee7_299684898_2197753793736740_3257285090226740465_n.jpg',NULL,NULL,'299684898_2197753793736740_3257285090226740465_n.jpg',NULL,NULL),(22,'64425605c7606_299684898_2197753793736740_3257285090226740465_n.jpg','/media/64425605c7606_299684898_2197753793736740_3257285090226740465_n.jpg',NULL,NULL,'299684898_2197753793736740_3257285090226740465_n.jpg',NULL,NULL),(23,'6442fcbd6abfe_example (1).xlsx','/media/6442fcbd6abfe_example (1).xlsx',16,NULL,'example (1).xlsx',NULL,NULL),(24,'6442fd62a5d2f_example (9).xlsx','/media/6442fd62a5d2f_example (9).xlsx',NULL,73,'example (9).xlsx',NULL,NULL),(25,'644a71d10d42c_example (9).xlsx','/media/644a71d10d42c_example (9).xlsx',NULL,NULL,'example (9).xlsx',NULL,NULL),(26,'644a799739f3a_example (9).xlsx','/media/644a799739f3a_example (9).xlsx',NULL,NULL,'example (9).xlsx',NULL,5);

--
-- Table structure for table `migration_versions`
--

CREATE TABLE `migration_versions` (
  `version` varchar(14) CHARACTER SET utf8mb4 COLLATE utf8mb4_unicode_ci NOT NULL,
  `executed_at` datetime NOT NULL COMMENT '(DC2Type:datetime_immutable)',
  PRIMARY KEY (`version`)
) ENGINE=InnoDB DEFAULT CHARSET=utf8mb4 COLLATE=utf8mb4_unicode_ci;

--
-- Dumping data for table `migration_versions`
--


--
-- Table structure for table `model_aircraft`
--

CREATE TABLE `model_aircraft` (
  `id` int NOT NULL AUTO_INCREMENT,
  `name` varchar(255) CHARACTER SET utf8mb4 COLLATE utf8mb4_unicode_ci NOT NULL,
  `engine_type_id` int NOT NULL,
  `category_id` int NOT NULL,
  `manufacturer_id` int NOT NULL,
  PRIMARY KEY (`id`),
  KEY `IDX_D90336CA577F21F8` (`engine_type_id`),
  KEY `IDX_D90336CA12469DE2` (`category_id`),
  KEY `IDX_D90336CAA23B42D` (`manufacturer_id`),
  CONSTRAINT `FK_D90336CA12469DE2` FOREIGN KEY (`category_id`) REFERENCES `category_aircraft` (`id`),
  CONSTRAINT `FK_D90336CA577F21F8` FOREIGN KEY (`engine_type_id`) REFERENCES `engine_type_aircraft` (`id`),
  CONSTRAINT `FK_D90336CAA23B42D` FOREIGN KEY (`manufacturer_id`) REFERENCES `manufacturer_aircraft` (`id`)
) ENGINE=InnoDB AUTO_INCREMENT=276 DEFAULT CHARSET=utf8mb4 COLLATE=utf8mb4_unicode_ci;

--
-- Dumping data for table `model_aircraft`
--

INSERT INTO `model_aircraft` VALUES (1,'ATL',1,1,1),(2,' Ambassadeur',1,1,1),(3,'Ambassadeur',1,1,1),(4,'Sicile',1,1,1),(5,'Sicile-Record',1,1,1),(6,'Excellence',1,1,1),(7,'DR-200',1,1,1),(8,'Capitaine',1,1,1),(9,'B',1,1,32),(10,'2+2',1,1,1),(11,'A 2+2',1,1,1),(12,'AB 2+2',1,1,1),(13,'Dauphin',1,1,1),(14,'Régent',1,1,1),(15,'Major',1,1,1),(16,'Petit-Prince',1,1,1),(17,'Chevalier',1,1,1),(18,'Prince',1,1,1),(19,'L\'Acrobat',1,1,1),(20,'108 2+2',1,1,1),(21,'180R Major',1,1,1),(22,'125',1,1,1),(23,'140',1,1,1),(24,'Dauphin 2+2',1,1,1),(25,'REMO 180',1,1,1),(26,'REMO 200',1,1,1),(27,'HR 100',1,1,1),(28,'HR 200',1,1,1),(29,'R 1180',1,1,1),(30,'R 2112',1,1,1),(31,'R 2160',1,1,1),(32,'R 3000',1,1,1),(33,'200',1,1,35),(34,'200A',1,1,1),(35,'200B',1,1,1),(36,'210F Safari',1,1,1),(37,'320 Tiara',1,1,1),(38,'285 Tiara',1,1,1),(39,'235TR',1,1,1),(40,'250TR Président',1,1,1),(41,'320 4+2',1,1,1),(42,'HR-200',1,1,1),(43,'Aiglon',1,1,1),(44,'T-Aiglon',1,1,1),(45,'TD-Aiglon',1,1,1),(46,'Club',1,1,1),(47,'Alpha',1,1,1),(48,'Sport',1,1,1),(49,'Alpha Sport',1,1,1),(50,'120',1,1,34),(51,'120D',1,1,1),(52,'160',1,1,1),(53,'160S',1,1,1),(54,'C150',1,1,2),(55,'C150-Aerobat',1,1,2),(56,'C152',1,1,2),(57,'C152-Aerobat',1,1,2),(58,'R-Skyhawk',1,1,2),(59,'S-Skyhawk',1,1,2),(60,'RG-Cutlass',1,1,2),(61,'A-Cardinal',1,1,2),(62,'B-Cardinal',1,1,2),(63,'RG-Cardinal',1,1,2),(64,'Skywagon',1,1,2),(65,'C182',1,1,2),(66,'C182A-Skylane',1,1,2),(67,'C182C',1,1,2),(68,'C182E-Skylane',1,1,2),(69,'C182N-Skylane',1,1,2),(70,'C182Q-Skylane',1,1,2),(71,'R182-Skylane RG',1,1,2),(72,'TR182-Turbo Skylane RG',1,1,2),(73,'C182R',1,1,2),(74,'T182',1,1,2),(75,'182S Skylane',1,1,2),(76,'T182T Skylane',1,1,2),(77,'Stationair',1,1,2),(78,'Soloy Mk1',2,1,2),(79,'Sloloy Mk2',2,1,2),(80,'Centurion',1,1,2),(81,'Corvalis TTX',1,1,2),(82,'Caravan I',2,1,2),(83,'Caravan 675',2,1,2),(84,'Cargomaster',2,1,2),(85,'Grand Caravan',2,1,2),(86,'Super Cargomaster',2,1,2),(87,'Caravan Amphibian',2,2,2),(88,'Soloy PathFinder 21',2,1,2),(89,'AT-400',2,1,3),(90,'AT-401',2,1,3),(91,'AT-402',2,1,3),(92,'AT-502',2,1,3),(93,'AT-602',2,1,3),(94,'AT-802F',2,2,3),(95,'206L',2,3,4),(96,'206L1',2,3,4),(97,'206L3',2,3,4),(98,'206L4',2,3,4),(99,'206LT',2,3,4),(100,'407',2,3,4),(101,'M25Y',1,4,5),(102,'GT26',1,4,6),(103,'1200',1,4,7),(104,'582',1,4,8),(105,'503',1,4,8),(106,'447',1,4,8),(107,'Jaribu',1,4,10),(108,'912',1,4,9),(109,'4S 912ULS',1,4,10),(110,'912S',1,4,10),(111,'07 914',1,4,11),(112,'M16',1,4,12),(113,'RST',1,4,13),(114,'Rotax 914 Turbo',1,4,14),(115,'JZ 18',1,4,15),(116,'JZ 20',1,4,15),(117,'JZ 22',1,4,15),(118,'JZ 25',1,4,15),(119,'JZ 30',1,4,15),(120,'JZ 35',1,4,15),(121,'JZ 40',1,4,15),(122,'CS 1600',1,4,15),(123,'CS 1800',1,4,15),(124,'CS 2000',1,4,15),(125,'CS 3000',1,4,15),(126,'CS 4000',1,4,15),(127,'CS 5000',1,4,15),(128,'DC 67',1,4,15),(129,'DC 70',1,4,15),(130,'DC 77',1,4,15),(131,'Kompress',1,4,16),(132,'Lambada',1,5,17),(133,'SF28',1,5,18),(134,'S10',1,5,19),(135,'S10-V',1,5,19),(136,'S10-VT',1,5,19),(137,'S10-15',1,5,19),(138,'20E',1,5,20),(139,'STD 3',3,6,21),(140,'D-6856',3,6,22),(141,'3',3,6,23),(142,'ASK 21',3,6,24),(143,'ASK 21 Mi',3,6,24),(144,'ASW 12',3,6,24),(145,'ASW 15',3,6,24),(146,'ASW 17',3,6,24),(147,'ASW 19',3,6,24),(148,'Cub',1,1,25),(149,'Cub Coupe',1,1,25),(150,'Cub Cruiser',1,1,25),(151,'Cub Special',1,1,25),(152,'Cuper Cruiser',1,1,25),(153,'Family Cruiser',1,1,25),(154,'Super Cub',1,1,25),(155,'Pacer',1,1,25),(156,'PA21',1,1,25),(157,'Apache',1,1,25),(158,'Aztec',1,1,25),(159,'Comanche',1,1,25),(160,'Pawnee',1,1,25),(161,'Cherokee',1,1,25),(162,'Warrior',1,1,25),(163,'Archer',1,1,25),(164,'Dakota',1,1,25),(165,'Arrow',1,1,25),(166,'Twin Comanche',1,1,25),(167,'Chieftain',1,1,25),(168,'Mojave',1,1,25),(169,'Navajo',1,1,25),(170,'Cheyenne',1,1,25),(171,'Cherokee Six',1,1,25),(172,'Lance',1,1,25),(173,'Saratoga',1,1,25),(174,'Seneca',1,1,25),(175,'Pawnee Brave',1,1,25),(176,'Tomahawk',1,1,25),(177,'Seminole',1,1,25),(178,'Malibu',1,1,25),(179,'Mirage',1,1,25),(180,'Meridian',1,1,25),(181,'Matrix',1,1,25),(182,'Piper Jet',1,1,25),(183,'VK-30',1,1,26),(184,'SRV',1,1,26),(185,'SR22',1,1,26),(186,'SR22 T',1,1,26),(187,'SF50',1,1,26),(188,'Katana',1,1,27),(189,'Star 180',1,1,27),(190,'Star TDI',1,1,27),(191,'DA 40-F',1,1,27),(192,'TDI Twin Star',1,1,27),(193,'360 Twin Star',1,1,27),(194,'VI',1,1,27),(195,'MPP',1,1,27),(196,'Opale',1,1,27),(197,'Super Star',1,1,27),(198,'Magnum',1,1,27),(199,'D-JET',1,1,27),(200,'MS 880',1,1,28),(201,'MS 881',1,1,28),(202,'MS 883',1,1,28),(203,'MS 885',1,1,28),(204,'MS 886',1,1,28),(205,'MS 890',1,1,28),(206,'MS 892',1,1,28),(207,'MS 893',1,1,28),(208,'MS 894 Minerva',1,1,28),(209,'MS 110 Galopin',1,1,28),(210,'GY-80',1,1,29),(211,'Diplomate',1,1,29),(212,'Tampico',1,1,29),(213,'Tobago',1,1,29),(214,'Tobago XL',1,1,29),(215,'Trinidad',1,1,29),(216,'TC Trinidad',1,1,29),(217,'Epsilon',1,1,29),(218,'TBM 700',1,1,29),(219,'TBM 850',1,1,29),(220,'TBM 900',1,1,29),(221,'RF-2',1,5,30),(222,'RF-3',1,5,30),(223,'RF4',1,5,30),(224,'RF-5',1,5,30),(225,'RF-6',1,1,30),(226,'RF-7',1,1,30),(227,'RF-8',1,5,30),(228,'RF-10',1,5,30),(229,'RF-47',1,1,30),(230,'200S Sparrow',1,4,31),(231,'200 SDT',1,4,31),(232,'230',1,4,31),(233,'Kite ULM',1,4,31),(234,'Kite LSA',1,1,31),(235,'Hawk',1,4,31),(236,'400',1,1,31),(237,'AH 130',1,4,31),(238,'C',1,1,32),(239,'CAP 20',1,1,33),(240,'CAP 20 L',1,1,33),(241,'CAP 21',1,1,33),(242,'CAP 230',1,1,33),(243,'CAP 231',1,1,33),(244,'EX',1,1,33),(245,'CAP 232',1,1,33),(246,'SC',1,1,33),(247,'MXS',1,1,33),(248,'100',1,1,34),(249,'100 T',1,1,34),(250,'110',1,1,34),(251,'300',1,1,35),(252,'300S',1,1,35),(253,'300L',1,1,35),(254,'300LP',1,1,35),(255,'330',1,1,35),(256,'330LC',1,1,35),(257,'330SC',1,1,35),(258,'S1',1,1,36),(259,'S-1C',1,1,36),(260,'S-1D',1,1,36),(261,'S-1E',1,1,36),(262,'S-1F',1,1,36),(263,'S-1S',1,1,36),(264,'S-1T',1,1,36),(265,'S-1-11B',1,1,36),(266,'S-2A',1,1,36),(267,'S-2B',1,1,36),(268,'S-2C',1,1,36),(269,'S-2E',1,1,36),(270,'S-2S',1,1,36),(271,'AA-5',1,1,37),(272,'AA-5A',1,1,37),(273,'AA-5B',1,1,37),(274,'AG-5B',1,1,37),(275,'Test',5,7,38);

--
-- Table structure for table `notification`
--

CREATE TABLE `notification` (
  `id` int NOT NULL AUTO_INCREMENT,
  `user_id` char(36) CHARACTER SET utf8mb4 COLLATE utf8mb4_unicode_ci NOT NULL COMMENT '(DC2Type:guid)',
  `content` varchar(255) CHARACTER SET utf8mb4 COLLATE utf8mb4_unicode_ci NOT NULL,
  `is_read` tinyint(1) NOT NULL,
  `created_at` datetime NOT NULL,
  PRIMARY KEY (`id`),
  KEY `IDX_BF5476CAA76ED395` (`user_id`),
  CONSTRAINT `FK_BF5476CAA76ED395` FOREIGN KEY (`user_id`) REFERENCES `user` (`id`)
) ENGINE=InnoDB AUTO_INCREMENT=56 DEFAULT CHARSET=utf8mb4 COLLATE=utf8mb4_unicode_ci;

--
-- Dumping data for table `notification`
--

INSERT INTO `notification` VALUES (1,'61b08719-e025-11ed-b103-0242ac120002','test2 Edit-test2 Edit: Leçonnn Leçon à signer',0,'2023-04-21 12:52:13'),(2,'03877864-9f30-11ed-a278-0242ac120004','test2 Edit-test2 Edit: Leçonnn Leçon à signer',0,'2023-04-24 21:53:48'),(3,'61b08719-e025-11ed-b103-0242ac120002','test2 Edit-test2 Edit: Leçonnn eththed à signer',0,'2023-04-26 15:15:01'),(4,'61b08719-e025-11ed-b103-0242ac120002','test2 Edit-test2 Edit: Leçonnn Leçon 1 à signer',0,'2023-04-26 15:26:27'),(5,'61b08719-e025-11ed-b103-0242ac120002','test2 Edit-test2 Edit: Leçonnn Leçon 2 à signer',0,'2023-04-26 15:28:56'),(6,'61b08719-e025-11ed-b103-0242ac120002','test2 Edit-test2 Edit: Leçonnn rtyhryth à signer',0,'2023-04-26 15:41:05'),(7,'61b08719-e025-11ed-b103-0242ac120002','test2 Edit-test2 Edit: Leçonnn Leçon extra à signer',0,'2023-05-05 15:52:42'),(8,'61b08719-e025-11ed-b103-0242ac120002','test2 Edit-test2 Edit: Leçonnn leçonnn à signer',0,'2023-05-10 15:24:01'),(9,'61b08719-e025-11ed-b103-0242ac120002','test2 Edit-test2 Edit: Leçonnn leçonnn à signer',0,'2023-05-10 15:43:32'),(10,'61b08719-e025-11ed-b103-0242ac120002','test2 Edit-test2 Edit: Leçonnn leçonnn à signer',0,'2023-05-10 15:47:35'),(11,'61b08719-e025-11ed-b103-0242ac120002','test2 Edit-test2 Edit: Leçonnn leçonnn à signer',0,'2023-05-10 15:49:30'),(12,'61b08719-e025-11ed-b103-0242ac120002','test2 Edit-test2 Edit: Leçonnn leçonnn à signer',0,'2023-05-10 16:07:25'),(13,'61b08719-e025-11ed-b103-0242ac120002','test2 Edit-test2 Edit: Leçonnn leçonnn à signer',0,'2023-05-10 16:08:13'),(14,'61b08719-e025-11ed-b103-0242ac120002','test2 Edit-test2 Edit: Leçonnn leçonnn à signer',0,'2023-05-10 16:35:55'),(15,'61b08719-e025-11ed-b103-0242ac120002','test2 Edit-test2 Edit: Leçonnn leçonnn à signer',0,'2023-05-10 16:36:25'),(16,'61b08719-e025-11ed-b103-0242ac120002','test2 Edit-test2 Edit: Leçonnn leçonnn à signer',0,'2023-05-10 16:36:51'),(17,'61b08719-e025-11ed-b103-0242ac120002','test2 Edit-test2 Edit: Leçonnn leçonnn à signer',0,'2023-05-10 16:37:13'),(18,'61b08719-e025-11ed-b103-0242ac120002','test2 Edit-test2 Edit: Leçonnn leçonnn à signer',0,'2023-05-10 19:43:07'),(19,'61b08719-e025-11ed-b103-0242ac120002','test2 Edit-test2 Edit: Leçonnn grzgr à signer',0,'2023-05-10 23:23:55'),(20,'61b08719-e025-11ed-b103-0242ac120002','test2 Edit-test2 Edit: Leçonnn LEÇONNN à signer',0,'2023-05-17 13:25:13'),(21,'61b08719-e025-11ed-b103-0242ac120002','test2 Edit-test2 Edit: Leçonnn LEÇONNN à signer',0,'2023-05-17 13:49:16'),(22,'61b08719-e025-11ed-b103-0242ac120002','test2 Edit-test2 Edit: Leçonnn LEÇONNN à signer',0,'2023-05-17 13:50:23'),(23,'61b08719-e025-11ed-b103-0242ac120002','test2 Edit-test2 Edit: Leçonnn LEÇONNN à signer',0,'2023-05-17 13:50:41'),(24,'61b08719-e025-11ed-b103-0242ac120002','test2 Edit-test2 Edit: Leçonnn LEÇONNN à signer',0,'2023-05-18 16:10:36'),(25,'61b08719-e025-11ed-b103-0242ac120002','test2 Edit-test2 Edit: Leçonnn LEÇONNN à signer',0,'2023-05-18 16:12:07'),(26,'61b08719-e025-11ed-b103-0242ac120002','test2 Edit-test2 Edit: Leçonnn LEÇONNN 2 à signer',0,'2023-05-18 20:30:13'),(27,'61b08719-e025-11ed-b103-0242ac120002','test2 Edit-test2 Edit: Leçonnn LEÇONNN 2 à signer',0,'2023-05-18 20:30:42'),(28,'61b08719-e025-11ed-b103-0242ac120002','test2 Edit-test2 Edit: Leçonnn LEÇONNN 2 à signer',0,'2023-05-18 20:35:20'),(29,'61b08719-e025-11ed-b103-0242ac120002','test2 Edit-test2 Edit: Leçonnn LEÇONNN à signer',0,'2023-05-24 16:10:37'),(30,'61b08719-e025-11ed-b103-0242ac120002','test2 Edit-test2 Edit: Leçonnn LEÇONNN à signer',0,'2023-05-24 17:25:14'),(31,'61b08719-e025-11ed-b103-0242ac120002','test2 Edit-test2 Edit: Leçonnn LEÇONNN à signer',0,'2023-05-24 17:25:35'),(32,'61b08719-e025-11ed-b103-0242ac120002','test2 Edit-test2 Edit: Leçonnn fsdxgvxfvc gd à signer',0,'2023-05-30 23:49:14'),(33,'61b08719-e025-11ed-b103-0242ac120002','test2 Edit-test2 Edit: Leçonnn LEÇONNN à signer',0,'2023-06-02 19:37:02'),(34,'61b08719-e025-11ed-b103-0242ac120002','test2 Edit-test2 Edit: Leçonnn LEÇONNN 2 à signer',0,'2023-06-02 20:05:41'),(35,'61b08719-e025-11ed-b103-0242ac120002','test2 Edit-test2 Edit: Leçonnn LEÇONNN à signer',0,'2023-06-06 14:19:04'),(36,'61b08719-e025-11ed-b103-0242ac120002','test2 Edit-test2 Edit: Leçonnn LEÇONNN à signer',0,'2023-06-06 14:27:40'),(37,'61b08719-e025-11ed-b103-0242ac120002','test2 Edit-test2 Edit: Leçonnn LEÇONNN à signer',0,'2023-06-06 14:29:43'),(38,'61b08719-e025-11ed-b103-0242ac120002','test2 Edit-test2 Edit: Leçonnn LEÇONNN à signer',0,'2023-06-06 14:36:18'),(39,'61b08719-e025-11ed-b103-0242ac120002','test2 Edit-test2 Edit: Leçonnn LEÇONNN à signer',0,'2023-06-06 14:36:54'),(40,'61b08719-e025-11ed-b103-0242ac120002','test2 Edit-test2 Edit: Leçonnn LEÇONNN à signer',0,'2023-06-06 14:38:50'),(41,'61b08719-e025-11ed-b103-0242ac120002','test2 Edit-test2 Edit: Leçonnn LEÇONNN à signer',0,'2023-06-06 14:39:01'),(42,'61b08719-e025-11ed-b103-0242ac120002','test2 Edit-test2 Edit: Leçonnn LEÇONNN à signer',0,'2023-06-06 14:51:12'),(43,'61b08719-e025-11ed-b103-0242ac120002','test2 Edit-test2 Edit: Leçonnn LEÇONNN à signer',0,'2023-06-06 14:51:58'),(44,'61b08719-e025-11ed-b103-0242ac120002','test2 Edit-test2 Edit: Leçonnn LEÇONNN à signer',0,'2023-06-06 14:58:16'),(45,'61b08719-e025-11ed-b103-0242ac120002','test2 Edit-test2 Edit: Leçonnn LEÇONNN à signer',0,'2023-06-06 15:01:25'),(46,'61b08719-e025-11ed-b103-0242ac120002','test2 Edit-test2 Edit: Leçonnn LEÇONNN à signer',0,'2023-06-06 15:03:12'),(47,'61b08719-e025-11ed-b103-0242ac120002','test2 Edit-test2 Edit: Leçonnn LEÇONNN à signer',0,'2023-06-06 15:05:38'),(48,'61b08719-e025-11ed-b103-0242ac120002','test2 Edit-test2 Edit: Leçonnn LEÇONNN à signer',0,'2023-06-06 15:37:45'),(49,'61b08719-e025-11ed-b103-0242ac120002','test2 Edit-test2 Edit: Leçonnn LEÇONNN à signer',0,'2023-06-06 15:39:02'),(50,'61b08719-e025-11ed-b103-0242ac120002','test2 Edit-test2 Edit: Leçonnn LEÇONNN à signer',0,'2023-06-06 15:40:27'),(51,'61b08719-e025-11ed-b103-0242ac120002','test2 Edit-test2 Edit: Leçonnn LEÇONNN à signer',0,'2023-06-06 15:46:38'),(52,'61b08719-e025-11ed-b103-0242ac120002','test2 Edit-test2 Edit: Leçonnn LEÇONNN à signer',0,'2023-06-06 15:47:32'),(53,'03877864-9f30-11ed-a278-0242ac120004','test2 Edit-test2 Edit: Leçonnn dfhtgxbtdh à signer',0,'2023-06-12 18:11:30'),(54,'61b08719-e025-11ed-b103-0242ac120002','test2 Edit-test2 Edit: Leçonnn LEÇONNN à signer',0,'2023-06-15 11:38:31'),(55,'61b08719-e025-11ed-b103-0242ac120002','test2 Edit-test2 Edit: Leçonnn LEÇONNN 2 à signer',0,'2023-06-15 13:56:59');

--
-- Table structure for table `phases_detail`
--

CREATE TABLE `phases_detail` (
  `id` int NOT NULL AUTO_INCREMENT,
  `phases_group_id` int NOT NULL,
  `abbreviation` varchar(255) COLLATE utf8mb4_unicode_ci NOT NULL,
  `flight_phase` longtext COLLATE utf8mb4_unicode_ci NOT NULL,
  `description` longtext COLLATE utf8mb4_unicode_ci NOT NULL,
  PRIMARY KEY (`id`),
  KEY `IDX_69884265E4DA94E3` (`phases_group_id`),
  CONSTRAINT `FK_69884265E4DA94E3` FOREIGN KEY (`phases_group_id`) REFERENCES `phases_group` (`id`)
) ENGINE=InnoDB AUTO_INCREMENT=19 DEFAULT CHARSET=utf8mb4 COLLATE=utf8mb4_unicode_ci;

--
-- Dumping data for table `phases_detail`
--

INSERT INTO `phases_detail` VALUES (4,2,'Abbréviation 2','zefzfz','fzeffz'),(5,3,'Abbréviation','fzefezfzf','zefzefez'),(6,4,'zfef','zfzef','zfzef'),(9,5,'fzefff','zfzfzefezf','fz'),(10,6,'A','B','C'),(11,6,'D','E','F'),(12,6,'G','H','I'),(13,6,'J','K','L'),(14,6,'M','N','O'),(15,6,'P','Q','R'),(16,6,'S','T','U'),(17,6,'V','W','X'),(18,6,'Y','Z','AA');

--
-- Table structure for table `phases_group`
--

CREATE TABLE `phases_group` (
  `id` int NOT NULL AUTO_INCREMENT,
  `phases_sub_group_id` int NOT NULL,
  `created_at` datetime NOT NULL,
  PRIMARY KEY (`id`),
  KEY `IDX_5132CD2BA6D2EB60` (`phases_sub_group_id`),
  CONSTRAINT `FK_5132CD2BA6D2EB60` FOREIGN KEY (`phases_sub_group_id`) REFERENCES `phases_sub_group` (`id`)
) ENGINE=InnoDB AUTO_INCREMENT=7 DEFAULT CHARSET=utf8mb4 COLLATE=utf8mb4_unicode_ci;

--
-- Dumping data for table `phases_group`
--

INSERT INTO `phases_group` VALUES (2,1,'2023-04-09 18:40:57'),(3,2,'2023-04-09 19:01:30'),(4,3,'2023-04-11 19:59:39'),(5,4,'2023-04-23 13:48:20'),(6,5,'2023-06-23 11:43:57');

--
-- Table structure for table `phases_group_formation_item`
--

CREATE TABLE `phases_group_formation_item` (
  `phases_group_id` int NOT NULL,
  `formation_item_id` int NOT NULL,
  PRIMARY KEY (`phases_group_id`,`formation_item_id`),
  KEY `IDX_774723FEE4DA94E3` (`phases_group_id`),
  KEY `IDX_774723FE57901725` (`formation_item_id`),
  CONSTRAINT `FK_774723FE57901725` FOREIGN KEY (`formation_item_id`) REFERENCES `formation_item` (`id`) ON DELETE CASCADE,
  CONSTRAINT `FK_774723FEE4DA94E3` FOREIGN KEY (`phases_group_id`) REFERENCES `phases_group` (`id`) ON DELETE CASCADE
) ENGINE=InnoDB DEFAULT CHARSET=utf8mb4 COLLATE=utf8mb4_unicode_ci;

--
-- Dumping data for table `phases_group_formation_item`
--


--
-- Table structure for table `phases_sub_group`
--

CREATE TABLE `phases_sub_group` (
  `id` int NOT NULL AUTO_INCREMENT,
  `group_name` varchar(255) COLLATE utf8mb4_unicode_ci NOT NULL,
  `created_at` datetime NOT NULL,
  PRIMARY KEY (`id`)
) ENGINE=InnoDB AUTO_INCREMENT=6 DEFAULT CHARSET=utf8mb4 COLLATE=utf8mb4_unicode_ci;

--
-- Dumping data for table `phases_sub_group`
--

INSERT INTO `phases_sub_group` VALUES (1,'bfgdfgbs zef 2 Edit','2023-04-09 17:55:42'),(2,'bfgdfgbs zef 2','2023-04-09 19:00:57'),(3,'zgzzerf','2023-04-11 19:59:29'),(4,'test ','2023-04-23 13:47:11'),(5,'TEMs','2023-06-23 11:42:53');

--
-- Table structure for table `phases_sub_group_ato`
--

CREATE TABLE `phases_sub_group_ato` (
  `phases_sub_group_id` int NOT NULL,
  `ato_id` int NOT NULL,
  PRIMARY KEY (`phases_sub_group_id`,`ato_id`),
  KEY `IDX_6CA631EA6D2EB60` (`phases_sub_group_id`),
  KEY `IDX_6CA631E847DC024` (`ato_id`),
  CONSTRAINT `FK_6CA631E847DC024` FOREIGN KEY (`ato_id`) REFERENCES `ato` (`id`) ON DELETE CASCADE,
  CONSTRAINT `FK_6CA631EA6D2EB60` FOREIGN KEY (`phases_sub_group_id`) REFERENCES `phases_sub_group` (`id`) ON DELETE CASCADE
) ENGINE=InnoDB DEFAULT CHARSET=utf8mb4 COLLATE=utf8mb4_unicode_ci;

--
-- Dumping data for table `phases_sub_group_ato`
--

INSERT INTO `phases_sub_group_ato` VALUES (1,4),(2,3),(3,3),(4,3),(5,3);

--
-- Table structure for table `postal_address`
--

CREATE TABLE `postal_address` (
  `id` int NOT NULL AUTO_INCREMENT,
  `number` varchar(255) CHARACTER SET utf8mb4 COLLATE utf8mb4_unicode_ci DEFAULT NULL,
  `street` varchar(255) CHARACTER SET utf8mb4 COLLATE utf8mb4_unicode_ci DEFAULT NULL,
  `city` varchar(255) CHARACTER SET utf8mb4 COLLATE utf8mb4_unicode_ci NOT NULL,
  `zipcode` varchar(255) CHARACTER SET utf8mb4 COLLATE utf8mb4_unicode_ci NOT NULL,
  `country` varchar(255) CHARACTER SET utf8mb4 COLLATE utf8mb4_unicode_ci NOT NULL,
  PRIMARY KEY (`id`)
) ENGINE=InnoDB AUTO_INCREMENT=96 DEFAULT CHARSET=utf8mb4 COLLATE=utf8mb4_unicode_ci;

--
-- Dumping data for table `postal_address`
--

INSERT INTO `postal_address` VALUES (1,'11','zfzf','zefze','78505','FRANCE'),(2,'70','Rue de l\'Agriculture','Saint-Amand','7000','France'),(3,'','','fezfa','45151','FRANCE'),(4,'','','ZRFZ','zeFE','Fance'),(5,'','','zerffez','zrffrzfze','Espagne'),(6,'','','fze','zffe','faze'),(7,'','','test5','test5','test5'),(8,'','','test6','test6','test6'),(9,'','','test7','test7','test7'),(10,'','','test8','test8','test8'),(11,'','','test9','test9','test9'),(12,'11','zfeffze','zfze','zfzef','zefzfe'),(13,'12','zfezefez','zeefzef','zefzef','zefez'),(14,'11','zfezefez','zeefzef','zefzef','zefez'),(15,NULL,NULL,'','','zefez'),(16,'11','zfeffze','zfze','zfzef','zefzfe'),(17,'11','zfeffze','zfze','zfzef','zefzfe'),(18,'11','zfeffze','zfze','zfzef','zefzfe'),(19,'11','zfeffze','zfze','zfzef','zefzfe'),(20,'11','zfeffze','zfze','zfzef','zefzfe'),(21,'','','ZRFZ','zeFE','Fance'),(22,'11','zfeffze','zfze','zfzef','zefzfe'),(24,'11','zfeffze','zfze','zfzef','zefzfe'),(25,'11','zfeffze','zfze','zfzef','zefzfe'),(26,NULL,NULL,'','',''),(27,'','','','',''),(28,'','','','',''),(29,'','','','',''),(30,'','','','',''),(31,'','','','',''),(32,'','','','',''),(33,'','','','',''),(34,'','','','',''),(35,'','','','',''),(36,'','','','',''),(37,'','','','',''),(38,'','','','',''),(39,'','','','',''),(40,'','','','',''),(41,'','','','',''),(42,'','','','',''),(43,'','','','',''),(44,'11','fezfzfezfezf','zefezf','zezf','zefezf'),(46,'11','zfeffze','zfze','zfzef','zefzfe'),(47,'efe','zfezfz','test10','test10','france'),(48,'','','test10','test10','allemagne'),(49,'','','test10','test10','allemagne'),(50,'','','test10','test10','allemagne'),(51,'','','test10','test10','allemagne'),(52,'','','test10','test10','allemagne'),(53,'','','test10','test10','allemagne'),(54,'','','test10','test10','allemagne'),(55,'','','test10','test10','allemagne'),(56,'','','test10','test10','allemagne'),(58,'','','test10','test10','allemagne'),(59,'','','test11','test11','france'),(60,'','','test12','test12','france'),(61,'','','fezfa','45151','FRANCE'),(62,'','','test12','test12','france'),(63,'','','test12','test12','france'),(64,'','','test12','test12','france'),(65,'11','zefezf','zefezf','zefezf','ezfez'),(66,'11','zefezf','zefezf','zefezf','ezfez'),(67,'','','ZRFZ','zeFE','Fance'),(68,'','','zerffez','zrffrzfze','Espagne'),(69,'11','zfzefzefez','fezze','zfezfezf','armenie'),(70,'','','fezfa','45151','FRANCE'),(71,'','','fezfa','45151','FRANCE'),(72,'11','zfeffze','zfze','zfzef','zefzfe'),(73,'11','zfeffze','zfze','zfzef','zefzfe'),(74,'','','ZRFZ','zeFE','Fance'),(75,'','','zerffez','zrffrzfze','Espagne'),(76,'','','zerffez','zrffrzfze','Espagne'),(77,'','','zerffez','zrffrzfze','Espagne'),(78,'','','ZRFZ','zeFE','Fance'),(79,'','','zefzefez','45000','france'),(80,'354','ergergeggr','Paris','45555','France'),(81,'','','zerffez','zrffrzfze','Espagne'),(82,'','','zerffez','zrffrzfze','Espagne'),(83,'zfzef','zefzef','Orléans','45555','france'),(84,'23','rzfzfzef','Orléans','45555','france'),(85,'11','zfzefzefezfzf','Paris','45464','france'),(86,'11','zfzeff','zfzefzefe','454545','france'),(87,'23','rzfzfzef','Orléans','45555','france'),(88,'zfzef','zefzef','Orléans','45555','france'),(89,'11','zfeffze','zfze','zfzef','zefzfe'),(90,'','','fezfa','45151','FRANCE'),(91,'11','zfeffze','zfze','zfzef','zefzfe'),(92,'11','zfeffze','zfze','zfzef','zefzfe'),(93,'11','zfeffze','zfze','zfzef','zefzfe'),(94,'11','zfeffze','zfze','zfzef','zefzfe'),(95,'23','rzfzfzef','Orléans','45555','france');

--
-- Table structure for table `promotion`
--

CREATE TABLE `promotion` (
  `id` int NOT NULL AUTO_INCREMENT,
  `name` varchar(255) CHARACTER SET utf8mb4 COLLATE utf8mb4_unicode_ci NOT NULL,
  `ato_id` int NOT NULL,
  `created_at` datetime NOT NULL,
  `status` varchar(255) CHARACTER SET utf8mb4 COLLATE utf8mb4_unicode_ci NOT NULL,
  PRIMARY KEY (`id`),
  KEY `IDX_C11D7DD1847DC024` (`ato_id`),
  CONSTRAINT `FK_C11D7DD1847DC024` FOREIGN KEY (`ato_id`) REFERENCES `ato` (`id`)
) ENGINE=InnoDB DEFAULT CHARSET=utf8mb4 COLLATE=utf8mb4_unicode_ci;

--
-- Dumping data for table `promotion`
--


--
-- Table structure for table `promotion_ato_user`
--

CREATE TABLE `promotion_ato_user` (
  `promotion_id` int NOT NULL,
  `ato_user_id` int NOT NULL,
  PRIMARY KEY (`promotion_id`,`ato_user_id`),
  KEY `IDX_4826C3F0139DF194` (`promotion_id`),
  KEY `IDX_4826C3F030A17E02` (`ato_user_id`),
  CONSTRAINT `FK_4826C3F0139DF194` FOREIGN KEY (`promotion_id`) REFERENCES `promotion` (`id`) ON DELETE CASCADE,
  CONSTRAINT `FK_4826C3F030A17E02` FOREIGN KEY (`ato_user_id`) REFERENCES `ato_user` (`id`) ON DELETE CASCADE
) ENGINE=InnoDB DEFAULT CHARSET=utf8mb4 COLLATE=utf8mb4_unicode_ci;

--
-- Dumping data for table `promotion_ato_user`
--


--
-- Table structure for table `promotion_formation`
--

CREATE TABLE `promotion_formation` (
  `id` int NOT NULL AUTO_INCREMENT,
  `formation_id` int NOT NULL,
  `promotion_id` int NOT NULL,
  `status` varchar(255) CHARACTER SET utf8mb4 COLLATE utf8mb4_unicode_ci NOT NULL,
  PRIMARY KEY (`id`),
  UNIQUE KEY `UNIQ_3137F092139DF194` (`promotion_id`),
  KEY `IDX_3137F0925200282E` (`formation_id`),
  CONSTRAINT `FK_3137F092139DF194` FOREIGN KEY (`promotion_id`) REFERENCES `promotion` (`id`),
  CONSTRAINT `FK_3137F0925200282E` FOREIGN KEY (`formation_id`) REFERENCES `formation` (`id`)
) ENGINE=InnoDB DEFAULT CHARSET=utf8mb4 COLLATE=utf8mb4_unicode_ci;

--
-- Dumping data for table `promotion_formation`
--


--
-- Table structure for table `rating`
--

CREATE TABLE `rating` (
  `id` int NOT NULL AUTO_INCREMENT,
  `name` varchar(255) CHARACTER SET utf8mb4 COLLATE utf8mb4_unicode_ci NOT NULL,
  `next_when_unvalidate` tinyint(1) NOT NULL,
  `next_when_unrealized` tinyint(1) NOT NULL,
  `created_at` datetime DEFAULT NULL,
  PRIMARY KEY (`id`)
) ENGINE=InnoDB AUTO_INCREMENT=47 DEFAULT CHARSET=utf8mb4 COLLATE=utf8mb4_unicode_ci;

--
-- Dumping data for table `rating`
--

INSERT INTO `rating` VALUES (1,'test',0,0,'2023-04-05 19:53:58'),(6,'fgjhgjd',0,0,'2023-04-06 00:00:00'),(7,'test',0,0,'1900-01-07 00:00:00'),(26,'test2',0,0,'1900-01-08 00:00:00'),(27,'test2',0,0,'2023-01-09 00:00:00'),(28,'fezfzef',0,0,'2023-01-18 00:00:00'),(29,'gregre',0,0,'1900-01-10 19:54:35'),(30,'fgsbgr',1,1,'2023-04-10 19:54:38'),(31,'nv ,jbcx',1,0,'2023-04-11 00:00:00'),(32,'grsgsr',1,1,'1900-01-24 00:00:00'),(33,'hdgsfv',1,0,NULL),(34,'hfdgsgrfs',1,0,NULL),(35,'ththrrth',1,0,NULL),(36,'greefszr',1,1,NULL),(37,'zefez',1,1,NULL),(38,'fzeezf',1,1,NULL),(39,'zrefezf',1,1,NULL),(40,'fzeefz',0,0,NULL),(41,'TEST',1,1,'2023-04-26 15:21:14'),(42,'TEST 2 ',1,1,'2023-04-26 15:21:37'),(43,'TEST 3 ',1,1,'2023-04-26 15:22:07'),(44,'Test formation',1,1,'2023-05-05 18:26:00'),(45,'ehtrgehgrt',1,1,'2023-06-02 21:16:16'),(46,'test 3',0,1,'2023-06-02 21:22:05');

--
-- Table structure for table `rating_ato`
--

CREATE TABLE `rating_ato` (
  `rating_id` int NOT NULL,
  `ato_id` int NOT NULL,
  PRIMARY KEY (`rating_id`,`ato_id`),
  KEY `IDX_39D385C7A32EFC6` (`rating_id`),
  KEY `IDX_39D385C7847DC024` (`ato_id`),
  CONSTRAINT `FK_39D385C7847DC024` FOREIGN KEY (`ato_id`) REFERENCES `ato` (`id`) ON DELETE CASCADE,
  CONSTRAINT `FK_39D385C7A32EFC6` FOREIGN KEY (`rating_id`) REFERENCES `rating` (`id`) ON DELETE CASCADE
) ENGINE=InnoDB DEFAULT CHARSET=utf8mb4 COLLATE=utf8mb4_unicode_ci;

--
-- Dumping data for table `rating_ato`
--

INSERT INTO `rating_ato` VALUES (1,2),(6,2),(7,3),(26,2),(26,4),(27,3),(28,3),(29,3),(30,3),(31,3),(32,2),(32,3),(33,2),(34,2),(34,3),(35,2),(35,4),(36,2),(36,3),(37,2),(37,4),(38,4),(39,2),(39,5),(40,3),(41,3),(42,3),(43,3),(44,3),(45,3),(46,3);

--
-- Table structure for table `rating_value`
--

CREATE TABLE `rating_value` (
  `id` int NOT NULL AUTO_INCREMENT,
  `rating_type_id` int NOT NULL,
  `value` varchar(255) CHARACTER SET utf8mb4 COLLATE utf8mb4_unicode_ci DEFAULT NULL,
  `validate_exercise` tinyint(1) DEFAULT NULL,
  `position` int NOT NULL,
  `media_value_id` int DEFAULT NULL,
  `color` varchar(255) CHARACTER SET utf8mb4 COLLATE utf8mb4_unicode_ci DEFAULT NULL,
  `description` varchar(255) CHARACTER SET utf8mb4 COLLATE utf8mb4_unicode_ci DEFAULT NULL,
  `exercise_notperformed` tinyint(1) NOT NULL,
  PRIMARY KEY (`id`),
  UNIQUE KEY `UNIQ_80615708F6419510` (`media_value_id`),
  KEY `IDX_80615708260075EB` (`rating_type_id`),
  CONSTRAINT `FK_80615708260075EB` FOREIGN KEY (`rating_type_id`) REFERENCES `rating` (`id`),
  CONSTRAINT `FK_80615708F6419510` FOREIGN KEY (`media_value_id`) REFERENCES `media_object` (`id`) ON DELETE CASCADE
) ENGINE=InnoDB AUTO_INCREMENT=75 DEFAULT CHARSET=utf8mb4 COLLATE=utf8mb4_unicode_ci;

--
-- Dumping data for table `rating_value`
--

INSERT INTO `rating_value` VALUES (1,1,'test',1,0,NULL,'#000000','test',0),(2,1,'test',1,1,NULL,'#000000','test',0),(11,6,'',1,0,10,'#000000','',0),(12,6,'---',0,1,NULL,'#000000','',1),(13,7,'test',1,0,NULL,'#000000','',0),(14,7,'test2',0,1,NULL,'#000000','',1),(29,27,'test2 v2',1,0,NULL,'#000000','',0),(30,27,'test2 v2',0,1,NULL,'#000000','',1),(31,28,'zfzef',1,0,14,'#000000','',0),(32,28,'zefze',0,1,15,'#000000','',1),(33,29,'egrgr',1,0,NULL,'#000000','',0),(34,29,'gre',0,1,NULL,'#000000','',0),(35,30,'rgrg',1,0,NULL,'#000000','',0),(36,30,'sgsg',0,1,NULL,'#000000','',1),(37,31,'ngffgs',1,0,NULL,'#000000','',0),(38,31,'fsgbng',0,1,NULL,'#000000','',1),(40,32,'dhteh',0,1,NULL,'#000000','',1),(41,33,'fsgfgb',0,0,NULL,'#000000','',0),(42,33,'fdhgs',0,1,NULL,'#000000','',0),(43,34,'egdtrgrsf',0,0,NULL,'#000000','',0),(44,34,'sgf',0,1,NULL,'#000000','',0),(45,35,'trdhrdh',1,0,NULL,'#000000','',0),(46,35,'rthrth',0,1,NULL,'#000000','',1),(47,36,'hte',1,0,NULL,'#000000','',0),(48,36,'ryjhtzrg',0,1,NULL,'#000000','',0),(49,37,'zef',1,0,NULL,'#000000','',0),(50,37,'zef',0,1,NULL,'#000000','',0),(51,38,'f',1,0,NULL,'#000000','',0),(52,38,'z',0,1,NULL,'#000000','',0),(53,39,'zef',1,0,NULL,'#000000','',0),(54,39,'fe',0,1,NULL,'#000000','',0),(55,40,'zeffez',1,0,NULL,'#000000','',0),(56,40,'ezffze',0,1,NULL,'#000000','',1),(57,41,'Oui',1,0,NULL,'#000000','Oui',0),(58,41,'Non',0,1,NULL,'#000000','Non',0),(59,41,'-',0,2,NULL,'#000000','-',1),(60,42,'OK',1,0,NULL,'#73e148','OK',0),(61,42,'KO',0,1,NULL,'#da3326','KO',0),(62,42,'-',0,2,NULL,'#000000','-',1),(63,43,'Valide',1,0,NULL,'#000000','Valide',0),(64,43,'Non valide',0,1,NULL,'#000000','Non valide',0),(65,43,'-',0,2,NULL,'#000000','-',1),(66,44,'OK',1,0,NULL,'#000000','',0),(67,44,'KO',0,1,NULL,'#000000','',0),(68,44,'=',0,2,NULL,'#000000','',0),(69,45,'egr',1,0,NULL,'#000000','erg',0),(70,45,'rzg',0,1,NULL,'#000000','erzg',0),(71,45,'fezfez',0,2,NULL,'#000000','ezf',1),(72,46,'test',1,0,NULL,'#000000','test',0),(73,46,'test 2',0,1,NULL,'#000000','',0),(74,46,'test 3',0,2,NULL,'#000000','',1);

--
-- Table structure for table `rating_value_reasons`
--

CREATE TABLE `rating_value_reasons` (
  `id` int NOT NULL AUTO_INCREMENT,
  `rating_id` int NOT NULL,
  `group_name` varchar(255) COLLATE utf8mb4_unicode_ci NOT NULL,
  `created_at` datetime NOT NULL,
  PRIMARY KEY (`id`),
  KEY `IDX_21127A34A32EFC6` (`rating_id`),
  CONSTRAINT `FK_21127A34A32EFC6` FOREIGN KEY (`rating_id`) REFERENCES `rating` (`id`)
) ENGINE=InnoDB AUTO_INCREMENT=18 DEFAULT CHARSET=utf8mb4 COLLATE=utf8mb4_unicode_ci;

--
-- Dumping data for table `rating_value_reasons`
--

INSERT INTO `rating_value_reasons` VALUES (1,1,'efzfezf','2023-03-21 22:01:20'),(6,31,'test33TEST','2023-04-04 20:21:46'),(7,31,'grzgzr','2023-04-04 20:57:32'),(8,36,'gzrgrgeg','2023-04-04 20:57:39'),(9,7,'eghrgerg','2023-04-04 20:57:43'),(13,41,'TEST motif de note','2023-05-06 13:42:18'),(14,42,'TEST 2 motif de la note','2023-05-06 15:28:00'),(15,43,'TEST 3 Motif de la note','2023-05-06 15:29:42');

--
-- Table structure for table `rating_value_reasons_details`
--

CREATE TABLE `rating_value_reasons_details` (
  `id` int NOT NULL AUTO_INCREMENT,
  `rating_value_id` int NOT NULL,
  `rating_value_reasons_id` int NOT NULL,
  `code` varchar(255) COLLATE utf8mb4_unicode_ci NOT NULL,
  `description` longtext COLLATE utf8mb4_unicode_ci NOT NULL,
  PRIMARY KEY (`id`),
  KEY `IDX_FD4E9D31634A6869` (`rating_value_reasons_id`),
  KEY `IDX_FD4E9D31A71D0E55` (`rating_value_id`),
  CONSTRAINT `FK_FD4E9D31634A6869` FOREIGN KEY (`rating_value_reasons_id`) REFERENCES `rating_value_reasons` (`id`),
  CONSTRAINT `FK_FD4E9D31A71D0E55` FOREIGN KEY (`rating_value_id`) REFERENCES `rating_value` (`id`)
) ENGINE=InnoDB AUTO_INCREMENT=62 DEFAULT CHARSET=utf8mb4 COLLATE=utf8mb4_unicode_ci;

--
-- Dumping data for table `rating_value_reasons_details`
--

INSERT INTO `rating_value_reasons_details` VALUES (6,37,7,'zgrrgrzg','egregrg'),(9,47,8,'egerg','ergrg'),(40,37,6,'Code','zefzefzef'),(41,37,6,'Code 2','faef EDIT'),(44,57,13,'tezeze','fzefezfzefzefze'),(45,57,13,'zfzefzef 2','zfzfzefzef 2'),(46,58,13,'jytgrzs','jryhrgz'),(47,58,13,'jytfgerz 2','htyrjrgz 2'),(48,59,13,'hyjrrzg','ryhjregz'),(49,59,13,'hjyrtrgz 2','bxcvryjt 2'),(50,60,14,'grezzrgf','rzgfgrzf'),(51,60,14,'grezzrgf 2','rzgfgrzf 2'),(52,61,14,'ergfvrgg','egrrgergr'),(53,61,14,'ergfvrgg 2','egrrgergr 2'),(54,62,14,'zrfzefez','zefezfz'),(55,62,14,'zfzefezf 2',' grgrzz 2'),(56,63,15,'fzefezfez','zfefzefez'),(57,63,15,'zrzef 2 ','zrvrf 2'),(58,64,15,'gzfzefz ','zefzefez'),(59,64,15,'aerg 2','fezazed 2'),(60,65,15,'fzefzfezf ','zefzefez'),(61,65,15,'fezfzf 2',' efzfe 2');

--
-- Table structure for table `resources`
--

CREATE TABLE `resources` (
  `id` int NOT NULL AUTO_INCREMENT,
  `name` varchar(255) CHARACTER SET utf8mb4 COLLATE utf8mb4_unicode_ci NOT NULL,
  `type` varchar(255) CHARACTER SET utf8mb4 COLLATE utf8mb4_unicode_ci NOT NULL,
  `ato_id` int DEFAULT NULL,
  PRIMARY KEY (`id`),
  KEY `IDX_EF66EBAE847DC024` (`ato_id`),
  CONSTRAINT `FK_EF66EBAE847DC024` FOREIGN KEY (`ato_id`) REFERENCES `ato` (`id`)
) ENGINE=InnoDB AUTO_INCREMENT=36 DEFAULT CHARSET=utf8mb4 COLLATE=utf8mb4_unicode_ci;

--
-- Dumping data for table `resources`
--

INSERT INTO `resources` VALUES (1,'dzad','resource_classroom',2),(4,'dazd','resource_aircraft',2),(5,'gzrzgg','resource_aircraft',5),(8,'tetehet','resource_aircraft',4),(9,'','resource_aircraft',4),(10,'','resource_aircraft',2),(12,'testSA','resource_classroom',3),(13,'testSA2','resource_classroom',5),(17,'gregeg','resource_aircraft',2),(20,'gjdhhtdeg','resource_aircraft',NULL),(22,'azerytrt','resource_aircraft',NULL),(23,'rethtr','resource_aircraft',2),(24,'liujgd','resource_aircraft',2),(25,'sfghjgd Edit','resource_aircraft',3),(27,'test edit','resource_aircraft',2),(28,'rethtr 2','resource_aircraft',NULL),(29,'rethtr 2','resource_aircraft',2),(30,'nimp','resource_aircraft',3),(31,'nimp 2','resource_aircraft',NULL),(32,'nimp 3','resource_aircraft',NULL),(33,'nimp 5','resource_aircraft',NULL),(35,'test SA 2','resource_classroom',3);

--
-- Table structure for table `session`
--

CREATE TABLE `session` (
  `id` int NOT NULL AUTO_INCREMENT,
  `instructor_id` int NOT NULL,
  `start_at` datetime NOT NULL,
  `end_at` datetime DEFAULT NULL,
  `comments` longtext CHARACTER SET utf8mb4 COLLATE utf8mb4_unicode_ci,
  `is_theoretical` tinyint(1) NOT NULL,
  `formation_id` int NOT NULL,
  `lesson_id` int DEFAULT NULL,
  `lesson_notation_id` int DEFAULT NULL,
  `bloc_time` int DEFAULT NULL,
  `flight_time` int DEFAULT NULL,
  `lesson_extra_id` int DEFAULT NULL,
  `instructor_signature_id` int DEFAULT NULL,
  `success` tinyint(1) NOT NULL,
  `status` varchar(255) CHARACTER SET utf8mb4 COLLATE utf8mb4_unicode_ci NOT NULL,
  `pdf_file_id` int DEFAULT NULL,
  `validate_at` datetime DEFAULT NULL,
  `correction_id` int DEFAULT NULL,
  `departure_airport_id` int DEFAULT NULL,
  `arrival_airport_id` int DEFAULT NULL,
  `aircraft_id` int DEFAULT NULL,
  `resources_id` int DEFAULT NULL,
  `module_notation_id` int DEFAULT NULL,
  `module_group_notation_id` int DEFAULT NULL,
  `module_reason_id` int DEFAULT NULL,
  `module_group_reason_id` int DEFAULT NULL,
  `module_comments` longtext COLLATE utf8mb4_unicode_ci,
  `module_group_comments` longtext COLLATE utf8mb4_unicode_ci,
  PRIMARY KEY (`id`),
  UNIQUE KEY `UNIQ_D044D5D463D2D5DF` (`lesson_extra_id`),
  UNIQUE KEY `UNIQ_D044D5D41AE37126` (`instructor_signature_id`),
  UNIQUE KEY `UNIQ_D044D5D4E071F843` (`pdf_file_id`),
  UNIQUE KEY `UNIQ_D044D5D494AE086B` (`correction_id`),
  KEY `IDX_D044D5D48C4FC193` (`instructor_id`),
  KEY `IDX_D044D5D45200282E` (`formation_id`),
  KEY `IDX_D044D5D4CDF80196` (`lesson_id`),
  KEY `IDX_D044D5D467595CFC` (`lesson_notation_id`),
  KEY `IDX_D044D5D4F631AB5C` (`departure_airport_id`),
  KEY `IDX_D044D5D47F43E343` (`arrival_airport_id`),
  KEY `IDX_D044D5D4846E2F5C` (`aircraft_id`),
  KEY `IDX_D044D5D4ACFC5BFF` (`resources_id`),
  KEY `IDX_D044D5D418ABBD25` (`module_notation_id`),
  KEY `IDX_D044D5D43AE61306` (`module_group_notation_id`),
  KEY `IDX_D044D5D43DA0A5A` (`module_reason_id`),
  KEY `IDX_D044D5D464B2EEF9` (`module_group_reason_id`),
  CONSTRAINT `FK_D044D5D418ABBD25` FOREIGN KEY (`module_notation_id`) REFERENCES `rating_value` (`id`),
  CONSTRAINT `FK_D044D5D41AE37126` FOREIGN KEY (`instructor_signature_id`) REFERENCES `signature` (`id`) ON DELETE CASCADE,
  CONSTRAINT `FK_D044D5D43AE61306` FOREIGN KEY (`module_group_notation_id`) REFERENCES `rating_value` (`id`),
  CONSTRAINT `FK_D044D5D43DA0A5A` FOREIGN KEY (`module_reason_id`) REFERENCES `rating_value_reasons_details` (`id`),
  CONSTRAINT `FK_D044D5D45200282E` FOREIGN KEY (`formation_id`) REFERENCES `formation` (`id`),
  CONSTRAINT `FK_D044D5D463D2D5DF` FOREIGN KEY (`lesson_extra_id`) REFERENCES `extra_lesson` (`id`),
  CONSTRAINT `FK_D044D5D464B2EEF9` FOREIGN KEY (`module_group_reason_id`) REFERENCES `rating_value_reasons_details` (`id`),
  CONSTRAINT `FK_D044D5D467595CFC` FOREIGN KEY (`lesson_notation_id`) REFERENCES `rating_value` (`id`),
  CONSTRAINT `FK_D044D5D47F43E343` FOREIGN KEY (`arrival_airport_id`) REFERENCES `airport` (`id`),
  CONSTRAINT `FK_D044D5D4846E2F5C` FOREIGN KEY (`aircraft_id`) REFERENCES `aircraft` (`id`),
  CONSTRAINT `FK_D044D5D48C4FC193` FOREIGN KEY (`instructor_id`) REFERENCES `ato_user` (`id`),
  CONSTRAINT `FK_D044D5D494AE086B` FOREIGN KEY (`correction_id`) REFERENCES `session` (`id`) ON DELETE SET NULL,
  CONSTRAINT `FK_D044D5D4ACFC5BFF` FOREIGN KEY (`resources_id`) REFERENCES `resources` (`id`),
  CONSTRAINT `FK_D044D5D4CDF80196` FOREIGN KEY (`lesson_id`) REFERENCES `formation_item` (`id`),
  CONSTRAINT `FK_D044D5D4E071F843` FOREIGN KEY (`pdf_file_id`) REFERENCES `media_object` (`id`),
  CONSTRAINT `FK_D044D5D4F631AB5C` FOREIGN KEY (`departure_airport_id`) REFERENCES `airport` (`id`)
) ENGINE=InnoDB AUTO_INCREMENT=248 DEFAULT CHARSET=utf8mb4 COLLATE=utf8mb4_unicode_ci;

--
-- Dumping data for table `session`
--

INSERT INTO `session` VALUES (1,33,'2023-04-21 12:47:00','2023-04-24 21:32:00','',0,14,63,32,4845,0,NULL,2,0,'toSign',NULL,NULL,NULL,172,172,30,NULL,NULL,NULL,NULL,NULL,NULL,NULL),(2,33,'2023-04-20 21:50:51','2023-04-21 12:50:51','Commentaire Appréciation Leçonnn',1,2,46,29,0,0,NULL,1,1,'toSign',NULL,NULL,NULL,NULL,NULL,NULL,NULL,NULL,NULL,NULL,NULL,NULL,NULL),(3,33,'2023-04-26 11:00:00','2023-04-26 11:00:00','',0,17,78,13,0,0,NULL,3,0,'validated',NULL,'2023-04-26 11:01:17',NULL,10,10,25,NULL,NULL,NULL,NULL,NULL,NULL,NULL),(5,33,'2023-04-26 11:43:00','2023-04-26 11:45:00','',0,17,78,13,2,0,NULL,5,0,'validated',NULL,'2023-04-26 11:48:15',NULL,10,10,25,NULL,NULL,NULL,NULL,NULL,NULL,NULL),(6,33,'2023-04-26 11:48:00','2023-04-26 11:59:00','',0,17,79,40,11,0,NULL,7,0,'validated',NULL,'2023-04-26 12:02:02',NULL,58,58,25,NULL,NULL,NULL,NULL,NULL,NULL,NULL),(9,33,'2023-04-26 20:00:00','2023-04-26 12:28:00','',0,17,78,14,452,0,NULL,9,0,'validated',NULL,'2023-04-26 12:30:06',NULL,10,10,25,NULL,NULL,NULL,NULL,NULL,NULL,NULL),(11,33,'2023-04-25 18:00:00','2023-04-26 13:02:00','',0,17,79,40,1142,0,NULL,11,0,'validated',NULL,'2023-04-26 15:03:42',NULL,10,10,25,NULL,NULL,NULL,NULL,NULL,NULL,NULL),(13,33,'2023-04-26 15:13:00','2023-04-26 13:13:00','',0,17,NULL,NULL,0,0,3,13,0,'validated',NULL,'2023-04-26 15:15:59',NULL,10,10,25,NULL,NULL,NULL,NULL,NULL,NULL,NULL),(14,33,'2023-04-26 15:25:00','2023-04-26 13:26:00','',0,18,83,57,1,0,NULL,15,1,'validated',NULL,'2023-04-26 15:26:42',NULL,10,10,25,NULL,NULL,NULL,NULL,NULL,NULL,NULL),(15,33,'2023-04-26 15:27:00','2023-04-26 13:28:00','',0,18,84,57,1,0,NULL,17,1,'validated',NULL,'2023-04-26 15:29:10',NULL,10,17,25,NULL,NULL,NULL,NULL,NULL,NULL,NULL),(16,33,'2023-04-26 15:38:00','2023-04-26 13:40:00','',0,18,NULL,57,2,0,4,19,1,'validated',NULL,'2023-04-26 15:41:44',NULL,10,10,25,NULL,NULL,NULL,NULL,NULL,NULL,NULL),(18,33,'2023-04-25 15:45:00','2023-04-26 13:46:00','',0,18,83,57,1441,0,NULL,21,0,'validated',NULL,'2023-04-26 15:48:03',NULL,37,37,25,NULL,NULL,NULL,NULL,NULL,NULL,NULL),(19,33,'2023-04-27 15:32:00','2023-04-27 17:27:00','',0,18,NULL,57,115,0,5,23,1,'validated',NULL,'2023-04-27 17:27:37',NULL,10,10,25,NULL,NULL,NULL,NULL,NULL,NULL,NULL),(28,33,'2023-05-02 03:00:00','2023-05-02 21:00:00','',0,21,105,57,960,0,NULL,25,1,'validated',NULL,'2023-05-02 21:01:46',NULL,10,10,25,NULL,NULL,NULL,NULL,NULL,NULL,NULL),(29,33,'2023-05-03 20:38:00','2023-05-03 20:44:00','',0,19,88,57,6,0,NULL,27,1,'validated',NULL,'2023-05-03 20:45:14',NULL,10,10,25,NULL,NULL,NULL,NULL,NULL,NULL,NULL),(30,33,'2023-05-04 10:56:00','2023-05-04 11:56:00','',0,21,106,57,60,0,NULL,29,1,'validated',NULL,'2023-05-04 12:09:33',NULL,10,17,25,NULL,NULL,NULL,NULL,NULL,NULL,NULL),(36,33,'2023-05-05 14:37:00','2023-05-05 15:47:00','',0,22,132,60,70,0,NULL,31,1,'validated',NULL,'2023-05-05 15:49:43',NULL,10,10,25,NULL,NULL,NULL,NULL,NULL,NULL,NULL),(37,33,'2023-05-05 15:50:00','2023-05-05 15:52:00','getrzefergtzrg zrg rzg  rgz  ',0,22,NULL,13,2,0,6,33,1,'validated',NULL,'2023-05-05 16:03:36',NULL,17,17,30,NULL,NULL,NULL,NULL,NULL,NULL,NULL),(38,33,'2023-05-05 16:04:00','2023-05-05 16:36:00','',0,22,133,61,32,0,NULL,35,1,'validated',NULL,'2023-05-05 16:36:59',NULL,37,11,25,NULL,NULL,NULL,NULL,NULL,NULL,NULL),(39,33,'2023-05-05 16:42:00','2023-05-05 16:43:00','',0,22,NULL,14,1,0,7,37,0,'validated',NULL,'2023-05-05 16:43:28',NULL,1714,9,25,NULL,NULL,NULL,NULL,NULL,NULL,NULL),(41,33,'2023-05-08 12:55:00','2023-05-08 12:56:00','',0,20,138,60,1,0,NULL,39,1,'validated',NULL,'2023-05-08 12:57:28',NULL,37,37,25,NULL,NULL,NULL,NULL,NULL,NULL,NULL),(42,33,'2023-05-08 13:24:00','2023-05-08 13:34:00','',0,20,138,60,10,0,NULL,41,1,'validated',NULL,'2023-05-08 13:35:09',NULL,10,10,25,NULL,NULL,NULL,NULL,NULL,NULL,NULL),(59,33,'2023-05-10 22:56:00','2023-05-10 23:14:00','',0,23,144,57,18,0,NULL,52,1,'validated',NULL,'2023-05-10 23:18:48',NULL,10,10,25,NULL,NULL,NULL,NULL,NULL,NULL,NULL),(60,33,'2023-05-10 23:22:00','2023-05-10 23:23:00','',0,23,NULL,57,1,0,9,54,1,'validated',NULL,'2023-05-10 23:26:46',NULL,10,10,25,NULL,NULL,NULL,NULL,NULL,NULL,NULL),(62,33,'2023-05-10 23:26:00','2023-05-10 23:46:00','',0,23,145,57,20,0,NULL,56,1,'validated',NULL,'2023-05-10 23:47:11',NULL,10,26,25,NULL,NULL,NULL,NULL,NULL,NULL,NULL),(64,33,'2023-05-11 16:20:00','2023-05-11 16:44:00','',0,23,NULL,57,24,0,11,58,1,'validated',NULL,'2023-05-11 16:44:59',NULL,10,10,25,NULL,NULL,NULL,NULL,NULL,NULL,NULL),(67,33,'2023-05-12 23:38:00','2023-05-12 23:39:00','',0,24,155,60,1,0,NULL,60,0,'validated',NULL,'2023-05-12 23:42:18',NULL,10,43,25,NULL,NULL,NULL,NULL,NULL,NULL,NULL),(70,33,'2023-05-13 15:24:00','2023-05-13 18:13:00','',0,25,161,NULL,169,0,NULL,62,0,'validated',NULL,'2023-05-13 18:15:37',NULL,10,50,25,NULL,NULL,NULL,NULL,NULL,NULL,NULL),(74,33,'2023-05-14 15:17:00','2023-05-14 15:35:00','grezzg',0,26,164,58,18,0,NULL,64,1,'validated',NULL,'2023-05-14 15:36:15',NULL,10,10,25,NULL,NULL,NULL,NULL,NULL,NULL,NULL),(76,33,'2023-05-15 23:08:00','2023-05-15 23:27:00','',0,22,132,60,19,0,NULL,66,1,'validated',NULL,'2023-05-15 23:28:03',NULL,10,10,25,NULL,NULL,NULL,NULL,NULL,NULL,NULL),(81,33,'2023-05-17 11:14:00','2023-05-17 13:29:00','',1,27,174,60,0,0,NULL,68,1,'Edited',NULL,NULL,85,NULL,NULL,NULL,NULL,NULL,NULL,NULL,NULL,NULL,NULL),(82,33,'2023-05-17 13:48:52','2023-05-17 16:48:52','poluikujhfgbdv',1,27,174,60,0,0,NULL,69,1,'validated',NULL,'2023-05-17 13:50:12',NULL,NULL,NULL,NULL,NULL,NULL,NULL,NULL,NULL,NULL,NULL),(83,33,'2023-05-17 13:48:52','2023-05-17 16:48:52','poluikujhfgbdv',1,27,174,60,0,0,NULL,72,1,'Edited',NULL,NULL,84,NULL,NULL,NULL,NULL,NULL,NULL,NULL,NULL,NULL,NULL),(84,33,'2023-05-17 13:48:52','2023-05-17 16:48:52','poluikujhfgbdv',1,27,174,60,0,0,NULL,NULL,1,'toSign',NULL,NULL,NULL,NULL,NULL,NULL,NULL,NULL,NULL,NULL,NULL,NULL,NULL),(85,33,'2023-05-17 11:14:00','2023-05-17 13:29:00','',1,27,174,60,0,0,NULL,NULL,1,'toSign',NULL,NULL,NULL,NULL,NULL,NULL,NULL,NULL,NULL,NULL,NULL,NULL,NULL),(86,33,'2023-05-18 16:10:04','2023-05-18 18:40:04','',1,28,186,60,0,0,NULL,73,1,'validated',NULL,'2023-05-18 20:36:06',NULL,NULL,NULL,NULL,NULL,NULL,NULL,NULL,NULL,NULL,NULL),(88,33,'2023-05-18 20:29:43','2023-05-18 22:34:43','',1,28,187,60,0,0,NULL,74,0,'validated',NULL,'2023-05-18 20:36:13',NULL,NULL,NULL,NULL,NULL,NULL,NULL,NULL,NULL,NULL,NULL),(89,33,'2023-05-18 20:29:43','2023-05-18 22:34:43','',1,28,187,60,0,0,NULL,75,0,'validated',NULL,'2023-05-18 20:36:19',NULL,NULL,NULL,NULL,NULL,NULL,NULL,NULL,NULL,NULL,NULL),(90,33,'2023-05-18 20:29:43','2023-05-18 22:34:43','',1,28,187,60,0,0,NULL,76,0,'validated',NULL,'2023-05-18 20:36:30',NULL,NULL,NULL,NULL,NULL,NULL,NULL,NULL,NULL,NULL,NULL),(92,33,'2023-05-19 15:12:00','2023-05-19 15:20:00','yjhtgfvsdc',0,24,NULL,NULL,8,0,15,81,0,'validated',NULL,'2023-05-19 15:20:20',NULL,10,10,25,NULL,NULL,NULL,NULL,NULL,NULL,NULL),(93,33,'2023-05-19 15:21:00','2023-05-19 15:21:00','',0,26,NULL,57,0,0,16,83,0,'validated',NULL,'2023-05-19 15:21:43',NULL,58,20,25,NULL,NULL,NULL,NULL,NULL,NULL,NULL),(100,33,'2023-05-22 22:52:00','2023-05-22 23:02:00','',0,41,241,57,10,0,NULL,85,0,'validated',NULL,'2023-05-22 23:05:30',NULL,10,43,25,NULL,NULL,NULL,NULL,NULL,NULL,NULL),(107,33,'2023-05-25 11:05:00','2023-05-25 11:05:00','',0,45,259,58,0,0,NULL,88,0,'validated',NULL,'2023-05-25 11:06:19',NULL,10,10,25,NULL,NULL,NULL,NULL,NULL,NULL,NULL),(108,33,'2023-05-25 11:06:00','2023-05-25 11:07:00','',0,45,NULL,57,1,0,18,90,1,'validated',NULL,'2023-05-25 11:07:41',NULL,10,10,25,NULL,NULL,NULL,NULL,NULL,NULL,NULL),(109,33,'2023-05-25 14:14:00','2023-05-25 14:22:00','erezfzef',0,46,269,63,8,0,NULL,92,1,'validated',NULL,'2023-05-25 14:23:34',NULL,10,10,25,NULL,NULL,NULL,NULL,NULL,NULL,NULL),(110,33,'2023-05-25 14:24:00','2023-05-25 14:42:00','',0,46,NULL,63,18,0,19,94,1,'validated',NULL,'2023-05-25 14:43:25',NULL,10,10,25,NULL,NULL,NULL,NULL,NULL,NULL,NULL),(112,33,'2023-05-25 15:58:00','2023-05-25 15:58:00','',0,48,274,57,0,0,NULL,96,1,'validated',NULL,'2023-05-25 15:59:36',NULL,10,17,25,NULL,NULL,NULL,NULL,NULL,NULL,NULL),(113,33,'2023-05-25 16:00:00','2023-05-25 16:00:00','',0,48,NULL,57,0,0,21,98,1,'validated',NULL,'2023-05-25 16:01:01',NULL,58,58,25,NULL,NULL,NULL,NULL,NULL,NULL,NULL),(118,33,'2023-05-29 17:31:00','2023-05-30 23:48:00','',1,48,NULL,57,1817,0,25,100,1,'validated',NULL,'2023-06-06 14:06:47',NULL,NULL,NULL,25,NULL,NULL,NULL,NULL,NULL,NULL,NULL),(121,33,'2023-06-01 11:00:00','2023-06-01 12:12:00','',0,50,288,57,72,6,NULL,101,1,'validated',NULL,'2023-06-01 12:22:04',NULL,30,26,25,NULL,NULL,NULL,NULL,NULL,NULL,NULL),(122,33,'2023-06-01 12:27:00','2023-06-01 12:30:00','',0,50,289,57,3,3,NULL,103,1,'validated',NULL,'2023-06-01 12:30:56',NULL,19,51,25,NULL,NULL,NULL,NULL,NULL,NULL,NULL),(123,33,'2023-06-02 19:22:04','2023-06-02 19:36:00','',1,43,247,57,14,0,NULL,105,0,'validated',NULL,'2023-06-02 19:52:01',NULL,NULL,NULL,NULL,NULL,NULL,NULL,NULL,NULL,NULL,NULL),(124,33,'2023-06-02 19:46:29','2023-06-02 20:05:00','',1,43,248,57,19,0,NULL,107,1,'validated',NULL,'2023-06-06 14:02:52',NULL,NULL,NULL,NULL,NULL,NULL,NULL,NULL,NULL,NULL,NULL),(125,33,'2023-06-06 12:53:14','2023-06-06 14:18:00','',1,42,244,57,85,0,NULL,110,1,'validated',NULL,'2023-06-06 14:19:51',NULL,NULL,NULL,NULL,NULL,NULL,NULL,NULL,NULL,NULL,NULL),(126,33,'2023-06-06 13:04:58','2023-06-06 14:26:00','',1,42,244,59,81,0,NULL,112,0,'Edited',NULL,NULL,127,NULL,NULL,NULL,NULL,NULL,NULL,NULL,NULL,NULL,NULL),(127,33,'2023-06-06 13:04:58','2023-06-06 14:26:00','',1,42,244,59,81,0,NULL,113,0,'validated',NULL,'2023-06-06 14:33:12',NULL,NULL,NULL,NULL,NULL,NULL,NULL,NULL,NULL,NULL,NULL),(130,33,'2023-06-06 13:18:22','2023-06-06 14:33:00','',1,42,244,57,75,0,NULL,115,1,'Edited',NULL,NULL,131,NULL,NULL,NULL,NULL,NULL,NULL,NULL,NULL,NULL,NULL),(131,33,'2023-06-06 13:18:22','2023-06-06 14:33:00','',1,42,244,57,75,0,NULL,116,1,'validated',NULL,'2023-06-06 14:37:47',NULL,NULL,NULL,NULL,NULL,NULL,NULL,NULL,NULL,NULL,NULL),(133,33,'2023-06-06 13:23:06','2023-06-06 14:38:00','',1,42,244,57,75,0,NULL,118,1,'Edited',NULL,NULL,134,NULL,NULL,NULL,NULL,NULL,NULL,NULL,NULL,NULL,NULL),(134,33,'2023-06-06 13:23:06','2023-06-06 14:38:00','',1,42,244,57,75,0,NULL,119,1,'validated',NULL,'2023-06-06 14:50:31',NULL,NULL,NULL,NULL,NULL,NULL,NULL,NULL,NULL,NULL,NULL),(136,33,'2023-06-06 13:35:38','2023-06-06 14:50:00','test',1,42,244,57,74,0,NULL,121,1,'Edited',NULL,NULL,137,NULL,NULL,NULL,NULL,NULL,NULL,NULL,NULL,NULL,NULL),(137,33,'2023-06-06 13:35:38','2023-06-06 14:50:00','test',1,42,244,57,74,0,NULL,122,1,'Edited',NULL,NULL,138,NULL,NULL,NULL,NULL,NULL,NULL,NULL,NULL,NULL,NULL),(138,33,'2023-06-06 13:35:38','2023-06-06 14:50:00','test',1,42,244,57,74,0,NULL,123,1,'Edited',NULL,NULL,139,NULL,NULL,NULL,NULL,NULL,NULL,NULL,NULL,NULL,NULL),(139,33,'2023-06-06 13:35:38','2023-06-06 14:50:00','test',1,42,244,57,74,0,NULL,124,1,'Edited',NULL,NULL,140,NULL,NULL,NULL,NULL,NULL,NULL,NULL,NULL,NULL,NULL),(140,33,'2023-06-06 13:35:38','2023-06-06 14:50:00','test',1,42,244,57,74,0,NULL,125,1,'Edited',NULL,NULL,141,NULL,NULL,NULL,NULL,NULL,NULL,NULL,NULL,NULL,NULL),(141,33,'2023-06-06 13:35:38','2023-06-06 14:50:00','test',1,42,244,57,74,0,NULL,126,1,'validated',NULL,'2023-06-06 15:17:40',NULL,NULL,NULL,NULL,NULL,NULL,NULL,NULL,NULL,NULL,NULL),(146,33,'2023-06-06 14:19:23','2023-06-06 15:37:00','',1,42,244,57,78,0,NULL,128,1,'Edited',NULL,NULL,147,NULL,NULL,NULL,35,NULL,NULL,NULL,NULL,NULL,NULL),(147,33,'2023-06-06 14:19:23','2023-06-06 15:37:00','',1,42,244,57,78,0,NULL,129,1,'Edited',NULL,NULL,148,NULL,NULL,NULL,12,NULL,NULL,NULL,NULL,NULL,NULL),(148,33,'2023-06-06 14:19:23','2023-06-06 15:37:00','',1,42,244,57,78,0,NULL,130,1,'Edited',NULL,NULL,149,NULL,NULL,NULL,35,NULL,NULL,NULL,NULL,NULL,NULL),(149,33,'2023-06-06 14:19:23','2023-06-06 15:37:00','',1,42,244,57,78,0,NULL,131,1,'Edited',NULL,NULL,150,NULL,NULL,NULL,12,NULL,NULL,NULL,NULL,NULL,NULL),(150,33,'2023-06-06 14:19:23','2023-06-06 15:37:00','',1,42,244,57,78,0,NULL,132,1,'validated',NULL,'2023-06-06 15:48:31',NULL,NULL,NULL,NULL,35,NULL,NULL,NULL,NULL,NULL,NULL),(152,33,'2023-06-07 14:00:00','2023-06-07 14:34:00','',0,50,290,57,34,34,NULL,134,1,'validated',NULL,'2023-06-07 14:34:28',NULL,10,50,25,25,NULL,NULL,NULL,NULL,NULL,NULL),(154,33,'2023-06-08 17:16:00','2023-06-08 17:56:00','',0,52,363,58,40,6,NULL,136,1,'validated',NULL,'2023-06-08 18:00:29',NULL,10,37,25,25,NULL,NULL,NULL,NULL,NULL,NULL),(155,33,'2023-06-08 18:23:00','2023-06-08 18:26:00','',0,52,364,58,3,0,NULL,138,1,'validated',NULL,'2023-06-08 18:26:43',NULL,14,14,25,25,NULL,NULL,NULL,NULL,NULL,NULL),(156,33,'2023-06-09 12:08:00','2023-06-09 12:13:00','',0,52,363,58,5,0,NULL,140,1,'validated',NULL,'2023-06-09 12:14:22',NULL,10,10,25,25,NULL,NULL,NULL,NULL,NULL,NULL),(157,33,'2023-06-09 12:15:00','2023-06-09 12:18:00','',0,52,364,57,3,0,NULL,142,1,'validated',NULL,'2023-06-09 12:19:18',NULL,10,50,25,25,NULL,NULL,NULL,NULL,NULL,NULL),(158,33,'2023-06-09 12:56:00','2023-06-09 12:57:00','',0,53,373,57,1,0,NULL,144,0,'validated',NULL,'2023-06-09 12:59:25',NULL,10,21,25,25,NULL,NULL,NULL,NULL,NULL,NULL),(159,33,'2023-06-09 12:59:00','2023-06-09 13:00:00','',0,53,374,58,1,0,NULL,146,1,'validated',NULL,'2023-06-09 13:01:01',NULL,21,31,25,25,NULL,NULL,NULL,NULL,NULL,NULL),(160,33,'2023-06-09 13:02:00','2023-06-09 13:02:00','',0,53,375,57,0,0,NULL,148,1,'validated',NULL,'2023-06-09 13:02:58',NULL,31,1570,25,25,NULL,NULL,NULL,NULL,NULL,NULL),(161,33,'2023-06-09 13:02:00','2023-06-09 13:03:00','',0,53,376,57,1,0,NULL,150,1,'validated',NULL,'2023-06-09 13:03:28',NULL,1570,593,25,25,NULL,NULL,NULL,NULL,NULL,NULL),(165,33,'2023-06-09 19:46:00','2023-06-09 19:52:00','',0,54,396,60,6,0,NULL,152,1,'validated',NULL,'2023-06-09 19:53:06',NULL,10,58,25,25,NULL,NULL,NULL,NULL,NULL,NULL),(168,33,'2023-06-11 11:10:00','2023-06-11 17:43:00','Leçon non OK',0,54,397,61,393,0,NULL,158,0,'validated',NULL,'2023-06-11 17:51:43',NULL,10,21,25,25,60,NULL,50,NULL,'Module OK - grezzrgf',NULL),(170,33,'2023-06-11 20:15:00','2023-06-11 21:02:00','Note Leçonnn',0,62,430,57,47,5,NULL,160,1,'validated',NULL,'2023-06-11 21:03:06',NULL,10,21,25,25,NULL,NULL,NULL,NULL,NULL,NULL),(171,33,'2023-06-11 21:03:00','2023-06-11 21:03:00','Note Leçonnn 2',0,62,431,60,0,0,NULL,162,1,'validated',NULL,'2023-06-11 21:11:01',NULL,10,21,25,25,60,NULL,50,NULL,'Finalisation module 1 - grezzrgf',NULL),(172,33,'2023-06-11 21:11:00','2023-06-11 21:34:00','Note leçonnn 3',0,62,432,60,23,0,NULL,164,1,'validated',NULL,'2023-06-11 21:43:51',NULL,10,21,25,25,60,57,50,45,'Note moduleee 3 - grezzrgf','Note groupe module 1 - zfzefzef 2'),(173,33,'2023-06-11 22:01:00','2023-06-11 22:02:00','Note leçonnn 4',0,62,433,57,1,0,NULL,166,1,'validated',NULL,'2023-06-11 22:02:40',NULL,10,21,25,25,60,NULL,51,NULL,'Note moduleee 3',NULL),(174,33,'2023-06-12 18:06:00','2023-06-12 18:11:00','Note leçonnn extra théorique multiple',1,43,NULL,57,5,10,27,168,1,'toSign',NULL,NULL,NULL,NULL,NULL,25,12,NULL,NULL,NULL,NULL,NULL,NULL),(177,33,'2023-06-13 14:34:00','2023-06-13 14:56:00','',0,63,441,NULL,22,10,NULL,169,1,'validated',NULL,'2023-06-13 15:00:35',NULL,27,14,25,25,NULL,NULL,NULL,NULL,NULL,NULL),(184,33,'2023-06-14 10:45:00','2023-06-14 10:46:00','',0,66,466,57,1,0,NULL,171,0,'validated',NULL,'2023-06-14 10:47:23',NULL,21,21,25,25,NULL,NULL,NULL,NULL,NULL,NULL),(185,33,'2023-06-14 20:16:00','2023-06-14 21:21:00','egrzefr',0,66,467,58,65,0,NULL,173,0,'validated',NULL,'2023-06-14 21:33:29',NULL,21,37,25,25,NULL,NULL,NULL,NULL,NULL,NULL),(186,33,'2023-06-15 11:17:00','2023-06-15 11:17:00','',0,66,466,57,0,0,NULL,175,1,'validated',NULL,'2023-06-15 11:17:48',NULL,10,21,25,25,NULL,NULL,NULL,NULL,NULL,NULL),(187,33,'2023-06-15 11:17:00','2023-06-15 11:18:00','',0,66,467,57,1,0,NULL,177,1,'validated',NULL,'2023-06-15 11:18:53',NULL,21,37,25,NULL,NULL,NULL,NULL,NULL,NULL,NULL),(188,33,'2023-06-15 11:28:24','2023-06-15 11:38:00','Appréciation Leçonnn\n ',1,43,247,59,10,5,NULL,180,0,'validated',NULL,'2023-06-15 11:39:33',NULL,NULL,NULL,NULL,12,NULL,NULL,NULL,NULL,NULL,NULL),(189,33,'2023-06-15 13:55:31','2023-06-15 13:56:00','',1,43,248,57,0,10,NULL,182,1,'validated',NULL,'2023-06-15 14:01:37',NULL,NULL,NULL,NULL,12,NULL,NULL,NULL,NULL,NULL,NULL),(197,33,'2023-06-16 15:38:00','2023-06-16 15:41:00','zegrgrfzed',0,69,470,60,3,0,NULL,184,1,'validated',NULL,'2023-06-16 15:42:09',NULL,10,21,25,25,NULL,NULL,NULL,NULL,NULL,NULL),(198,33,'2023-06-16 16:04:00','2023-06-16 16:05:00','',0,69,471,60,1,0,NULL,186,1,'validated',NULL,'2023-06-16 16:05:36',NULL,10,21,25,25,NULL,NULL,NULL,NULL,NULL,NULL),(213,33,'2023-06-20 11:42:00','2023-06-20 11:43:00','Appréciation Leçonnn',0,71,512,60,1,0,NULL,188,0,'validated',NULL,'2023-06-20 11:43:31',NULL,21,37,25,25,NULL,NULL,NULL,NULL,NULL,NULL),(216,33,'2023-06-21 00:32:00','2023-06-21 00:33:00','fzrezfr',0,52,365,57,1,0,NULL,190,1,'validated',NULL,'2023-06-21 00:36:01',NULL,21,20,25,25,NULL,NULL,NULL,NULL,NULL,NULL),(217,33,'2023-06-21 11:15:00','2023-06-21 12:47:00','',0,74,529,58,92,9,NULL,192,1,'validated',NULL,'2023-06-21 12:47:31',NULL,21,1570,25,25,NULL,NULL,NULL,NULL,NULL,NULL),(227,33,'2023-06-22 14:19:00','2023-06-22 14:20:00','Commentaire - Appréciation Leçonnn',0,73,537,63,1,0,NULL,198,0,'validated',NULL,'2023-06-22 14:20:59',NULL,21,1570,25,25,NULL,NULL,NULL,NULL,NULL,NULL),(228,33,'2023-06-23 11:29:00','2023-06-23 11:30:00','',0,26,164,57,1,0,NULL,200,0,'validated',NULL,'2023-06-23 11:30:36',NULL,21,1570,25,25,NULL,NULL,NULL,NULL,NULL,NULL),(247,33,'2023-06-23 20:15:00',NULL,'',0,76,547,NULL,0,0,NULL,NULL,0,'toClose',NULL,NULL,NULL,NULL,NULL,25,25,NULL,NULL,NULL,NULL,NULL,NULL);

--
-- Table structure for table `session_exercise`
--

CREATE TABLE `session_exercise` (
  `id` int NOT NULL AUTO_INCREMENT,
  PRIMARY KEY (`id`)
) ENGINE=InnoDB DEFAULT CHARSET=utf8mb4 COLLATE=utf8mb4_unicode_ci;

--
-- Dumping data for table `session_exercise`
--


--
-- Table structure for table `signature`
--

CREATE TABLE `signature` (
  `id` int NOT NULL AUTO_INCREMENT,
  `ato_user_id` int NOT NULL,
  `date` datetime NOT NULL,
  PRIMARY KEY (`id`),
  KEY `IDX_AE88014130A17E02` (`ato_user_id`),
  CONSTRAINT `FK_AE88014130A17E02` FOREIGN KEY (`ato_user_id`) REFERENCES `ato_user` (`id`)
) ENGINE=InnoDB AUTO_INCREMENT=202 DEFAULT CHARSET=utf8mb4 COLLATE=utf8mb4_unicode_ci;

--
-- Dumping data for table `signature`
--

INSERT INTO `signature` VALUES (1,33,'2023-04-21 12:52:13'),(2,33,'2023-04-24 21:53:48'),(3,33,'2023-04-26 11:01:16'),(5,33,'2023-04-26 11:48:14'),(6,37,'2023-04-26 11:48:15'),(7,33,'2023-04-26 12:02:02'),(8,37,'2023-04-26 12:02:02'),(9,33,'2023-04-26 12:30:06'),(10,35,'2023-04-26 12:30:06'),(11,33,'2023-04-26 15:03:41'),(12,35,'2023-04-26 15:03:42'),(13,33,'2023-04-26 15:15:01'),(14,37,'2023-04-26 15:15:59'),(15,33,'2023-04-26 15:26:27'),(16,37,'2023-04-26 15:26:42'),(17,33,'2023-04-26 15:28:56'),(18,37,'2023-04-26 15:29:10'),(19,33,'2023-04-26 15:41:05'),(20,37,'2023-04-26 15:41:44'),(21,33,'2023-04-26 15:48:02'),(22,35,'2023-04-26 15:48:03'),(23,33,'2023-04-27 17:27:37'),(24,37,'2023-04-27 17:27:37'),(25,33,'2023-05-02 21:01:45'),(26,37,'2023-05-02 21:01:46'),(27,33,'2023-05-03 20:45:14'),(28,37,'2023-05-03 20:45:14'),(29,33,'2023-05-04 12:09:33'),(30,37,'2023-05-04 12:09:33'),(31,33,'2023-05-05 15:49:42'),(32,37,'2023-05-05 15:49:43'),(33,33,'2023-05-05 15:52:42'),(34,37,'2023-05-05 16:03:36'),(35,33,'2023-05-05 16:36:58'),(36,37,'2023-05-05 16:36:59'),(37,33,'2023-05-05 16:43:28'),(38,37,'2023-05-05 16:43:28'),(39,33,'2023-05-08 12:57:28'),(40,37,'2023-05-08 12:57:28'),(41,33,'2023-05-08 13:35:08'),(42,36,'2023-05-08 13:35:09'),(43,33,'2023-05-10 14:12:53'),(44,37,'2023-05-10 14:12:54'),(45,33,'2023-05-10 15:24:01'),(46,33,'2023-05-10 15:43:31'),(47,33,'2023-05-10 15:47:35'),(48,33,'2023-05-10 15:49:30'),(49,33,'2023-05-10 16:07:25'),(51,37,'2023-05-10 20:56:59'),(52,33,'2023-05-10 23:18:48'),(53,37,'2023-05-10 23:18:48'),(54,33,'2023-05-10 23:23:55'),(55,37,'2023-05-10 23:26:46'),(56,33,'2023-05-10 23:47:11'),(57,37,'2023-05-10 23:47:11'),(58,33,'2023-05-11 16:44:59'),(59,37,'2023-05-11 16:44:59'),(60,33,'2023-05-12 23:42:18'),(61,37,'2023-05-12 23:42:18'),(62,33,'2023-05-13 18:15:37'),(63,37,'2023-05-13 18:15:37'),(64,33,'2023-05-14 15:36:15'),(65,37,'2023-05-14 15:36:15'),(66,33,'2023-05-15 23:28:02'),(67,36,'2023-05-15 23:28:03'),(68,33,'2023-05-17 13:25:13'),(69,33,'2023-05-17 13:49:16'),(70,37,'2023-05-17 13:50:05'),(71,37,'2023-05-17 13:50:12'),(72,33,'2023-05-17 13:50:23'),(73,33,'2023-05-18 16:10:36'),(74,33,'2023-05-18 20:30:13'),(75,33,'2023-05-18 20:30:42'),(76,33,'2023-05-18 20:35:20'),(81,33,'2023-05-19 15:20:20'),(82,37,'2023-05-19 15:20:20'),(83,33,'2023-05-19 15:21:42'),(84,37,'2023-05-19 15:21:43'),(85,33,'2023-05-22 23:05:30'),(86,37,'2023-05-22 23:05:30'),(87,33,'2023-05-24 16:10:37'),(88,33,'2023-05-25 11:06:19'),(89,37,'2023-05-25 11:06:19'),(90,33,'2023-05-25 11:07:41'),(91,37,'2023-05-25 11:07:41'),(92,33,'2023-05-25 14:23:34'),(93,37,'2023-05-25 14:23:34'),(94,33,'2023-05-25 14:43:24'),(95,37,'2023-05-25 14:43:25'),(96,33,'2023-05-25 15:59:36'),(97,37,'2023-05-25 15:59:36'),(98,33,'2023-05-25 16:01:00'),(99,37,'2023-05-25 16:01:01'),(100,33,'2023-05-30 23:49:14'),(101,33,'2023-06-01 12:22:03'),(102,37,'2023-06-01 12:22:04'),(103,33,'2023-06-01 12:30:56'),(104,37,'2023-06-01 12:30:56'),(105,33,'2023-06-02 19:37:02'),(106,37,'2023-06-02 19:52:01'),(107,33,'2023-06-02 20:05:41'),(108,37,'2023-06-06 14:02:52'),(109,37,'2023-06-06 14:06:47'),(110,33,'2023-06-06 14:19:04'),(111,37,'2023-06-06 14:19:51'),(112,33,'2023-06-06 14:27:40'),(113,33,'2023-06-06 14:29:54'),(114,37,'2023-06-06 14:33:12'),(115,33,'2023-06-06 14:36:18'),(116,33,'2023-06-06 14:37:05'),(117,37,'2023-06-06 14:37:47'),(118,33,'2023-06-06 14:38:50'),(119,33,'2023-06-06 14:39:11'),(120,37,'2023-06-06 14:50:31'),(121,33,'2023-06-06 14:51:12'),(122,33,'2023-06-06 14:52:06'),(123,33,'2023-06-06 14:58:30'),(124,33,'2023-06-06 15:01:34'),(125,33,'2023-06-06 15:03:20'),(126,33,'2023-06-06 15:05:52'),(127,37,'2023-06-06 15:17:40'),(128,33,'2023-06-06 15:37:45'),(129,33,'2023-06-06 15:39:09'),(130,33,'2023-06-06 15:40:48'),(131,33,'2023-06-06 15:47:20'),(132,33,'2023-06-06 15:47:40'),(133,37,'2023-06-06 15:48:31'),(134,33,'2023-06-07 14:34:28'),(135,37,'2023-06-07 14:34:28'),(136,33,'2023-06-08 18:00:29'),(137,37,'2023-06-08 18:00:29'),(138,33,'2023-06-08 18:26:42'),(139,37,'2023-06-08 18:26:43'),(140,33,'2023-06-09 12:14:21'),(141,36,'2023-06-09 12:14:22'),(142,33,'2023-06-09 12:19:18'),(143,36,'2023-06-09 12:19:18'),(144,33,'2023-06-09 12:59:24'),(145,37,'2023-06-09 12:59:25'),(146,33,'2023-06-09 13:01:00'),(147,37,'2023-06-09 13:01:01'),(148,33,'2023-06-09 13:02:57'),(149,37,'2023-06-09 13:02:58'),(150,33,'2023-06-09 13:03:27'),(151,37,'2023-06-09 13:03:28'),(152,33,'2023-06-10 19:54:06'),(153,37,'2023-06-10 19:54:06'),(154,33,'2023-06-11 10:58:26'),(155,37,'2023-06-11 10:58:26'),(156,33,'2023-06-11 11:08:37'),(157,37,'2023-06-11 11:08:37'),(158,33,'2023-06-11 17:51:42'),(159,37,'2023-06-11 17:51:43'),(160,33,'2023-06-11 21:03:05'),(161,37,'2023-06-11 21:03:06'),(162,33,'2023-06-11 21:11:01'),(163,37,'2023-06-11 21:11:01'),(164,33,'2023-06-11 21:43:50'),(165,37,'2023-06-11 21:43:51'),(166,33,'2023-06-11 22:02:40'),(167,37,'2023-06-11 22:02:40'),(168,33,'2023-06-12 18:11:30'),(169,33,'2023-06-13 15:00:34'),(170,37,'2023-06-13 15:00:35'),(171,33,'2023-06-14 10:47:22'),(172,37,'2023-06-14 10:47:23'),(173,33,'2023-06-14 21:33:29'),(174,37,'2023-06-14 21:33:29'),(175,33,'2023-06-15 11:17:48'),(176,36,'2023-06-15 11:17:48'),(177,33,'2023-06-15 11:18:52'),(178,36,'2023-06-15 11:18:53'),(179,37,'2023-06-15 11:28:15'),(180,33,'2023-06-15 11:38:31'),(181,37,'2023-06-15 11:39:33'),(182,33,'2023-06-15 13:56:59'),(183,37,'2023-06-15 14:01:37'),(184,33,'2023-06-16 15:42:09'),(185,37,'2023-06-16 15:42:09'),(186,33,'2023-06-16 16:05:35'),(187,37,'2023-06-16 16:05:36'),(188,33,'2023-06-20 11:43:30'),(189,37,'2023-06-20 11:43:31'),(190,33,'2023-06-21 00:36:00'),(191,37,'2023-06-21 00:36:00'),(192,33,'2023-06-21 12:47:31'),(193,37,'2023-06-21 12:47:31'),(194,33,'2023-06-22 14:03:00'),(195,37,'2023-06-22 14:03:00'),(198,33,'2023-06-22 14:20:59'),(199,37,'2023-06-22 14:20:59'),(200,33,'2023-06-23 11:30:36'),(201,36,'2023-06-23 11:30:36');

--
-- Table structure for table `skill_indicator_item_notation`
--

CREATE TABLE `skill_indicator_item_notation` (
  `id` int NOT NULL AUTO_INCREMENT,
  `skill_detail_id` int DEFAULT NULL,
  `notation_id` int DEFAULT NULL,
  `notation_reason_id` int DEFAULT NULL,
  `session_item_id` int DEFAULT NULL,
  `created_at` datetime NOT NULL,
  PRIMARY KEY (`id`),
  KEY `IDX_517B935A8B2138E6` (`skill_detail_id`),
  KEY `IDX_517B935A9680B7F7` (`notation_id`),
  KEY `IDX_517B935A9646E8C` (`notation_reason_id`),
  KEY `IDX_517B935AB7D004` (`session_item_id`),
  CONSTRAINT `FK_517B935A8B2138E6` FOREIGN KEY (`skill_detail_id`) REFERENCES `skills_detail` (`id`),
  CONSTRAINT `FK_517B935A9646E8C` FOREIGN KEY (`notation_reason_id`) REFERENCES `rating_value_reasons_details` (`id`),
  CONSTRAINT `FK_517B935A9680B7F7` FOREIGN KEY (`notation_id`) REFERENCES `rating_value` (`id`),
  CONSTRAINT `FK_517B935AB7D004` FOREIGN KEY (`session_item_id`) REFERENCES `session_item` (`id`)
) ENGINE=InnoDB AUTO_INCREMENT=35 DEFAULT CHARSET=utf8mb4 COLLATE=utf8mb4_unicode_ci;

--
-- Dumping data for table `skill_indicator_item_notation`
--

INSERT INTO `skill_indicator_item_notation` VALUES (1,31,60,51,181,'2023-05-13 18:15:36'),(2,32,61,53,181,'2023-05-13 18:15:36'),(3,33,62,54,181,'2023-05-13 18:15:36'),(4,31,62,55,182,'2023-05-13 18:15:36'),(5,32,60,50,182,'2023-05-13 18:15:36'),(6,33,61,53,182,'2023-05-13 18:15:36'),(7,31,62,55,183,'2023-05-13 18:15:36'),(8,32,60,50,183,'2023-05-13 18:15:36'),(9,33,61,53,183,'2023-05-13 18:15:36'),(10,31,61,52,213,'2023-05-18 20:30:12'),(11,32,62,55,213,'2023-05-18 20:30:12'),(12,33,60,50,213,'2023-05-18 20:30:12'),(13,31,61,52,215,'2023-05-18 20:30:41'),(14,32,62,55,215,'2023-05-18 20:30:41'),(15,33,60,50,215,'2023-05-18 20:30:41'),(16,31,61,52,217,'2023-05-18 20:35:20'),(17,32,62,55,217,'2023-05-18 20:35:20'),(18,33,60,50,217,'2023-05-18 20:35:20'),(19,47,62,NULL,240,'2023-05-22 23:05:29'),(20,48,60,NULL,240,'2023-05-22 23:05:29'),(21,47,61,NULL,241,'2023-05-22 23:05:29'),(22,48,62,NULL,241,'2023-05-22 23:05:29'),(31,47,65,60,386,'2023-06-22 14:20:58'),(32,48,63,57,386,'2023-06-22 14:20:58'),(33,47,63,56,387,'2023-06-22 14:20:58'),(34,48,64,59,387,'2023-06-22 14:20:58');

--
-- Table structure for table `skill_item_notation`
--

CREATE TABLE `skill_item_notation` (
  `id` int NOT NULL AUTO_INCREMENT,
  `skill_id` int DEFAULT NULL,
  `notation_id` int DEFAULT NULL,
  `exercise_id` int DEFAULT NULL,
  `created_at` datetime NOT NULL,
  `notation_reason_id` int DEFAULT NULL,
  `session_item_id` int DEFAULT NULL,
  PRIMARY KEY (`id`),
  KEY `IDX_80F979E25585C142` (`skill_id`),
  KEY `IDX_80F979E29680B7F7` (`notation_id`),
  KEY `IDX_80F979E2E934951A` (`exercise_id`),
  KEY `IDX_80F979E29646E8C` (`notation_reason_id`),
  KEY `IDX_80F979E2B7D004` (`session_item_id`),
  CONSTRAINT `FK_80F979E25585C142` FOREIGN KEY (`skill_id`) REFERENCES `skills` (`id`),
  CONSTRAINT `FK_80F979E29646E8C` FOREIGN KEY (`notation_reason_id`) REFERENCES `rating_value_reasons_details` (`id`),
  CONSTRAINT `FK_80F979E29680B7F7` FOREIGN KEY (`notation_id`) REFERENCES `rating_value` (`id`),
  CONSTRAINT `FK_80F979E2B7D004` FOREIGN KEY (`session_item_id`) REFERENCES `session_item` (`id`),
  CONSTRAINT `FK_80F979E2E934951A` FOREIGN KEY (`exercise_id`) REFERENCES `formation_item` (`id`)
) ENGINE=InnoDB AUTO_INCREMENT=78 DEFAULT CHARSET=utf8mb4 COLLATE=utf8mb4_unicode_ci;

--
-- Dumping data for table `skill_item_notation`
--

INSERT INTO `skill_item_notation` VALUES (1,23,57,141,'2023-05-10 16:07:25',44,NULL),(2,24,61,141,'2023-05-10 16:07:25',52,NULL),(3,25,63,142,'2023-05-10 16:07:25',56,NULL),(4,23,58,141,'2023-05-10 19:42:39',47,NULL),(5,24,61,NULL,'2023-05-10 19:42:39',52,NULL),(6,25,63,NULL,'2023-05-10 19:42:39',56,NULL),(7,23,58,141,'2023-05-10 23:18:48',46,NULL),(8,24,62,141,'2023-05-10 23:18:48',54,NULL),(9,25,63,142,'2023-05-10 23:18:48',NULL,NULL),(10,23,58,141,'2023-05-10 23:18:47',46,131),(11,24,62,141,'2023-05-10 23:18:47',54,131),(12,25,63,142,'2023-05-10 23:18:47',NULL,132),(13,23,58,141,'2023-05-10 23:23:55',46,NULL),(14,24,62,141,'2023-05-10 23:23:55',54,NULL),(15,23,58,141,'2023-05-10 23:23:54',46,134),(16,24,62,141,'2023-05-10 23:23:54',54,134),(17,23,57,141,'2023-05-10 23:47:11',44,139),(18,24,62,141,'2023-05-10 23:47:11',NULL,139),(19,23,58,141,'2023-05-11 16:44:58',46,143),(20,24,60,141,'2023-05-11 16:44:58',51,143),(21,25,64,157,'2023-05-13 18:15:36',59,181),(22,26,59,157,'2023-05-13 18:15:36',48,181),(23,26,58,158,'2023-05-13 18:15:36',46,182),(24,25,63,159,'2023-05-13 18:15:36',57,183),(25,26,58,159,'2023-05-13 18:15:36',46,183),(26,23,58,184,'2023-05-18 20:30:12',47,212),(27,26,57,185,'2023-05-18 20:30:12',45,213),(28,23,58,184,'2023-05-18 20:30:41',47,214),(29,26,57,185,'2023-05-18 20:30:41',45,215),(30,23,58,184,'2023-05-18 20:35:20',47,216),(31,26,57,185,'2023-05-18 20:35:20',45,217),(32,35,58,237,'2023-05-22 23:05:29',NULL,240),(33,36,61,237,'2023-05-22 23:05:29',NULL,240),(34,35,57,238,'2023-05-22 23:05:29',NULL,241),(35,24,61,253,'2023-05-25 11:06:19',53,250),(36,36,62,253,'2023-05-25 11:06:19',54,250),(37,24,61,254,'2023-05-25 11:06:19',52,251),(38,24,61,253,'2023-05-25 11:07:40',52,253),(39,36,61,253,'2023-05-25 11:07:40',52,253),(40,23,58,262,'2023-05-25 14:23:33',47,257),(41,24,62,262,'2023-05-25 14:23:33',54,257),(42,23,58,263,'2023-05-25 14:23:33',46,258),(43,23,58,262,'2023-05-25 14:43:24',47,260),(44,24,62,262,'2023-05-25 14:43:24',54,260),(45,23,58,249,'2023-06-02 19:37:02',47,274),(46,24,62,249,'2023-06-02 19:37:02',54,274),(47,25,63,249,'2023-06-02 19:37:02',57,274),(48,36,61,249,'2023-06-02 19:37:02',52,274),(49,23,57,250,'2023-06-02 19:37:02',44,275),(50,24,61,250,'2023-06-02 19:37:02',53,275),(51,23,58,251,'2023-06-02 20:05:41',47,277),(52,25,65,251,'2023-06-02 20:05:41',60,277),(53,23,58,249,'2023-06-15 11:38:30',47,316),(54,24,62,249,'2023-06-15 11:38:30',54,316),(55,25,63,249,'2023-06-15 11:38:30',57,316),(56,36,61,249,'2023-06-15 11:38:30',52,316),(57,23,57,250,'2023-06-15 11:38:30',44,317),(58,24,61,250,'2023-06-15 11:38:30',53,317),(59,23,58,251,'2023-06-15 13:56:58',47,322),(60,25,65,251,'2023-06-15 13:56:58',60,322),(61,23,58,249,'2023-06-15 13:56:58',NULL,323),(62,24,62,249,'2023-06-15 13:56:58',NULL,323),(63,25,63,249,'2023-06-15 13:56:58',NULL,323),(64,36,61,249,'2023-06-15 13:56:58',NULL,323),(65,23,57,251,'2023-06-15 13:56:58',NULL,324),(66,25,64,251,'2023-06-15 13:56:58',NULL,324),(67,23,57,250,'2023-06-15 13:56:58',NULL,325),(68,24,61,250,'2023-06-15 13:56:58',NULL,325),(75,35,61,541,'2023-06-22 14:20:58',53,386),(76,35,62,542,'2023-06-22 14:20:58',55,387),(77,36,62,542,'2023-06-22 14:20:58',54,387);

--
-- Table structure for table `skills`
--

CREATE TABLE `skills` (
  `id` int NOT NULL AUTO_INCREMENT,
  `name` varchar(255) CHARACTER SET utf8mb4 COLLATE utf8mb4_unicode_ci NOT NULL,
  `rating_system_id` int DEFAULT NULL,
  `description` longtext COLLATE utf8mb4_unicode_ci,
  `created_at` datetime DEFAULT NULL,
  `type` varchar(20) COLLATE utf8mb4_unicode_ci NOT NULL,
  `rating_system_indicator_id` int DEFAULT NULL,
  PRIMARY KEY (`id`),
  KEY `IDX_D5311670F31275AF` (`rating_system_id`),
  KEY `IDX_D5311670C459A4` (`rating_system_indicator_id`),
  CONSTRAINT `FK_D5311670C459A4` FOREIGN KEY (`rating_system_indicator_id`) REFERENCES `rating` (`id`),
  CONSTRAINT `FK_D5311670F31275AF` FOREIGN KEY (`rating_system_id`) REFERENCES `rating` (`id`)
) ENGINE=InnoDB AUTO_INCREMENT=37 DEFAULT CHARSET=utf8mb4 COLLATE=utf8mb4_unicode_ci;

--
-- Dumping data for table `skills`
--

INSERT INTO `skills` VALUES (18,'test2 v2',1,'test2 v2 edit','2023-04-27 10:23:03','none',NULL),(20,'gerezf',6,'zefefz','2023-03-13 20:14:12','none',NULL),(21,'gdhhteght',NULL,'tehhtethe','2023-03-22 11:02:08','technical',NULL),(22,'j;ghf,',27,'fgnfkuj edit','2023-04-27 10:24:53','non technical',NULL),(23,'Compétence 1',41,'Desc compétence 1','2023-05-09 20:28:37','technical',NULL),(24,'Compétence 2',42,'Desc compétence 2','2023-05-09 20:29:03','technical',NULL),(25,'Compétence 3',43,'Desc compétence 3','2023-05-09 20:29:24','technical',NULL),(26,'Compétence 4 ',41,'Notation indicateur','2023-05-13 14:13:47','technical',42),(27,'Compétence 5',NULL,'zfzfzfz','2023-05-13 15:17:18','technical',NULL),(34,'Pilotage Manuel',41,'Gestion du pilotage manuel de l\'appareil','2023-05-22 21:05:08','technical',42),(35,'Compétences indicateurs',41,'àpîhzERFGPNZREG','2023-05-22 22:43:33','technical',42),(36,'Compétences sans indicateurs',42,'effhefezthg','2023-05-22 22:43:50','non technical',NULL);

--
-- Table structure for table `skills_ato`
--

CREATE TABLE `skills_ato` (
  `skills_id` int NOT NULL,
  `ato_id` int NOT NULL,
  PRIMARY KEY (`skills_id`,`ato_id`),
  KEY `IDX_2E11FF737FF61858` (`skills_id`),
  KEY `IDX_2E11FF73847DC024` (`ato_id`),
  CONSTRAINT `FK_2E11FF737FF61858` FOREIGN KEY (`skills_id`) REFERENCES `skills` (`id`) ON DELETE CASCADE,
  CONSTRAINT `FK_2E11FF73847DC024` FOREIGN KEY (`ato_id`) REFERENCES `ato` (`id`) ON DELETE CASCADE
) ENGINE=InnoDB DEFAULT CHARSET=utf8mb4 COLLATE=utf8mb4_unicode_ci;

--
-- Dumping data for table `skills_ato`
--

INSERT INTO `skills_ato` VALUES (18,2),(18,4),(20,2),(20,4),(21,3),(22,3),(23,3),(24,3),(25,3),(26,3),(27,3),(34,3),(35,3),(36,3);

--
-- Table structure for table `skills_detail`
--

CREATE TABLE `skills_detail` (
  `id` int NOT NULL AUTO_INCREMENT,
  `skills_id` int NOT NULL,
  `description` longtext COLLATE utf8mb4_unicode_ci,
  PRIMARY KEY (`id`),
  KEY `IDX_631971207FF61858` (`skills_id`),
  CONSTRAINT `FK_631971207FF61858` FOREIGN KEY (`skills_id`) REFERENCES `skills` (`id`)
) ENGINE=InnoDB AUTO_INCREMENT=49 DEFAULT CHARSET=utf8mb4 COLLATE=utf8mb4_unicode_ci;

--
-- Dumping data for table `skills_detail`
--

INSERT INTO `skills_detail` VALUES (13,21,'ethte'),(21,22,'nfnynnyt'),(22,23,'Indicateurs comportementaux - Compétence 1 - 1'),(23,23,'Indicateurs comportementaux - Compétence 1 - 2'),(24,24,'Indicateurs comportementaux - Compétence 2 - 1'),(25,24,'Indicateurs comportementaux - Compétence 2 - 2'),(26,24,'Indicateurs comportementaux - Compétence 2 - 3'),(27,25,'Indicateurs comportementaux - Compétence 3 - 1'),(31,26,'INDICATEUR 1'),(32,26,'INDICATEUR 2'),(33,26,'INDICATEUR 3'),(46,34,'tegdff'),(47,35,'Indicateur 1'),(48,35,'Indicateur 2');

--
-- Table structure for table `student_formation`
--

CREATE TABLE `student_formation` (
  `id` int NOT NULL AUTO_INCREMENT,
  `formation_id` int NOT NULL,
  `student_id` int NOT NULL,
  `status` varchar(255) CHARACTER SET utf8mb4 COLLATE utf8mb4_unicode_ci NOT NULL,
  `registered_on` datetime NOT NULL,
  PRIMARY KEY (`id`),
  KEY `IDX_272EE03F5200282E` (`formation_id`),
  KEY `IDX_272EE03FCB944F1A` (`student_id`),
  CONSTRAINT `FK_272EE03F5200282E` FOREIGN KEY (`formation_id`) REFERENCES `formation` (`id`),
  CONSTRAINT `FK_272EE03FCB944F1A` FOREIGN KEY (`student_id`) REFERENCES `ato_user` (`id`)
) ENGINE=InnoDB AUTO_INCREMENT=152 DEFAULT CHARSET=utf8mb4 COLLATE=utf8mb4_unicode_ci;

--
-- Dumping data for table `student_formation`
--

INSERT INTO `student_formation` VALUES (7,14,33,'inProgress','2023-04-21 09:12:13'),(8,14,35,'inProgress','2023-04-21 09:24:08'),(9,14,36,'inProgress','2023-04-21 09:24:08'),(10,14,37,'inProgress','2023-04-21 09:24:08'),(11,15,33,'inProgress','2023-04-21 09:29:04'),(12,15,37,'inProgress','2023-04-21 09:29:04'),(13,2,33,'inProgress','2023-04-21 12:50:26'),(14,2,37,'inProgress','2023-04-21 12:50:26'),(20,17,37,'inProgress','2023-04-26 11:42:13'),(21,17,35,'inProgress','2023-04-26 12:04:21'),(22,17,36,'inProgress','2023-04-26 15:19:10'),(23,18,37,'closed','2023-04-26 15:25:30'),(24,18,35,'inProgress','2023-04-26 15:25:31'),(27,21,33,'inProgress','2023-05-02 20:33:03'),(28,21,37,'inProgress','2023-05-02 20:33:03'),(29,19,37,'inProgress','2023-05-03 20:38:31'),(30,19,36,'inProgress','2023-05-03 20:38:31'),(37,22,37,'inProgress','2023-05-05 15:37:34'),(39,20,37,'inProgress','2023-05-08 12:55:34'),(40,20,36,'inProgress','2023-05-08 13:24:28'),(41,20,35,'inProgress','2023-05-08 13:24:28'),(42,23,37,'inProgress','2023-05-09 22:02:44'),(43,23,36,'inProgress','2023-05-09 22:02:44'),(45,13,37,'inProgress','2023-05-12 16:20:14'),(46,24,37,'inProgress','2023-05-12 23:38:13'),(47,24,36,'inProgress','2023-05-12 23:38:13'),(48,25,37,'inProgress','2023-05-13 15:24:50'),(49,25,36,'inProgress','2023-05-13 15:24:50'),(56,26,37,'inProgress','2023-05-14 15:17:38'),(57,22,36,'inProgress','2023-05-15 23:08:27'),(58,22,35,'inProgress','2023-05-15 23:08:27'),(59,22,33,'inProgress','2023-05-15 23:08:27'),(60,27,37,'inProgress','2023-05-17 12:04:25'),(61,27,36,'inProgress','2023-05-17 12:04:25'),(62,27,35,'inProgress','2023-05-17 12:04:25'),(67,28,37,'inProgress','2023-05-19 16:18:53'),(68,28,36,'inProgress','2023-05-19 16:18:53'),(73,41,37,'inProgress','2023-05-22 22:52:38'),(74,41,36,'inProgress','2023-05-22 22:52:38'),(75,41,35,'inProgress','2023-05-22 22:52:38'),(76,42,37,'inProgress','2023-05-24 11:37:55'),(77,43,37,'inProgress','2023-05-24 18:15:07'),(78,43,36,'inProgress','2023-05-24 18:15:07'),(79,43,35,'inProgress','2023-05-24 18:15:07'),(80,44,37,'inProgress','2023-05-25 10:39:38'),(81,45,37,'inProgress','2023-05-25 11:05:14'),(82,46,37,'inProgress','2023-05-25 14:14:49'),(83,48,37,'inProgress','2023-05-25 15:58:13'),(84,47,37,'inProgress','2023-05-29 21:43:22'),(85,25,33,'inProgress','2023-05-31 23:30:25'),(86,25,35,'inProgress','2023-05-31 23:30:25'),(87,50,37,'inProgress','2023-06-01 11:00:29'),(88,50,36,'inProgress','2023-06-01 11:00:29'),(89,50,35,'inProgress','2023-06-01 11:00:29'),(90,50,33,'inProgress','2023-06-01 11:00:29'),(92,52,37,'inProgress','2023-06-08 17:13:11'),(93,52,36,'inProgress','2023-06-08 17:13:11'),(94,52,35,'inProgress','2023-06-08 17:13:11'),(95,52,33,'inProgress','2023-06-08 17:13:11'),(96,53,37,'inProgress','2023-06-09 12:56:04'),(97,53,36,'inProgress','2023-06-09 12:56:04'),(98,53,35,'inProgress','2023-06-09 12:56:04'),(99,53,33,'inProgress','2023-06-09 12:56:04'),(100,51,37,'inProgress','2023-06-09 16:10:27'),(101,51,36,'inProgress','2023-06-09 16:10:27'),(102,51,35,'inProgress','2023-06-09 16:10:27'),(103,51,33,'inProgress','2023-06-09 16:10:27'),(104,54,37,'inProgress','2023-06-10 17:38:52'),(105,62,37,'inProgress','2023-06-11 20:12:53'),(106,62,36,'inProgress','2023-06-11 20:12:53'),(107,62,35,'inProgress','2023-06-11 20:12:53'),(108,62,33,'inProgress','2023-06-11 20:12:53'),(109,63,37,'inProgress','2023-06-13 13:09:16'),(110,63,36,'inProgress','2023-06-13 13:09:16'),(111,63,35,'inProgress','2023-06-13 13:09:16'),(112,63,33,'inProgress','2023-06-13 13:09:16'),(113,65,37,'inProgress','2023-06-13 17:41:57'),(114,65,36,'inProgress','2023-06-13 17:41:57'),(115,65,35,'inProgress','2023-06-13 17:41:57'),(116,65,33,'inProgress','2023-06-13 17:41:57'),(117,66,37,'inProgress','2023-06-14 10:45:46'),(118,66,36,'inProgress','2023-06-14 10:45:46'),(119,66,35,'inProgress','2023-06-14 10:45:46'),(120,66,33,'inProgress','2023-06-14 10:45:46'),(121,69,37,'inProgress','2023-06-16 15:27:09'),(122,69,36,'inProgress','2023-06-16 15:27:09'),(123,69,35,'inProgress','2023-06-16 15:27:09'),(124,69,33,'inProgress','2023-06-16 15:27:09'),(125,68,37,'inProgress','2023-06-18 00:20:51'),(126,68,36,'inProgress','2023-06-18 00:20:51'),(127,68,35,'inProgress','2023-06-18 00:20:51'),(128,68,33,'inProgress','2023-06-18 00:20:51'),(129,71,37,'inProgress','2023-06-20 10:53:46'),(130,71,36,'inProgress','2023-06-20 10:53:46'),(131,71,35,'inProgress','2023-06-20 10:53:46'),(132,71,33,'inProgress','2023-06-20 10:53:46'),(133,74,37,'inProgress','2023-06-20 20:17:47'),(134,74,36,'inProgress','2023-06-20 20:17:47'),(135,74,35,'inProgress','2023-06-20 20:17:47'),(136,74,33,'inProgress','2023-06-20 20:17:47'),(137,73,37,'inProgress','2023-06-21 14:57:45'),(138,73,36,'inProgress','2023-06-21 14:57:45'),(139,73,35,'inProgress','2023-06-21 14:57:45'),(140,73,33,'inProgress','2023-06-21 14:57:45'),(141,75,37,'inProgress','2023-06-21 19:28:10'),(142,75,33,'inProgress','2023-06-21 19:28:10'),(143,75,35,'inProgress','2023-06-21 19:28:10'),(144,75,36,'inProgress','2023-06-21 19:28:10'),(145,26,36,'inProgress','2023-06-23 11:29:41'),(146,26,35,'inProgress','2023-06-23 11:29:41'),(147,26,33,'inProgress','2023-06-23 11:29:41'),(148,76,33,'inProgress','2023-06-23 12:32:52'),(149,76,35,'inProgress','2023-06-23 12:32:52'),(150,76,36,'inProgress','2023-06-23 12:32:52'),(151,76,37,'inProgress','2023-06-23 12:32:52');

--
-- Table structure for table `tem`
--

CREATE TABLE `tem` (
  `id` int NOT NULL AUTO_INCREMENT,
  `threat_group` varchar(255) COLLATE utf8mb4_unicode_ci NOT NULL,
  `created_at` datetime NOT NULL,
  `phase_sub_group_id` int DEFAULT NULL,
  PRIMARY KEY (`id`),
  KEY `IDX_87309B99A2241D27` (`phase_sub_group_id`),
  CONSTRAINT `FK_87309B99A2241D27` FOREIGN KEY (`phase_sub_group_id`) REFERENCES `phases_sub_group` (`id`)
) ENGINE=InnoDB AUTO_INCREMENT=13 DEFAULT CHARSET=utf8mb4 COLLATE=utf8mb4_unicode_ci;

--
-- Dumping data for table `tem`
--

INSERT INTO `tem` VALUES (1,'grefezfezfez','2023-04-02 11:17:24',2),(2,'tezfef','2023-04-07 19:01:48',NULL),(3,'zfeezfzef','2023-04-11 20:18:29',2),(4,'zefzefz','2023-04-12 17:02:30',3),(5,'fzefff','2023-04-12 17:17:07',3),(10,'zfzefezfez','2023-04-22 17:13:32',2),(11,'rgjyfhryjht','2023-04-22 17:14:54',2),(12,'TEM Phase TEMs','2023-06-23 11:45:34',5);

--
-- Table structure for table `tem_ato`
--

CREATE TABLE `tem_ato` (
  `tem_id` int NOT NULL,
  `ato_id` int NOT NULL,
  PRIMARY KEY (`tem_id`,`ato_id`),
  KEY `IDX_F0F5788B20EF25B5` (`tem_id`),
  KEY `IDX_F0F5788B847DC024` (`ato_id`),
  CONSTRAINT `FK_F0F5788B20EF25B5` FOREIGN KEY (`tem_id`) REFERENCES `tem` (`id`) ON DELETE CASCADE,
  CONSTRAINT `FK_F0F5788B847DC024` FOREIGN KEY (`ato_id`) REFERENCES `ato` (`id`) ON DELETE CASCADE
) ENGINE=InnoDB DEFAULT CHARSET=utf8mb4 COLLATE=utf8mb4_unicode_ci;

--
-- Dumping data for table `tem_ato`
--

INSERT INTO `tem_ato` VALUES (3,3),(4,3),(5,3),(5,4),(10,3),(11,3),(12,3);

--
-- Table structure for table `tem_formation_item`
--

CREATE TABLE `tem_formation_item` (
  `tem_id` int NOT NULL,
  `formation_item_id` int NOT NULL,
  PRIMARY KEY (`tem_id`,`formation_item_id`),
  KEY `IDX_51F5666920EF25B5` (`tem_id`),
  KEY `IDX_51F5666957901725` (`formation_item_id`),
  CONSTRAINT `FK_51F5666920EF25B5` FOREIGN KEY (`tem_id`) REFERENCES `tem` (`id`) ON DELETE CASCADE,
  CONSTRAINT `FK_51F5666957901725` FOREIGN KEY (`formation_item_id`) REFERENCES `formation_item` (`id`) ON DELETE CASCADE
) ENGINE=InnoDB DEFAULT CHARSET=utf8mb4 COLLATE=utf8mb4_unicode_ci;

--
-- Dumping data for table `tem_formation_item`
--


--
-- Table structure for table `temdetails`
--

CREATE TABLE `temdetails` (
  `id` int NOT NULL AUTO_INCREMENT,
  `tem_id` int NOT NULL,
  `threat` varchar(255) COLLATE utf8mb4_unicode_ci NOT NULL,
  `phase_detail_id` int DEFAULT NULL,
  PRIMARY KEY (`id`),
  KEY `IDX_AE78E8E120EF25B5` (`tem_id`),
  KEY `IDX_AE78E8E1B9FFE821` (`phase_detail_id`),
  CONSTRAINT `FK_AE78E8E120EF25B5` FOREIGN KEY (`tem_id`) REFERENCES `tem` (`id`),
  CONSTRAINT `FK_AE78E8E1B9FFE821` FOREIGN KEY (`phase_detail_id`) REFERENCES `phases_detail` (`id`)
) ENGINE=InnoDB AUTO_INCREMENT=31 DEFAULT CHARSET=utf8mb4 COLLATE=utf8mb4_unicode_ci;

--
-- Dumping data for table `temdetails`
--

INSERT INTO `temdetails` VALUES (2,2,'fezffezf',NULL),(3,2,'zefzefzefz',NULL),(4,1,'grefrez',5),(8,4,'zefzf',6),(9,5,'zfezfz',NULL),(18,10,'zfzef',5),(19,10,'fezfezfez',NULL),(21,3,'efef EDIT',5),(22,12,'Menaces et erreurs - A',10),(23,12,'Menaces et erreurs - AA',10),(24,12,'Menaces et erreurs - AAA',10),(25,12,'Menaces et erreurs - AAAA',10),(26,12,'Menaces et erreurs - D',11),(27,12,'Menaces et erreurs - DD',11),(28,12,'Menaces et erreurs - G',12),(29,12,'Menaces et erreurs - J',13),(30,12,'Menaces et erreurs - JJ',13);

--
-- Table structure for table `type_aircraft`
--

CREATE TABLE `type_aircraft` (
  `id` int NOT NULL AUTO_INCREMENT,
  `name` varchar(255) CHARACTER SET utf8mb4 COLLATE utf8mb4_unicode_ci NOT NULL,
  `manufacturer_id` int NOT NULL,
  PRIMARY KEY (`id`),
  KEY `IDX_DE2640D5A23B42D` (`manufacturer_id`),
  CONSTRAINT `FK_DE2640D5A23B42D` FOREIGN KEY (`manufacturer_id`) REFERENCES `manufacturer_aircraft` (`id`)
) ENGINE=InnoDB AUTO_INCREMENT=141 DEFAULT CHARSET=utf8mb4 COLLATE=utf8mb4_unicode_ci;

--
-- Dumping data for table `type_aircraft`
--

INSERT INTO `type_aircraft` VALUES (1,'ATL',1),(2,'DR-105A',1),(3,'DR-1050',1),(4,'DR-1051',1),(5,'DR-1050 MM1',1),(6,'DR-1051 MM1',1),(7,'DR-1050 M',1),(8,'DR-1051 M',1),(9,'DR-200',1),(10,'DR-250',1),(11,'DR-220',1),(12,'DR-221',1),(13,'DR-253',1),(14,'DR-340',1),(15,'DR-315',1),(16,'DR-360',1),(17,'DR-380',1),(18,'DR-330',1),(19,'DR-300',1),(20,'DR 400',1),(21,'HR 100',1),(22,'HR 200',1),(23,'R 1180',1),(24,'R 2112',1),(25,'R 2160',1),(26,'R 3000',1),(27,'HR-100',1),(28,'HR-200',1),(29,'R-1180',1),(30,'R-2100',1),(31,'R-2112',1),(32,'R-2160',1),(33,'R-2120',1),(34,'R-3000',1),(35,'C150',2),(36,'C152',2),(37,'C172',2),(38,'C177',2),(39,'C180',2),(40,'C182',2),(41,'C206',2),(42,'C210',2),(43,'C350',2),(44,'C400',2),(45,'C208 CARAVAN',2),(46,'AT',3),(47,'206',4),(48,'407',4),(49,'M25Y',5),(50,'Action',6),(51,'Merlin',7),(52,'Phase 2',8),(53,'Bidulm',8),(54,'Eurofox',9),(55,'MCR',10),(56,'COUGAR',11),(57,'M16',12),(58,'XENON',13),(59,'Liberty',14),(60,'Cross-over',15),(61,'Cloud Surfer',15),(62,'Dawn Chaser',15),(63,'CH-7',16),(64,'Lambada',17),(65,'SF28',18),(66,'S10',19),(67,'20E',20),(68,'STD 3',21),(69,'D-6856',22),(70,'3',23),(71,'ASK21',24),(72,'ASW',24),(73,'J3',25),(74,'J4',25),(75,'J5',25),(76,'PA-11',25),(77,'PA-12',25),(78,'PA-14',25),(79,'PA-18',25),(80,'PA-20',25),(81,'PA-21',25),(82,'PA-23',25),(83,'PA-24',25),(84,'PA-25',25),(85,'PA-28',25),(86,'PA-30',25),(87,'PA-31',25),(88,'PA-32',25),(89,'PA-34',25),(90,'PA-36',25),(91,'PA-38',25),(92,'PA-42',25),(93,'PA-44',25),(94,'PA-46',25),(95,'PA-47',25),(96,'VK-30',26),(97,'SR20',26),(98,'SR22',26),(99,'Vision',26),(100,'DA 20',27),(101,'DA 40',27),(102,'DA 42',27),(103,'DA 50',27),(104,'D-JET',27),(105,'Rallye',28),(106,'Gardan',29),(107,'ST 10',29),(108,'TB 9',29),(109,'TB 10',29),(110,'TB 200',29),(111,'TB 20',29),(112,'TB 21',29),(113,'TB 30',29),(114,'TBM 700',29),(115,'TBM 850',29),(116,'TBM 900',29),(117,'RF-2',30),(118,'RF-3',30),(119,'RF-4',30),(120,'RF-5',30),(121,'RF-6',30),(122,'RF-7',30),(123,'RF-8',30),(124,'RF-10',30),(125,'RF-47',30),(126,'PIONEER',31),(127,'SYTON',31),(128,'CAP 10',32),(129,'CAP 20',33),(130,'CAP 21',33),(131,'CAP 230',33),(132,'CAP 231',33),(133,'CAP 232',33),(134,'CAP 332',33),(135,'CAP 432',33),(136,'CR',34),(137,'EXTRA',35),(138,'PITTS',36),(139,'GRUMMAN',37),(140,'Test',38);

--
-- Table structure for table `type_aircraft_model_aircraft`
--

CREATE TABLE `type_aircraft_model_aircraft` (
  `type_aircraft_id` int NOT NULL,
  `model_aircraft_id` int NOT NULL,
  PRIMARY KEY (`type_aircraft_id`,`model_aircraft_id`),
  KEY `IDX_114C446CCF77F8CD` (`type_aircraft_id`),
  KEY `IDX_114C446CEA6C16B0` (`model_aircraft_id`),
  CONSTRAINT `FK_114C446CCF77F8CD` FOREIGN KEY (`type_aircraft_id`) REFERENCES `type_aircraft` (`id`) ON DELETE CASCADE,
  CONSTRAINT `FK_114C446CEA6C16B0` FOREIGN KEY (`model_aircraft_id`) REFERENCES `model_aircraft` (`id`) ON DELETE CASCADE
) ENGINE=InnoDB DEFAULT CHARSET=utf8mb4 COLLATE=utf8mb4_unicode_ci;

--
-- Dumping data for table `type_aircraft_model_aircraft`
--

INSERT INTO `type_aircraft_model_aircraft` VALUES (1,1),(2,2),(3,3),(3,4),(4,3),(4,4),(5,5),(6,5),(7,6),(8,6),(9,7),(10,8),(10,9),(11,10),(11,11),(11,12),(12,9),(12,13),(13,9),(13,14),(14,15),(15,16),(16,17),(17,18),(18,19),(19,20),(19,21),(19,22),(19,23),(20,14),(20,15),(20,24),(20,25),(20,26),(21,27),(22,28),(23,29),(24,30),(25,31),(26,32),(27,33),(27,34),(27,35),(27,36),(27,37),(27,38),(27,39),(27,40),(27,41),(28,42),(29,43),(29,44),(29,45),(30,46),(31,47),(32,48),(32,49),(33,47),(34,23),(34,50),(34,51),(34,52),(34,53),(35,54),(35,55),(36,56),(36,57),(37,58),(37,59),(37,60),(38,61),(38,62),(38,63),(39,64),(40,65),(40,66),(40,67),(40,68),(40,69),(40,70),(40,71),(40,72),(40,73),(40,74),(40,75),(40,76),(41,77),(41,78),(41,79),(42,80),(43,81),(44,81),(45,82),(45,83),(45,84),(45,85),(45,86),(45,87),(45,88),(46,89),(46,90),(46,91),(46,92),(46,93),(46,94),(47,95),(47,96),(47,97),(47,98),(47,99),(48,100),(49,101),(50,102),(51,103),(52,104),(52,105),(53,106),(54,107),(54,108),(55,107),(55,109),(55,110),(56,111),(57,112),(58,113),(59,114),(60,115),(60,116),(60,117),(60,118),(60,119),(60,120),(60,121),(61,122),(61,123),(61,124),(61,125),(61,126),(61,127),(62,128),(62,129),(62,130),(63,131),(64,132),(65,133),(66,134),(66,135),(66,136),(66,137),(67,138),(68,139),(69,140),(70,141),(71,142),(71,143),(72,144),(72,145),(72,146),(72,147),(73,148),(74,149),(75,150),(76,151),(77,152),(78,153),(79,154),(80,155),(81,156),(82,157),(82,158),(83,159),(84,160),(85,161),(85,162),(85,163),(85,164),(85,165),(86,166),(87,167),(87,168),(87,169),(87,170),(88,171),(88,172),(88,173),(89,174),(90,175),(91,176),(92,170),(93,177),(94,178),(94,179),(94,180),(94,181),(95,182),(96,183),(97,184),(98,185),(98,186),(99,187),(100,188),(101,189),(101,190),(101,191),(102,192),(102,193),(102,194),(102,195),(102,196),(103,197),(103,198),(104,199),(105,200),(105,201),(105,202),(105,203),(105,204),(105,205),(105,206),(105,207),(105,208),(105,209),(106,210),(107,211),(108,212),(109,213),(110,214),(111,215),(112,216),(113,217),(114,218),(115,219),(116,220),(117,221),(118,222),(119,223),(120,224),(121,225),(122,226),(123,227),(124,228),(125,229),(126,230),(126,231),(126,232),(126,233),(126,234),(126,235),(126,236),(127,237),(128,9),(128,238),(129,239),(129,240),(130,241),(131,242),(132,243),(132,244),(133,245),(134,246),(135,247),(136,50),(136,248),(136,249),(136,250),(137,33),(137,251),(137,252),(137,253),(137,254),(137,255),(137,256),(137,257),(138,258),(138,259),(138,260),(138,261),(138,262),(138,263),(138,264),(138,265),(138,266),(138,267),(138,268),(138,269),(138,270),(139,271),(139,272),(139,273),(139,274),(140,275);

--
-- Table structure for table `user_app_role`
--

CREATE TABLE `user_app_role` (
  `user_id` char(36) CHARACTER SET utf8mb4 COLLATE utf8mb4_unicode_ci NOT NULL COMMENT '(DC2Type:guid)',
  `app_role_id` int NOT NULL,
  PRIMARY KEY (`user_id`,`app_role_id`),
  KEY `IDX_B2CA4BCAA76ED395` (`user_id`),
  KEY `IDX_B2CA4BCA3B5EA2E1` (`app_role_id`),
  CONSTRAINT `FK_B2CA4BCA3B5EA2E1` FOREIGN KEY (`app_role_id`) REFERENCES `app_role` (`id`) ON DELETE CASCADE,
  CONSTRAINT `FK_B2CA4BCAA76ED395` FOREIGN KEY (`user_id`) REFERENCES `user` (`id`) ON DELETE CASCADE
) ENGINE=InnoDB DEFAULT CHARSET=utf8mb4 COLLATE=utf8mb4_unicode_ci;

--
-- Dumping data for table `user_app_role`
--

INSERT INTO `user_app_role` VALUES ('2be64b2c-1cdc-45cf-a43e-b095857364nb',1),('2be64b2c-1cdc-45cf-a43e-b095857384de',1);


